    {"id":6296,"date":"2020-03-07T18:56:14","date_gmt":"2020-03-07T18:56:14","guid":{"rendered":"https:\/\/www.ccb.pt\/visitar\/hangar-design-store\/"},"modified":"2025-11-10T14:55:15","modified_gmt":"2025-11-10T14:55:15","slug":"hangar-design-store","status":"publish","type":"visitar","link":"https:\/\/www.ccb.pt\/en\/visitar\/hangar-design-store\/","title":{"rendered":"Hangar Design Store"},"content":{"rendered":"\r\n<p>&nbsp;<\/p>\r\n\r\n\r\n\r\n<p>Based on a concept linked to the dining table and meals, HANGAR offers a range of decorative articles from the world of Portuguese and international design, gourmet products, furniture, lighting and other original surprises.<\/p>\r\n\r\n\r\n\r\n<p>&nbsp;<\/p>\r\n\r\n\r\n\r\n<p>&nbsp;<\/p>\r\n","protected":false},"featured_media":236537,"template":"","categoria_espaco":[309],"acf":[],"yoast_head":"<!-- This site is optimized with the Yoast SEO plugin v22.3 - https:\/\/yoast.com\/wordpress\/plugins\/seo\/ -->\n<title>Hangar Design Store - Centro Cultural de Bel\u00e9m Foundation<\/title>\n<meta name=\"robots\" content=\"index, follow, max-snippet:-1, max-image-preview:large, max-video-preview:-1\" \/>\n<link rel=\"canonical\" href=\"https:\/\/www.ccb.pt\/en\/visitar\/hangar-design-store\/\" \/>\n<meta property=\"og:locale\" content=\"en_US\" \/>\n<meta property=\"og:type\" content=\"article\" \/>\n<meta property=\"og:title\" content=\"Hangar Design Store\" \/>\n<meta property=\"og:description\" content=\"Based on a concept linked to the dining table and meals, HANGAR offers a range of decorative articles from the world of Portuguese and international design, gourmet products, furniture, lighting and other original surprises.\" \/>\n<meta property=\"og:url\" content=\"https:\/\/www.ccb.pt\/en\/visitar\/hangar-design-store\/\" \/>\n<meta property=\"og:site_name\" content=\"Centro Cultural de Bel\u00e9m Foundation\" \/>\n<meta property=\"article:modified_time\" content=\"2025-11-10T14:55:15+00:00\" \/>\n<meta property=\"og:image\" content=\"https:\/\/www.ccb.pt\/wp-content\/uploads\/2020\/03\/JCC-HANGAR-01-e1748873221991.jpg\" \/>\n\t<meta property=\"og:image:width\" content=\"2000\" \/>\n\t<meta property=\"og:image:height\" content=\"1333\" \/>\n\t<meta property=\"og:image:type\" content=\"image\/jpeg\" \/>\n<meta name=\"twitter:card\" content=\"summary_large_image\" \/>\n<meta name=\"twitter:site\" content=\"@macccb_museu\" \/>\n<meta name=\"twitter:label1\" content=\"Est. reading time\" \/>\n\t<meta name=\"twitter:data1\" content=\"1 minute\" \/>\n<script type=\"application\/ld+json\" class=\"yoast-schema-graph\">{\"@context\":\"https:\/\/schema.org\",\"@graph\":[{\"@type\":\"WebPage\",\"@id\":\"https:\/\/www.ccb.pt\/en\/visitar\/hangar-design-store\/\",\"url\":\"https:\/\/www.ccb.pt\/en\/visitar\/hangar-design-store\/\",\"name\":\"Hangar Design Store - Centro Cultural de Bel\u00e9m Foundation\",\"isPartOf\":{\"@id\":\"https:\/\/www.ccb.pt\/#website\"},\"primaryImageOfPage\":{\"@id\":\"https:\/\/www.ccb.pt\/en\/visitar\/hangar-design-store\/#primaryimage\"},\"image\":{\"@id\":\"https:\/\/www.ccb.pt\/en\/visitar\/hangar-design-store\/#primaryimage\"},\"thumbnailUrl\":\"https:\/\/www.ccb.pt\/wp-content\/uploads\/2020\/03\/JCC-HANGAR-01-e1748873221991.jpg\",\"datePublished\":\"2020-03-07T18:56:14+00:00\",\"dateModified\":\"2025-11-10T14:55:15+00:00\",\"breadcrumb\":{\"@id\":\"https:\/\/www.ccb.pt\/en\/visitar\/hangar-design-store\/#breadcrumb\"},\"inLanguage\":\"en-US\",\"potentialAction\":[{\"@type\":\"ReadAction\",\"target\":[\"https:\/\/www.ccb.pt\/en\/visitar\/hangar-design-store\/\"]}]},{\"@type\":\"ImageObject\",\"inLanguage\":\"en-US\",\"@id\":\"https:\/\/www.ccb.pt\/en\/visitar\/hangar-design-store\/#primaryimage\",\"url\":\"https:\/\/www.ccb.pt\/wp-content\/uploads\/2020\/03\/JCC-HANGAR-01-e1748873221991.jpg\",\"contentUrl\":\"https:\/\/www.ccb.pt\/wp-content\/uploads\/2020\/03\/JCC-HANGAR-01-e1748873221991.jpg\",\"width\":2000,\"height\":1333,\"caption\":\"Decora\u00e7\u00e3o moderna e acolhedora da loja de m\u00f3veis e artigos de decora\u00e7\u00e3o Hangar, com espelho decorativo, sinal de boas-vindas e ambiente bem iluminado.\"},{\"@type\":\"BreadcrumbList\",\"@id\":\"https:\/\/www.ccb.pt\/en\/visitar\/hangar-design-store\/#breadcrumb\",\"itemListElement\":[{\"@type\":\"ListItem\",\"position\":1,\"name\":\"Home\",\"item\":\"https:\/\/www.ccb.pt\/en\/\"},{\"@type\":\"ListItem\",\"position\":2,\"name\":\"Visitar\",\"item\":\"https:\/\/www.ccb.pt\/en\/visitar\/\"},{\"@type\":\"ListItem\",\"position\":3,\"name\":\"Hangar Design Store\"}]},{\"@type\":\"WebSite\",\"@id\":\"https:\/\/www.ccb.pt\/#website\",\"url\":\"https:\/\/www.ccb.pt\/\",\"name\":\"Centro Cultural de Bel\u00e9m Foundation\",\"description\":\"\",\"publisher\":{\"@id\":\"https:\/\/www.ccb.pt\/#organization\"},\"potentialAction\":[{\"@type\":\"SearchAction\",\"target\":{\"@type\":\"EntryPoint\",\"urlTemplate\":\"https:\/\/www.ccb.pt\/?s={search_term_string}\"},\"query-input\":\"required name=search_term_string\"}],\"inLanguage\":\"en-US\"},{\"@type\":\"Organization\",\"@id\":\"https:\/\/www.ccb.pt\/#organization\",\"name\":\"Centro Cultural de Bel\u00e9m Foundation\",\"url\":\"https:\/\/www.ccb.pt\/\",\"logo\":{\"@type\":\"ImageObject\",\"inLanguage\":\"en-US\",\"@id\":\"https:\/\/www.ccb.pt\/#\/schema\/logo\/image\/\",\"url\":\"https:\/\/www.ccb.pt\/wp-content\/uploads\/2022\/05\/1_ccb.png\",\"contentUrl\":\"https:\/\/www.ccb.pt\/wp-content\/uploads\/2022\/05\/1_ccb.png\",\"width\":126,\"height\":100,\"caption\":\"Centro Cultural de Bel\u00e9m Foundation\"},\"image\":{\"@id\":\"https:\/\/www.ccb.pt\/#\/schema\/logo\/image\/\"},\"sameAs\":[\"https:\/\/twitter.com\/macccb_museu\"]}]}<\/script>\n<!-- \/ Yoast SEO plugin. -->","yoast_head_json":{"title":"Hangar Design Store - Centro Cultural de Bel\u00e9m Foundation","robots":{"index":"index","follow":"follow","max-snippet":"max-snippet:-1","max-image-preview":"max-image-preview:large","max-video-preview":"max-video-preview:-1"},"canonical":"https:\/\/www.ccb.pt\/en\/visitar\/hangar-design-store\/","og_locale":"en_US","og_type":"article","og_title":"Hangar Design Store","og_description":"Based on a concept linked to the dining table and meals, HANGAR offers a range of decorative articles from the world of Portuguese and international design, gourmet products, furniture, lighting and other original surprises.","og_url":"https:\/\/www.ccb.pt\/en\/visitar\/hangar-design-store\/","og_site_name":"Centro Cultural de Bel\u00e9m Foundation","article_modified_time":"2025-11-10T14:55:15+00:00","og_image":[{"width":2000,"height":1333,"url":"https:\/\/www.ccb.pt\/wp-content\/uploads\/2020\/03\/JCC-HANGAR-01-e1748873221991.jpg","type":"image\/jpeg"}],"twitter_card":"summary_large_image","twitter_site":"@macccb_museu","twitter_misc":{"Est. reading time":"1 minute"},"schema":{"@context":"https:\/\/schema.org","@graph":[{"@type":"WebPage","@id":"https:\/\/www.ccb.pt\/en\/visitar\/hangar-design-store\/","url":"https:\/\/www.ccb.pt\/en\/visitar\/hangar-design-store\/","name":"Hangar Design Store - Centro Cultural de Bel\u00e9m Foundation","isPartOf":{"@id":"https:\/\/www.ccb.pt\/#website"},"primaryImageOfPage":{"@id":"https:\/\/www.ccb.pt\/en\/visitar\/hangar-design-store\/#primaryimage"},"image":{"@id":"https:\/\/www.ccb.pt\/en\/visitar\/hangar-design-store\/#primaryimage"},"thumbnailUrl":"https:\/\/www.ccb.pt\/wp-content\/uploads\/2020\/03\/JCC-HANGAR-01-e1748873221991.jpg","datePublished":"2020-03-07T18:56:14+00:00","dateModified":"2025-11-10T14:55:15+00:00","breadcrumb":{"@id":"https:\/\/www.ccb.pt\/en\/visitar\/hangar-design-store\/#breadcrumb"},"inLanguage":"en-US","potentialAction":[{"@type":"ReadAction","target":["https:\/\/www.ccb.pt\/en\/visitar\/hangar-design-store\/"]}]},{"@type":"ImageObject","inLanguage":"en-US","@id":"https:\/\/www.ccb.pt\/en\/visitar\/hangar-design-store\/#primaryimage","url":"https:\/\/www.ccb.pt\/wp-content\/uploads\/2020\/03\/JCC-HANGAR-01-e1748873221991.jpg","contentUrl":"https:\/\/www.ccb.pt\/wp-content\/uploads\/2020\/03\/JCC-HANGAR-01-e1748873221991.jpg","width":2000,"height":1333,"caption":"Decora\u00e7\u00e3o moderna e acolhedora da loja de m\u00f3veis e artigos de decora\u00e7\u00e3o Hangar, com espelho decorativo, sinal de boas-vindas e ambiente bem iluminado."},{"@type":"BreadcrumbList","@id":"https:\/\/www.ccb.pt\/en\/visitar\/hangar-design-store\/#breadcrumb","itemListElement":[{"@type":"ListItem","position":1,"name":"Home","item":"https:\/\/www.ccb.pt\/en\/"},{"@type":"ListItem","position":2,"name":"Visitar","item":"https:\/\/www.ccb.pt\/en\/visitar\/"},{"@type":"ListItem","position":3,"name":"Hangar Design Store"}]},{"@type":"WebSite","@id":"https:\/\/www.ccb.pt\/#website","url":"https:\/\/www.ccb.pt\/","name":"Centro Cultural de Bel\u00e9m Foundation","description":"","publisher":{"@id":"https:\/\/www.ccb.pt\/#organization"},"potentialAction":[{"@type":"SearchAction","target":{"@type":"EntryPoint","urlTemplate":"https:\/\/www.ccb.pt\/?s={search_term_string}"},"query-input":"required name=search_term_string"}],"inLanguage":"en-US"},{"@type":"Organization","@id":"https:\/\/www.ccb.pt\/#organization","name":"Centro Cultural de Bel\u00e9m Foundation","url":"https:\/\/www.ccb.pt\/","logo":{"@type":"ImageObject","inLanguage":"en-US","@id":"https:\/\/www.ccb.pt\/#\/schema\/logo\/image\/","url":"https:\/\/www.ccb.pt\/wp-content\/uploads\/2022\/05\/1_ccb.png","contentUrl":"https:\/\/www.ccb.pt\/wp-content\/uploads\/2022\/05\/1_ccb.png","width":126,"height":100,"caption":"Centro Cultural de Bel\u00e9m Foundation"},"image":{"@id":"https:\/\/www.ccb.pt\/#\/schema\/logo\/image\/"},"sameAs":["https:\/\/twitter.com\/macccb_museu"]}]}},"_links":{"self":[{"href":"https:\/\/www.ccb.pt\/en\/wp-json\/wp\/v2\/visitar\/6296"}],"collection":[{"href":"https:\/\/www.ccb.pt\/en\/wp-json\/wp\/v2\/visitar"}],"about":[{"href":"https:\/\/www.ccb.pt\/en\/wp-json\/wp\/v2\/types\/visitar"}],"wp:featuredmedia":[{"embeddable":true,"href":"https:\/\/www.ccb.pt\/en\/wp-json\/wp\/v2\/media\/236537"}],"wp:attachment":[{"href":"https:\/\/www.ccb.pt\/en\/wp-json\/wp\/v2\/media?parent=6296"}],"wp:term":[{"taxonomy":"categoria_espaco","embeddable":true,"href":"https:\/\/www.ccb.pt\/en\/wp-json\/wp\/v2\/categoria_espaco?post=6296"}],"curies":[{"name":"wp","href":"https:\/\/api.w.org\/{rel}","templated":true}]}}

<!-- This site is optimized with the Yoast SEO plugin v22.3 - https://yoast.com/wordpress/plugins/seo/ -->
<title>Hangar Design Store - Centro Cultural de Belém Foundation</title>
<meta name="robots" content="index, follow, max-snippet:-1, max-image-preview:large, max-video-preview:-1" />
<link rel="canonical" href="https://www.ccb.pt/en/visitar/hangar-design-store/" />
<meta property="og:locale" content="en_US" />
<meta property="og:type" content="article" />
<meta property="og:title" content="Hangar Design Store" />
<meta property="og:description" content="Based on a concept linked to the dining table and meals, HANGAR offers a range of decorative articles from the world of Portuguese and international design, gourmet products, furniture, lighting and other original surprises." />
<meta property="og:url" content="https://www.ccb.pt/en/visitar/hangar-design-store/" />
<meta property="og:site_name" content="Centro Cultural de Belém Foundation" />
<meta property="article:modified_time" content="2025-11-10T14:55:15+00:00" />
<meta property="og:image" content="https://www.ccb.pt/wp-content/uploads/2020/03/JCC-HANGAR-01-e1748873221991.jpg" />
	<meta property="og:image:width" content="2000" />
	<meta property="og:image:height" content="1333" />
	<meta property="og:image:type" content="image/jpeg" />
<meta name="twitter:card" content="summary_large_image" />
<meta name="twitter:site" content="@macccb_museu" />
<meta name="twitter:label1" content="Est. reading time" />
	<meta name="twitter:data1" content="1 minute" />
<script type="application/ld+json" class="yoast-schema-graph">{"@context":"https://schema.org","@graph":[{"@type":"WebPage","@id":"https://www.ccb.pt/en/visitar/hangar-design-store/","url":"https://www.ccb.pt/en/visitar/hangar-design-store/","name":"Hangar Design Store - Centro Cultural de Belém Foundation","isPartOf":{"@id":"https://www.ccb.pt/#website"},"primaryImageOfPage":{"@id":"https://www.ccb.pt/en/visitar/hangar-design-store/#primaryimage"},"image":{"@id":"https://www.ccb.pt/en/visitar/hangar-design-store/#primaryimage"},"thumbnailUrl":"https://www.ccb.pt/wp-content/uploads/2020/03/JCC-HANGAR-01-e1748873221991.jpg","datePublished":"2020-03-07T18:56:14+00:00","dateModified":"2025-11-10T14:55:15+00:00","breadcrumb":{"@id":"https://www.ccb.pt/en/visitar/hangar-design-store/#breadcrumb"},"inLanguage":"en-US","potentialAction":[{"@type":"ReadAction","target":["https://www.ccb.pt/en/visitar/hangar-design-store/"]}]},{"@type":"ImageObject","inLanguage":"en-US","@id":"https://www.ccb.pt/en/visitar/hangar-design-store/#primaryimage","url":"https://www.ccb.pt/wp-content/uploads/2020/03/JCC-HANGAR-01-e1748873221991.jpg","contentUrl":"https://www.ccb.pt/wp-content/uploads/2020/03/JCC-HANGAR-01-e1748873221991.jpg","width":2000,"height":1333,"caption":"Decoração moderna e acolhedora da loja de móveis e artigos de decoração Hangar, com espelho decorativo, sinal de boas-vindas e ambiente bem iluminado."},{"@type":"BreadcrumbList","@id":"https://www.ccb.pt/en/visitar/hangar-design-store/#breadcrumb","itemListElement":[{"@type":"ListItem","position":1,"name":"Home","item":"https://www.ccb.pt/en/"},{"@type":"ListItem","position":2,"name":"Visitar","item":"https://www.ccb.pt/en/visitar/"},{"@type":"ListItem","position":3,"name":"Hangar Design Store"}]},{"@type":"WebSite","@id":"https://www.ccb.pt/#website","url":"https://www.ccb.pt/","name":"Centro Cultural de Belém Foundation","description":"","publisher":{"@id":"https://www.ccb.pt/#organization"},"potentialAction":[{"@type":"SearchAction","target":{"@type":"EntryPoint","urlTemplate":"https://www.ccb.pt/?s={search_term_string}"},"query-input":"required name=search_term_string"}],"inLanguage":"en-US"},{"@type":"Organization","@id":"https://www.ccb.pt/#organization","name":"Centro Cultural de Belém Foundation","url":"https://www.ccb.pt/","logo":{"@type":"ImageObject","inLanguage":"en-US","@id":"https://www.ccb.pt/#/schema/logo/image/","url":"https://www.ccb.pt/wp-content/uploads/2022/05/1_ccb.png","contentUrl":"https://www.ccb.pt/wp-content/uploads/2022/05/1_ccb.png","width":126,"height":100,"caption":"Centro Cultural de Belém Foundation"},"image":{"@id":"https://www.ccb.pt/#/schema/logo/image/"},"sameAs":["https://twitter.com/macccb_museu"]}]}</script>
<!-- / Yoast SEO plugin. -->

Hangar Design Store - Centro Cultural de Belém Foundation

Centro Cultural de Belém Foundation

Decoração moderna e acolhedora da loja de móveis e artigos de decoração Hangar, com espelho decorativo, sinal de boas-vindas e ambiente bem iluminado.
