    {"id":6292,"date":"2020-03-07T19:08:58","date_gmt":"2020-03-07T19:08:58","guid":{"rendered":"https:\/\/www.ccb.pt\/visitar\/susana-estetica\/"},"modified":"2025-11-11T12:03:40","modified_gmt":"2025-11-11T12:03:40","slug":"susana-estetica","status":"publish","type":"visitar","link":"https:\/\/www.ccb.pt\/en\/visitar\/susana-estetica\/","title":{"rendered":"Beauty \/ Est\u00e9tica Susana"},"content":{"rendered":"\r\n<p>&nbsp;<\/p>\r\n\r\n\r\n\r\n<p>\u201cS\u201d Est\u00e9tica Susana is a Portuguese beauty treatment centre, which offers its clients a combination of know-how and innovation.<\/p>\r\n\r\n\r\n\r\n<p>&nbsp;<\/p>\r\n\r\n\r\n\r\n<p>&nbsp;<\/p>\r\n","protected":false},"featured_media":237158,"template":"","categoria_espaco":[309],"acf":[],"yoast_head":"<!-- This site is optimized with the Yoast SEO plugin v22.3 - https:\/\/yoast.com\/wordpress\/plugins\/seo\/ -->\n<title>Beauty \/ Est\u00e9tica Susana - Centro Cultural de Bel\u00e9m Foundation<\/title>\n<meta name=\"robots\" content=\"index, follow, max-snippet:-1, max-image-preview:large, max-video-preview:-1\" \/>\n<link rel=\"canonical\" href=\"https:\/\/www.ccb.pt\/en\/visitar\/susana-estetica\/\" \/>\n<meta property=\"og:locale\" content=\"en_US\" \/>\n<meta property=\"og:type\" content=\"article\" \/>\n<meta property=\"og:title\" content=\"Beauty \/ Est\u00e9tica Susana\" \/>\n<meta property=\"og:description\" content=\"Est\u00e9tica Susana is a Portuguese beauty treatment centre, which offers its clients a combination of know-how and innovation.\" \/>\n<meta property=\"og:url\" content=\"https:\/\/www.ccb.pt\/en\/visitar\/susana-estetica\/\" \/>\n<meta property=\"og:site_name\" content=\"Centro Cultural de Bel\u00e9m Foundation\" \/>\n<meta property=\"article:modified_time\" content=\"2025-11-11T12:03:40+00:00\" \/>\n<meta property=\"og:image\" content=\"https:\/\/www.ccb.pt\/wp-content\/uploads\/2025\/06\/JCC-Estetica-Susana-06-e1749119051317.jpg\" \/>\n\t<meta property=\"og:image:width\" content=\"2000\" \/>\n\t<meta property=\"og:image:height\" content=\"1333\" \/>\n\t<meta property=\"og:image:type\" content=\"image\/jpeg\" \/>\n<meta name=\"twitter:card\" content=\"summary_large_image\" \/>\n<meta name=\"twitter:site\" content=\"@macccb_museu\" \/>\n<meta name=\"twitter:label1\" content=\"Est. reading time\" \/>\n\t<meta name=\"twitter:data1\" content=\"1 minute\" \/>\n<script type=\"application\/ld+json\" class=\"yoast-schema-graph\">{\"@context\":\"https:\/\/schema.org\",\"@graph\":[{\"@type\":\"WebPage\",\"@id\":\"https:\/\/www.ccb.pt\/en\/visitar\/susana-estetica\/\",\"url\":\"https:\/\/www.ccb.pt\/en\/visitar\/susana-estetica\/\",\"name\":\"Beauty \/ Est\u00e9tica Susana - Centro Cultural de Bel\u00e9m Foundation\",\"isPartOf\":{\"@id\":\"https:\/\/www.ccb.pt\/#website\"},\"primaryImageOfPage\":{\"@id\":\"https:\/\/www.ccb.pt\/en\/visitar\/susana-estetica\/#primaryimage\"},\"image\":{\"@id\":\"https:\/\/www.ccb.pt\/en\/visitar\/susana-estetica\/#primaryimage\"},\"thumbnailUrl\":\"https:\/\/www.ccb.pt\/wp-content\/uploads\/2025\/06\/JCC-Estetica-Susana-04-e1749118982897.jpg\",\"datePublished\":\"2020-03-07T19:08:58+00:00\",\"dateModified\":\"2025-11-11T12:03:40+00:00\",\"breadcrumb\":{\"@id\":\"https:\/\/www.ccb.pt\/en\/visitar\/susana-estetica\/#breadcrumb\"},\"inLanguage\":\"en-US\",\"potentialAction\":[{\"@type\":\"ReadAction\",\"target\":[\"https:\/\/www.ccb.pt\/en\/visitar\/susana-estetica\/\"]}]},{\"@type\":\"ImageObject\",\"inLanguage\":\"en-US\",\"@id\":\"https:\/\/www.ccb.pt\/en\/visitar\/susana-estetica\/#primaryimage\",\"url\":\"https:\/\/www.ccb.pt\/wp-content\/uploads\/2025\/06\/JCC-Estetica-Susana-04-e1749118982897.jpg\",\"contentUrl\":\"https:\/\/www.ccb.pt\/wp-content\/uploads\/2025\/06\/JCC-Estetica-Susana-04-e1749118982897.jpg\",\"width\":2000,\"height\":1146,\"caption\":\"Imagem de uma sala de recep\u00e7\u00e3o com plantas decorativas, uma cadeira acolhedora e uma parede de madeira, transmitindo um ambiente confort\u00e1vel e bem decorado.\"},{\"@type\":\"BreadcrumbList\",\"@id\":\"https:\/\/www.ccb.pt\/en\/visitar\/susana-estetica\/#breadcrumb\",\"itemListElement\":[{\"@type\":\"ListItem\",\"position\":1,\"name\":\"Home\",\"item\":\"https:\/\/www.ccb.pt\/en\/\"},{\"@type\":\"ListItem\",\"position\":2,\"name\":\"Visitar\",\"item\":\"https:\/\/www.ccb.pt\/en\/visitar\/\"},{\"@type\":\"ListItem\",\"position\":3,\"name\":\"Beauty \/ Est\u00e9tica Susana\"}]},{\"@type\":\"WebSite\",\"@id\":\"https:\/\/www.ccb.pt\/#website\",\"url\":\"https:\/\/www.ccb.pt\/\",\"name\":\"Centro Cultural de Bel\u00e9m Foundation\",\"description\":\"\",\"publisher\":{\"@id\":\"https:\/\/www.ccb.pt\/#organization\"},\"potentialAction\":[{\"@type\":\"SearchAction\",\"target\":{\"@type\":\"EntryPoint\",\"urlTemplate\":\"https:\/\/www.ccb.pt\/?s={search_term_string}\"},\"query-input\":\"required name=search_term_string\"}],\"inLanguage\":\"en-US\"},{\"@type\":\"Organization\",\"@id\":\"https:\/\/www.ccb.pt\/#organization\",\"name\":\"Centro Cultural de Bel\u00e9m Foundation\",\"url\":\"https:\/\/www.ccb.pt\/\",\"logo\":{\"@type\":\"ImageObject\",\"inLanguage\":\"en-US\",\"@id\":\"https:\/\/www.ccb.pt\/#\/schema\/logo\/image\/\",\"url\":\"https:\/\/www.ccb.pt\/wp-content\/uploads\/2022\/05\/1_ccb.png\",\"contentUrl\":\"https:\/\/www.ccb.pt\/wp-content\/uploads\/2022\/05\/1_ccb.png\",\"width\":126,\"height\":100,\"caption\":\"Centro Cultural de Bel\u00e9m Foundation\"},\"image\":{\"@id\":\"https:\/\/www.ccb.pt\/#\/schema\/logo\/image\/\"},\"sameAs\":[\"https:\/\/twitter.com\/macccb_museu\"]}]}<\/script>\n<!-- \/ Yoast SEO plugin. -->","yoast_head_json":{"title":"Beauty \/ Est\u00e9tica Susana - Centro Cultural de Bel\u00e9m Foundation","robots":{"index":"index","follow":"follow","max-snippet":"max-snippet:-1","max-image-preview":"max-image-preview:large","max-video-preview":"max-video-preview:-1"},"canonical":"https:\/\/www.ccb.pt\/en\/visitar\/susana-estetica\/","og_locale":"en_US","og_type":"article","og_title":"Beauty \/ Est\u00e9tica Susana","og_description":"Est\u00e9tica Susana is a Portuguese beauty treatment centre, which offers its clients a combination of know-how and innovation.","og_url":"https:\/\/www.ccb.pt\/en\/visitar\/susana-estetica\/","og_site_name":"Centro Cultural de Bel\u00e9m Foundation","article_modified_time":"2025-11-11T12:03:40+00:00","og_image":[{"width":2000,"height":1333,"url":"https:\/\/www.ccb.pt\/wp-content\/uploads\/2025\/06\/JCC-Estetica-Susana-06-e1749119051317.jpg","type":"image\/jpeg"}],"twitter_card":"summary_large_image","twitter_site":"@macccb_museu","twitter_misc":{"Est. reading time":"1 minute"},"schema":{"@context":"https:\/\/schema.org","@graph":[{"@type":"WebPage","@id":"https:\/\/www.ccb.pt\/en\/visitar\/susana-estetica\/","url":"https:\/\/www.ccb.pt\/en\/visitar\/susana-estetica\/","name":"Beauty \/ Est\u00e9tica Susana - Centro Cultural de Bel\u00e9m Foundation","isPartOf":{"@id":"https:\/\/www.ccb.pt\/#website"},"primaryImageOfPage":{"@id":"https:\/\/www.ccb.pt\/en\/visitar\/susana-estetica\/#primaryimage"},"image":{"@id":"https:\/\/www.ccb.pt\/en\/visitar\/susana-estetica\/#primaryimage"},"thumbnailUrl":"https:\/\/www.ccb.pt\/wp-content\/uploads\/2025\/06\/JCC-Estetica-Susana-04-e1749118982897.jpg","datePublished":"2020-03-07T19:08:58+00:00","dateModified":"2025-11-11T12:03:40+00:00","breadcrumb":{"@id":"https:\/\/www.ccb.pt\/en\/visitar\/susana-estetica\/#breadcrumb"},"inLanguage":"en-US","potentialAction":[{"@type":"ReadAction","target":["https:\/\/www.ccb.pt\/en\/visitar\/susana-estetica\/"]}]},{"@type":"ImageObject","inLanguage":"en-US","@id":"https:\/\/www.ccb.pt\/en\/visitar\/susana-estetica\/#primaryimage","url":"https:\/\/www.ccb.pt\/wp-content\/uploads\/2025\/06\/JCC-Estetica-Susana-04-e1749118982897.jpg","contentUrl":"https:\/\/www.ccb.pt\/wp-content\/uploads\/2025\/06\/JCC-Estetica-Susana-04-e1749118982897.jpg","width":2000,"height":1146,"caption":"Imagem de uma sala de recep\u00e7\u00e3o com plantas decorativas, uma cadeira acolhedora e uma parede de madeira, transmitindo um ambiente confort\u00e1vel e bem decorado."},{"@type":"BreadcrumbList","@id":"https:\/\/www.ccb.pt\/en\/visitar\/susana-estetica\/#breadcrumb","itemListElement":[{"@type":"ListItem","position":1,"name":"Home","item":"https:\/\/www.ccb.pt\/en\/"},{"@type":"ListItem","position":2,"name":"Visitar","item":"https:\/\/www.ccb.pt\/en\/visitar\/"},{"@type":"ListItem","position":3,"name":"Beauty \/ Est\u00e9tica Susana"}]},{"@type":"WebSite","@id":"https:\/\/www.ccb.pt\/#website","url":"https:\/\/www.ccb.pt\/","name":"Centro Cultural de Bel\u00e9m Foundation","description":"","publisher":{"@id":"https:\/\/www.ccb.pt\/#organization"},"potentialAction":[{"@type":"SearchAction","target":{"@type":"EntryPoint","urlTemplate":"https:\/\/www.ccb.pt\/?s={search_term_string}"},"query-input":"required name=search_term_string"}],"inLanguage":"en-US"},{"@type":"Organization","@id":"https:\/\/www.ccb.pt\/#organization","name":"Centro Cultural de Bel\u00e9m Foundation","url":"https:\/\/www.ccb.pt\/","logo":{"@type":"ImageObject","inLanguage":"en-US","@id":"https:\/\/www.ccb.pt\/#\/schema\/logo\/image\/","url":"https:\/\/www.ccb.pt\/wp-content\/uploads\/2022\/05\/1_ccb.png","contentUrl":"https:\/\/www.ccb.pt\/wp-content\/uploads\/2022\/05\/1_ccb.png","width":126,"height":100,"caption":"Centro Cultural de Bel\u00e9m Foundation"},"image":{"@id":"https:\/\/www.ccb.pt\/#\/schema\/logo\/image\/"},"sameAs":["https:\/\/twitter.com\/macccb_museu"]}]}},"_links":{"self":[{"href":"https:\/\/www.ccb.pt\/en\/wp-json\/wp\/v2\/visitar\/6292"}],"collection":[{"href":"https:\/\/www.ccb.pt\/en\/wp-json\/wp\/v2\/visitar"}],"about":[{"href":"https:\/\/www.ccb.pt\/en\/wp-json\/wp\/v2\/types\/visitar"}],"wp:featuredmedia":[{"embeddable":true,"href":"https:\/\/www.ccb.pt\/en\/wp-json\/wp\/v2\/media\/237158"}],"wp:attachment":[{"href":"https:\/\/www.ccb.pt\/en\/wp-json\/wp\/v2\/media?parent=6292"}],"wp:term":[{"taxonomy":"categoria_espaco","embeddable":true,"href":"https:\/\/www.ccb.pt\/en\/wp-json\/wp\/v2\/categoria_espaco?post=6292"}],"curies":[{"name":"wp","href":"https:\/\/api.w.org\/{rel}","templated":true}]}}

Beauty / Estética Susana

<p>&nbsp;</p>



<p>“S” Estética Susana is a Portuguese beauty treatment centre, which offers its clients a combination of know-how and innovation.</p>



<p>&nbsp;</p>



<p>&nbsp;</p>

<!-- This site is optimized with the Yoast SEO plugin v22.3 - https://yoast.com/wordpress/plugins/seo/ -->
<title>Beauty / Estética Susana - Centro Cultural de Belém Foundation</title>
<meta name="robots" content="index, follow, max-snippet:-1, max-image-preview:large, max-video-preview:-1" />
<link rel="canonical" href="https://www.ccb.pt/en/visitar/susana-estetica/" />
<meta property="og:locale" content="en_US" />
<meta property="og:type" content="article" />
<meta property="og:title" content="Beauty / Estética Susana" />
<meta property="og:description" content="Estética Susana is a Portuguese beauty treatment centre, which offers its clients a combination of know-how and innovation." />
<meta property="og:url" content="https://www.ccb.pt/en/visitar/susana-estetica/" />
<meta property="og:site_name" content="Centro Cultural de Belém Foundation" />
<meta property="article:modified_time" content="2025-11-11T12:03:40+00:00" />
<meta property="og:image" content="https://www.ccb.pt/wp-content/uploads/2025/06/JCC-Estetica-Susana-06-e1749119051317.jpg" />
	<meta property="og:image:width" content="2000" />
	<meta property="og:image:height" content="1333" />
	<meta property="og:image:type" content="image/jpeg" />
<meta name="twitter:card" content="summary_large_image" />
<meta name="twitter:site" content="@macccb_museu" />
<meta name="twitter:label1" content="Est. reading time" />
	<meta name="twitter:data1" content="1 minute" />
<script type="application/ld+json" class="yoast-schema-graph">{"@context":"https://schema.org","@graph":[{"@type":"WebPage","@id":"https://www.ccb.pt/en/visitar/susana-estetica/","url":"https://www.ccb.pt/en/visitar/susana-estetica/","name":"Beauty / Estética Susana - Centro Cultural de Belém Foundation","isPartOf":{"@id":"https://www.ccb.pt/#website"},"primaryImageOfPage":{"@id":"https://www.ccb.pt/en/visitar/susana-estetica/#primaryimage"},"image":{"@id":"https://www.ccb.pt/en/visitar/susana-estetica/#primaryimage"},"thumbnailUrl":"https://www.ccb.pt/wp-content/uploads/2025/06/JCC-Estetica-Susana-04-e1749118982897.jpg","datePublished":"2020-03-07T19:08:58+00:00","dateModified":"2025-11-11T12:03:40+00:00","breadcrumb":{"@id":"https://www.ccb.pt/en/visitar/susana-estetica/#breadcrumb"},"inLanguage":"en-US","potentialAction":[{"@type":"ReadAction","target":["https://www.ccb.pt/en/visitar/susana-estetica/"]}]},{"@type":"ImageObject","inLanguage":"en-US","@id":"https://www.ccb.pt/en/visitar/susana-estetica/#primaryimage","url":"https://www.ccb.pt/wp-content/uploads/2025/06/JCC-Estetica-Susana-04-e1749118982897.jpg","contentUrl":"https://www.ccb.pt/wp-content/uploads/2025/06/JCC-Estetica-Susana-04-e1749118982897.jpg","width":2000,"height":1146,"caption":"Imagem de uma sala de recepção com plantas decorativas, uma cadeira acolhedora e uma parede de madeira, transmitindo um ambiente confortável e bem decorado."},{"@type":"BreadcrumbList","@id":"https://www.ccb.pt/en/visitar/susana-estetica/#breadcrumb","itemListElement":[{"@type":"ListItem","position":1,"name":"Home","item":"https://www.ccb.pt/en/"},{"@type":"ListItem","position":2,"name":"Visitar","item":"https://www.ccb.pt/en/visitar/"},{"@type":"ListItem","position":3,"name":"Beauty / Estética Susana"}]},{"@type":"WebSite","@id":"https://www.ccb.pt/#website","url":"https://www.ccb.pt/","name":"Centro Cultural de Belém Foundation","description":"","publisher":{"@id":"https://www.ccb.pt/#organization"},"potentialAction":[{"@type":"SearchAction","target":{"@type":"EntryPoint","urlTemplate":"https://www.ccb.pt/?s={search_term_string}"},"query-input":"required name=search_term_string"}],"inLanguage":"en-US"},{"@type":"Organization","@id":"https://www.ccb.pt/#organization","name":"Centro Cultural de Belém Foundation","url":"https://www.ccb.pt/","logo":{"@type":"ImageObject","inLanguage":"en-US","@id":"https://www.ccb.pt/#/schema/logo/image/","url":"https://www.ccb.pt/wp-content/uploads/2022/05/1_ccb.png","contentUrl":"https://www.ccb.pt/wp-content/uploads/2022/05/1_ccb.png","width":126,"height":100,"caption":"Centro Cultural de Belém Foundation"},"image":{"@id":"https://www.ccb.pt/#/schema/logo/image/"},"sameAs":["https://twitter.com/macccb_museu"]}]}</script>
<!-- / Yoast SEO plugin. -->

Beauty / Estética Susana - Centro Cultural de Belém Foundation

Estética Susana is a Portuguese beauty treatment centre, which offers its clients a combination of know-how and innovation.

Centro Cultural de Belém Foundation

Imagem de uma sala de recepção com plantas decorativas, uma cadeira acolhedora e uma parede de madeira, transmitindo um ambiente confortável e bem decorado.
