    {"id":81396,"date":"2022-04-12T10:32:56","date_gmt":"2022-04-12T09:32:56","guid":{"rendered":"https:\/\/www.ccb.pt\/evento\/9-neuf\/"},"modified":"2022-04-12T10:51:04","modified_gmt":"2022-04-12T09:51:04","slug":"9-neuf","status":"publish","type":"tribe_events","link":"https:\/\/www.ccb.pt\/en\/evento\/9-neuf\/2022-06-03\/","title":{"rendered":"9 (Neuf)"},"content":{"rendered":"<p>Known for its eloquent dance, Cas Public houses an atypical performer, Cai Glover, who overcame a hearing impairment to become a professional dancer. Choreographer H\u00e9l\u00e8ne Blackburn has taken the unusual step of using his disability as a point of departure for her new creation. Perceiving, experiencing, understanding. Our senses allow us to apprehend the world around us. This sine qua non condition is like a window onto what lies outside of us; without it things elude us in part. How is it possible to capture the monumental grandeur of the 9th symphony \u2014 one of the masterworks in the classical repertoire \u2014 if, like Beethoven, our hearing is impaired? <em>9<\/em> incarnates this challenge through a bold journey of sensation. In coproduction with Kopergietery, the work is sure to appeal to all generations by pushing back the limits of silence to rise above difference and transform the body into language.<\/p>\n","protected":false},"excerpt":{"rendered":"<p>Known for its eloquent dance, Cas Public houses an atypical performer, Cai Glover, who overcame a hearing impairment to become a professional dancer. Choreographer H\u00e9l\u00e8ne Blackburn has taken the unusual step of using his disability as a point of departure for her new creation. Perceiving, experiencing, understanding. Our senses allow us to apprehend the world [&hellip;]<\/p>\n","protected":false},"author":6,"featured_media":81358,"comment_status":"open","ping_status":"closed","template":"","meta":{"_relevanssi_hide_post":"","_relevanssi_pin_for_all":"","_relevanssi_pin_keywords":"","_relevanssi_unpin_keywords":"","_relevanssi_related_keywords":"","_relevanssi_related_include_ids":"","_relevanssi_related_exclude_ids":"","_relevanssi_related_no_append":"","_relevanssi_related_not_related":"","_relevanssi_related_posts":"","_relevanssi_noindex_reason":""},"tribe_events_cat":[404,23,402],"tags_tema":[],"idades":[393,492,392],"tipos":[],"temas":[433,428],"categorias_hubspot":[],"acf":[],"yoast_head":"<!-- This site is optimized with the Yoast SEO plugin v22.3 - https:\/\/yoast.com\/wordpress\/plugins\/seo\/ -->\n<title>9 (Neuf) - Centro Cultural de Bel\u00e9m Foundation<\/title>\n<meta name=\"description\" content=\"Conhecida pela sua dan\u00e7a eloquente, a companhia Cas Public acolhe agora um performer at\u00edpico, Cai Glover, que superou uma defici\u00eancia auditiva e se tornou um bailarino profissional.\" \/>\n<meta name=\"robots\" content=\"index, follow, max-snippet:-1, max-image-preview:large, max-video-preview:-1\" \/>\n<link rel=\"canonical\" href=\"https:\/\/www.ccb.pt\/en\/evento\/9-neuf\/2022-06-03\/\" \/>\n<meta property=\"og:locale\" content=\"en_US\" \/>\n<meta property=\"og:type\" content=\"article\" \/>\n<meta property=\"og:title\" content=\"9 (Neuf) - Centro Cultural de Bel\u00e9m Foundation\" \/>\n<meta property=\"og:description\" content=\"Conhecida pela sua dan\u00e7a eloquente, a companhia Cas Public acolhe agora um performer at\u00edpico, Cai Glover, que superou uma defici\u00eancia auditiva e se tornou um bailarino profissional.\" \/>\n<meta property=\"og:url\" content=\"https:\/\/www.ccb.pt\/en\/evento\/9-neuf\/2022-06-03\/\" \/>\n<meta property=\"og:site_name\" content=\"Centro Cultural de Bel\u00e9m Foundation\" \/>\n<meta property=\"article:modified_time\" content=\"2022-04-12T09:51:04+00:00\" \/>\n<meta property=\"og:image\" content=\"https:\/\/www.ccb.pt\/wp-content\/uploads\/2021\/09\/9_01\u00a9DamianSiqueiros.-2-scaled.jpg\" \/>\n\t<meta property=\"og:image:width\" content=\"2560\" \/>\n\t<meta property=\"og:image:height\" content=\"1709\" \/>\n\t<meta property=\"og:image:type\" content=\"image\/jpeg\" \/>\n<meta name=\"twitter:card\" content=\"summary_large_image\" \/>\n<meta name=\"twitter:site\" content=\"@macccb_museu\" \/>\n<meta name=\"twitter:label1\" content=\"Est. reading time\" \/>\n\t<meta name=\"twitter:data1\" content=\"1 minute\" \/>\n<script type=\"application\/ld+json\" class=\"yoast-schema-graph\">{\"@context\":\"https:\/\/schema.org\",\"@graph\":[{\"@type\":\"WebPage\",\"@id\":\"https:\/\/www.ccb.pt\/en\/evento\/9-neuf\/2022-06-03\/\",\"url\":\"https:\/\/www.ccb.pt\/en\/evento\/9-neuf\/2022-06-03\/\",\"name\":\"9 (Neuf) - Centro Cultural de Bel\u00e9m Foundation\",\"isPartOf\":{\"@id\":\"https:\/\/www.ccb.pt\/#website\"},\"primaryImageOfPage\":{\"@id\":\"https:\/\/www.ccb.pt\/en\/evento\/9-neuf\/2022-06-03\/#primaryimage\"},\"image\":{\"@id\":\"https:\/\/www.ccb.pt\/en\/evento\/9-neuf\/2022-06-03\/#primaryimage\"},\"thumbnailUrl\":\"https:\/\/www.ccb.pt\/wp-content\/uploads\/2021\/09\/9_01\u00a9DamianSiqueiros.-2-scaled.jpg\",\"datePublished\":\"2022-04-12T09:32:56+00:00\",\"dateModified\":\"2022-04-12T09:51:04+00:00\",\"description\":\"Conhecida pela sua dan\u00e7a eloquente, a companhia Cas Public acolhe agora um performer at\u00edpico, Cai Glover, que superou uma defici\u00eancia auditiva e se tornou um bailarino profissional.\",\"breadcrumb\":{\"@id\":\"https:\/\/www.ccb.pt\/en\/evento\/9-neuf\/2022-06-03\/#breadcrumb\"},\"inLanguage\":\"en-US\",\"potentialAction\":[{\"@type\":\"ReadAction\",\"target\":[\"https:\/\/www.ccb.pt\/en\/evento\/9-neuf\/2022-06-03\/\"]}]},{\"@type\":\"ImageObject\",\"inLanguage\":\"en-US\",\"@id\":\"https:\/\/www.ccb.pt\/en\/evento\/9-neuf\/2022-06-03\/#primaryimage\",\"url\":\"https:\/\/www.ccb.pt\/wp-content\/uploads\/2021\/09\/9_01\u00a9DamianSiqueiros.-2-scaled.jpg\",\"contentUrl\":\"https:\/\/www.ccb.pt\/wp-content\/uploads\/2021\/09\/9_01\u00a9DamianSiqueiros.-2-scaled.jpg\",\"width\":2560,\"height\":1709,\"caption\":\"Alt\\\"\\\"\"},{\"@type\":\"BreadcrumbList\",\"@id\":\"https:\/\/www.ccb.pt\/en\/evento\/9-neuf\/2022-06-03\/#breadcrumb\",\"itemListElement\":[{\"@type\":\"ListItem\",\"position\":1,\"name\":\"Home\",\"item\":\"https:\/\/www.ccb.pt\/en\/\"},{\"@type\":\"ListItem\",\"position\":2,\"name\":\"Eventos\",\"item\":\"https:\/\/www.ccb.pt\/eventos\/\"},{\"@type\":\"ListItem\",\"position\":3,\"name\":\"9 (Neuf)\"}]},{\"@type\":\"WebSite\",\"@id\":\"https:\/\/www.ccb.pt\/#website\",\"url\":\"https:\/\/www.ccb.pt\/\",\"name\":\"Centro Cultural de Bel\u00e9m Foundation\",\"description\":\"\",\"publisher\":{\"@id\":\"https:\/\/www.ccb.pt\/#organization\"},\"potentialAction\":[{\"@type\":\"SearchAction\",\"target\":{\"@type\":\"EntryPoint\",\"urlTemplate\":\"https:\/\/www.ccb.pt\/?s={search_term_string}\"},\"query-input\":\"required name=search_term_string\"}],\"inLanguage\":\"en-US\"},{\"@type\":\"Organization\",\"@id\":\"https:\/\/www.ccb.pt\/#organization\",\"name\":\"Centro Cultural de Bel\u00e9m Foundation\",\"url\":\"https:\/\/www.ccb.pt\/\",\"logo\":{\"@type\":\"ImageObject\",\"inLanguage\":\"en-US\",\"@id\":\"https:\/\/www.ccb.pt\/#\/schema\/logo\/image\/\",\"url\":\"https:\/\/www.ccb.pt\/wp-content\/uploads\/2022\/05\/1_ccb.png\",\"contentUrl\":\"https:\/\/www.ccb.pt\/wp-content\/uploads\/2022\/05\/1_ccb.png\",\"width\":126,\"height\":100,\"caption\":\"Centro Cultural de Bel\u00e9m Foundation\"},\"image\":{\"@id\":\"https:\/\/www.ccb.pt\/#\/schema\/logo\/image\/\"},\"sameAs\":[\"https:\/\/twitter.com\/macccb_museu\"]}]}<\/script>\n<!-- \/ Yoast SEO plugin. -->","yoast_head_json":{"title":"9 (Neuf) - Centro Cultural de Bel\u00e9m Foundation","description":"Conhecida pela sua dan\u00e7a eloquente, a companhia Cas Public acolhe agora um performer at\u00edpico, Cai Glover, que superou uma defici\u00eancia auditiva e se tornou um bailarino profissional.","robots":{"index":"index","follow":"follow","max-snippet":"max-snippet:-1","max-image-preview":"max-image-preview:large","max-video-preview":"max-video-preview:-1"},"canonical":"https:\/\/www.ccb.pt\/en\/evento\/9-neuf\/2022-06-03\/","og_locale":"en_US","og_type":"article","og_title":"9 (Neuf) - Centro Cultural de Bel\u00e9m Foundation","og_description":"Conhecida pela sua dan\u00e7a eloquente, a companhia Cas Public acolhe agora um performer at\u00edpico, Cai Glover, que superou uma defici\u00eancia auditiva e se tornou um bailarino profissional.","og_url":"https:\/\/www.ccb.pt\/en\/evento\/9-neuf\/2022-06-03\/","og_site_name":"Centro Cultural de Bel\u00e9m Foundation","article_modified_time":"2022-04-12T09:51:04+00:00","og_image":[{"width":2560,"height":1709,"url":"https:\/\/www.ccb.pt\/wp-content\/uploads\/2021\/09\/9_01\u00a9DamianSiqueiros.-2-scaled.jpg","type":"image\/jpeg"}],"twitter_card":"summary_large_image","twitter_site":"@macccb_museu","twitter_misc":{"Est. reading time":"1 minute"},"schema":{"@context":"https:\/\/schema.org","@graph":[{"@type":"WebPage","@id":"https:\/\/www.ccb.pt\/en\/evento\/9-neuf\/2022-06-03\/","url":"https:\/\/www.ccb.pt\/en\/evento\/9-neuf\/2022-06-03\/","name":"9 (Neuf) - Centro Cultural de Bel\u00e9m Foundation","isPartOf":{"@id":"https:\/\/www.ccb.pt\/#website"},"primaryImageOfPage":{"@id":"https:\/\/www.ccb.pt\/en\/evento\/9-neuf\/2022-06-03\/#primaryimage"},"image":{"@id":"https:\/\/www.ccb.pt\/en\/evento\/9-neuf\/2022-06-03\/#primaryimage"},"thumbnailUrl":"https:\/\/www.ccb.pt\/wp-content\/uploads\/2021\/09\/9_01\u00a9DamianSiqueiros.-2-scaled.jpg","datePublished":"2022-04-12T09:32:56+00:00","dateModified":"2022-04-12T09:51:04+00:00","description":"Conhecida pela sua dan\u00e7a eloquente, a companhia Cas Public acolhe agora um performer at\u00edpico, Cai Glover, que superou uma defici\u00eancia auditiva e se tornou um bailarino profissional.","breadcrumb":{"@id":"https:\/\/www.ccb.pt\/en\/evento\/9-neuf\/2022-06-03\/#breadcrumb"},"inLanguage":"en-US","potentialAction":[{"@type":"ReadAction","target":["https:\/\/www.ccb.pt\/en\/evento\/9-neuf\/2022-06-03\/"]}]},{"@type":"ImageObject","inLanguage":"en-US","@id":"https:\/\/www.ccb.pt\/en\/evento\/9-neuf\/2022-06-03\/#primaryimage","url":"https:\/\/www.ccb.pt\/wp-content\/uploads\/2021\/09\/9_01\u00a9DamianSiqueiros.-2-scaled.jpg","contentUrl":"https:\/\/www.ccb.pt\/wp-content\/uploads\/2021\/09\/9_01\u00a9DamianSiqueiros.-2-scaled.jpg","width":2560,"height":1709,"caption":"Alt\"\""},{"@type":"BreadcrumbList","@id":"https:\/\/www.ccb.pt\/en\/evento\/9-neuf\/2022-06-03\/#breadcrumb","itemListElement":[{"@type":"ListItem","position":1,"name":"Home","item":"https:\/\/www.ccb.pt\/en\/"},{"@type":"ListItem","position":2,"name":"Eventos","item":"https:\/\/www.ccb.pt\/eventos\/"},{"@type":"ListItem","position":3,"name":"9 (Neuf)"}]},{"@type":"WebSite","@id":"https:\/\/www.ccb.pt\/#website","url":"https:\/\/www.ccb.pt\/","name":"Centro Cultural de Bel\u00e9m Foundation","description":"","publisher":{"@id":"https:\/\/www.ccb.pt\/#organization"},"potentialAction":[{"@type":"SearchAction","target":{"@type":"EntryPoint","urlTemplate":"https:\/\/www.ccb.pt\/?s={search_term_string}"},"query-input":"required name=search_term_string"}],"inLanguage":"en-US"},{"@type":"Organization","@id":"https:\/\/www.ccb.pt\/#organization","name":"Centro Cultural de Bel\u00e9m Foundation","url":"https:\/\/www.ccb.pt\/","logo":{"@type":"ImageObject","inLanguage":"en-US","@id":"https:\/\/www.ccb.pt\/#\/schema\/logo\/image\/","url":"https:\/\/www.ccb.pt\/wp-content\/uploads\/2022\/05\/1_ccb.png","contentUrl":"https:\/\/www.ccb.pt\/wp-content\/uploads\/2022\/05\/1_ccb.png","width":126,"height":100,"caption":"Centro Cultural de Bel\u00e9m Foundation"},"image":{"@id":"https:\/\/www.ccb.pt\/#\/schema\/logo\/image\/"},"sameAs":["https:\/\/twitter.com\/macccb_museu"]}]}},"_links":{"self":[{"href":"https:\/\/www.ccb.pt\/en\/wp-json\/wp\/v2\/tribe_events\/81396"}],"collection":[{"href":"https:\/\/www.ccb.pt\/en\/wp-json\/wp\/v2\/tribe_events"}],"about":[{"href":"https:\/\/www.ccb.pt\/en\/wp-json\/wp\/v2\/types\/tribe_events"}],"author":[{"embeddable":true,"href":"https:\/\/www.ccb.pt\/en\/wp-json\/wp\/v2\/users\/6"}],"replies":[{"embeddable":true,"href":"https:\/\/www.ccb.pt\/en\/wp-json\/wp\/v2\/comments?post=81396"}],"version-history":[{"count":3,"href":"https:\/\/www.ccb.pt\/en\/wp-json\/wp\/v2\/tribe_events\/81396\/revisions"}],"predecessor-version":[{"id":81413,"href":"https:\/\/www.ccb.pt\/en\/wp-json\/wp\/v2\/tribe_events\/81396\/revisions\/81413"}],"wp:featuredmedia":[{"embeddable":true,"href":"https:\/\/www.ccb.pt\/en\/wp-json\/wp\/v2\/media\/81358"}],"wp:attachment":[{"href":"https:\/\/www.ccb.pt\/en\/wp-json\/wp\/v2\/media?parent=81396"}],"wp:term":[{"taxonomy":"tribe_events_cat","embeddable":true,"href":"https:\/\/www.ccb.pt\/en\/wp-json\/wp\/v2\/tribe_events_cat?post=81396"},{"taxonomy":"tags_tema","embeddable":true,"href":"https:\/\/www.ccb.pt\/en\/wp-json\/wp\/v2\/tags_tema?post=81396"},{"taxonomy":"idades","embeddable":true,"href":"https:\/\/www.ccb.pt\/en\/wp-json\/wp\/v2\/idades?post=81396"},{"taxonomy":"tipos","embeddable":true,"href":"https:\/\/www.ccb.pt\/en\/wp-json\/wp\/v2\/tipos?post=81396"},{"taxonomy":"temas","embeddable":true,"href":"https:\/\/www.ccb.pt\/en\/wp-json\/wp\/v2\/temas?post=81396"},{"taxonomy":"categorias_hubspot","embeddable":true,"href":"https:\/\/www.ccb.pt\/en\/wp-json\/wp\/v2\/categorias_hubspot?post=81396"}],"curies":[{"name":"wp","href":"https:\/\/api.w.org\/{rel}","templated":true}]}}

<p>Known for its eloquent dance, Cas Public houses an atypical performer, Cai Glover, who overcame a hearing impairment to become a professional dancer. Choreographer Hélène Blackburn has taken the unusual step of using his disability as a point of departure for her new creation. Perceiving, experiencing, understanding. Our senses allow us to apprehend the world around us. This sine qua non condition is like a window onto what lies outside of us; without it things elude us in part. How is it possible to capture the monumental grandeur of the 9th symphony — one of the masterworks in the classical repertoire — if, like Beethoven, our hearing is impaired? <em>9</em> incarnates this challenge through a bold journey of sensation. In coproduction with Kopergietery, the work is sure to appeal to all generations by pushing back the limits of silence to rise above difference and transform the body into language.</p>

<p>Known for its eloquent dance, Cas Public houses an atypical performer, Cai Glover, who overcame a hearing impairment to become a professional dancer. Choreographer Hélène Blackburn has taken the unusual step of using his disability as a point of departure for her new creation. Perceiving, experiencing, understanding. Our senses allow us to apprehend the world [&hellip;]</p>

<!-- This site is optimized with the Yoast SEO plugin v22.3 - https://yoast.com/wordpress/plugins/seo/ -->
<title>9 (Neuf) - Centro Cultural de Belém Foundation</title>
<meta name="description" content="Conhecida pela sua dança eloquente, a companhia Cas Public acolhe agora um performer atípico, Cai Glover, que superou uma deficiência auditiva e se tornou um bailarino profissional." />
<meta name="robots" content="index, follow, max-snippet:-1, max-image-preview:large, max-video-preview:-1" />
<link rel="canonical" href="https://www.ccb.pt/en/evento/9-neuf/2022-06-03/" />
<meta property="og:locale" content="en_US" />
<meta property="og:type" content="article" />
<meta property="og:title" content="9 (Neuf) - Centro Cultural de Belém Foundation" />
<meta property="og:description" content="Conhecida pela sua dança eloquente, a companhia Cas Public acolhe agora um performer atípico, Cai Glover, que superou uma deficiência auditiva e se tornou um bailarino profissional." />
<meta property="og:url" content="https://www.ccb.pt/en/evento/9-neuf/2022-06-03/" />
<meta property="og:site_name" content="Centro Cultural de Belém Foundation" />
<meta property="article:modified_time" content="2022-04-12T09:51:04+00:00" />
<meta property="og:image" content="https://www.ccb.pt/wp-content/uploads/2021/09/9_01©DamianSiqueiros.-2-scaled.jpg" />
	<meta property="og:image:width" content="2560" />
	<meta property="og:image:height" content="1709" />
	<meta property="og:image:type" content="image/jpeg" />
<meta name="twitter:card" content="summary_large_image" />
<meta name="twitter:site" content="@macccb_museu" />
<meta name="twitter:label1" content="Est. reading time" />
	<meta name="twitter:data1" content="1 minute" />
<script type="application/ld+json" class="yoast-schema-graph">{"@context":"https://schema.org","@graph":[{"@type":"WebPage","@id":"https://www.ccb.pt/en/evento/9-neuf/2022-06-03/","url":"https://www.ccb.pt/en/evento/9-neuf/2022-06-03/","name":"9 (Neuf) - Centro Cultural de Belém Foundation","isPartOf":{"@id":"https://www.ccb.pt/#website"},"primaryImageOfPage":{"@id":"https://www.ccb.pt/en/evento/9-neuf/2022-06-03/#primaryimage"},"image":{"@id":"https://www.ccb.pt/en/evento/9-neuf/2022-06-03/#primaryimage"},"thumbnailUrl":"https://www.ccb.pt/wp-content/uploads/2021/09/9_01©DamianSiqueiros.-2-scaled.jpg","datePublished":"2022-04-12T09:32:56+00:00","dateModified":"2022-04-12T09:51:04+00:00","description":"Conhecida pela sua dança eloquente, a companhia Cas Public acolhe agora um performer atípico, Cai Glover, que superou uma deficiência auditiva e se tornou um bailarino profissional.","breadcrumb":{"@id":"https://www.ccb.pt/en/evento/9-neuf/2022-06-03/#breadcrumb"},"inLanguage":"en-US","potentialAction":[{"@type":"ReadAction","target":["https://www.ccb.pt/en/evento/9-neuf/2022-06-03/"]}]},{"@type":"ImageObject","inLanguage":"en-US","@id":"https://www.ccb.pt/en/evento/9-neuf/2022-06-03/#primaryimage","url":"https://www.ccb.pt/wp-content/uploads/2021/09/9_01©DamianSiqueiros.-2-scaled.jpg","contentUrl":"https://www.ccb.pt/wp-content/uploads/2021/09/9_01©DamianSiqueiros.-2-scaled.jpg","width":2560,"height":1709,"caption":"Alt\"\""},{"@type":"BreadcrumbList","@id":"https://www.ccb.pt/en/evento/9-neuf/2022-06-03/#breadcrumb","itemListElement":[{"@type":"ListItem","position":1,"name":"Home","item":"https://www.ccb.pt/en/"},{"@type":"ListItem","position":2,"name":"Eventos","item":"https://www.ccb.pt/eventos/"},{"@type":"ListItem","position":3,"name":"9 (Neuf)"}]},{"@type":"WebSite","@id":"https://www.ccb.pt/#website","url":"https://www.ccb.pt/","name":"Centro Cultural de Belém Foundation","description":"","publisher":{"@id":"https://www.ccb.pt/#organization"},"potentialAction":[{"@type":"SearchAction","target":{"@type":"EntryPoint","urlTemplate":"https://www.ccb.pt/?s={search_term_string}"},"query-input":"required name=search_term_string"}],"inLanguage":"en-US"},{"@type":"Organization","@id":"https://www.ccb.pt/#organization","name":"Centro Cultural de Belém Foundation","url":"https://www.ccb.pt/","logo":{"@type":"ImageObject","inLanguage":"en-US","@id":"https://www.ccb.pt/#/schema/logo/image/","url":"https://www.ccb.pt/wp-content/uploads/2022/05/1_ccb.png","contentUrl":"https://www.ccb.pt/wp-content/uploads/2022/05/1_ccb.png","width":126,"height":100,"caption":"Centro Cultural de Belém Foundation"},"image":{"@id":"https://www.ccb.pt/#/schema/logo/image/"},"sameAs":["https://twitter.com/macccb_museu"]}]}</script>
<!-- / Yoast SEO plugin. -->

9 (Neuf) - Centro Cultural de Belém Foundation

Conhecida pela sua dança eloquente, a companhia Cas Public acolhe agora um performer atípico, Cai Glover, que superou uma deficiência auditiva e se tornou um bailarino profissional.

Centro Cultural de Belém Foundation
