    {"id":80295,"date":"2022-03-29T14:38:09","date_gmt":"2022-03-29T13:38:09","guid":{"rendered":"https:\/\/www.ccb.pt\/evento\/orquestra-filarmonica-portuguesa-2\/"},"modified":"2022-04-11T11:35:34","modified_gmt":"2022-04-11T10:35:34","slug":"orquestra-filarmonica-portuguesa-2","status":"publish","type":"tribe_events","link":"https:\/\/www.ccb.pt\/en\/evento\/orquestra-filarmonica-portuguesa-2\/","title":{"rendered":"Portuguese Philharmonic Orchestra"},"content":{"rendered":"<p>This concert is part of the usual <em>Europa Concert<\/em> series, held annually by the Portuguese Philharmonic Orchestra. The program comprises the premiere of the <em>Can\u00e7\u00f5es de Trabalho<\/em> by Lu\u00eds Tinoco and the interpretation of the works <em>Som Sem Sa\u00edda<\/em>, by F\u00e1tima Fonte, and the Symphony No. 41 in C Major, K.551, <em>Jupiter<\/em>, by Mozart.<\/p>\n","protected":false},"excerpt":{"rendered":"<p>This concert is part of the usual Europa Concert series, held annually by the Portuguese Philharmonic Orchestra. The program comprises the premiere of the Can\u00e7\u00f5es de Trabalho by Lu\u00eds Tinoco and the interpretation of the works Som Sem Sa\u00edda, by F\u00e1tima Fonte, and the Symphony No. 41 in C Major, K.551, Jupiter, by Mozart.<\/p>\n","protected":false},"author":6,"featured_media":80242,"comment_status":"open","ping_status":"closed","template":"","meta":{"_relevanssi_hide_post":"","_relevanssi_pin_for_all":"","_relevanssi_pin_keywords":"","_relevanssi_unpin_keywords":"","_relevanssi_related_keywords":"","_relevanssi_related_include_ids":"","_relevanssi_related_exclude_ids":"","_relevanssi_related_no_append":"","_relevanssi_related_not_related":"","_relevanssi_related_posts":"","_relevanssi_noindex_reason":""},"tribe_events_cat":[23],"tags_tema":[],"idades":[392],"tipos":[],"temas":[],"categorias_hubspot":[],"acf":[],"yoast_head":"<!-- This site is optimized with the Yoast SEO plugin v22.3 - https:\/\/yoast.com\/wordpress\/plugins\/seo\/ -->\n<title>Portuguese Philharmonic Orchestra - Centro Cultural de Bel\u00e9m Foundation<\/title>\n<meta name=\"description\" content=\"This concert is part of the usual Europa Concert series, held annually by the Portuguese Philharmonic Orchestra.\" \/>\n<meta name=\"robots\" content=\"index, follow, max-snippet:-1, max-image-preview:large, max-video-preview:-1\" \/>\n<link rel=\"canonical\" href=\"https:\/\/www.ccb.pt\/en\/evento\/orquestra-filarmonica-portuguesa-2\/\" \/>\n<meta property=\"og:locale\" content=\"en_US\" \/>\n<meta property=\"og:type\" content=\"article\" \/>\n<meta property=\"og:title\" content=\"Portuguese Philharmonic Orchestra - Centro Cultural de Bel\u00e9m Foundation\" \/>\n<meta property=\"og:description\" content=\"This concert is part of the usual Europa Concert series, held annually by the Portuguese Philharmonic Orchestra.\" \/>\n<meta property=\"og:url\" content=\"https:\/\/www.ccb.pt\/en\/evento\/orquestra-filarmonica-portuguesa-2\/\" \/>\n<meta property=\"og:site_name\" content=\"Centro Cultural de Bel\u00e9m Foundation\" \/>\n<meta property=\"article:modified_time\" content=\"2022-04-11T10:35:34+00:00\" \/>\n<meta property=\"og:image\" content=\"https:\/\/www.ccb.pt\/wp-content\/uploads\/2022\/03\/site_1maio22.jpg\" \/>\n\t<meta property=\"og:image:width\" content=\"1300\" \/>\n\t<meta property=\"og:image:height\" content=\"618\" \/>\n\t<meta property=\"og:image:type\" content=\"image\/jpeg\" \/>\n<meta name=\"twitter:card\" content=\"summary_large_image\" \/>\n<meta name=\"twitter:site\" content=\"@macccb_museu\" \/>\n<script type=\"application\/ld+json\" class=\"yoast-schema-graph\">{\"@context\":\"https:\/\/schema.org\",\"@graph\":[{\"@type\":\"WebPage\",\"@id\":\"https:\/\/www.ccb.pt\/en\/evento\/orquestra-filarmonica-portuguesa-2\/\",\"url\":\"https:\/\/www.ccb.pt\/en\/evento\/orquestra-filarmonica-portuguesa-2\/\",\"name\":\"Portuguese Philharmonic Orchestra - Centro Cultural de Bel\u00e9m Foundation\",\"isPartOf\":{\"@id\":\"https:\/\/www.ccb.pt\/#website\"},\"primaryImageOfPage\":{\"@id\":\"https:\/\/www.ccb.pt\/en\/evento\/orquestra-filarmonica-portuguesa-2\/#primaryimage\"},\"image\":{\"@id\":\"https:\/\/www.ccb.pt\/en\/evento\/orquestra-filarmonica-portuguesa-2\/#primaryimage\"},\"thumbnailUrl\":\"https:\/\/www.ccb.pt\/wp-content\/uploads\/2022\/03\/site_1maio22.jpg\",\"datePublished\":\"2022-03-29T13:38:09+00:00\",\"dateModified\":\"2022-04-11T10:35:34+00:00\",\"description\":\"This concert is part of the usual Europa Concert series, held annually by the Portuguese Philharmonic Orchestra.\",\"breadcrumb\":{\"@id\":\"https:\/\/www.ccb.pt\/en\/evento\/orquestra-filarmonica-portuguesa-2\/#breadcrumb\"},\"inLanguage\":\"en-US\",\"potentialAction\":[{\"@type\":\"ReadAction\",\"target\":[\"https:\/\/www.ccb.pt\/en\/evento\/orquestra-filarmonica-portuguesa-2\/\"]}]},{\"@type\":\"ImageObject\",\"inLanguage\":\"en-US\",\"@id\":\"https:\/\/www.ccb.pt\/en\/evento\/orquestra-filarmonica-portuguesa-2\/#primaryimage\",\"url\":\"https:\/\/www.ccb.pt\/wp-content\/uploads\/2022\/03\/site_1maio22.jpg\",\"contentUrl\":\"https:\/\/www.ccb.pt\/wp-content\/uploads\/2022\/03\/site_1maio22.jpg\",\"width\":1300,\"height\":618,\"caption\":\"imagem da Orquestra Sinf\u00f3nica Portuguesa em palco com os respetivos instrumentos\"},{\"@type\":\"BreadcrumbList\",\"@id\":\"https:\/\/www.ccb.pt\/en\/evento\/orquestra-filarmonica-portuguesa-2\/#breadcrumb\",\"itemListElement\":[{\"@type\":\"ListItem\",\"position\":1,\"name\":\"Home\",\"item\":\"https:\/\/www.ccb.pt\/en\/\"},{\"@type\":\"ListItem\",\"position\":2,\"name\":\"Eventos\",\"item\":\"https:\/\/www.ccb.pt\/eventos\/\"},{\"@type\":\"ListItem\",\"position\":3,\"name\":\"Portuguese Philharmonic Orchestra\"}]},{\"@type\":\"WebSite\",\"@id\":\"https:\/\/www.ccb.pt\/#website\",\"url\":\"https:\/\/www.ccb.pt\/\",\"name\":\"Centro Cultural de Bel\u00e9m Foundation\",\"description\":\"\",\"publisher\":{\"@id\":\"https:\/\/www.ccb.pt\/#organization\"},\"potentialAction\":[{\"@type\":\"SearchAction\",\"target\":{\"@type\":\"EntryPoint\",\"urlTemplate\":\"https:\/\/www.ccb.pt\/?s={search_term_string}\"},\"query-input\":\"required name=search_term_string\"}],\"inLanguage\":\"en-US\"},{\"@type\":\"Organization\",\"@id\":\"https:\/\/www.ccb.pt\/#organization\",\"name\":\"Centro Cultural de Bel\u00e9m Foundation\",\"url\":\"https:\/\/www.ccb.pt\/\",\"logo\":{\"@type\":\"ImageObject\",\"inLanguage\":\"en-US\",\"@id\":\"https:\/\/www.ccb.pt\/#\/schema\/logo\/image\/\",\"url\":\"https:\/\/www.ccb.pt\/wp-content\/uploads\/2022\/05\/1_ccb.png\",\"contentUrl\":\"https:\/\/www.ccb.pt\/wp-content\/uploads\/2022\/05\/1_ccb.png\",\"width\":126,\"height\":100,\"caption\":\"Centro Cultural de Bel\u00e9m Foundation\"},\"image\":{\"@id\":\"https:\/\/www.ccb.pt\/#\/schema\/logo\/image\/\"},\"sameAs\":[\"https:\/\/twitter.com\/macccb_museu\"]}]}<\/script>\n<!-- \/ Yoast SEO plugin. -->","yoast_head_json":{"title":"Portuguese Philharmonic Orchestra - Centro Cultural de Bel\u00e9m Foundation","description":"This concert is part of the usual Europa Concert series, held annually by the Portuguese Philharmonic Orchestra.","robots":{"index":"index","follow":"follow","max-snippet":"max-snippet:-1","max-image-preview":"max-image-preview:large","max-video-preview":"max-video-preview:-1"},"canonical":"https:\/\/www.ccb.pt\/en\/evento\/orquestra-filarmonica-portuguesa-2\/","og_locale":"en_US","og_type":"article","og_title":"Portuguese Philharmonic Orchestra - Centro Cultural de Bel\u00e9m Foundation","og_description":"This concert is part of the usual Europa Concert series, held annually by the Portuguese Philharmonic Orchestra.","og_url":"https:\/\/www.ccb.pt\/en\/evento\/orquestra-filarmonica-portuguesa-2\/","og_site_name":"Centro Cultural de Bel\u00e9m Foundation","article_modified_time":"2022-04-11T10:35:34+00:00","og_image":[{"width":1300,"height":618,"url":"https:\/\/www.ccb.pt\/wp-content\/uploads\/2022\/03\/site_1maio22.jpg","type":"image\/jpeg"}],"twitter_card":"summary_large_image","twitter_site":"@macccb_museu","schema":{"@context":"https:\/\/schema.org","@graph":[{"@type":"WebPage","@id":"https:\/\/www.ccb.pt\/en\/evento\/orquestra-filarmonica-portuguesa-2\/","url":"https:\/\/www.ccb.pt\/en\/evento\/orquestra-filarmonica-portuguesa-2\/","name":"Portuguese Philharmonic Orchestra - Centro Cultural de Bel\u00e9m Foundation","isPartOf":{"@id":"https:\/\/www.ccb.pt\/#website"},"primaryImageOfPage":{"@id":"https:\/\/www.ccb.pt\/en\/evento\/orquestra-filarmonica-portuguesa-2\/#primaryimage"},"image":{"@id":"https:\/\/www.ccb.pt\/en\/evento\/orquestra-filarmonica-portuguesa-2\/#primaryimage"},"thumbnailUrl":"https:\/\/www.ccb.pt\/wp-content\/uploads\/2022\/03\/site_1maio22.jpg","datePublished":"2022-03-29T13:38:09+00:00","dateModified":"2022-04-11T10:35:34+00:00","description":"This concert is part of the usual Europa Concert series, held annually by the Portuguese Philharmonic Orchestra.","breadcrumb":{"@id":"https:\/\/www.ccb.pt\/en\/evento\/orquestra-filarmonica-portuguesa-2\/#breadcrumb"},"inLanguage":"en-US","potentialAction":[{"@type":"ReadAction","target":["https:\/\/www.ccb.pt\/en\/evento\/orquestra-filarmonica-portuguesa-2\/"]}]},{"@type":"ImageObject","inLanguage":"en-US","@id":"https:\/\/www.ccb.pt\/en\/evento\/orquestra-filarmonica-portuguesa-2\/#primaryimage","url":"https:\/\/www.ccb.pt\/wp-content\/uploads\/2022\/03\/site_1maio22.jpg","contentUrl":"https:\/\/www.ccb.pt\/wp-content\/uploads\/2022\/03\/site_1maio22.jpg","width":1300,"height":618,"caption":"imagem da Orquestra Sinf\u00f3nica Portuguesa em palco com os respetivos instrumentos"},{"@type":"BreadcrumbList","@id":"https:\/\/www.ccb.pt\/en\/evento\/orquestra-filarmonica-portuguesa-2\/#breadcrumb","itemListElement":[{"@type":"ListItem","position":1,"name":"Home","item":"https:\/\/www.ccb.pt\/en\/"},{"@type":"ListItem","position":2,"name":"Eventos","item":"https:\/\/www.ccb.pt\/eventos\/"},{"@type":"ListItem","position":3,"name":"Portuguese Philharmonic Orchestra"}]},{"@type":"WebSite","@id":"https:\/\/www.ccb.pt\/#website","url":"https:\/\/www.ccb.pt\/","name":"Centro Cultural de Bel\u00e9m Foundation","description":"","publisher":{"@id":"https:\/\/www.ccb.pt\/#organization"},"potentialAction":[{"@type":"SearchAction","target":{"@type":"EntryPoint","urlTemplate":"https:\/\/www.ccb.pt\/?s={search_term_string}"},"query-input":"required name=search_term_string"}],"inLanguage":"en-US"},{"@type":"Organization","@id":"https:\/\/www.ccb.pt\/#organization","name":"Centro Cultural de Bel\u00e9m Foundation","url":"https:\/\/www.ccb.pt\/","logo":{"@type":"ImageObject","inLanguage":"en-US","@id":"https:\/\/www.ccb.pt\/#\/schema\/logo\/image\/","url":"https:\/\/www.ccb.pt\/wp-content\/uploads\/2022\/05\/1_ccb.png","contentUrl":"https:\/\/www.ccb.pt\/wp-content\/uploads\/2022\/05\/1_ccb.png","width":126,"height":100,"caption":"Centro Cultural de Bel\u00e9m Foundation"},"image":{"@id":"https:\/\/www.ccb.pt\/#\/schema\/logo\/image\/"},"sameAs":["https:\/\/twitter.com\/macccb_museu"]}]}},"_links":{"self":[{"href":"https:\/\/www.ccb.pt\/en\/wp-json\/wp\/v2\/tribe_events\/80295"}],"collection":[{"href":"https:\/\/www.ccb.pt\/en\/wp-json\/wp\/v2\/tribe_events"}],"about":[{"href":"https:\/\/www.ccb.pt\/en\/wp-json\/wp\/v2\/types\/tribe_events"}],"author":[{"embeddable":true,"href":"https:\/\/www.ccb.pt\/en\/wp-json\/wp\/v2\/users\/6"}],"replies":[{"embeddable":true,"href":"https:\/\/www.ccb.pt\/en\/wp-json\/wp\/v2\/comments?post=80295"}],"version-history":[{"count":3,"href":"https:\/\/www.ccb.pt\/en\/wp-json\/wp\/v2\/tribe_events\/80295\/revisions"}],"predecessor-version":[{"id":81291,"href":"https:\/\/www.ccb.pt\/en\/wp-json\/wp\/v2\/tribe_events\/80295\/revisions\/81291"}],"wp:featuredmedia":[{"embeddable":true,"href":"https:\/\/www.ccb.pt\/en\/wp-json\/wp\/v2\/media\/80242"}],"wp:attachment":[{"href":"https:\/\/www.ccb.pt\/en\/wp-json\/wp\/v2\/media?parent=80295"}],"wp:term":[{"taxonomy":"tribe_events_cat","embeddable":true,"href":"https:\/\/www.ccb.pt\/en\/wp-json\/wp\/v2\/tribe_events_cat?post=80295"},{"taxonomy":"tags_tema","embeddable":true,"href":"https:\/\/www.ccb.pt\/en\/wp-json\/wp\/v2\/tags_tema?post=80295"},{"taxonomy":"idades","embeddable":true,"href":"https:\/\/www.ccb.pt\/en\/wp-json\/wp\/v2\/idades?post=80295"},{"taxonomy":"tipos","embeddable":true,"href":"https:\/\/www.ccb.pt\/en\/wp-json\/wp\/v2\/tipos?post=80295"},{"taxonomy":"temas","embeddable":true,"href":"https:\/\/www.ccb.pt\/en\/wp-json\/wp\/v2\/temas?post=80295"},{"taxonomy":"categorias_hubspot","embeddable":true,"href":"https:\/\/www.ccb.pt\/en\/wp-json\/wp\/v2\/categorias_hubspot?post=80295"}],"curies":[{"name":"wp","href":"https:\/\/api.w.org\/{rel}","templated":true}]}}

<p>This concert is part of the usual <em>Europa Concert</em> series, held annually by the Portuguese Philharmonic Orchestra. The program comprises the premiere of the <em>Canções de Trabalho</em> by Luís Tinoco and the interpretation of the works <em>Som Sem Saída</em>, by Fátima Fonte, and the Symphony No. 41 in C Major, K.551, <em>Jupiter</em>, by Mozart.</p>

<p>This concert is part of the usual Europa Concert series, held annually by the Portuguese Philharmonic Orchestra. The program comprises the premiere of the Canções de Trabalho by Luís Tinoco and the interpretation of the works Som Sem Saída, by Fátima Fonte, and the Symphony No. 41 in C Major, K.551, Jupiter, by Mozart.</p>

<!-- This site is optimized with the Yoast SEO plugin v22.3 - https://yoast.com/wordpress/plugins/seo/ -->
<title>Portuguese Philharmonic Orchestra - Centro Cultural de Belém Foundation</title>
<meta name="description" content="This concert is part of the usual Europa Concert series, held annually by the Portuguese Philharmonic Orchestra." />
<meta name="robots" content="index, follow, max-snippet:-1, max-image-preview:large, max-video-preview:-1" />
<link rel="canonical" href="https://www.ccb.pt/en/evento/orquestra-filarmonica-portuguesa-2/" />
<meta property="og:locale" content="en_US" />
<meta property="og:type" content="article" />
<meta property="og:title" content="Portuguese Philharmonic Orchestra - Centro Cultural de Belém Foundation" />
<meta property="og:description" content="This concert is part of the usual Europa Concert series, held annually by the Portuguese Philharmonic Orchestra." />
<meta property="og:url" content="https://www.ccb.pt/en/evento/orquestra-filarmonica-portuguesa-2/" />
<meta property="og:site_name" content="Centro Cultural de Belém Foundation" />
<meta property="article:modified_time" content="2022-04-11T10:35:34+00:00" />
<meta property="og:image" content="https://www.ccb.pt/wp-content/uploads/2022/03/site_1maio22.jpg" />
	<meta property="og:image:width" content="1300" />
	<meta property="og:image:height" content="618" />
	<meta property="og:image:type" content="image/jpeg" />
<meta name="twitter:card" content="summary_large_image" />
<meta name="twitter:site" content="@macccb_museu" />
<script type="application/ld+json" class="yoast-schema-graph">{"@context":"https://schema.org","@graph":[{"@type":"WebPage","@id":"https://www.ccb.pt/en/evento/orquestra-filarmonica-portuguesa-2/","url":"https://www.ccb.pt/en/evento/orquestra-filarmonica-portuguesa-2/","name":"Portuguese Philharmonic Orchestra - Centro Cultural de Belém Foundation","isPartOf":{"@id":"https://www.ccb.pt/#website"},"primaryImageOfPage":{"@id":"https://www.ccb.pt/en/evento/orquestra-filarmonica-portuguesa-2/#primaryimage"},"image":{"@id":"https://www.ccb.pt/en/evento/orquestra-filarmonica-portuguesa-2/#primaryimage"},"thumbnailUrl":"https://www.ccb.pt/wp-content/uploads/2022/03/site_1maio22.jpg","datePublished":"2022-03-29T13:38:09+00:00","dateModified":"2022-04-11T10:35:34+00:00","description":"This concert is part of the usual Europa Concert series, held annually by the Portuguese Philharmonic Orchestra.","breadcrumb":{"@id":"https://www.ccb.pt/en/evento/orquestra-filarmonica-portuguesa-2/#breadcrumb"},"inLanguage":"en-US","potentialAction":[{"@type":"ReadAction","target":["https://www.ccb.pt/en/evento/orquestra-filarmonica-portuguesa-2/"]}]},{"@type":"ImageObject","inLanguage":"en-US","@id":"https://www.ccb.pt/en/evento/orquestra-filarmonica-portuguesa-2/#primaryimage","url":"https://www.ccb.pt/wp-content/uploads/2022/03/site_1maio22.jpg","contentUrl":"https://www.ccb.pt/wp-content/uploads/2022/03/site_1maio22.jpg","width":1300,"height":618,"caption":"imagem da Orquestra Sinfónica Portuguesa em palco com os respetivos instrumentos"},{"@type":"BreadcrumbList","@id":"https://www.ccb.pt/en/evento/orquestra-filarmonica-portuguesa-2/#breadcrumb","itemListElement":[{"@type":"ListItem","position":1,"name":"Home","item":"https://www.ccb.pt/en/"},{"@type":"ListItem","position":2,"name":"Eventos","item":"https://www.ccb.pt/eventos/"},{"@type":"ListItem","position":3,"name":"Portuguese Philharmonic Orchestra"}]},{"@type":"WebSite","@id":"https://www.ccb.pt/#website","url":"https://www.ccb.pt/","name":"Centro Cultural de Belém Foundation","description":"","publisher":{"@id":"https://www.ccb.pt/#organization"},"potentialAction":[{"@type":"SearchAction","target":{"@type":"EntryPoint","urlTemplate":"https://www.ccb.pt/?s={search_term_string}"},"query-input":"required name=search_term_string"}],"inLanguage":"en-US"},{"@type":"Organization","@id":"https://www.ccb.pt/#organization","name":"Centro Cultural de Belém Foundation","url":"https://www.ccb.pt/","logo":{"@type":"ImageObject","inLanguage":"en-US","@id":"https://www.ccb.pt/#/schema/logo/image/","url":"https://www.ccb.pt/wp-content/uploads/2022/05/1_ccb.png","contentUrl":"https://www.ccb.pt/wp-content/uploads/2022/05/1_ccb.png","width":126,"height":100,"caption":"Centro Cultural de Belém Foundation"},"image":{"@id":"https://www.ccb.pt/#/schema/logo/image/"},"sameAs":["https://twitter.com/macccb_museu"]}]}</script>
<!-- / Yoast SEO plugin. -->

Portuguese Philharmonic Orchestra - Centro Cultural de Belém Foundation

Centro Cultural de Belém Foundation

imagem da Orquestra Sinfónica Portuguesa em palco com os respetivos instrumentos
