    {"id":58101,"date":"2021-09-08T10:44:51","date_gmt":"2021-09-08T09:44:51","guid":{"rendered":"https:\/\/www.ccb.pt\/evento\/ola-zente-que-aqui-samo-big-bang-lx21\/"},"modified":"2021-09-16T11:38:48","modified_gmt":"2021-09-16T10:38:48","slug":"ola-zente-que-aqui-samo-big-bang-lx21","status":"publish","type":"tribe_events","link":"https:\/\/www.ccb.pt\/en\/evento\/ola-zente-que-aqui-samo-big-bang-lx21\/2021-10-22\/","title":{"rendered":"Ol\u00e1 zente que aqui samo | Big Bang LX21"},"content":{"rendered":"<p>After the long involvement that F\u00e1brica das Artes has had since 2012 in the Big Bang Festivals in Lisbon and all across Europe, Sete L\u00e1grimas assume the role of \u201cNomads\u201d and take children and young musicians with them on this epic journey.<\/p>\n","protected":false},"excerpt":{"rendered":"<p>After the long involvement that F\u00e1brica das Artes has had since 2012 in the Big Bang Festivals in Lisbon and all across Europe, Sete L\u00e1grimas assume the role of \u201cNomads\u201d and take children and young musicians with them on this epic journey.<\/p>\n","protected":false},"author":26,"featured_media":56808,"comment_status":"open","ping_status":"closed","template":"","meta":{"_relevanssi_hide_post":"","_relevanssi_pin_for_all":"","_relevanssi_pin_keywords":"","_relevanssi_unpin_keywords":"","_relevanssi_related_keywords":"","_relevanssi_related_include_ids":"","_relevanssi_related_exclude_ids":"","_relevanssi_related_no_append":"","_relevanssi_related_not_related":"","_relevanssi_related_posts":"","_relevanssi_noindex_reason":""},"tribe_events_cat":[404,23,402],"tags_tema":[448,451],"idades":[393,394,396,392],"tipos":[],"temas":[442,428,425,436],"categorias_hubspot":[],"acf":[],"yoast_head":"<!-- This site is optimized with the Yoast SEO plugin v22.3 - https:\/\/yoast.com\/wordpress\/plugins\/seo\/ -->\n<title>Ol\u00e1 zente que aqui samo | Big Bang LX21 - Centro Cultural de Bel\u00e9m Foundation<\/title>\n<meta name=\"robots\" content=\"index, follow, max-snippet:-1, max-image-preview:large, max-video-preview:-1\" \/>\n<link rel=\"canonical\" href=\"https:\/\/www.ccb.pt\/en\/evento\/ola-zente-que-aqui-samo-big-bang-lx21\/2021-10-22\/\" \/>\n<meta property=\"og:locale\" content=\"en_US\" \/>\n<meta property=\"og:type\" content=\"article\" \/>\n<meta property=\"og:title\" content=\"Ol\u00e1 zente que aqui samo | Big Bang LX21 - Centro Cultural de Bel\u00e9m Foundation\" \/>\n<meta property=\"og:description\" content=\"After the long involvement that F\u00e1brica das Artes has had since 2012 in the Big Bang Festivals in Lisbon and all across Europe, Sete L\u00e1grimas assume the role of \u201cNomads\u201d and take children and young musicians with them on this epic journey.\" \/>\n<meta property=\"og:url\" content=\"https:\/\/www.ccb.pt\/en\/evento\/ola-zente-que-aqui-samo-big-bang-lx21\/2021-10-22\/\" \/>\n<meta property=\"og:site_name\" content=\"Centro Cultural de Bel\u00e9m Foundation\" \/>\n<meta property=\"article:modified_time\" content=\"2021-09-16T10:38:48+00:00\" \/>\n<meta property=\"og:image\" content=\"https:\/\/www.ccb.pt\/wp-content\/uploads\/2021\/08\/Ola-zente-que-aqui-samo-JAS.jpg\" \/>\n\t<meta property=\"og:image:width\" content=\"2180\" \/>\n\t<meta property=\"og:image:height\" content=\"1361\" \/>\n\t<meta property=\"og:image:type\" content=\"image\/jpeg\" \/>\n<meta name=\"twitter:card\" content=\"summary_large_image\" \/>\n<meta name=\"twitter:site\" content=\"@macccb_museu\" \/>\n<script type=\"application\/ld+json\" class=\"yoast-schema-graph\">{\"@context\":\"https:\/\/schema.org\",\"@graph\":[{\"@type\":\"WebPage\",\"@id\":\"https:\/\/www.ccb.pt\/en\/evento\/ola-zente-que-aqui-samo-big-bang-lx21\/2021-10-22\/\",\"url\":\"https:\/\/www.ccb.pt\/en\/evento\/ola-zente-que-aqui-samo-big-bang-lx21\/2021-10-22\/\",\"name\":\"Ol\u00e1 zente que aqui samo | Big Bang LX21 - Centro Cultural de Bel\u00e9m Foundation\",\"isPartOf\":{\"@id\":\"https:\/\/www.ccb.pt\/#website\"},\"primaryImageOfPage\":{\"@id\":\"https:\/\/www.ccb.pt\/en\/evento\/ola-zente-que-aqui-samo-big-bang-lx21\/2021-10-22\/#primaryimage\"},\"image\":{\"@id\":\"https:\/\/www.ccb.pt\/en\/evento\/ola-zente-que-aqui-samo-big-bang-lx21\/2021-10-22\/#primaryimage\"},\"thumbnailUrl\":\"https:\/\/www.ccb.pt\/wp-content\/uploads\/2021\/08\/Ola-zente-que-aqui-samo-JAS.jpg\",\"datePublished\":\"2021-09-08T09:44:51+00:00\",\"dateModified\":\"2021-09-16T10:38:48+00:00\",\"breadcrumb\":{\"@id\":\"https:\/\/www.ccb.pt\/en\/evento\/ola-zente-que-aqui-samo-big-bang-lx21\/2021-10-22\/#breadcrumb\"},\"inLanguage\":\"en-US\",\"potentialAction\":[{\"@type\":\"ReadAction\",\"target\":[\"https:\/\/www.ccb.pt\/en\/evento\/ola-zente-que-aqui-samo-big-bang-lx21\/2021-10-22\/\"]}]},{\"@type\":\"ImageObject\",\"inLanguage\":\"en-US\",\"@id\":\"https:\/\/www.ccb.pt\/en\/evento\/ola-zente-que-aqui-samo-big-bang-lx21\/2021-10-22\/#primaryimage\",\"url\":\"https:\/\/www.ccb.pt\/wp-content\/uploads\/2021\/08\/Ola-zente-que-aqui-samo-JAS.jpg\",\"contentUrl\":\"https:\/\/www.ccb.pt\/wp-content\/uploads\/2021\/08\/Ola-zente-que-aqui-samo-JAS.jpg\",\"width\":2180,\"height\":1361,\"caption\":\"\u00a9JAS\"},{\"@type\":\"BreadcrumbList\",\"@id\":\"https:\/\/www.ccb.pt\/en\/evento\/ola-zente-que-aqui-samo-big-bang-lx21\/2021-10-22\/#breadcrumb\",\"itemListElement\":[{\"@type\":\"ListItem\",\"position\":1,\"name\":\"Home\",\"item\":\"https:\/\/www.ccb.pt\/en\/\"},{\"@type\":\"ListItem\",\"position\":2,\"name\":\"Eventos\",\"item\":\"https:\/\/www.ccb.pt\/eventos\/\"},{\"@type\":\"ListItem\",\"position\":3,\"name\":\"Ol\u00e1 zente que aqui samo | Big Bang LX21\"}]},{\"@type\":\"WebSite\",\"@id\":\"https:\/\/www.ccb.pt\/#website\",\"url\":\"https:\/\/www.ccb.pt\/\",\"name\":\"Centro Cultural de Bel\u00e9m Foundation\",\"description\":\"\",\"publisher\":{\"@id\":\"https:\/\/www.ccb.pt\/#organization\"},\"potentialAction\":[{\"@type\":\"SearchAction\",\"target\":{\"@type\":\"EntryPoint\",\"urlTemplate\":\"https:\/\/www.ccb.pt\/?s={search_term_string}\"},\"query-input\":\"required name=search_term_string\"}],\"inLanguage\":\"en-US\"},{\"@type\":\"Organization\",\"@id\":\"https:\/\/www.ccb.pt\/#organization\",\"name\":\"Centro Cultural de Bel\u00e9m Foundation\",\"url\":\"https:\/\/www.ccb.pt\/\",\"logo\":{\"@type\":\"ImageObject\",\"inLanguage\":\"en-US\",\"@id\":\"https:\/\/www.ccb.pt\/#\/schema\/logo\/image\/\",\"url\":\"https:\/\/www.ccb.pt\/wp-content\/uploads\/2022\/05\/1_ccb.png\",\"contentUrl\":\"https:\/\/www.ccb.pt\/wp-content\/uploads\/2022\/05\/1_ccb.png\",\"width\":126,\"height\":100,\"caption\":\"Centro Cultural de Bel\u00e9m Foundation\"},\"image\":{\"@id\":\"https:\/\/www.ccb.pt\/#\/schema\/logo\/image\/\"},\"sameAs\":[\"https:\/\/twitter.com\/macccb_museu\"]}]}<\/script>\n<!-- \/ Yoast SEO plugin. -->","yoast_head_json":{"title":"Ol\u00e1 zente que aqui samo | Big Bang LX21 - Centro Cultural de Bel\u00e9m Foundation","robots":{"index":"index","follow":"follow","max-snippet":"max-snippet:-1","max-image-preview":"max-image-preview:large","max-video-preview":"max-video-preview:-1"},"canonical":"https:\/\/www.ccb.pt\/en\/evento\/ola-zente-que-aqui-samo-big-bang-lx21\/2021-10-22\/","og_locale":"en_US","og_type":"article","og_title":"Ol\u00e1 zente que aqui samo | Big Bang LX21 - Centro Cultural de Bel\u00e9m Foundation","og_description":"After the long involvement that F\u00e1brica das Artes has had since 2012 in the Big Bang Festivals in Lisbon and all across Europe, Sete L\u00e1grimas assume the role of \u201cNomads\u201d and take children and young musicians with them on this epic journey.","og_url":"https:\/\/www.ccb.pt\/en\/evento\/ola-zente-que-aqui-samo-big-bang-lx21\/2021-10-22\/","og_site_name":"Centro Cultural de Bel\u00e9m Foundation","article_modified_time":"2021-09-16T10:38:48+00:00","og_image":[{"width":2180,"height":1361,"url":"https:\/\/www.ccb.pt\/wp-content\/uploads\/2021\/08\/Ola-zente-que-aqui-samo-JAS.jpg","type":"image\/jpeg"}],"twitter_card":"summary_large_image","twitter_site":"@macccb_museu","schema":{"@context":"https:\/\/schema.org","@graph":[{"@type":"WebPage","@id":"https:\/\/www.ccb.pt\/en\/evento\/ola-zente-que-aqui-samo-big-bang-lx21\/2021-10-22\/","url":"https:\/\/www.ccb.pt\/en\/evento\/ola-zente-que-aqui-samo-big-bang-lx21\/2021-10-22\/","name":"Ol\u00e1 zente que aqui samo | Big Bang LX21 - Centro Cultural de Bel\u00e9m Foundation","isPartOf":{"@id":"https:\/\/www.ccb.pt\/#website"},"primaryImageOfPage":{"@id":"https:\/\/www.ccb.pt\/en\/evento\/ola-zente-que-aqui-samo-big-bang-lx21\/2021-10-22\/#primaryimage"},"image":{"@id":"https:\/\/www.ccb.pt\/en\/evento\/ola-zente-que-aqui-samo-big-bang-lx21\/2021-10-22\/#primaryimage"},"thumbnailUrl":"https:\/\/www.ccb.pt\/wp-content\/uploads\/2021\/08\/Ola-zente-que-aqui-samo-JAS.jpg","datePublished":"2021-09-08T09:44:51+00:00","dateModified":"2021-09-16T10:38:48+00:00","breadcrumb":{"@id":"https:\/\/www.ccb.pt\/en\/evento\/ola-zente-que-aqui-samo-big-bang-lx21\/2021-10-22\/#breadcrumb"},"inLanguage":"en-US","potentialAction":[{"@type":"ReadAction","target":["https:\/\/www.ccb.pt\/en\/evento\/ola-zente-que-aqui-samo-big-bang-lx21\/2021-10-22\/"]}]},{"@type":"ImageObject","inLanguage":"en-US","@id":"https:\/\/www.ccb.pt\/en\/evento\/ola-zente-que-aqui-samo-big-bang-lx21\/2021-10-22\/#primaryimage","url":"https:\/\/www.ccb.pt\/wp-content\/uploads\/2021\/08\/Ola-zente-que-aqui-samo-JAS.jpg","contentUrl":"https:\/\/www.ccb.pt\/wp-content\/uploads\/2021\/08\/Ola-zente-que-aqui-samo-JAS.jpg","width":2180,"height":1361,"caption":"\u00a9JAS"},{"@type":"BreadcrumbList","@id":"https:\/\/www.ccb.pt\/en\/evento\/ola-zente-que-aqui-samo-big-bang-lx21\/2021-10-22\/#breadcrumb","itemListElement":[{"@type":"ListItem","position":1,"name":"Home","item":"https:\/\/www.ccb.pt\/en\/"},{"@type":"ListItem","position":2,"name":"Eventos","item":"https:\/\/www.ccb.pt\/eventos\/"},{"@type":"ListItem","position":3,"name":"Ol\u00e1 zente que aqui samo | Big Bang LX21"}]},{"@type":"WebSite","@id":"https:\/\/www.ccb.pt\/#website","url":"https:\/\/www.ccb.pt\/","name":"Centro Cultural de Bel\u00e9m Foundation","description":"","publisher":{"@id":"https:\/\/www.ccb.pt\/#organization"},"potentialAction":[{"@type":"SearchAction","target":{"@type":"EntryPoint","urlTemplate":"https:\/\/www.ccb.pt\/?s={search_term_string}"},"query-input":"required name=search_term_string"}],"inLanguage":"en-US"},{"@type":"Organization","@id":"https:\/\/www.ccb.pt\/#organization","name":"Centro Cultural de Bel\u00e9m Foundation","url":"https:\/\/www.ccb.pt\/","logo":{"@type":"ImageObject","inLanguage":"en-US","@id":"https:\/\/www.ccb.pt\/#\/schema\/logo\/image\/","url":"https:\/\/www.ccb.pt\/wp-content\/uploads\/2022\/05\/1_ccb.png","contentUrl":"https:\/\/www.ccb.pt\/wp-content\/uploads\/2022\/05\/1_ccb.png","width":126,"height":100,"caption":"Centro Cultural de Bel\u00e9m Foundation"},"image":{"@id":"https:\/\/www.ccb.pt\/#\/schema\/logo\/image\/"},"sameAs":["https:\/\/twitter.com\/macccb_museu"]}]}},"_links":{"self":[{"href":"https:\/\/www.ccb.pt\/en\/wp-json\/wp\/v2\/tribe_events\/58101"}],"collection":[{"href":"https:\/\/www.ccb.pt\/en\/wp-json\/wp\/v2\/tribe_events"}],"about":[{"href":"https:\/\/www.ccb.pt\/en\/wp-json\/wp\/v2\/types\/tribe_events"}],"author":[{"embeddable":true,"href":"https:\/\/www.ccb.pt\/en\/wp-json\/wp\/v2\/users\/26"}],"replies":[{"embeddable":true,"href":"https:\/\/www.ccb.pt\/en\/wp-json\/wp\/v2\/comments?post=58101"}],"version-history":[{"count":2,"href":"https:\/\/www.ccb.pt\/en\/wp-json\/wp\/v2\/tribe_events\/58101\/revisions"}],"predecessor-version":[{"id":58105,"href":"https:\/\/www.ccb.pt\/en\/wp-json\/wp\/v2\/tribe_events\/58101\/revisions\/58105"}],"wp:featuredmedia":[{"embeddable":true,"href":"https:\/\/www.ccb.pt\/en\/wp-json\/wp\/v2\/media\/56808"}],"wp:attachment":[{"href":"https:\/\/www.ccb.pt\/en\/wp-json\/wp\/v2\/media?parent=58101"}],"wp:term":[{"taxonomy":"tribe_events_cat","embeddable":true,"href":"https:\/\/www.ccb.pt\/en\/wp-json\/wp\/v2\/tribe_events_cat?post=58101"},{"taxonomy":"tags_tema","embeddable":true,"href":"https:\/\/www.ccb.pt\/en\/wp-json\/wp\/v2\/tags_tema?post=58101"},{"taxonomy":"idades","embeddable":true,"href":"https:\/\/www.ccb.pt\/en\/wp-json\/wp\/v2\/idades?post=58101"},{"taxonomy":"tipos","embeddable":true,"href":"https:\/\/www.ccb.pt\/en\/wp-json\/wp\/v2\/tipos?post=58101"},{"taxonomy":"temas","embeddable":true,"href":"https:\/\/www.ccb.pt\/en\/wp-json\/wp\/v2\/temas?post=58101"},{"taxonomy":"categorias_hubspot","embeddable":true,"href":"https:\/\/www.ccb.pt\/en\/wp-json\/wp\/v2\/categorias_hubspot?post=58101"}],"curies":[{"name":"wp","href":"https:\/\/api.w.org\/{rel}","templated":true}]}}

Olá zente que aqui samo | Big Bang LX21

<p>After the long involvement that Fábrica das Artes has had since 2012 in the Big Bang Festivals in Lisbon and all across Europe, Sete Lágrimas assume the role of “Nomads” and take children and young musicians with them on this epic journey.</p>

<!-- This site is optimized with the Yoast SEO plugin v22.3 - https://yoast.com/wordpress/plugins/seo/ -->
<title>Olá zente que aqui samo | Big Bang LX21 - Centro Cultural de Belém Foundation</title>
<meta name="robots" content="index, follow, max-snippet:-1, max-image-preview:large, max-video-preview:-1" />
<link rel="canonical" href="https://www.ccb.pt/en/evento/ola-zente-que-aqui-samo-big-bang-lx21/2021-10-22/" />
<meta property="og:locale" content="en_US" />
<meta property="og:type" content="article" />
<meta property="og:title" content="Olá zente que aqui samo | Big Bang LX21 - Centro Cultural de Belém Foundation" />
<meta property="og:description" content="After the long involvement that Fábrica das Artes has had since 2012 in the Big Bang Festivals in Lisbon and all across Europe, Sete Lágrimas assume the role of “Nomads” and take children and young musicians with them on this epic journey." />
<meta property="og:url" content="https://www.ccb.pt/en/evento/ola-zente-que-aqui-samo-big-bang-lx21/2021-10-22/" />
<meta property="og:site_name" content="Centro Cultural de Belém Foundation" />
<meta property="article:modified_time" content="2021-09-16T10:38:48+00:00" />
<meta property="og:image" content="https://www.ccb.pt/wp-content/uploads/2021/08/Ola-zente-que-aqui-samo-JAS.jpg" />
	<meta property="og:image:width" content="2180" />
	<meta property="og:image:height" content="1361" />
	<meta property="og:image:type" content="image/jpeg" />
<meta name="twitter:card" content="summary_large_image" />
<meta name="twitter:site" content="@macccb_museu" />
<script type="application/ld+json" class="yoast-schema-graph">{"@context":"https://schema.org","@graph":[{"@type":"WebPage","@id":"https://www.ccb.pt/en/evento/ola-zente-que-aqui-samo-big-bang-lx21/2021-10-22/","url":"https://www.ccb.pt/en/evento/ola-zente-que-aqui-samo-big-bang-lx21/2021-10-22/","name":"Olá zente que aqui samo | Big Bang LX21 - Centro Cultural de Belém Foundation","isPartOf":{"@id":"https://www.ccb.pt/#website"},"primaryImageOfPage":{"@id":"https://www.ccb.pt/en/evento/ola-zente-que-aqui-samo-big-bang-lx21/2021-10-22/#primaryimage"},"image":{"@id":"https://www.ccb.pt/en/evento/ola-zente-que-aqui-samo-big-bang-lx21/2021-10-22/#primaryimage"},"thumbnailUrl":"https://www.ccb.pt/wp-content/uploads/2021/08/Ola-zente-que-aqui-samo-JAS.jpg","datePublished":"2021-09-08T09:44:51+00:00","dateModified":"2021-09-16T10:38:48+00:00","breadcrumb":{"@id":"https://www.ccb.pt/en/evento/ola-zente-que-aqui-samo-big-bang-lx21/2021-10-22/#breadcrumb"},"inLanguage":"en-US","potentialAction":[{"@type":"ReadAction","target":["https://www.ccb.pt/en/evento/ola-zente-que-aqui-samo-big-bang-lx21/2021-10-22/"]}]},{"@type":"ImageObject","inLanguage":"en-US","@id":"https://www.ccb.pt/en/evento/ola-zente-que-aqui-samo-big-bang-lx21/2021-10-22/#primaryimage","url":"https://www.ccb.pt/wp-content/uploads/2021/08/Ola-zente-que-aqui-samo-JAS.jpg","contentUrl":"https://www.ccb.pt/wp-content/uploads/2021/08/Ola-zente-que-aqui-samo-JAS.jpg","width":2180,"height":1361,"caption":"©JAS"},{"@type":"BreadcrumbList","@id":"https://www.ccb.pt/en/evento/ola-zente-que-aqui-samo-big-bang-lx21/2021-10-22/#breadcrumb","itemListElement":[{"@type":"ListItem","position":1,"name":"Home","item":"https://www.ccb.pt/en/"},{"@type":"ListItem","position":2,"name":"Eventos","item":"https://www.ccb.pt/eventos/"},{"@type":"ListItem","position":3,"name":"Olá zente que aqui samo | Big Bang LX21"}]},{"@type":"WebSite","@id":"https://www.ccb.pt/#website","url":"https://www.ccb.pt/","name":"Centro Cultural de Belém Foundation","description":"","publisher":{"@id":"https://www.ccb.pt/#organization"},"potentialAction":[{"@type":"SearchAction","target":{"@type":"EntryPoint","urlTemplate":"https://www.ccb.pt/?s={search_term_string}"},"query-input":"required name=search_term_string"}],"inLanguage":"en-US"},{"@type":"Organization","@id":"https://www.ccb.pt/#organization","name":"Centro Cultural de Belém Foundation","url":"https://www.ccb.pt/","logo":{"@type":"ImageObject","inLanguage":"en-US","@id":"https://www.ccb.pt/#/schema/logo/image/","url":"https://www.ccb.pt/wp-content/uploads/2022/05/1_ccb.png","contentUrl":"https://www.ccb.pt/wp-content/uploads/2022/05/1_ccb.png","width":126,"height":100,"caption":"Centro Cultural de Belém Foundation"},"image":{"@id":"https://www.ccb.pt/#/schema/logo/image/"},"sameAs":["https://twitter.com/macccb_museu"]}]}</script>
<!-- / Yoast SEO plugin. -->

Olá zente que aqui samo | Big Bang LX21 - Centro Cultural de Belém Foundation

After the long involvement that Fábrica das Artes has had since 2012 in the Big Bang Festivals in Lisbon and all across Europe, Sete Lágrimas assume the role of “Nomads” and take children and young musicians with them on this epic journey.

Centro Cultural de Belém Foundation
