    {"id":58042,"date":"2021-08-30T10:09:37","date_gmt":"2021-08-30T09:09:37","guid":{"rendered":"https:\/\/www.ccb.pt\/evento\/conferencia-kleist-os-sentidos-da-justica\/"},"modified":"2021-10-14T09:13:14","modified_gmt":"2021-10-14T08:13:14","slug":"conferencia-kleist-os-sentidos-da-justica","status":"publish","type":"tribe_events","link":"https:\/\/www.ccb.pt\/en\/evento\/conferencia-kleist-os-sentidos-da-justica\/","title":{"rendered":"Jos\u00e9 Bragan\u00e7a de Miranda, Jos\u00e9 Gomes Pinto, Jos\u00e9 Miranda Justo and Maria Filomena Molder"},"content":{"rendered":"<p>As a preamble to the presentation of <em>The Duel <\/em>(25 and 26 November), directed by Carlos Pimenta, we are promoting four sessions in which we reflect about this work written by Kleist, in 1811. We will reflect on the dichotomies to be found in this novella, where the confrontation that gives the story its name, under the scope of divine arbitrariness, seems to be the only fair way for humanity to gauge honour and honesty.<\/p>\n<p>These sessions will be chaired by Carlos Pimenta, with the participation of the philosopher Maria Filomena Molder, who translated, and has now adapted, this text staged by Carlos Pimenta, as well as the teachers and essayists Jos\u00e9 Bragan\u00e7a de Miranda and Jos\u00e9 Gomes Pinto.<\/p>\n","protected":false},"excerpt":{"rendered":"<p>As a preamble to the presentation of The Duel (25 and 26 November), directed by Carlos Pimenta, we are promoting four sessions in which we reflect about this work written by Kleist, in 1811. We will reflect on the dichotomies to be found in this novella, where the confrontation that gives the story its name, [&hellip;]<\/p>\n","protected":false},"author":6,"featured_media":57934,"comment_status":"open","ping_status":"closed","template":"","meta":{"_relevanssi_hide_post":"","_relevanssi_pin_for_all":"","_relevanssi_pin_keywords":"","_relevanssi_unpin_keywords":"","_relevanssi_related_keywords":"","_relevanssi_related_include_ids":"","_relevanssi_related_exclude_ids":"","_relevanssi_related_no_append":"","_relevanssi_related_not_related":"","_relevanssi_related_posts":"","_relevanssi_noindex_reason":""},"tribe_events_cat":[661],"tags_tema":[],"idades":[392],"tipos":[],"temas":[],"categorias_hubspot":[],"acf":[],"yoast_head":"<!-- This site is optimized with the Yoast SEO plugin v22.3 - https:\/\/yoast.com\/wordpress\/plugins\/seo\/ -->\n<title>Jos\u00e9 Bragan\u00e7a de Miranda, Jos\u00e9 Gomes Pinto, Jos\u00e9 Miranda Justo and Maria Filomena Molder - Centro Cultural de Bel\u00e9m Foundation<\/title>\n<meta name=\"robots\" content=\"index, follow, max-snippet:-1, max-image-preview:large, max-video-preview:-1\" \/>\n<link rel=\"canonical\" href=\"https:\/\/www.ccb.pt\/en\/evento\/conferencia-kleist-os-sentidos-da-justica\/\" \/>\n<meta property=\"og:locale\" content=\"en_US\" \/>\n<meta property=\"og:type\" content=\"article\" \/>\n<meta property=\"og:title\" content=\"Jos\u00e9 Bragan\u00e7a de Miranda, Jos\u00e9 Gomes Pinto, Jos\u00e9 Miranda Justo and Maria Filomena Molder - Centro Cultural de Bel\u00e9m Foundation\" \/>\n<meta property=\"og:description\" content=\"As a preamble to the presentation of The Duel (25 and 26 November), directed by Carlos Pimenta, we are promoting four sessions in which we reflect about this work written by Kleist, in 1811. We will reflect on the dichotomies to be found in this novella, where the confrontation that gives the story its name, [&hellip;]\" \/>\n<meta property=\"og:url\" content=\"https:\/\/www.ccb.pt\/en\/evento\/conferencia-kleist-os-sentidos-da-justica\/\" \/>\n<meta property=\"og:site_name\" content=\"Centro Cultural de Bel\u00e9m Foundation\" \/>\n<meta property=\"article:modified_time\" content=\"2021-10-14T08:13:14+00:00\" \/>\n<meta property=\"og:image\" content=\"https:\/\/www.ccb.pt\/wp-content\/uploads\/2021\/08\/site2_CONFERENCIAKLEIST_JOAOTUNATNSJ.jpg\" \/>\n\t<meta property=\"og:image:width\" content=\"1300\" \/>\n\t<meta property=\"og:image:height\" content=\"618\" \/>\n\t<meta property=\"og:image:type\" content=\"image\/jpeg\" \/>\n<meta name=\"twitter:card\" content=\"summary_large_image\" \/>\n<meta name=\"twitter:site\" content=\"@macccb_museu\" \/>\n<meta name=\"twitter:label1\" content=\"Est. reading time\" \/>\n\t<meta name=\"twitter:data1\" content=\"1 minute\" \/>\n<script type=\"application\/ld+json\" class=\"yoast-schema-graph\">{\"@context\":\"https:\/\/schema.org\",\"@graph\":[{\"@type\":\"WebPage\",\"@id\":\"https:\/\/www.ccb.pt\/en\/evento\/conferencia-kleist-os-sentidos-da-justica\/\",\"url\":\"https:\/\/www.ccb.pt\/en\/evento\/conferencia-kleist-os-sentidos-da-justica\/\",\"name\":\"Jos\u00e9 Bragan\u00e7a de Miranda, Jos\u00e9 Gomes Pinto, Jos\u00e9 Miranda Justo and Maria Filomena Molder - Centro Cultural de Bel\u00e9m Foundation\",\"isPartOf\":{\"@id\":\"https:\/\/www.ccb.pt\/#website\"},\"primaryImageOfPage\":{\"@id\":\"https:\/\/www.ccb.pt\/en\/evento\/conferencia-kleist-os-sentidos-da-justica\/#primaryimage\"},\"image\":{\"@id\":\"https:\/\/www.ccb.pt\/en\/evento\/conferencia-kleist-os-sentidos-da-justica\/#primaryimage\"},\"thumbnailUrl\":\"https:\/\/www.ccb.pt\/wp-content\/uploads\/2021\/08\/site2_CONFERENCIAKLEIST_JOAOTUNATNSJ.jpg\",\"datePublished\":\"2021-08-30T09:09:37+00:00\",\"dateModified\":\"2021-10-14T08:13:14+00:00\",\"breadcrumb\":{\"@id\":\"https:\/\/www.ccb.pt\/en\/evento\/conferencia-kleist-os-sentidos-da-justica\/#breadcrumb\"},\"inLanguage\":\"en-US\",\"potentialAction\":[{\"@type\":\"ReadAction\",\"target\":[\"https:\/\/www.ccb.pt\/en\/evento\/conferencia-kleist-os-sentidos-da-justica\/\"]}]},{\"@type\":\"ImageObject\",\"inLanguage\":\"en-US\",\"@id\":\"https:\/\/www.ccb.pt\/en\/evento\/conferencia-kleist-os-sentidos-da-justica\/#primaryimage\",\"url\":\"https:\/\/www.ccb.pt\/wp-content\/uploads\/2021\/08\/site2_CONFERENCIAKLEIST_JOAOTUNATNSJ.jpg\",\"contentUrl\":\"https:\/\/www.ccb.pt\/wp-content\/uploads\/2021\/08\/site2_CONFERENCIAKLEIST_JOAOTUNATNSJ.jpg\",\"width\":1300,\"height\":618,\"caption\":\"\u00a9 Jo\u00e3o\"},{\"@type\":\"BreadcrumbList\",\"@id\":\"https:\/\/www.ccb.pt\/en\/evento\/conferencia-kleist-os-sentidos-da-justica\/#breadcrumb\",\"itemListElement\":[{\"@type\":\"ListItem\",\"position\":1,\"name\":\"Home\",\"item\":\"https:\/\/www.ccb.pt\/en\/\"},{\"@type\":\"ListItem\",\"position\":2,\"name\":\"Eventos\",\"item\":\"https:\/\/www.ccb.pt\/eventos\/\"},{\"@type\":\"ListItem\",\"position\":3,\"name\":\"Jos\u00e9 Bragan\u00e7a de Miranda, Jos\u00e9 Gomes Pinto, Jos\u00e9 Miranda Justo and Maria Filomena Molder\"}]},{\"@type\":\"WebSite\",\"@id\":\"https:\/\/www.ccb.pt\/#website\",\"url\":\"https:\/\/www.ccb.pt\/\",\"name\":\"Centro Cultural de Bel\u00e9m Foundation\",\"description\":\"\",\"publisher\":{\"@id\":\"https:\/\/www.ccb.pt\/#organization\"},\"potentialAction\":[{\"@type\":\"SearchAction\",\"target\":{\"@type\":\"EntryPoint\",\"urlTemplate\":\"https:\/\/www.ccb.pt\/?s={search_term_string}\"},\"query-input\":\"required name=search_term_string\"}],\"inLanguage\":\"en-US\"},{\"@type\":\"Organization\",\"@id\":\"https:\/\/www.ccb.pt\/#organization\",\"name\":\"Centro Cultural de Bel\u00e9m Foundation\",\"url\":\"https:\/\/www.ccb.pt\/\",\"logo\":{\"@type\":\"ImageObject\",\"inLanguage\":\"en-US\",\"@id\":\"https:\/\/www.ccb.pt\/#\/schema\/logo\/image\/\",\"url\":\"https:\/\/www.ccb.pt\/wp-content\/uploads\/2022\/05\/1_ccb.png\",\"contentUrl\":\"https:\/\/www.ccb.pt\/wp-content\/uploads\/2022\/05\/1_ccb.png\",\"width\":126,\"height\":100,\"caption\":\"Centro Cultural de Bel\u00e9m Foundation\"},\"image\":{\"@id\":\"https:\/\/www.ccb.pt\/#\/schema\/logo\/image\/\"},\"sameAs\":[\"https:\/\/twitter.com\/macccb_museu\"]}]}<\/script>\n<!-- \/ Yoast SEO plugin. -->","yoast_head_json":{"title":"Jos\u00e9 Bragan\u00e7a de Miranda, Jos\u00e9 Gomes Pinto, Jos\u00e9 Miranda Justo and Maria Filomena Molder - Centro Cultural de Bel\u00e9m Foundation","robots":{"index":"index","follow":"follow","max-snippet":"max-snippet:-1","max-image-preview":"max-image-preview:large","max-video-preview":"max-video-preview:-1"},"canonical":"https:\/\/www.ccb.pt\/en\/evento\/conferencia-kleist-os-sentidos-da-justica\/","og_locale":"en_US","og_type":"article","og_title":"Jos\u00e9 Bragan\u00e7a de Miranda, Jos\u00e9 Gomes Pinto, Jos\u00e9 Miranda Justo and Maria Filomena Molder - Centro Cultural de Bel\u00e9m Foundation","og_description":"As a preamble to the presentation of The Duel (25 and 26 November), directed by Carlos Pimenta, we are promoting four sessions in which we reflect about this work written by Kleist, in 1811. We will reflect on the dichotomies to be found in this novella, where the confrontation that gives the story its name, [&hellip;]","og_url":"https:\/\/www.ccb.pt\/en\/evento\/conferencia-kleist-os-sentidos-da-justica\/","og_site_name":"Centro Cultural de Bel\u00e9m Foundation","article_modified_time":"2021-10-14T08:13:14+00:00","og_image":[{"width":1300,"height":618,"url":"https:\/\/www.ccb.pt\/wp-content\/uploads\/2021\/08\/site2_CONFERENCIAKLEIST_JOAOTUNATNSJ.jpg","type":"image\/jpeg"}],"twitter_card":"summary_large_image","twitter_site":"@macccb_museu","twitter_misc":{"Est. reading time":"1 minute"},"schema":{"@context":"https:\/\/schema.org","@graph":[{"@type":"WebPage","@id":"https:\/\/www.ccb.pt\/en\/evento\/conferencia-kleist-os-sentidos-da-justica\/","url":"https:\/\/www.ccb.pt\/en\/evento\/conferencia-kleist-os-sentidos-da-justica\/","name":"Jos\u00e9 Bragan\u00e7a de Miranda, Jos\u00e9 Gomes Pinto, Jos\u00e9 Miranda Justo and Maria Filomena Molder - Centro Cultural de Bel\u00e9m Foundation","isPartOf":{"@id":"https:\/\/www.ccb.pt\/#website"},"primaryImageOfPage":{"@id":"https:\/\/www.ccb.pt\/en\/evento\/conferencia-kleist-os-sentidos-da-justica\/#primaryimage"},"image":{"@id":"https:\/\/www.ccb.pt\/en\/evento\/conferencia-kleist-os-sentidos-da-justica\/#primaryimage"},"thumbnailUrl":"https:\/\/www.ccb.pt\/wp-content\/uploads\/2021\/08\/site2_CONFERENCIAKLEIST_JOAOTUNATNSJ.jpg","datePublished":"2021-08-30T09:09:37+00:00","dateModified":"2021-10-14T08:13:14+00:00","breadcrumb":{"@id":"https:\/\/www.ccb.pt\/en\/evento\/conferencia-kleist-os-sentidos-da-justica\/#breadcrumb"},"inLanguage":"en-US","potentialAction":[{"@type":"ReadAction","target":["https:\/\/www.ccb.pt\/en\/evento\/conferencia-kleist-os-sentidos-da-justica\/"]}]},{"@type":"ImageObject","inLanguage":"en-US","@id":"https:\/\/www.ccb.pt\/en\/evento\/conferencia-kleist-os-sentidos-da-justica\/#primaryimage","url":"https:\/\/www.ccb.pt\/wp-content\/uploads\/2021\/08\/site2_CONFERENCIAKLEIST_JOAOTUNATNSJ.jpg","contentUrl":"https:\/\/www.ccb.pt\/wp-content\/uploads\/2021\/08\/site2_CONFERENCIAKLEIST_JOAOTUNATNSJ.jpg","width":1300,"height":618,"caption":"\u00a9 Jo\u00e3o"},{"@type":"BreadcrumbList","@id":"https:\/\/www.ccb.pt\/en\/evento\/conferencia-kleist-os-sentidos-da-justica\/#breadcrumb","itemListElement":[{"@type":"ListItem","position":1,"name":"Home","item":"https:\/\/www.ccb.pt\/en\/"},{"@type":"ListItem","position":2,"name":"Eventos","item":"https:\/\/www.ccb.pt\/eventos\/"},{"@type":"ListItem","position":3,"name":"Jos\u00e9 Bragan\u00e7a de Miranda, Jos\u00e9 Gomes Pinto, Jos\u00e9 Miranda Justo and Maria Filomena Molder"}]},{"@type":"WebSite","@id":"https:\/\/www.ccb.pt\/#website","url":"https:\/\/www.ccb.pt\/","name":"Centro Cultural de Bel\u00e9m Foundation","description":"","publisher":{"@id":"https:\/\/www.ccb.pt\/#organization"},"potentialAction":[{"@type":"SearchAction","target":{"@type":"EntryPoint","urlTemplate":"https:\/\/www.ccb.pt\/?s={search_term_string}"},"query-input":"required name=search_term_string"}],"inLanguage":"en-US"},{"@type":"Organization","@id":"https:\/\/www.ccb.pt\/#organization","name":"Centro Cultural de Bel\u00e9m Foundation","url":"https:\/\/www.ccb.pt\/","logo":{"@type":"ImageObject","inLanguage":"en-US","@id":"https:\/\/www.ccb.pt\/#\/schema\/logo\/image\/","url":"https:\/\/www.ccb.pt\/wp-content\/uploads\/2022\/05\/1_ccb.png","contentUrl":"https:\/\/www.ccb.pt\/wp-content\/uploads\/2022\/05\/1_ccb.png","width":126,"height":100,"caption":"Centro Cultural de Bel\u00e9m Foundation"},"image":{"@id":"https:\/\/www.ccb.pt\/#\/schema\/logo\/image\/"},"sameAs":["https:\/\/twitter.com\/macccb_museu"]}]}},"_links":{"self":[{"href":"https:\/\/www.ccb.pt\/en\/wp-json\/wp\/v2\/tribe_events\/58042"}],"collection":[{"href":"https:\/\/www.ccb.pt\/en\/wp-json\/wp\/v2\/tribe_events"}],"about":[{"href":"https:\/\/www.ccb.pt\/en\/wp-json\/wp\/v2\/types\/tribe_events"}],"author":[{"embeddable":true,"href":"https:\/\/www.ccb.pt\/en\/wp-json\/wp\/v2\/users\/6"}],"replies":[{"embeddable":true,"href":"https:\/\/www.ccb.pt\/en\/wp-json\/wp\/v2\/comments?post=58042"}],"version-history":[{"count":2,"href":"https:\/\/www.ccb.pt\/en\/wp-json\/wp\/v2\/tribe_events\/58042\/revisions"}],"predecessor-version":[{"id":58044,"href":"https:\/\/www.ccb.pt\/en\/wp-json\/wp\/v2\/tribe_events\/58042\/revisions\/58044"}],"wp:featuredmedia":[{"embeddable":true,"href":"https:\/\/www.ccb.pt\/en\/wp-json\/wp\/v2\/media\/57934"}],"wp:attachment":[{"href":"https:\/\/www.ccb.pt\/en\/wp-json\/wp\/v2\/media?parent=58042"}],"wp:term":[{"taxonomy":"tribe_events_cat","embeddable":true,"href":"https:\/\/www.ccb.pt\/en\/wp-json\/wp\/v2\/tribe_events_cat?post=58042"},{"taxonomy":"tags_tema","embeddable":true,"href":"https:\/\/www.ccb.pt\/en\/wp-json\/wp\/v2\/tags_tema?post=58042"},{"taxonomy":"idades","embeddable":true,"href":"https:\/\/www.ccb.pt\/en\/wp-json\/wp\/v2\/idades?post=58042"},{"taxonomy":"tipos","embeddable":true,"href":"https:\/\/www.ccb.pt\/en\/wp-json\/wp\/v2\/tipos?post=58042"},{"taxonomy":"temas","embeddable":true,"href":"https:\/\/www.ccb.pt\/en\/wp-json\/wp\/v2\/temas?post=58042"},{"taxonomy":"categorias_hubspot","embeddable":true,"href":"https:\/\/www.ccb.pt\/en\/wp-json\/wp\/v2\/categorias_hubspot?post=58042"}],"curies":[{"name":"wp","href":"https:\/\/api.w.org\/{rel}","templated":true}]}}

José Bragança de Miranda, José Gomes Pinto, José Miranda Justo and Maria Filomena Molder

<p>As a preamble to the presentation of <em>The Duel </em>(25 and 26 November), directed by Carlos Pimenta, we are promoting four sessions in which we reflect about this work written by Kleist, in 1811. We will reflect on the dichotomies to be found in this novella, where the confrontation that gives the story its name, under the scope of divine arbitrariness, seems to be the only fair way for humanity to gauge honour and honesty.</p>
<p>These sessions will be chaired by Carlos Pimenta, with the participation of the philosopher Maria Filomena Molder, who translated, and has now adapted, this text staged by Carlos Pimenta, as well as the teachers and essayists José Bragança de Miranda and José Gomes Pinto.</p>

<!-- This site is optimized with the Yoast SEO plugin v22.3 - https://yoast.com/wordpress/plugins/seo/ -->
<title>José Bragança de Miranda, José Gomes Pinto, José Miranda Justo and Maria Filomena Molder - Centro Cultural de Belém Foundation</title>
<meta name="robots" content="index, follow, max-snippet:-1, max-image-preview:large, max-video-preview:-1" />
<link rel="canonical" href="https://www.ccb.pt/en/evento/conferencia-kleist-os-sentidos-da-justica/" />
<meta property="og:locale" content="en_US" />
<meta property="og:type" content="article" />
<meta property="og:title" content="José Bragança de Miranda, José Gomes Pinto, José Miranda Justo and Maria Filomena Molder - Centro Cultural de Belém Foundation" />
<meta property="og:description" content="As a preamble to the presentation of The Duel (25 and 26 November), directed by Carlos Pimenta, we are promoting four sessions in which we reflect about this work written by Kleist, in 1811. We will reflect on the dichotomies to be found in this novella, where the confrontation that gives the story its name, [&hellip;]" />
<meta property="og:url" content="https://www.ccb.pt/en/evento/conferencia-kleist-os-sentidos-da-justica/" />
<meta property="og:site_name" content="Centro Cultural de Belém Foundation" />
<meta property="article:modified_time" content="2021-10-14T08:13:14+00:00" />
<meta property="og:image" content="https://www.ccb.pt/wp-content/uploads/2021/08/site2_CONFERENCIAKLEIST_JOAOTUNATNSJ.jpg" />
	<meta property="og:image:width" content="1300" />
	<meta property="og:image:height" content="618" />
	<meta property="og:image:type" content="image/jpeg" />
<meta name="twitter:card" content="summary_large_image" />
<meta name="twitter:site" content="@macccb_museu" />
<meta name="twitter:label1" content="Est. reading time" />
	<meta name="twitter:data1" content="1 minute" />
<script type="application/ld+json" class="yoast-schema-graph">{"@context":"https://schema.org","@graph":[{"@type":"WebPage","@id":"https://www.ccb.pt/en/evento/conferencia-kleist-os-sentidos-da-justica/","url":"https://www.ccb.pt/en/evento/conferencia-kleist-os-sentidos-da-justica/","name":"José Bragança de Miranda, José Gomes Pinto, José Miranda Justo and Maria Filomena Molder - Centro Cultural de Belém Foundation","isPartOf":{"@id":"https://www.ccb.pt/#website"},"primaryImageOfPage":{"@id":"https://www.ccb.pt/en/evento/conferencia-kleist-os-sentidos-da-justica/#primaryimage"},"image":{"@id":"https://www.ccb.pt/en/evento/conferencia-kleist-os-sentidos-da-justica/#primaryimage"},"thumbnailUrl":"https://www.ccb.pt/wp-content/uploads/2021/08/site2_CONFERENCIAKLEIST_JOAOTUNATNSJ.jpg","datePublished":"2021-08-30T09:09:37+00:00","dateModified":"2021-10-14T08:13:14+00:00","breadcrumb":{"@id":"https://www.ccb.pt/en/evento/conferencia-kleist-os-sentidos-da-justica/#breadcrumb"},"inLanguage":"en-US","potentialAction":[{"@type":"ReadAction","target":["https://www.ccb.pt/en/evento/conferencia-kleist-os-sentidos-da-justica/"]}]},{"@type":"ImageObject","inLanguage":"en-US","@id":"https://www.ccb.pt/en/evento/conferencia-kleist-os-sentidos-da-justica/#primaryimage","url":"https://www.ccb.pt/wp-content/uploads/2021/08/site2_CONFERENCIAKLEIST_JOAOTUNATNSJ.jpg","contentUrl":"https://www.ccb.pt/wp-content/uploads/2021/08/site2_CONFERENCIAKLEIST_JOAOTUNATNSJ.jpg","width":1300,"height":618,"caption":"© João"},{"@type":"BreadcrumbList","@id":"https://www.ccb.pt/en/evento/conferencia-kleist-os-sentidos-da-justica/#breadcrumb","itemListElement":[{"@type":"ListItem","position":1,"name":"Home","item":"https://www.ccb.pt/en/"},{"@type":"ListItem","position":2,"name":"Eventos","item":"https://www.ccb.pt/eventos/"},{"@type":"ListItem","position":3,"name":"José Bragança de Miranda, José Gomes Pinto, José Miranda Justo and Maria Filomena Molder"}]},{"@type":"WebSite","@id":"https://www.ccb.pt/#website","url":"https://www.ccb.pt/","name":"Centro Cultural de Belém Foundation","description":"","publisher":{"@id":"https://www.ccb.pt/#organization"},"potentialAction":[{"@type":"SearchAction","target":{"@type":"EntryPoint","urlTemplate":"https://www.ccb.pt/?s={search_term_string}"},"query-input":"required name=search_term_string"}],"inLanguage":"en-US"},{"@type":"Organization","@id":"https://www.ccb.pt/#organization","name":"Centro Cultural de Belém Foundation","url":"https://www.ccb.pt/","logo":{"@type":"ImageObject","inLanguage":"en-US","@id":"https://www.ccb.pt/#/schema/logo/image/","url":"https://www.ccb.pt/wp-content/uploads/2022/05/1_ccb.png","contentUrl":"https://www.ccb.pt/wp-content/uploads/2022/05/1_ccb.png","width":126,"height":100,"caption":"Centro Cultural de Belém Foundation"},"image":{"@id":"https://www.ccb.pt/#/schema/logo/image/"},"sameAs":["https://twitter.com/macccb_museu"]}]}</script>
<!-- / Yoast SEO plugin. -->

José Bragança de Miranda, José Gomes Pinto, José Miranda Justo and Maria Filomena Molder - Centro Cultural de Belém Foundation

Centro Cultural de Belém Foundation

© João
