    {"id":47922,"date":"2021-05-11T11:14:39","date_gmt":"2021-05-11T10:14:39","guid":{"rendered":"https:\/\/www.ccb.pt\/evento\/maria-de-buenos-aires\/"},"modified":"2021-07-02T10:43:51","modified_gmt":"2021-07-02T09:43:51","slug":"maria-de-buenos-aires","status":"publish","type":"tribe_events","link":"https:\/\/www.ccb.pt\/en\/evento\/maria-de-buenos-aires\/","title":{"rendered":"Mar\u00eda de Buenos Aires"},"content":{"rendered":"<p><em>Mar\u00eda de Buenos Aires<\/em>\u00a0is a theatrical and musical show \u2014 the first in the genre of tango opera by Astor Piazzolla \u2014 with a libretto by Horacio Ferrer, a Uruguayan-Argentinian poet, who also wrote poems for several of Piazzola\u2019s tangos.<\/p>\n<p>The complex plot, developed over the course of 17 musical numbers, has surrealistic overtones, alternating between sections that are sung, recited or exclusively instrumental, in which we accompany Mar\u00eda\u2019s life, death, resurrection and motherhood. The protagonist wanders amidst typical characters and everyday scenes in the Argentinian capital, where she encounters a poet and narrator who is also a goblin-like duende, with several puppets under his control, and a circus of psychoanalysts.<\/p>\n<p>Mar\u00eda and her shadow are the representation of Buenos Aires, being associated with the tango, the city\u2019s streets and its night life. But the character is open to multiple interpretations and frequently appears to be associated with the Virgin Mary and Jesus Christ, as much as she is with the female condition.<\/p>\n<p>The work was premi\u00e8red at the Sala Planeta in Buenos Aires, on 8 May 1968. The composer himself classified the work as an \u201cOperita\u201d, which we may consider to mean that it is a \u201cChamber Opera\u201d, and it is presented with an orchestra of eleven instrumentalists, two solo singers (a soprano and a baritone), a reciting voice and a small choir (with 4 to 6 members), who also recite.<\/p>\n","protected":false},"excerpt":{"rendered":"<p>Mar\u00eda de Buenos Aires\u00a0is a theatrical and musical show \u2014 the first in the genre of tango opera by Astor Piazzolla \u2014 with a libretto by Horacio Ferrer, a Uruguayan-Argentinian poet, who also wrote poems for several of Piazzola\u2019s tangos. The complex plot, developed over the course of 17 musical numbers, has surrealistic overtones, alternating [&hellip;]<\/p>\n","protected":false},"author":6,"featured_media":51348,"comment_status":"open","ping_status":"closed","template":"","meta":{"_relevanssi_hide_post":"","_relevanssi_pin_for_all":"","_relevanssi_pin_keywords":"","_relevanssi_unpin_keywords":"","_relevanssi_related_keywords":"","_relevanssi_related_include_ids":"","_relevanssi_related_exclude_ids":"","_relevanssi_related_no_append":"","_relevanssi_related_not_related":"","_relevanssi_related_posts":"","_relevanssi_noindex_reason":""},"tribe_events_cat":[23],"tags_tema":[451],"idades":[392],"tipos":[],"temas":[425],"categorias_hubspot":[],"acf":[],"yoast_head":"<!-- This site is optimized with the Yoast SEO plugin v22.3 - https:\/\/yoast.com\/wordpress\/plugins\/seo\/ -->\n<title>Mar\u00eda de Buenos Aires - Centro Cultural de Bel\u00e9m Foundation<\/title>\n<meta name=\"robots\" content=\"index, follow, max-snippet:-1, max-image-preview:large, max-video-preview:-1\" \/>\n<link rel=\"canonical\" href=\"https:\/\/www.ccb.pt\/en\/evento\/maria-de-buenos-aires\/\" \/>\n<meta property=\"og:locale\" content=\"en_US\" \/>\n<meta property=\"og:type\" content=\"article\" \/>\n<meta property=\"og:title\" content=\"Mar\u00eda de Buenos Aires - Centro Cultural de Bel\u00e9m Foundation\" \/>\n<meta property=\"og:description\" content=\"Mar\u00eda de Buenos Aires\u00a0is a theatrical and musical show \u2014 the first in the genre of tango opera by Astor Piazzolla \u2014 with a libretto by Horacio Ferrer, a Uruguayan-Argentinian poet, who also wrote poems for several of Piazzola\u2019s tangos. The complex plot, developed over the course of 17 musical numbers, has surrealistic overtones, alternating [&hellip;]\" \/>\n<meta property=\"og:url\" content=\"https:\/\/www.ccb.pt\/en\/evento\/maria-de-buenos-aires\/\" \/>\n<meta property=\"og:site_name\" content=\"Centro Cultural de Bel\u00e9m Foundation\" \/>\n<meta property=\"article:modified_time\" content=\"2021-07-02T09:43:51+00:00\" \/>\n<meta property=\"og:image\" content=\"https:\/\/www.ccb.pt\/wp-content\/uploads\/2021\/05\/NOVA-VERSAO-Maria-de-Buenos-Aires-Ilustracao-CREDITO-Duilio-Fonda-Copia_site-1.jpg\" \/>\n\t<meta property=\"og:image:width\" content=\"1300\" \/>\n\t<meta property=\"og:image:height\" content=\"618\" \/>\n\t<meta property=\"og:image:type\" content=\"image\/jpeg\" \/>\n<meta name=\"twitter:card\" content=\"summary_large_image\" \/>\n<meta name=\"twitter:site\" content=\"@macccb_museu\" \/>\n<meta name=\"twitter:label1\" content=\"Est. reading time\" \/>\n\t<meta name=\"twitter:data1\" content=\"1 minute\" \/>\n<script type=\"application\/ld+json\" class=\"yoast-schema-graph\">{\"@context\":\"https:\/\/schema.org\",\"@graph\":[{\"@type\":\"WebPage\",\"@id\":\"https:\/\/www.ccb.pt\/en\/evento\/maria-de-buenos-aires\/\",\"url\":\"https:\/\/www.ccb.pt\/en\/evento\/maria-de-buenos-aires\/\",\"name\":\"Mar\u00eda de Buenos Aires - Centro Cultural de Bel\u00e9m Foundation\",\"isPartOf\":{\"@id\":\"https:\/\/www.ccb.pt\/#website\"},\"primaryImageOfPage\":{\"@id\":\"https:\/\/www.ccb.pt\/en\/evento\/maria-de-buenos-aires\/#primaryimage\"},\"image\":{\"@id\":\"https:\/\/www.ccb.pt\/en\/evento\/maria-de-buenos-aires\/#primaryimage\"},\"thumbnailUrl\":\"https:\/\/www.ccb.pt\/wp-content\/uploads\/2021\/05\/NOVA-VERSAO-Maria-de-Buenos-Aires-Ilustracao-CREDITO-Duilio-Fonda-Copia_site-1.jpg\",\"datePublished\":\"2021-05-11T10:14:39+00:00\",\"dateModified\":\"2021-07-02T09:43:51+00:00\",\"breadcrumb\":{\"@id\":\"https:\/\/www.ccb.pt\/en\/evento\/maria-de-buenos-aires\/#breadcrumb\"},\"inLanguage\":\"en-US\",\"potentialAction\":[{\"@type\":\"ReadAction\",\"target\":[\"https:\/\/www.ccb.pt\/en\/evento\/maria-de-buenos-aires\/\"]}]},{\"@type\":\"ImageObject\",\"inLanguage\":\"en-US\",\"@id\":\"https:\/\/www.ccb.pt\/en\/evento\/maria-de-buenos-aires\/#primaryimage\",\"url\":\"https:\/\/www.ccb.pt\/wp-content\/uploads\/2021\/05\/NOVA-VERSAO-Maria-de-Buenos-Aires-Ilustracao-CREDITO-Duilio-Fonda-Copia_site-1.jpg\",\"contentUrl\":\"https:\/\/www.ccb.pt\/wp-content\/uploads\/2021\/05\/NOVA-VERSAO-Maria-de-Buenos-Aires-Ilustracao-CREDITO-Duilio-Fonda-Copia_site-1.jpg\",\"width\":1300,\"height\":618,\"caption\":\"Duilio Fonda\"},{\"@type\":\"BreadcrumbList\",\"@id\":\"https:\/\/www.ccb.pt\/en\/evento\/maria-de-buenos-aires\/#breadcrumb\",\"itemListElement\":[{\"@type\":\"ListItem\",\"position\":1,\"name\":\"Home\",\"item\":\"https:\/\/www.ccb.pt\/en\/\"},{\"@type\":\"ListItem\",\"position\":2,\"name\":\"Eventos\",\"item\":\"https:\/\/www.ccb.pt\/eventos\/\"},{\"@type\":\"ListItem\",\"position\":3,\"name\":\"Mar\u00eda de Buenos Aires\"}]},{\"@type\":\"WebSite\",\"@id\":\"https:\/\/www.ccb.pt\/#website\",\"url\":\"https:\/\/www.ccb.pt\/\",\"name\":\"Centro Cultural de Bel\u00e9m Foundation\",\"description\":\"\",\"publisher\":{\"@id\":\"https:\/\/www.ccb.pt\/#organization\"},\"potentialAction\":[{\"@type\":\"SearchAction\",\"target\":{\"@type\":\"EntryPoint\",\"urlTemplate\":\"https:\/\/www.ccb.pt\/?s={search_term_string}\"},\"query-input\":\"required name=search_term_string\"}],\"inLanguage\":\"en-US\"},{\"@type\":\"Organization\",\"@id\":\"https:\/\/www.ccb.pt\/#organization\",\"name\":\"Centro Cultural de Bel\u00e9m Foundation\",\"url\":\"https:\/\/www.ccb.pt\/\",\"logo\":{\"@type\":\"ImageObject\",\"inLanguage\":\"en-US\",\"@id\":\"https:\/\/www.ccb.pt\/#\/schema\/logo\/image\/\",\"url\":\"https:\/\/www.ccb.pt\/wp-content\/uploads\/2022\/05\/1_ccb.png\",\"contentUrl\":\"https:\/\/www.ccb.pt\/wp-content\/uploads\/2022\/05\/1_ccb.png\",\"width\":126,\"height\":100,\"caption\":\"Centro Cultural de Bel\u00e9m Foundation\"},\"image\":{\"@id\":\"https:\/\/www.ccb.pt\/#\/schema\/logo\/image\/\"},\"sameAs\":[\"https:\/\/twitter.com\/macccb_museu\"]}]}<\/script>\n<!-- \/ Yoast SEO plugin. -->","yoast_head_json":{"title":"Mar\u00eda de Buenos Aires - Centro Cultural de Bel\u00e9m Foundation","robots":{"index":"index","follow":"follow","max-snippet":"max-snippet:-1","max-image-preview":"max-image-preview:large","max-video-preview":"max-video-preview:-1"},"canonical":"https:\/\/www.ccb.pt\/en\/evento\/maria-de-buenos-aires\/","og_locale":"en_US","og_type":"article","og_title":"Mar\u00eda de Buenos Aires - Centro Cultural de Bel\u00e9m Foundation","og_description":"Mar\u00eda de Buenos Aires\u00a0is a theatrical and musical show \u2014 the first in the genre of tango opera by Astor Piazzolla \u2014 with a libretto by Horacio Ferrer, a Uruguayan-Argentinian poet, who also wrote poems for several of Piazzola\u2019s tangos. The complex plot, developed over the course of 17 musical numbers, has surrealistic overtones, alternating [&hellip;]","og_url":"https:\/\/www.ccb.pt\/en\/evento\/maria-de-buenos-aires\/","og_site_name":"Centro Cultural de Bel\u00e9m Foundation","article_modified_time":"2021-07-02T09:43:51+00:00","og_image":[{"width":1300,"height":618,"url":"https:\/\/www.ccb.pt\/wp-content\/uploads\/2021\/05\/NOVA-VERSAO-Maria-de-Buenos-Aires-Ilustracao-CREDITO-Duilio-Fonda-Copia_site-1.jpg","type":"image\/jpeg"}],"twitter_card":"summary_large_image","twitter_site":"@macccb_museu","twitter_misc":{"Est. reading time":"1 minute"},"schema":{"@context":"https:\/\/schema.org","@graph":[{"@type":"WebPage","@id":"https:\/\/www.ccb.pt\/en\/evento\/maria-de-buenos-aires\/","url":"https:\/\/www.ccb.pt\/en\/evento\/maria-de-buenos-aires\/","name":"Mar\u00eda de Buenos Aires - Centro Cultural de Bel\u00e9m Foundation","isPartOf":{"@id":"https:\/\/www.ccb.pt\/#website"},"primaryImageOfPage":{"@id":"https:\/\/www.ccb.pt\/en\/evento\/maria-de-buenos-aires\/#primaryimage"},"image":{"@id":"https:\/\/www.ccb.pt\/en\/evento\/maria-de-buenos-aires\/#primaryimage"},"thumbnailUrl":"https:\/\/www.ccb.pt\/wp-content\/uploads\/2021\/05\/NOVA-VERSAO-Maria-de-Buenos-Aires-Ilustracao-CREDITO-Duilio-Fonda-Copia_site-1.jpg","datePublished":"2021-05-11T10:14:39+00:00","dateModified":"2021-07-02T09:43:51+00:00","breadcrumb":{"@id":"https:\/\/www.ccb.pt\/en\/evento\/maria-de-buenos-aires\/#breadcrumb"},"inLanguage":"en-US","potentialAction":[{"@type":"ReadAction","target":["https:\/\/www.ccb.pt\/en\/evento\/maria-de-buenos-aires\/"]}]},{"@type":"ImageObject","inLanguage":"en-US","@id":"https:\/\/www.ccb.pt\/en\/evento\/maria-de-buenos-aires\/#primaryimage","url":"https:\/\/www.ccb.pt\/wp-content\/uploads\/2021\/05\/NOVA-VERSAO-Maria-de-Buenos-Aires-Ilustracao-CREDITO-Duilio-Fonda-Copia_site-1.jpg","contentUrl":"https:\/\/www.ccb.pt\/wp-content\/uploads\/2021\/05\/NOVA-VERSAO-Maria-de-Buenos-Aires-Ilustracao-CREDITO-Duilio-Fonda-Copia_site-1.jpg","width":1300,"height":618,"caption":"Duilio Fonda"},{"@type":"BreadcrumbList","@id":"https:\/\/www.ccb.pt\/en\/evento\/maria-de-buenos-aires\/#breadcrumb","itemListElement":[{"@type":"ListItem","position":1,"name":"Home","item":"https:\/\/www.ccb.pt\/en\/"},{"@type":"ListItem","position":2,"name":"Eventos","item":"https:\/\/www.ccb.pt\/eventos\/"},{"@type":"ListItem","position":3,"name":"Mar\u00eda de Buenos Aires"}]},{"@type":"WebSite","@id":"https:\/\/www.ccb.pt\/#website","url":"https:\/\/www.ccb.pt\/","name":"Centro Cultural de Bel\u00e9m Foundation","description":"","publisher":{"@id":"https:\/\/www.ccb.pt\/#organization"},"potentialAction":[{"@type":"SearchAction","target":{"@type":"EntryPoint","urlTemplate":"https:\/\/www.ccb.pt\/?s={search_term_string}"},"query-input":"required name=search_term_string"}],"inLanguage":"en-US"},{"@type":"Organization","@id":"https:\/\/www.ccb.pt\/#organization","name":"Centro Cultural de Bel\u00e9m Foundation","url":"https:\/\/www.ccb.pt\/","logo":{"@type":"ImageObject","inLanguage":"en-US","@id":"https:\/\/www.ccb.pt\/#\/schema\/logo\/image\/","url":"https:\/\/www.ccb.pt\/wp-content\/uploads\/2022\/05\/1_ccb.png","contentUrl":"https:\/\/www.ccb.pt\/wp-content\/uploads\/2022\/05\/1_ccb.png","width":126,"height":100,"caption":"Centro Cultural de Bel\u00e9m Foundation"},"image":{"@id":"https:\/\/www.ccb.pt\/#\/schema\/logo\/image\/"},"sameAs":["https:\/\/twitter.com\/macccb_museu"]}]}},"_links":{"self":[{"href":"https:\/\/www.ccb.pt\/en\/wp-json\/wp\/v2\/tribe_events\/47922"}],"collection":[{"href":"https:\/\/www.ccb.pt\/en\/wp-json\/wp\/v2\/tribe_events"}],"about":[{"href":"https:\/\/www.ccb.pt\/en\/wp-json\/wp\/v2\/types\/tribe_events"}],"author":[{"embeddable":true,"href":"https:\/\/www.ccb.pt\/en\/wp-json\/wp\/v2\/users\/6"}],"replies":[{"embeddable":true,"href":"https:\/\/www.ccb.pt\/en\/wp-json\/wp\/v2\/comments?post=47922"}],"version-history":[{"count":5,"href":"https:\/\/www.ccb.pt\/en\/wp-json\/wp\/v2\/tribe_events\/47922\/revisions"}],"predecessor-version":[{"id":50554,"href":"https:\/\/www.ccb.pt\/en\/wp-json\/wp\/v2\/tribe_events\/47922\/revisions\/50554"}],"wp:featuredmedia":[{"embeddable":true,"href":"https:\/\/www.ccb.pt\/en\/wp-json\/wp\/v2\/media\/51348"}],"wp:attachment":[{"href":"https:\/\/www.ccb.pt\/en\/wp-json\/wp\/v2\/media?parent=47922"}],"wp:term":[{"taxonomy":"tribe_events_cat","embeddable":true,"href":"https:\/\/www.ccb.pt\/en\/wp-json\/wp\/v2\/tribe_events_cat?post=47922"},{"taxonomy":"tags_tema","embeddable":true,"href":"https:\/\/www.ccb.pt\/en\/wp-json\/wp\/v2\/tags_tema?post=47922"},{"taxonomy":"idades","embeddable":true,"href":"https:\/\/www.ccb.pt\/en\/wp-json\/wp\/v2\/idades?post=47922"},{"taxonomy":"tipos","embeddable":true,"href":"https:\/\/www.ccb.pt\/en\/wp-json\/wp\/v2\/tipos?post=47922"},{"taxonomy":"temas","embeddable":true,"href":"https:\/\/www.ccb.pt\/en\/wp-json\/wp\/v2\/temas?post=47922"},{"taxonomy":"categorias_hubspot","embeddable":true,"href":"https:\/\/www.ccb.pt\/en\/wp-json\/wp\/v2\/categorias_hubspot?post=47922"}],"curies":[{"name":"wp","href":"https:\/\/api.w.org\/{rel}","templated":true}]}}

María de Buenos Aires

<p><em>María de Buenos Aires</em> is a theatrical and musical show — the first in the genre of tango opera by Astor Piazzolla — with a libretto by Horacio Ferrer, a Uruguayan-Argentinian poet, who also wrote poems for several of Piazzola’s tangos.</p>
<p>The complex plot, developed over the course of 17 musical numbers, has surrealistic overtones, alternating between sections that are sung, recited or exclusively instrumental, in which we accompany María’s life, death, resurrection and motherhood. The protagonist wanders amidst typical characters and everyday scenes in the Argentinian capital, where she encounters a poet and narrator who is also a goblin-like duende, with several puppets under his control, and a circus of psychoanalysts.</p>
<p>María and her shadow are the representation of Buenos Aires, being associated with the tango, the city’s streets and its night life. But the character is open to multiple interpretations and frequently appears to be associated with the Virgin Mary and Jesus Christ, as much as she is with the female condition.</p>
<p>The work was premièred at the Sala Planeta in Buenos Aires, on 8 May 1968. The composer himself classified the work as an “Operita”, which we may consider to mean that it is a “Chamber Opera”, and it is presented with an orchestra of eleven instrumentalists, two solo singers (a soprano and a baritone), a reciting voice and a small choir (with 4 to 6 members), who also recite.</p>

<p>María de Buenos Aires is a theatrical and musical show — the first in the genre of tango opera by Astor Piazzolla — with a libretto by Horacio Ferrer, a Uruguayan-Argentinian poet, who also wrote poems for several of Piazzola’s tangos. The complex plot, developed over the course of 17 musical numbers, has surrealistic overtones, alternating [&hellip;]</p>

<!-- This site is optimized with the Yoast SEO plugin v22.3 - https://yoast.com/wordpress/plugins/seo/ -->
<title>María de Buenos Aires - Centro Cultural de Belém Foundation</title>
<meta name="robots" content="index, follow, max-snippet:-1, max-image-preview:large, max-video-preview:-1" />
<link rel="canonical" href="https://www.ccb.pt/en/evento/maria-de-buenos-aires/" />
<meta property="og:locale" content="en_US" />
<meta property="og:type" content="article" />
<meta property="og:title" content="María de Buenos Aires - Centro Cultural de Belém Foundation" />
<meta property="og:description" content="María de Buenos Aires is a theatrical and musical show — the first in the genre of tango opera by Astor Piazzolla — with a libretto by Horacio Ferrer, a Uruguayan-Argentinian poet, who also wrote poems for several of Piazzola’s tangos. The complex plot, developed over the course of 17 musical numbers, has surrealistic overtones, alternating [&hellip;]" />
<meta property="og:url" content="https://www.ccb.pt/en/evento/maria-de-buenos-aires/" />
<meta property="og:site_name" content="Centro Cultural de Belém Foundation" />
<meta property="article:modified_time" content="2021-07-02T09:43:51+00:00" />
<meta property="og:image" content="https://www.ccb.pt/wp-content/uploads/2021/05/NOVA-VERSAO-Maria-de-Buenos-Aires-Ilustracao-CREDITO-Duilio-Fonda-Copia_site-1.jpg" />
	<meta property="og:image:width" content="1300" />
	<meta property="og:image:height" content="618" />
	<meta property="og:image:type" content="image/jpeg" />
<meta name="twitter:card" content="summary_large_image" />
<meta name="twitter:site" content="@macccb_museu" />
<meta name="twitter:label1" content="Est. reading time" />
	<meta name="twitter:data1" content="1 minute" />
<script type="application/ld+json" class="yoast-schema-graph">{"@context":"https://schema.org","@graph":[{"@type":"WebPage","@id":"https://www.ccb.pt/en/evento/maria-de-buenos-aires/","url":"https://www.ccb.pt/en/evento/maria-de-buenos-aires/","name":"María de Buenos Aires - Centro Cultural de Belém Foundation","isPartOf":{"@id":"https://www.ccb.pt/#website"},"primaryImageOfPage":{"@id":"https://www.ccb.pt/en/evento/maria-de-buenos-aires/#primaryimage"},"image":{"@id":"https://www.ccb.pt/en/evento/maria-de-buenos-aires/#primaryimage"},"thumbnailUrl":"https://www.ccb.pt/wp-content/uploads/2021/05/NOVA-VERSAO-Maria-de-Buenos-Aires-Ilustracao-CREDITO-Duilio-Fonda-Copia_site-1.jpg","datePublished":"2021-05-11T10:14:39+00:00","dateModified":"2021-07-02T09:43:51+00:00","breadcrumb":{"@id":"https://www.ccb.pt/en/evento/maria-de-buenos-aires/#breadcrumb"},"inLanguage":"en-US","potentialAction":[{"@type":"ReadAction","target":["https://www.ccb.pt/en/evento/maria-de-buenos-aires/"]}]},{"@type":"ImageObject","inLanguage":"en-US","@id":"https://www.ccb.pt/en/evento/maria-de-buenos-aires/#primaryimage","url":"https://www.ccb.pt/wp-content/uploads/2021/05/NOVA-VERSAO-Maria-de-Buenos-Aires-Ilustracao-CREDITO-Duilio-Fonda-Copia_site-1.jpg","contentUrl":"https://www.ccb.pt/wp-content/uploads/2021/05/NOVA-VERSAO-Maria-de-Buenos-Aires-Ilustracao-CREDITO-Duilio-Fonda-Copia_site-1.jpg","width":1300,"height":618,"caption":"Duilio Fonda"},{"@type":"BreadcrumbList","@id":"https://www.ccb.pt/en/evento/maria-de-buenos-aires/#breadcrumb","itemListElement":[{"@type":"ListItem","position":1,"name":"Home","item":"https://www.ccb.pt/en/"},{"@type":"ListItem","position":2,"name":"Eventos","item":"https://www.ccb.pt/eventos/"},{"@type":"ListItem","position":3,"name":"María de Buenos Aires"}]},{"@type":"WebSite","@id":"https://www.ccb.pt/#website","url":"https://www.ccb.pt/","name":"Centro Cultural de Belém Foundation","description":"","publisher":{"@id":"https://www.ccb.pt/#organization"},"potentialAction":[{"@type":"SearchAction","target":{"@type":"EntryPoint","urlTemplate":"https://www.ccb.pt/?s={search_term_string}"},"query-input":"required name=search_term_string"}],"inLanguage":"en-US"},{"@type":"Organization","@id":"https://www.ccb.pt/#organization","name":"Centro Cultural de Belém Foundation","url":"https://www.ccb.pt/","logo":{"@type":"ImageObject","inLanguage":"en-US","@id":"https://www.ccb.pt/#/schema/logo/image/","url":"https://www.ccb.pt/wp-content/uploads/2022/05/1_ccb.png","contentUrl":"https://www.ccb.pt/wp-content/uploads/2022/05/1_ccb.png","width":126,"height":100,"caption":"Centro Cultural de Belém Foundation"},"image":{"@id":"https://www.ccb.pt/#/schema/logo/image/"},"sameAs":["https://twitter.com/macccb_museu"]}]}</script>
<!-- / Yoast SEO plugin. -->

María de Buenos Aires - Centro Cultural de Belém Foundation

María de Buenos Aires is a theatrical and musical show — the first in the genre of tango opera by Astor Piazzolla — with a libretto by Horacio Ferrer, a Uruguayan-Argentinian poet, who also wrote poems for several of Piazzola’s tangos. The complex plot, developed over the course of 17 musical numbers, has surrealistic overtones, alternating [&hellip;]

Centro Cultural de Belém Foundation
