    {"id":28608,"date":"2020-12-02T17:36:58","date_gmt":"2020-12-02T17:36:58","guid":{"rendered":"https:\/\/www.ccb.pt\/evento\/ciclo-historia-de-arte\/"},"modified":"2021-09-23T15:04:36","modified_gmt":"2021-09-23T14:04:36","slug":"ciclo-historia-de-arte","status":"publish","type":"tribe_events","link":"https:\/\/www.ccb.pt\/en\/evento\/ciclo-historia-de-arte\/2021-10-02\/","title":{"rendered":"History of Art Cycle"},"content":{"rendered":"","protected":false},"excerpt":{"rendered":"","protected":false},"author":6,"featured_media":27279,"comment_status":"open","ping_status":"closed","template":"","meta":{"_relevanssi_hide_post":"","_relevanssi_pin_for_all":"","_relevanssi_pin_keywords":"","_relevanssi_unpin_keywords":"","_relevanssi_related_keywords":"","_relevanssi_related_include_ids":"","_relevanssi_related_exclude_ids":"","_relevanssi_related_no_append":"","_relevanssi_related_not_related":"","_relevanssi_related_posts":"","_relevanssi_noindex_reason":""},"tribe_events_cat":[],"tags_tema":[],"idades":[392],"tipos":[],"temas":[],"categorias_hubspot":[],"acf":[],"yoast_head":"<!-- This site is optimized with the Yoast SEO plugin v22.3 - https:\/\/yoast.com\/wordpress\/plugins\/seo\/ -->\n<title>History of Art Cycle - Centro Cultural de Bel\u00e9m Foundation<\/title>\n<meta name=\"robots\" content=\"index, follow, max-snippet:-1, max-image-preview:large, max-video-preview:-1\" \/>\n<link rel=\"canonical\" href=\"https:\/\/www.ccb.pt\/evento\/ciclo-historia-de-arte\/2021-10-02\/\" \/>\n<meta property=\"og:locale\" content=\"en_US\" \/>\n<meta property=\"og:type\" content=\"article\" \/>\n<meta property=\"og:title\" content=\"History of Art Cycle - Centro Cultural de Bel\u00e9m Foundation\" \/>\n<meta property=\"og:url\" content=\"https:\/\/www.ccb.pt\/evento\/ciclo-historia-de-arte\/2021-10-02\/\" \/>\n<meta property=\"og:site_name\" content=\"Centro Cultural de Bel\u00e9m Foundation\" \/>\n<meta property=\"article:modified_time\" content=\"2021-09-23T14:04:36+00:00\" \/>\n<meta property=\"og:image\" content=\"https:\/\/www.ccb.pt\/wp-content\/uploads\/2020\/12\/fnacODesterrado.jpg\" \/>\n\t<meta property=\"og:image:width\" content=\"1920\" \/>\n\t<meta property=\"og:image:height\" content=\"1080\" \/>\n\t<meta property=\"og:image:type\" content=\"image\/jpeg\" \/>\n<meta name=\"twitter:card\" content=\"summary_large_image\" \/>\n<meta name=\"twitter:site\" content=\"@macccb_museu\" \/>\n<script type=\"application\/ld+json\" class=\"yoast-schema-graph\">{\"@context\":\"https:\/\/schema.org\",\"@graph\":[{\"@type\":\"WebPage\",\"@id\":\"https:\/\/www.ccb.pt\/evento\/ciclo-historia-de-arte\/2021-10-02\/\",\"url\":\"https:\/\/www.ccb.pt\/evento\/ciclo-historia-de-arte\/2021-10-02\/\",\"name\":\"History of Art Cycle - Centro Cultural de Bel\u00e9m Foundation\",\"isPartOf\":{\"@id\":\"https:\/\/www.ccb.pt\/#website\"},\"primaryImageOfPage\":{\"@id\":\"https:\/\/www.ccb.pt\/evento\/ciclo-historia-de-arte\/2021-10-02\/#primaryimage\"},\"image\":{\"@id\":\"https:\/\/www.ccb.pt\/evento\/ciclo-historia-de-arte\/2021-10-02\/#primaryimage\"},\"thumbnailUrl\":\"https:\/\/www.ccb.pt\/wp-content\/uploads\/2020\/12\/fnacODesterrado.jpg\",\"datePublished\":\"2020-12-02T17:36:58+00:00\",\"dateModified\":\"2021-09-23T14:04:36+00:00\",\"breadcrumb\":{\"@id\":\"https:\/\/www.ccb.pt\/evento\/ciclo-historia-de-arte\/2021-10-02\/#breadcrumb\"},\"inLanguage\":\"en-US\",\"potentialAction\":[{\"@type\":\"ReadAction\",\"target\":[\"https:\/\/www.ccb.pt\/evento\/ciclo-historia-de-arte\/2021-10-02\/\"]}]},{\"@type\":\"ImageObject\",\"inLanguage\":\"en-US\",\"@id\":\"https:\/\/www.ccb.pt\/evento\/ciclo-historia-de-arte\/2021-10-02\/#primaryimage\",\"url\":\"https:\/\/www.ccb.pt\/wp-content\/uploads\/2020\/12\/fnacODesterrado.jpg\",\"contentUrl\":\"https:\/\/www.ccb.pt\/wp-content\/uploads\/2020\/12\/fnacODesterrado.jpg\",\"width\":1920,\"height\":1080,\"caption\":\"\u00a9 CR\u00c9DITOS FOTOGR\u00c1FICOS Ant\u00f3nio Soares dos Reis (1847-1889) O Desterrado 1812 Museu Nacional de Soares dos Reis Fotografia Jos\u00e9 Pessoa, 2001 Dire\u00e7\u00e3o-Geral do Patrim\u00f3nio Cultural \/ Arquivo de Documenta\u00e7\u00e3o Fotogr\u00e1fica\"},{\"@type\":\"BreadcrumbList\",\"@id\":\"https:\/\/www.ccb.pt\/evento\/ciclo-historia-de-arte\/2021-10-02\/#breadcrumb\",\"itemListElement\":[{\"@type\":\"ListItem\",\"position\":1,\"name\":\"Home\",\"item\":\"https:\/\/www.ccb.pt\/en\/\"},{\"@type\":\"ListItem\",\"position\":2,\"name\":\"Eventos\",\"item\":\"https:\/\/www.ccb.pt\/eventos\/\"},{\"@type\":\"ListItem\",\"position\":3,\"name\":\"History of Art Cycle\"}]},{\"@type\":\"WebSite\",\"@id\":\"https:\/\/www.ccb.pt\/#website\",\"url\":\"https:\/\/www.ccb.pt\/\",\"name\":\"Centro Cultural de Bel\u00e9m Foundation\",\"description\":\"\",\"publisher\":{\"@id\":\"https:\/\/www.ccb.pt\/#organization\"},\"potentialAction\":[{\"@type\":\"SearchAction\",\"target\":{\"@type\":\"EntryPoint\",\"urlTemplate\":\"https:\/\/www.ccb.pt\/?s={search_term_string}\"},\"query-input\":\"required name=search_term_string\"}],\"inLanguage\":\"en-US\"},{\"@type\":\"Organization\",\"@id\":\"https:\/\/www.ccb.pt\/#organization\",\"name\":\"Centro Cultural de Bel\u00e9m Foundation\",\"url\":\"https:\/\/www.ccb.pt\/\",\"logo\":{\"@type\":\"ImageObject\",\"inLanguage\":\"en-US\",\"@id\":\"https:\/\/www.ccb.pt\/#\/schema\/logo\/image\/\",\"url\":\"https:\/\/www.ccb.pt\/wp-content\/uploads\/2022\/05\/1_ccb.png\",\"contentUrl\":\"https:\/\/www.ccb.pt\/wp-content\/uploads\/2022\/05\/1_ccb.png\",\"width\":126,\"height\":100,\"caption\":\"Centro Cultural de Bel\u00e9m Foundation\"},\"image\":{\"@id\":\"https:\/\/www.ccb.pt\/#\/schema\/logo\/image\/\"},\"sameAs\":[\"https:\/\/twitter.com\/macccb_museu\"]}]}<\/script>\n<!-- \/ Yoast SEO plugin. -->","yoast_head_json":{"title":"History of Art Cycle - Centro Cultural de Bel\u00e9m Foundation","robots":{"index":"index","follow":"follow","max-snippet":"max-snippet:-1","max-image-preview":"max-image-preview:large","max-video-preview":"max-video-preview:-1"},"canonical":"https:\/\/www.ccb.pt\/evento\/ciclo-historia-de-arte\/2021-10-02\/","og_locale":"en_US","og_type":"article","og_title":"History of Art Cycle - Centro Cultural de Bel\u00e9m Foundation","og_url":"https:\/\/www.ccb.pt\/evento\/ciclo-historia-de-arte\/2021-10-02\/","og_site_name":"Centro Cultural de Bel\u00e9m Foundation","article_modified_time":"2021-09-23T14:04:36+00:00","og_image":[{"width":1920,"height":1080,"url":"https:\/\/www.ccb.pt\/wp-content\/uploads\/2020\/12\/fnacODesterrado.jpg","type":"image\/jpeg"}],"twitter_card":"summary_large_image","twitter_site":"@macccb_museu","schema":{"@context":"https:\/\/schema.org","@graph":[{"@type":"WebPage","@id":"https:\/\/www.ccb.pt\/evento\/ciclo-historia-de-arte\/2021-10-02\/","url":"https:\/\/www.ccb.pt\/evento\/ciclo-historia-de-arte\/2021-10-02\/","name":"History of Art Cycle - Centro Cultural de Bel\u00e9m Foundation","isPartOf":{"@id":"https:\/\/www.ccb.pt\/#website"},"primaryImageOfPage":{"@id":"https:\/\/www.ccb.pt\/evento\/ciclo-historia-de-arte\/2021-10-02\/#primaryimage"},"image":{"@id":"https:\/\/www.ccb.pt\/evento\/ciclo-historia-de-arte\/2021-10-02\/#primaryimage"},"thumbnailUrl":"https:\/\/www.ccb.pt\/wp-content\/uploads\/2020\/12\/fnacODesterrado.jpg","datePublished":"2020-12-02T17:36:58+00:00","dateModified":"2021-09-23T14:04:36+00:00","breadcrumb":{"@id":"https:\/\/www.ccb.pt\/evento\/ciclo-historia-de-arte\/2021-10-02\/#breadcrumb"},"inLanguage":"en-US","potentialAction":[{"@type":"ReadAction","target":["https:\/\/www.ccb.pt\/evento\/ciclo-historia-de-arte\/2021-10-02\/"]}]},{"@type":"ImageObject","inLanguage":"en-US","@id":"https:\/\/www.ccb.pt\/evento\/ciclo-historia-de-arte\/2021-10-02\/#primaryimage","url":"https:\/\/www.ccb.pt\/wp-content\/uploads\/2020\/12\/fnacODesterrado.jpg","contentUrl":"https:\/\/www.ccb.pt\/wp-content\/uploads\/2020\/12\/fnacODesterrado.jpg","width":1920,"height":1080,"caption":"\u00a9 CR\u00c9DITOS FOTOGR\u00c1FICOS Ant\u00f3nio Soares dos Reis (1847-1889) O Desterrado 1812 Museu Nacional de Soares dos Reis Fotografia Jos\u00e9 Pessoa, 2001 Dire\u00e7\u00e3o-Geral do Patrim\u00f3nio Cultural \/ Arquivo de Documenta\u00e7\u00e3o Fotogr\u00e1fica"},{"@type":"BreadcrumbList","@id":"https:\/\/www.ccb.pt\/evento\/ciclo-historia-de-arte\/2021-10-02\/#breadcrumb","itemListElement":[{"@type":"ListItem","position":1,"name":"Home","item":"https:\/\/www.ccb.pt\/en\/"},{"@type":"ListItem","position":2,"name":"Eventos","item":"https:\/\/www.ccb.pt\/eventos\/"},{"@type":"ListItem","position":3,"name":"History of Art Cycle"}]},{"@type":"WebSite","@id":"https:\/\/www.ccb.pt\/#website","url":"https:\/\/www.ccb.pt\/","name":"Centro Cultural de Bel\u00e9m Foundation","description":"","publisher":{"@id":"https:\/\/www.ccb.pt\/#organization"},"potentialAction":[{"@type":"SearchAction","target":{"@type":"EntryPoint","urlTemplate":"https:\/\/www.ccb.pt\/?s={search_term_string}"},"query-input":"required name=search_term_string"}],"inLanguage":"en-US"},{"@type":"Organization","@id":"https:\/\/www.ccb.pt\/#organization","name":"Centro Cultural de Bel\u00e9m Foundation","url":"https:\/\/www.ccb.pt\/","logo":{"@type":"ImageObject","inLanguage":"en-US","@id":"https:\/\/www.ccb.pt\/#\/schema\/logo\/image\/","url":"https:\/\/www.ccb.pt\/wp-content\/uploads\/2022\/05\/1_ccb.png","contentUrl":"https:\/\/www.ccb.pt\/wp-content\/uploads\/2022\/05\/1_ccb.png","width":126,"height":100,"caption":"Centro Cultural de Bel\u00e9m Foundation"},"image":{"@id":"https:\/\/www.ccb.pt\/#\/schema\/logo\/image\/"},"sameAs":["https:\/\/twitter.com\/macccb_museu"]}]}},"_links":{"self":[{"href":"https:\/\/www.ccb.pt\/en\/wp-json\/wp\/v2\/tribe_events\/28608"}],"collection":[{"href":"https:\/\/www.ccb.pt\/en\/wp-json\/wp\/v2\/tribe_events"}],"about":[{"href":"https:\/\/www.ccb.pt\/en\/wp-json\/wp\/v2\/types\/tribe_events"}],"author":[{"embeddable":true,"href":"https:\/\/www.ccb.pt\/en\/wp-json\/wp\/v2\/users\/6"}],"replies":[{"embeddable":true,"href":"https:\/\/www.ccb.pt\/en\/wp-json\/wp\/v2\/comments?post=28608"}],"version-history":[{"count":4,"href":"https:\/\/www.ccb.pt\/en\/wp-json\/wp\/v2\/tribe_events\/28608\/revisions"}],"predecessor-version":[{"id":33213,"href":"https:\/\/www.ccb.pt\/en\/wp-json\/wp\/v2\/tribe_events\/28608\/revisions\/33213"}],"wp:featuredmedia":[{"embeddable":true,"href":"https:\/\/www.ccb.pt\/en\/wp-json\/wp\/v2\/media\/27279"}],"wp:attachment":[{"href":"https:\/\/www.ccb.pt\/en\/wp-json\/wp\/v2\/media?parent=28608"}],"wp:term":[{"taxonomy":"tribe_events_cat","embeddable":true,"href":"https:\/\/www.ccb.pt\/en\/wp-json\/wp\/v2\/tribe_events_cat?post=28608"},{"taxonomy":"tags_tema","embeddable":true,"href":"https:\/\/www.ccb.pt\/en\/wp-json\/wp\/v2\/tags_tema?post=28608"},{"taxonomy":"idades","embeddable":true,"href":"https:\/\/www.ccb.pt\/en\/wp-json\/wp\/v2\/idades?post=28608"},{"taxonomy":"tipos","embeddable":true,"href":"https:\/\/www.ccb.pt\/en\/wp-json\/wp\/v2\/tipos?post=28608"},{"taxonomy":"temas","embeddable":true,"href":"https:\/\/www.ccb.pt\/en\/wp-json\/wp\/v2\/temas?post=28608"},{"taxonomy":"categorias_hubspot","embeddable":true,"href":"https:\/\/www.ccb.pt\/en\/wp-json\/wp\/v2\/categorias_hubspot?post=28608"}],"curies":[{"name":"wp","href":"https:\/\/api.w.org\/{rel}","templated":true}]}}

<!-- This site is optimized with the Yoast SEO plugin v22.3 - https://yoast.com/wordpress/plugins/seo/ -->
<title>History of Art Cycle - Centro Cultural de Belém Foundation</title>
<meta name="robots" content="index, follow, max-snippet:-1, max-image-preview:large, max-video-preview:-1" />
<link rel="canonical" href="https://www.ccb.pt/evento/ciclo-historia-de-arte/2021-10-02/" />
<meta property="og:locale" content="en_US" />
<meta property="og:type" content="article" />
<meta property="og:title" content="History of Art Cycle - Centro Cultural de Belém Foundation" />
<meta property="og:url" content="https://www.ccb.pt/evento/ciclo-historia-de-arte/2021-10-02/" />
<meta property="og:site_name" content="Centro Cultural de Belém Foundation" />
<meta property="article:modified_time" content="2021-09-23T14:04:36+00:00" />
<meta property="og:image" content="https://www.ccb.pt/wp-content/uploads/2020/12/fnacODesterrado.jpg" />
	<meta property="og:image:width" content="1920" />
	<meta property="og:image:height" content="1080" />
	<meta property="og:image:type" content="image/jpeg" />
<meta name="twitter:card" content="summary_large_image" />
<meta name="twitter:site" content="@macccb_museu" />
<script type="application/ld+json" class="yoast-schema-graph">{"@context":"https://schema.org","@graph":[{"@type":"WebPage","@id":"https://www.ccb.pt/evento/ciclo-historia-de-arte/2021-10-02/","url":"https://www.ccb.pt/evento/ciclo-historia-de-arte/2021-10-02/","name":"History of Art Cycle - Centro Cultural de Belém Foundation","isPartOf":{"@id":"https://www.ccb.pt/#website"},"primaryImageOfPage":{"@id":"https://www.ccb.pt/evento/ciclo-historia-de-arte/2021-10-02/#primaryimage"},"image":{"@id":"https://www.ccb.pt/evento/ciclo-historia-de-arte/2021-10-02/#primaryimage"},"thumbnailUrl":"https://www.ccb.pt/wp-content/uploads/2020/12/fnacODesterrado.jpg","datePublished":"2020-12-02T17:36:58+00:00","dateModified":"2021-09-23T14:04:36+00:00","breadcrumb":{"@id":"https://www.ccb.pt/evento/ciclo-historia-de-arte/2021-10-02/#breadcrumb"},"inLanguage":"en-US","potentialAction":[{"@type":"ReadAction","target":["https://www.ccb.pt/evento/ciclo-historia-de-arte/2021-10-02/"]}]},{"@type":"ImageObject","inLanguage":"en-US","@id":"https://www.ccb.pt/evento/ciclo-historia-de-arte/2021-10-02/#primaryimage","url":"https://www.ccb.pt/wp-content/uploads/2020/12/fnacODesterrado.jpg","contentUrl":"https://www.ccb.pt/wp-content/uploads/2020/12/fnacODesterrado.jpg","width":1920,"height":1080,"caption":"© CRÉDITOS FOTOGRÁFICOS António Soares dos Reis (1847-1889) O Desterrado 1812 Museu Nacional de Soares dos Reis Fotografia José Pessoa, 2001 Direção-Geral do Património Cultural / Arquivo de Documentação Fotográfica"},{"@type":"BreadcrumbList","@id":"https://www.ccb.pt/evento/ciclo-historia-de-arte/2021-10-02/#breadcrumb","itemListElement":[{"@type":"ListItem","position":1,"name":"Home","item":"https://www.ccb.pt/en/"},{"@type":"ListItem","position":2,"name":"Eventos","item":"https://www.ccb.pt/eventos/"},{"@type":"ListItem","position":3,"name":"History of Art Cycle"}]},{"@type":"WebSite","@id":"https://www.ccb.pt/#website","url":"https://www.ccb.pt/","name":"Centro Cultural de Belém Foundation","description":"","publisher":{"@id":"https://www.ccb.pt/#organization"},"potentialAction":[{"@type":"SearchAction","target":{"@type":"EntryPoint","urlTemplate":"https://www.ccb.pt/?s={search_term_string}"},"query-input":"required name=search_term_string"}],"inLanguage":"en-US"},{"@type":"Organization","@id":"https://www.ccb.pt/#organization","name":"Centro Cultural de Belém Foundation","url":"https://www.ccb.pt/","logo":{"@type":"ImageObject","inLanguage":"en-US","@id":"https://www.ccb.pt/#/schema/logo/image/","url":"https://www.ccb.pt/wp-content/uploads/2022/05/1_ccb.png","contentUrl":"https://www.ccb.pt/wp-content/uploads/2022/05/1_ccb.png","width":126,"height":100,"caption":"Centro Cultural de Belém Foundation"},"image":{"@id":"https://www.ccb.pt/#/schema/logo/image/"},"sameAs":["https://twitter.com/macccb_museu"]}]}</script>
<!-- / Yoast SEO plugin. -->

History of Art Cycle - Centro Cultural de Belém Foundation

Centro Cultural de Belém Foundation

© CRÉDITOS FOTOGRÁFICOS António Soares dos Reis (1847-1889) O Desterrado 1812 Museu Nacional de Soares dos Reis Fotografia José Pessoa, 2001 Direção-Geral do Património Cultural / Arquivo de Documentação Fotográfica
