    {"id":265249,"date":"2025-09-12T10:13:38","date_gmt":"2025-09-12T09:13:38","guid":{"rendered":"https:\/\/www.ccb.pt\/evento\/garfo\/"},"modified":"2026-03-23T15:31:33","modified_gmt":"2026-03-23T15:31:33","slug":"garfo","status":"publish","type":"tribe_events","link":"https:\/\/www.ccb.pt\/en\/evento\/garfo\/","title":{"rendered":"GARFO"},"content":{"rendered":"<p>Formed by four leading musicians of Portugal\u2019s new jazz generation \u2014 Bernardo Tinoco, Jo\u00e3o Almeida, Jo\u00e3o Fragoso, and Jo\u00e3o Sousa \u2014 GARFO has been steadily carving its place in the national jazz scene since its debut in 2019. With performances in numerous venues and festivals across the country, the group was named <em>Best New Group<\/em> at the RTP\/Festa do Jazz Awards following the release of their first album on the Clean Feed label.<\/p>\n<p>In 2026, they perform at the CCB presenting their second album, <em>\u00d3rdia<\/em>, released by Robalo, where they continue to explore free improvisation, complex rhythmic structures, and an open, communicative musical language.<\/p>\n","protected":false},"excerpt":{"rendered":"<p>Formed by four leading musicians of Portugal\u2019s new jazz generation \u2014 Bernardo Tinoco, Jo\u00e3o Almeida, Jo\u00e3o Fragoso, and Jo\u00e3o Sousa \u2014 GARFO has been steadily carving its place in the national jazz scene since its debut in 2019. With performances in numerous venues and festivals across the country, the group was named Best New Group [&hellip;]<\/p>\n","protected":false},"author":6,"featured_media":240750,"comment_status":"closed","ping_status":"closed","template":"","meta":{"_relevanssi_hide_post":"","_relevanssi_pin_for_all":"on","_relevanssi_pin_keywords":"","_relevanssi_unpin_keywords":"","_relevanssi_related_keywords":"","_relevanssi_related_include_ids":"","_relevanssi_related_exclude_ids":"","_relevanssi_related_no_append":"","_relevanssi_related_not_related":"","_relevanssi_related_posts":"","_relevanssi_noindex_reason":""},"tribe_events_cat":[694,598,23],"tags_tema":[],"idades":[392],"tipos":[],"temas":[],"categorias_hubspot":[],"acf":[],"yoast_head":"<!-- This site is optimized with the Yoast SEO plugin v22.3 - https:\/\/yoast.com\/wordpress\/plugins\/seo\/ -->\n<title>GARFO - Centro Cultural de Bel\u00e9m Foundation<\/title>\n<meta name=\"robots\" content=\"index, follow, max-snippet:-1, max-image-preview:large, max-video-preview:-1\" \/>\n<link rel=\"canonical\" href=\"https:\/\/www.ccb.pt\/en\/evento\/garfo\/\" \/>\n<meta property=\"og:locale\" content=\"en_US\" \/>\n<meta property=\"og:type\" content=\"article\" \/>\n<meta property=\"og:title\" content=\"GARFO - Centro Cultural de Bel\u00e9m Foundation\" \/>\n<meta property=\"og:description\" content=\"Formed by four leading musicians of Portugal\u2019s new jazz generation \u2014 Bernardo Tinoco, Jo\u00e3o Almeida, Jo\u00e3o Fragoso, and Jo\u00e3o Sousa \u2014 GARFO has been steadily carving its place in the national jazz scene since its debut in 2019. With performances in numerous venues and festivals across the country, the group was named Best New Group [&hellip;]\" \/>\n<meta property=\"og:url\" content=\"https:\/\/www.ccb.pt\/en\/evento\/garfo\/\" \/>\n<meta property=\"og:site_name\" content=\"Centro Cultural de Bel\u00e9m Foundation\" \/>\n<meta property=\"article:modified_time\" content=\"2026-03-23T15:31:33+00:00\" \/>\n<meta property=\"og:image\" content=\"https:\/\/www.ccb.pt\/wp-content\/uploads\/2025\/07\/GARFO-creditoJoAo-Hasselberg.jpg\" \/>\n\t<meta property=\"og:image:width\" content=\"2000\" \/>\n\t<meta property=\"og:image:height\" content=\"1122\" \/>\n\t<meta property=\"og:image:type\" content=\"image\/jpeg\" \/>\n<meta name=\"twitter:card\" content=\"summary_large_image\" \/>\n<meta name=\"twitter:site\" content=\"@macccb_museu\" \/>\n<meta name=\"twitter:label1\" content=\"Est. reading time\" \/>\n\t<meta name=\"twitter:data1\" content=\"1 minute\" \/>\n<script type=\"application\/ld+json\" class=\"yoast-schema-graph\">{\"@context\":\"https:\/\/schema.org\",\"@graph\":[{\"@type\":\"WebPage\",\"@id\":\"https:\/\/www.ccb.pt\/en\/evento\/garfo\/\",\"url\":\"https:\/\/www.ccb.pt\/en\/evento\/garfo\/\",\"name\":\"GARFO - Centro Cultural de Bel\u00e9m Foundation\",\"isPartOf\":{\"@id\":\"https:\/\/www.ccb.pt\/#website\"},\"primaryImageOfPage\":{\"@id\":\"https:\/\/www.ccb.pt\/en\/evento\/garfo\/#primaryimage\"},\"image\":{\"@id\":\"https:\/\/www.ccb.pt\/en\/evento\/garfo\/#primaryimage\"},\"thumbnailUrl\":\"https:\/\/www.ccb.pt\/wp-content\/uploads\/2025\/07\/GARFO-creditoJoAo-Hasselberg.jpg\",\"datePublished\":\"2025-09-12T09:13:38+00:00\",\"dateModified\":\"2026-03-23T15:31:33+00:00\",\"breadcrumb\":{\"@id\":\"https:\/\/www.ccb.pt\/en\/evento\/garfo\/#breadcrumb\"},\"inLanguage\":\"en-US\",\"potentialAction\":[{\"@type\":\"ReadAction\",\"target\":[\"https:\/\/www.ccb.pt\/en\/evento\/garfo\/\"]}]},{\"@type\":\"ImageObject\",\"inLanguage\":\"en-US\",\"@id\":\"https:\/\/www.ccb.pt\/en\/evento\/garfo\/#primaryimage\",\"url\":\"https:\/\/www.ccb.pt\/wp-content\/uploads\/2025\/07\/GARFO-creditoJoAo-Hasselberg.jpg\",\"contentUrl\":\"https:\/\/www.ccb.pt\/wp-content\/uploads\/2025\/07\/GARFO-creditoJoAo-Hasselberg.jpg\",\"width\":2000,\"height\":1122,\"caption\":\"Imagem da banda Garfo de quatro jovens homens com estilo urbano, barba e cabelo escuros, usando roupas casuais e express\u00e3o s\u00e9ria, posando juntos.\"},{\"@type\":\"BreadcrumbList\",\"@id\":\"https:\/\/www.ccb.pt\/en\/evento\/garfo\/#breadcrumb\",\"itemListElement\":[{\"@type\":\"ListItem\",\"position\":1,\"name\":\"Home\",\"item\":\"https:\/\/www.ccb.pt\/en\/\"},{\"@type\":\"ListItem\",\"position\":2,\"name\":\"Eventos\",\"item\":\"https:\/\/www.ccb.pt\/eventos\/\"},{\"@type\":\"ListItem\",\"position\":3,\"name\":\"GARFO\"}]},{\"@type\":\"WebSite\",\"@id\":\"https:\/\/www.ccb.pt\/#website\",\"url\":\"https:\/\/www.ccb.pt\/\",\"name\":\"Centro Cultural de Bel\u00e9m Foundation\",\"description\":\"\",\"publisher\":{\"@id\":\"https:\/\/www.ccb.pt\/#organization\"},\"potentialAction\":[{\"@type\":\"SearchAction\",\"target\":{\"@type\":\"EntryPoint\",\"urlTemplate\":\"https:\/\/www.ccb.pt\/?s={search_term_string}\"},\"query-input\":\"required name=search_term_string\"}],\"inLanguage\":\"en-US\"},{\"@type\":\"Organization\",\"@id\":\"https:\/\/www.ccb.pt\/#organization\",\"name\":\"Centro Cultural de Bel\u00e9m Foundation\",\"url\":\"https:\/\/www.ccb.pt\/\",\"logo\":{\"@type\":\"ImageObject\",\"inLanguage\":\"en-US\",\"@id\":\"https:\/\/www.ccb.pt\/#\/schema\/logo\/image\/\",\"url\":\"https:\/\/www.ccb.pt\/wp-content\/uploads\/2022\/05\/1_ccb.png\",\"contentUrl\":\"https:\/\/www.ccb.pt\/wp-content\/uploads\/2022\/05\/1_ccb.png\",\"width\":126,\"height\":100,\"caption\":\"Centro Cultural de Bel\u00e9m Foundation\"},\"image\":{\"@id\":\"https:\/\/www.ccb.pt\/#\/schema\/logo\/image\/\"},\"sameAs\":[\"https:\/\/twitter.com\/macccb_museu\"]}]}<\/script>\n<!-- \/ Yoast SEO plugin. -->","yoast_head_json":{"title":"GARFO - Centro Cultural de Bel\u00e9m Foundation","robots":{"index":"index","follow":"follow","max-snippet":"max-snippet:-1","max-image-preview":"max-image-preview:large","max-video-preview":"max-video-preview:-1"},"canonical":"https:\/\/www.ccb.pt\/en\/evento\/garfo\/","og_locale":"en_US","og_type":"article","og_title":"GARFO - Centro Cultural de Bel\u00e9m Foundation","og_description":"Formed by four leading musicians of Portugal\u2019s new jazz generation \u2014 Bernardo Tinoco, Jo\u00e3o Almeida, Jo\u00e3o Fragoso, and Jo\u00e3o Sousa \u2014 GARFO has been steadily carving its place in the national jazz scene since its debut in 2019. With performances in numerous venues and festivals across the country, the group was named Best New Group [&hellip;]","og_url":"https:\/\/www.ccb.pt\/en\/evento\/garfo\/","og_site_name":"Centro Cultural de Bel\u00e9m Foundation","article_modified_time":"2026-03-23T15:31:33+00:00","og_image":[{"width":2000,"height":1122,"url":"https:\/\/www.ccb.pt\/wp-content\/uploads\/2025\/07\/GARFO-creditoJoAo-Hasselberg.jpg","type":"image\/jpeg"}],"twitter_card":"summary_large_image","twitter_site":"@macccb_museu","twitter_misc":{"Est. reading time":"1 minute"},"schema":{"@context":"https:\/\/schema.org","@graph":[{"@type":"WebPage","@id":"https:\/\/www.ccb.pt\/en\/evento\/garfo\/","url":"https:\/\/www.ccb.pt\/en\/evento\/garfo\/","name":"GARFO - Centro Cultural de Bel\u00e9m Foundation","isPartOf":{"@id":"https:\/\/www.ccb.pt\/#website"},"primaryImageOfPage":{"@id":"https:\/\/www.ccb.pt\/en\/evento\/garfo\/#primaryimage"},"image":{"@id":"https:\/\/www.ccb.pt\/en\/evento\/garfo\/#primaryimage"},"thumbnailUrl":"https:\/\/www.ccb.pt\/wp-content\/uploads\/2025\/07\/GARFO-creditoJoAo-Hasselberg.jpg","datePublished":"2025-09-12T09:13:38+00:00","dateModified":"2026-03-23T15:31:33+00:00","breadcrumb":{"@id":"https:\/\/www.ccb.pt\/en\/evento\/garfo\/#breadcrumb"},"inLanguage":"en-US","potentialAction":[{"@type":"ReadAction","target":["https:\/\/www.ccb.pt\/en\/evento\/garfo\/"]}]},{"@type":"ImageObject","inLanguage":"en-US","@id":"https:\/\/www.ccb.pt\/en\/evento\/garfo\/#primaryimage","url":"https:\/\/www.ccb.pt\/wp-content\/uploads\/2025\/07\/GARFO-creditoJoAo-Hasselberg.jpg","contentUrl":"https:\/\/www.ccb.pt\/wp-content\/uploads\/2025\/07\/GARFO-creditoJoAo-Hasselberg.jpg","width":2000,"height":1122,"caption":"Imagem da banda Garfo de quatro jovens homens com estilo urbano, barba e cabelo escuros, usando roupas casuais e express\u00e3o s\u00e9ria, posando juntos."},{"@type":"BreadcrumbList","@id":"https:\/\/www.ccb.pt\/en\/evento\/garfo\/#breadcrumb","itemListElement":[{"@type":"ListItem","position":1,"name":"Home","item":"https:\/\/www.ccb.pt\/en\/"},{"@type":"ListItem","position":2,"name":"Eventos","item":"https:\/\/www.ccb.pt\/eventos\/"},{"@type":"ListItem","position":3,"name":"GARFO"}]},{"@type":"WebSite","@id":"https:\/\/www.ccb.pt\/#website","url":"https:\/\/www.ccb.pt\/","name":"Centro Cultural de Bel\u00e9m Foundation","description":"","publisher":{"@id":"https:\/\/www.ccb.pt\/#organization"},"potentialAction":[{"@type":"SearchAction","target":{"@type":"EntryPoint","urlTemplate":"https:\/\/www.ccb.pt\/?s={search_term_string}"},"query-input":"required name=search_term_string"}],"inLanguage":"en-US"},{"@type":"Organization","@id":"https:\/\/www.ccb.pt\/#organization","name":"Centro Cultural de Bel\u00e9m Foundation","url":"https:\/\/www.ccb.pt\/","logo":{"@type":"ImageObject","inLanguage":"en-US","@id":"https:\/\/www.ccb.pt\/#\/schema\/logo\/image\/","url":"https:\/\/www.ccb.pt\/wp-content\/uploads\/2022\/05\/1_ccb.png","contentUrl":"https:\/\/www.ccb.pt\/wp-content\/uploads\/2022\/05\/1_ccb.png","width":126,"height":100,"caption":"Centro Cultural de Bel\u00e9m Foundation"},"image":{"@id":"https:\/\/www.ccb.pt\/#\/schema\/logo\/image\/"},"sameAs":["https:\/\/twitter.com\/macccb_museu"]}]}},"_links":{"self":[{"href":"https:\/\/www.ccb.pt\/en\/wp-json\/wp\/v2\/tribe_events\/265249"}],"collection":[{"href":"https:\/\/www.ccb.pt\/en\/wp-json\/wp\/v2\/tribe_events"}],"about":[{"href":"https:\/\/www.ccb.pt\/en\/wp-json\/wp\/v2\/types\/tribe_events"}],"author":[{"embeddable":true,"href":"https:\/\/www.ccb.pt\/en\/wp-json\/wp\/v2\/users\/6"}],"replies":[{"embeddable":true,"href":"https:\/\/www.ccb.pt\/en\/wp-json\/wp\/v2\/comments?post=265249"}],"version-history":[{"count":5,"href":"https:\/\/www.ccb.pt\/en\/wp-json\/wp\/v2\/tribe_events\/265249\/revisions"}],"predecessor-version":[{"id":278662,"href":"https:\/\/www.ccb.pt\/en\/wp-json\/wp\/v2\/tribe_events\/265249\/revisions\/278662"}],"wp:featuredmedia":[{"embeddable":true,"href":"https:\/\/www.ccb.pt\/en\/wp-json\/wp\/v2\/media\/240750"}],"wp:attachment":[{"href":"https:\/\/www.ccb.pt\/en\/wp-json\/wp\/v2\/media?parent=265249"}],"wp:term":[{"taxonomy":"tribe_events_cat","embeddable":true,"href":"https:\/\/www.ccb.pt\/en\/wp-json\/wp\/v2\/tribe_events_cat?post=265249"},{"taxonomy":"tags_tema","embeddable":true,"href":"https:\/\/www.ccb.pt\/en\/wp-json\/wp\/v2\/tags_tema?post=265249"},{"taxonomy":"idades","embeddable":true,"href":"https:\/\/www.ccb.pt\/en\/wp-json\/wp\/v2\/idades?post=265249"},{"taxonomy":"tipos","embeddable":true,"href":"https:\/\/www.ccb.pt\/en\/wp-json\/wp\/v2\/tipos?post=265249"},{"taxonomy":"temas","embeddable":true,"href":"https:\/\/www.ccb.pt\/en\/wp-json\/wp\/v2\/temas?post=265249"},{"taxonomy":"categorias_hubspot","embeddable":true,"href":"https:\/\/www.ccb.pt\/en\/wp-json\/wp\/v2\/categorias_hubspot?post=265249"}],"curies":[{"name":"wp","href":"https:\/\/api.w.org\/{rel}","templated":true}]}}

<p>Formed by four leading musicians of Portugal’s new jazz generation — Bernardo Tinoco, João Almeida, João Fragoso, and João Sousa — GARFO has been steadily carving its place in the national jazz scene since its debut in 2019. With performances in numerous venues and festivals across the country, the group was named <em>Best New Group</em> at the RTP/Festa do Jazz Awards following the release of their first album on the Clean Feed label.</p>
<p>In 2026, they perform at the CCB presenting their second album, <em>Órdia</em>, released by Robalo, where they continue to explore free improvisation, complex rhythmic structures, and an open, communicative musical language.</p>

<p>Formed by four leading musicians of Portugal’s new jazz generation — Bernardo Tinoco, João Almeida, João Fragoso, and João Sousa — GARFO has been steadily carving its place in the national jazz scene since its debut in 2019. With performances in numerous venues and festivals across the country, the group was named Best New Group [&hellip;]</p>

<!-- This site is optimized with the Yoast SEO plugin v22.3 - https://yoast.com/wordpress/plugins/seo/ -->
<title>GARFO - Centro Cultural de Belém Foundation</title>
<meta name="robots" content="index, follow, max-snippet:-1, max-image-preview:large, max-video-preview:-1" />
<link rel="canonical" href="https://www.ccb.pt/en/evento/garfo/" />
<meta property="og:locale" content="en_US" />
<meta property="og:type" content="article" />
<meta property="og:title" content="GARFO - Centro Cultural de Belém Foundation" />
<meta property="og:description" content="Formed by four leading musicians of Portugal’s new jazz generation — Bernardo Tinoco, João Almeida, João Fragoso, and João Sousa — GARFO has been steadily carving its place in the national jazz scene since its debut in 2019. With performances in numerous venues and festivals across the country, the group was named Best New Group [&hellip;]" />
<meta property="og:url" content="https://www.ccb.pt/en/evento/garfo/" />
<meta property="og:site_name" content="Centro Cultural de Belém Foundation" />
<meta property="article:modified_time" content="2026-03-23T15:31:33+00:00" />
<meta property="og:image" content="https://www.ccb.pt/wp-content/uploads/2025/07/GARFO-creditoJoAo-Hasselberg.jpg" />
	<meta property="og:image:width" content="2000" />
	<meta property="og:image:height" content="1122" />
	<meta property="og:image:type" content="image/jpeg" />
<meta name="twitter:card" content="summary_large_image" />
<meta name="twitter:site" content="@macccb_museu" />
<meta name="twitter:label1" content="Est. reading time" />
	<meta name="twitter:data1" content="1 minute" />
<script type="application/ld+json" class="yoast-schema-graph">{"@context":"https://schema.org","@graph":[{"@type":"WebPage","@id":"https://www.ccb.pt/en/evento/garfo/","url":"https://www.ccb.pt/en/evento/garfo/","name":"GARFO - Centro Cultural de Belém Foundation","isPartOf":{"@id":"https://www.ccb.pt/#website"},"primaryImageOfPage":{"@id":"https://www.ccb.pt/en/evento/garfo/#primaryimage"},"image":{"@id":"https://www.ccb.pt/en/evento/garfo/#primaryimage"},"thumbnailUrl":"https://www.ccb.pt/wp-content/uploads/2025/07/GARFO-creditoJoAo-Hasselberg.jpg","datePublished":"2025-09-12T09:13:38+00:00","dateModified":"2026-03-23T15:31:33+00:00","breadcrumb":{"@id":"https://www.ccb.pt/en/evento/garfo/#breadcrumb"},"inLanguage":"en-US","potentialAction":[{"@type":"ReadAction","target":["https://www.ccb.pt/en/evento/garfo/"]}]},{"@type":"ImageObject","inLanguage":"en-US","@id":"https://www.ccb.pt/en/evento/garfo/#primaryimage","url":"https://www.ccb.pt/wp-content/uploads/2025/07/GARFO-creditoJoAo-Hasselberg.jpg","contentUrl":"https://www.ccb.pt/wp-content/uploads/2025/07/GARFO-creditoJoAo-Hasselberg.jpg","width":2000,"height":1122,"caption":"Imagem da banda Garfo de quatro jovens homens com estilo urbano, barba e cabelo escuros, usando roupas casuais e expressão séria, posando juntos."},{"@type":"BreadcrumbList","@id":"https://www.ccb.pt/en/evento/garfo/#breadcrumb","itemListElement":[{"@type":"ListItem","position":1,"name":"Home","item":"https://www.ccb.pt/en/"},{"@type":"ListItem","position":2,"name":"Eventos","item":"https://www.ccb.pt/eventos/"},{"@type":"ListItem","position":3,"name":"GARFO"}]},{"@type":"WebSite","@id":"https://www.ccb.pt/#website","url":"https://www.ccb.pt/","name":"Centro Cultural de Belém Foundation","description":"","publisher":{"@id":"https://www.ccb.pt/#organization"},"potentialAction":[{"@type":"SearchAction","target":{"@type":"EntryPoint","urlTemplate":"https://www.ccb.pt/?s={search_term_string}"},"query-input":"required name=search_term_string"}],"inLanguage":"en-US"},{"@type":"Organization","@id":"https://www.ccb.pt/#organization","name":"Centro Cultural de Belém Foundation","url":"https://www.ccb.pt/","logo":{"@type":"ImageObject","inLanguage":"en-US","@id":"https://www.ccb.pt/#/schema/logo/image/","url":"https://www.ccb.pt/wp-content/uploads/2022/05/1_ccb.png","contentUrl":"https://www.ccb.pt/wp-content/uploads/2022/05/1_ccb.png","width":126,"height":100,"caption":"Centro Cultural de Belém Foundation"},"image":{"@id":"https://www.ccb.pt/#/schema/logo/image/"},"sameAs":["https://twitter.com/macccb_museu"]}]}</script>
<!-- / Yoast SEO plugin. -->

GARFO - Centro Cultural de Belém Foundation

Formed by four leading musicians of Portugal’s new jazz generation — Bernardo Tinoco, João Almeida, João Fragoso, and João Sousa — GARFO has been steadily carving its place in the national jazz scene since its debut in 2019. With performances in numerous venues and festivals across the country, the group was named Best New Group [&hellip;]

Centro Cultural de Belém Foundation

Imagem da banda Garfo de quatro jovens homens com estilo urbano, barba e cabelo escuros, usando roupas casuais e expressão séria, posando juntos.
