    {"id":237758,"date":"2025-06-11T15:34:17","date_gmt":"2025-06-11T14:34:17","guid":{"rendered":"https:\/\/www.ccb.pt\/?post_type=tribe_events&#038;p=237758"},"modified":"2025-06-12T08:56:28","modified_gmt":"2025-06-12T07:56:28","slug":"interspecies-gathering","status":"publish","type":"tribe_events","link":"https:\/\/www.ccb.pt\/en\/evento\/interspecies-gathering\/","title":{"rendered":"Interspecies Gathering"},"content":{"rendered":"<p>A full-day public gathering of collective thought about the exhibition <em>Interspecies<\/em>. This event invites experimentation and dialogue between humans and other forms of life through conversations, workshops, and experiences led by cultural figures from the fields of science, philosophy, architecture, and the visual arts.<\/p>\n<p>The programme includes the inauguration of two new installations in the museum gardens: one for people and birds, by Studio Ossidiana; and another for people and fish, designed by the collective Superflex in collaboration with KWY.studio.<\/p>\n<p>&nbsp;<\/p>\n<p>&nbsp;<\/p>\n","protected":false},"excerpt":{"rendered":"<p>A full-day public gathering of collective thought about the exhibition Interspecies. This event invites experimentation and dialogue between humans and other forms of life through conversations, workshops, and experiences led by cultural figures from the fields of science, philosophy, architecture, and the visual arts. The programme includes the inauguration of two new installations in the [&hellip;]<\/p>\n","protected":false},"author":6,"featured_media":227594,"comment_status":"closed","ping_status":"closed","template":"","meta":{"_relevanssi_hide_post":"","_relevanssi_pin_for_all":"on","_relevanssi_pin_keywords":"","_relevanssi_unpin_keywords":"","_relevanssi_related_keywords":"","_relevanssi_related_include_ids":"","_relevanssi_related_exclude_ids":"","_relevanssi_related_no_append":"","_relevanssi_related_not_related":"","_relevanssi_related_posts":"","_relevanssi_noindex_reason":""},"tribe_events_cat":[646,661,400,565],"tags_tema":[],"idades":[],"tipos":[],"temas":[],"categorias_hubspot":[],"acf":[],"yoast_head":"<!-- This site is optimized with the Yoast SEO plugin v22.3 - https:\/\/yoast.com\/wordpress\/plugins\/seo\/ -->\n<title>Interspecies Gathering - Centro Cultural de Bel\u00e9m Foundation<\/title>\n<meta name=\"description\" content=\"Um dia de pensamento coletivo em torno da exposi\u00e7\u00e3o &quot;Interesp\u00e9cies&quot;.Um dia de pensamento coletivo em torno da exposi\u00e7\u00e3o Interesp\u00e9cies, aberto ao p\u00fablico.\" \/>\n<meta name=\"robots\" content=\"index, follow, max-snippet:-1, max-image-preview:large, max-video-preview:-1\" \/>\n<link rel=\"canonical\" href=\"https:\/\/www.ccb.pt\/en\/evento\/interspecies-gathering\/\" \/>\n<meta property=\"og:locale\" content=\"en_US\" \/>\n<meta property=\"og:type\" content=\"article\" \/>\n<meta property=\"og:title\" content=\"Conv\u00edvio Interesp\u00e9cies | MAC\/CCB\" \/>\n<meta property=\"og:description\" content=\"Um dia de pensamento coletivo em torno da exposi\u00e7\u00e3o &quot;Interesp\u00e9cies&quot;.Um dia de pensamento coletivo em torno da exposi\u00e7\u00e3o Interesp\u00e9cies, aberto ao p\u00fablico.\" \/>\n<meta property=\"og:url\" content=\"https:\/\/www.ccb.pt\/en\/evento\/interspecies-gathering\/\" \/>\n<meta property=\"og:site_name\" content=\"Centro Cultural de Bel\u00e9m Foundation\" \/>\n<meta property=\"article:modified_time\" content=\"2025-06-12T07:56:28+00:00\" \/>\n<meta property=\"og:image\" content=\"https:\/\/www.ccb.pt\/wp-content\/uploads\/2025\/04\/Interspecies-vistas-de-exposicaoDSF4101-e1749649228474.jpg\" \/>\n\t<meta property=\"og:image:width\" content=\"2000\" \/>\n\t<meta property=\"og:image:height\" content=\"1030\" \/>\n\t<meta property=\"og:image:type\" content=\"image\/jpeg\" \/>\n<meta name=\"twitter:card\" content=\"summary_large_image\" \/>\n<meta name=\"twitter:site\" content=\"@macccb_museu\" \/>\n<meta name=\"twitter:label1\" content=\"Est. reading time\" \/>\n\t<meta name=\"twitter:data1\" content=\"1 minute\" \/>\n<script type=\"application\/ld+json\" class=\"yoast-schema-graph\">{\"@context\":\"https:\/\/schema.org\",\"@graph\":[{\"@type\":\"WebPage\",\"@id\":\"https:\/\/www.ccb.pt\/en\/evento\/interspecies-gathering\/\",\"url\":\"https:\/\/www.ccb.pt\/en\/evento\/interspecies-gathering\/\",\"name\":\"Interspecies Gathering - Centro Cultural de Bel\u00e9m Foundation\",\"isPartOf\":{\"@id\":\"https:\/\/www.ccb.pt\/#website\"},\"primaryImageOfPage\":{\"@id\":\"https:\/\/www.ccb.pt\/en\/evento\/interspecies-gathering\/#primaryimage\"},\"image\":{\"@id\":\"https:\/\/www.ccb.pt\/en\/evento\/interspecies-gathering\/#primaryimage\"},\"thumbnailUrl\":\"https:\/\/www.ccb.pt\/wp-content\/uploads\/2025\/04\/Interspecies-vistas-de-exposicaoDSF4101-e1749649228474.jpg\",\"datePublished\":\"2025-06-11T14:34:17+00:00\",\"dateModified\":\"2025-06-12T07:56:28+00:00\",\"description\":\"Um dia de pensamento coletivo em torno da exposi\u00e7\u00e3o \\\"Interesp\u00e9cies\\\".Um dia de pensamento coletivo em torno da exposi\u00e7\u00e3o Interesp\u00e9cies, aberto ao p\u00fablico.\",\"breadcrumb\":{\"@id\":\"https:\/\/www.ccb.pt\/en\/evento\/interspecies-gathering\/#breadcrumb\"},\"inLanguage\":\"en-US\",\"potentialAction\":[{\"@type\":\"ReadAction\",\"target\":[\"https:\/\/www.ccb.pt\/en\/evento\/interspecies-gathering\/\"]}]},{\"@type\":\"ImageObject\",\"inLanguage\":\"en-US\",\"@id\":\"https:\/\/www.ccb.pt\/en\/evento\/interspecies-gathering\/#primaryimage\",\"url\":\"https:\/\/www.ccb.pt\/wp-content\/uploads\/2025\/04\/Interspecies-vistas-de-exposicaoDSF4101-e1749649228474.jpg\",\"contentUrl\":\"https:\/\/www.ccb.pt\/wp-content\/uploads\/2025\/04\/Interspecies-vistas-de-exposicaoDSF4101-e1749649228474.jpg\",\"width\":2000,\"height\":1500,\"caption\":\"(c) F\u00e1bio Cunha\"},{\"@type\":\"BreadcrumbList\",\"@id\":\"https:\/\/www.ccb.pt\/en\/evento\/interspecies-gathering\/#breadcrumb\",\"itemListElement\":[{\"@type\":\"ListItem\",\"position\":1,\"name\":\"Home\",\"item\":\"https:\/\/www.ccb.pt\/en\/\"},{\"@type\":\"ListItem\",\"position\":2,\"name\":\"Eventos\",\"item\":\"https:\/\/www.ccb.pt\/eventos\/\"},{\"@type\":\"ListItem\",\"position\":3,\"name\":\"Interspecies Gathering\"}]},{\"@type\":\"WebSite\",\"@id\":\"https:\/\/www.ccb.pt\/#website\",\"url\":\"https:\/\/www.ccb.pt\/\",\"name\":\"Centro Cultural de Bel\u00e9m Foundation\",\"description\":\"\",\"publisher\":{\"@id\":\"https:\/\/www.ccb.pt\/#organization\"},\"potentialAction\":[{\"@type\":\"SearchAction\",\"target\":{\"@type\":\"EntryPoint\",\"urlTemplate\":\"https:\/\/www.ccb.pt\/?s={search_term_string}\"},\"query-input\":\"required name=search_term_string\"}],\"inLanguage\":\"en-US\"},{\"@type\":\"Organization\",\"@id\":\"https:\/\/www.ccb.pt\/#organization\",\"name\":\"Centro Cultural de Bel\u00e9m Foundation\",\"url\":\"https:\/\/www.ccb.pt\/\",\"logo\":{\"@type\":\"ImageObject\",\"inLanguage\":\"en-US\",\"@id\":\"https:\/\/www.ccb.pt\/#\/schema\/logo\/image\/\",\"url\":\"https:\/\/www.ccb.pt\/wp-content\/uploads\/2022\/05\/1_ccb.png\",\"contentUrl\":\"https:\/\/www.ccb.pt\/wp-content\/uploads\/2022\/05\/1_ccb.png\",\"width\":126,\"height\":100,\"caption\":\"Centro Cultural de Bel\u00e9m Foundation\"},\"image\":{\"@id\":\"https:\/\/www.ccb.pt\/#\/schema\/logo\/image\/\"},\"sameAs\":[\"https:\/\/twitter.com\/macccb_museu\"]}]}<\/script>\n<!-- \/ Yoast SEO plugin. -->","yoast_head_json":{"title":"Interspecies Gathering - Centro Cultural de Bel\u00e9m Foundation","description":"Um dia de pensamento coletivo em torno da exposi\u00e7\u00e3o \"Interesp\u00e9cies\".Um dia de pensamento coletivo em torno da exposi\u00e7\u00e3o Interesp\u00e9cies, aberto ao p\u00fablico.","robots":{"index":"index","follow":"follow","max-snippet":"max-snippet:-1","max-image-preview":"max-image-preview:large","max-video-preview":"max-video-preview:-1"},"canonical":"https:\/\/www.ccb.pt\/en\/evento\/interspecies-gathering\/","og_locale":"en_US","og_type":"article","og_title":"Conv\u00edvio Interesp\u00e9cies | MAC\/CCB","og_description":"Um dia de pensamento coletivo em torno da exposi\u00e7\u00e3o \"Interesp\u00e9cies\".Um dia de pensamento coletivo em torno da exposi\u00e7\u00e3o Interesp\u00e9cies, aberto ao p\u00fablico.","og_url":"https:\/\/www.ccb.pt\/en\/evento\/interspecies-gathering\/","og_site_name":"Centro Cultural de Bel\u00e9m Foundation","article_modified_time":"2025-06-12T07:56:28+00:00","og_image":[{"width":2000,"height":1030,"url":"https:\/\/www.ccb.pt\/wp-content\/uploads\/2025\/04\/Interspecies-vistas-de-exposicaoDSF4101-e1749649228474.jpg","type":"image\/jpeg"}],"twitter_card":"summary_large_image","twitter_site":"@macccb_museu","twitter_misc":{"Est. reading time":"1 minute"},"schema":{"@context":"https:\/\/schema.org","@graph":[{"@type":"WebPage","@id":"https:\/\/www.ccb.pt\/en\/evento\/interspecies-gathering\/","url":"https:\/\/www.ccb.pt\/en\/evento\/interspecies-gathering\/","name":"Interspecies Gathering - Centro Cultural de Bel\u00e9m Foundation","isPartOf":{"@id":"https:\/\/www.ccb.pt\/#website"},"primaryImageOfPage":{"@id":"https:\/\/www.ccb.pt\/en\/evento\/interspecies-gathering\/#primaryimage"},"image":{"@id":"https:\/\/www.ccb.pt\/en\/evento\/interspecies-gathering\/#primaryimage"},"thumbnailUrl":"https:\/\/www.ccb.pt\/wp-content\/uploads\/2025\/04\/Interspecies-vistas-de-exposicaoDSF4101-e1749649228474.jpg","datePublished":"2025-06-11T14:34:17+00:00","dateModified":"2025-06-12T07:56:28+00:00","description":"Um dia de pensamento coletivo em torno da exposi\u00e7\u00e3o \"Interesp\u00e9cies\".Um dia de pensamento coletivo em torno da exposi\u00e7\u00e3o Interesp\u00e9cies, aberto ao p\u00fablico.","breadcrumb":{"@id":"https:\/\/www.ccb.pt\/en\/evento\/interspecies-gathering\/#breadcrumb"},"inLanguage":"en-US","potentialAction":[{"@type":"ReadAction","target":["https:\/\/www.ccb.pt\/en\/evento\/interspecies-gathering\/"]}]},{"@type":"ImageObject","inLanguage":"en-US","@id":"https:\/\/www.ccb.pt\/en\/evento\/interspecies-gathering\/#primaryimage","url":"https:\/\/www.ccb.pt\/wp-content\/uploads\/2025\/04\/Interspecies-vistas-de-exposicaoDSF4101-e1749649228474.jpg","contentUrl":"https:\/\/www.ccb.pt\/wp-content\/uploads\/2025\/04\/Interspecies-vistas-de-exposicaoDSF4101-e1749649228474.jpg","width":2000,"height":1500,"caption":"(c) F\u00e1bio Cunha"},{"@type":"BreadcrumbList","@id":"https:\/\/www.ccb.pt\/en\/evento\/interspecies-gathering\/#breadcrumb","itemListElement":[{"@type":"ListItem","position":1,"name":"Home","item":"https:\/\/www.ccb.pt\/en\/"},{"@type":"ListItem","position":2,"name":"Eventos","item":"https:\/\/www.ccb.pt\/eventos\/"},{"@type":"ListItem","position":3,"name":"Interspecies Gathering"}]},{"@type":"WebSite","@id":"https:\/\/www.ccb.pt\/#website","url":"https:\/\/www.ccb.pt\/","name":"Centro Cultural de Bel\u00e9m Foundation","description":"","publisher":{"@id":"https:\/\/www.ccb.pt\/#organization"},"potentialAction":[{"@type":"SearchAction","target":{"@type":"EntryPoint","urlTemplate":"https:\/\/www.ccb.pt\/?s={search_term_string}"},"query-input":"required name=search_term_string"}],"inLanguage":"en-US"},{"@type":"Organization","@id":"https:\/\/www.ccb.pt\/#organization","name":"Centro Cultural de Bel\u00e9m Foundation","url":"https:\/\/www.ccb.pt\/","logo":{"@type":"ImageObject","inLanguage":"en-US","@id":"https:\/\/www.ccb.pt\/#\/schema\/logo\/image\/","url":"https:\/\/www.ccb.pt\/wp-content\/uploads\/2022\/05\/1_ccb.png","contentUrl":"https:\/\/www.ccb.pt\/wp-content\/uploads\/2022\/05\/1_ccb.png","width":126,"height":100,"caption":"Centro Cultural de Bel\u00e9m Foundation"},"image":{"@id":"https:\/\/www.ccb.pt\/#\/schema\/logo\/image\/"},"sameAs":["https:\/\/twitter.com\/macccb_museu"]}]}},"_links":{"self":[{"href":"https:\/\/www.ccb.pt\/en\/wp-json\/wp\/v2\/tribe_events\/237758"}],"collection":[{"href":"https:\/\/www.ccb.pt\/en\/wp-json\/wp\/v2\/tribe_events"}],"about":[{"href":"https:\/\/www.ccb.pt\/en\/wp-json\/wp\/v2\/types\/tribe_events"}],"author":[{"embeddable":true,"href":"https:\/\/www.ccb.pt\/en\/wp-json\/wp\/v2\/users\/6"}],"replies":[{"embeddable":true,"href":"https:\/\/www.ccb.pt\/en\/wp-json\/wp\/v2\/comments?post=237758"}],"version-history":[{"count":4,"href":"https:\/\/www.ccb.pt\/en\/wp-json\/wp\/v2\/tribe_events\/237758\/revisions"}],"predecessor-version":[{"id":237785,"href":"https:\/\/www.ccb.pt\/en\/wp-json\/wp\/v2\/tribe_events\/237758\/revisions\/237785"}],"wp:featuredmedia":[{"embeddable":true,"href":"https:\/\/www.ccb.pt\/en\/wp-json\/wp\/v2\/media\/227594"}],"wp:attachment":[{"href":"https:\/\/www.ccb.pt\/en\/wp-json\/wp\/v2\/media?parent=237758"}],"wp:term":[{"taxonomy":"tribe_events_cat","embeddable":true,"href":"https:\/\/www.ccb.pt\/en\/wp-json\/wp\/v2\/tribe_events_cat?post=237758"},{"taxonomy":"tags_tema","embeddable":true,"href":"https:\/\/www.ccb.pt\/en\/wp-json\/wp\/v2\/tags_tema?post=237758"},{"taxonomy":"idades","embeddable":true,"href":"https:\/\/www.ccb.pt\/en\/wp-json\/wp\/v2\/idades?post=237758"},{"taxonomy":"tipos","embeddable":true,"href":"https:\/\/www.ccb.pt\/en\/wp-json\/wp\/v2\/tipos?post=237758"},{"taxonomy":"temas","embeddable":true,"href":"https:\/\/www.ccb.pt\/en\/wp-json\/wp\/v2\/temas?post=237758"},{"taxonomy":"categorias_hubspot","embeddable":true,"href":"https:\/\/www.ccb.pt\/en\/wp-json\/wp\/v2\/categorias_hubspot?post=237758"}],"curies":[{"name":"wp","href":"https:\/\/api.w.org\/{rel}","templated":true}]}}

<!-- This site is optimized with the Yoast SEO plugin v22.3 - https://yoast.com/wordpress/plugins/seo/ -->
<title>Interspecies Gathering - Centro Cultural de Belém Foundation</title>
<meta name="description" content="Um dia de pensamento coletivo em torno da exposição &quot;Interespécies&quot;.Um dia de pensamento coletivo em torno da exposição Interespécies, aberto ao público." />
<meta name="robots" content="index, follow, max-snippet:-1, max-image-preview:large, max-video-preview:-1" />
<link rel="canonical" href="https://www.ccb.pt/en/evento/interspecies-gathering/" />
<meta property="og:locale" content="en_US" />
<meta property="og:type" content="article" />
<meta property="og:title" content="Convívio Interespécies | MAC/CCB" />
<meta property="og:description" content="Um dia de pensamento coletivo em torno da exposição &quot;Interespécies&quot;.Um dia de pensamento coletivo em torno da exposição Interespécies, aberto ao público." />
<meta property="og:url" content="https://www.ccb.pt/en/evento/interspecies-gathering/" />
<meta property="og:site_name" content="Centro Cultural de Belém Foundation" />
<meta property="article:modified_time" content="2025-06-12T07:56:28+00:00" />
<meta property="og:image" content="https://www.ccb.pt/wp-content/uploads/2025/04/Interspecies-vistas-de-exposicaoDSF4101-e1749649228474.jpg" />
	<meta property="og:image:width" content="2000" />
	<meta property="og:image:height" content="1030" />
	<meta property="og:image:type" content="image/jpeg" />
<meta name="twitter:card" content="summary_large_image" />
<meta name="twitter:site" content="@macccb_museu" />
<meta name="twitter:label1" content="Est. reading time" />
	<meta name="twitter:data1" content="1 minute" />
<script type="application/ld+json" class="yoast-schema-graph">{"@context":"https://schema.org","@graph":[{"@type":"WebPage","@id":"https://www.ccb.pt/en/evento/interspecies-gathering/","url":"https://www.ccb.pt/en/evento/interspecies-gathering/","name":"Interspecies Gathering - Centro Cultural de Belém Foundation","isPartOf":{"@id":"https://www.ccb.pt/#website"},"primaryImageOfPage":{"@id":"https://www.ccb.pt/en/evento/interspecies-gathering/#primaryimage"},"image":{"@id":"https://www.ccb.pt/en/evento/interspecies-gathering/#primaryimage"},"thumbnailUrl":"https://www.ccb.pt/wp-content/uploads/2025/04/Interspecies-vistas-de-exposicaoDSF4101-e1749649228474.jpg","datePublished":"2025-06-11T14:34:17+00:00","dateModified":"2025-06-12T07:56:28+00:00","description":"Um dia de pensamento coletivo em torno da exposição \"Interespécies\".Um dia de pensamento coletivo em torno da exposição Interespécies, aberto ao público.","breadcrumb":{"@id":"https://www.ccb.pt/en/evento/interspecies-gathering/#breadcrumb"},"inLanguage":"en-US","potentialAction":[{"@type":"ReadAction","target":["https://www.ccb.pt/en/evento/interspecies-gathering/"]}]},{"@type":"ImageObject","inLanguage":"en-US","@id":"https://www.ccb.pt/en/evento/interspecies-gathering/#primaryimage","url":"https://www.ccb.pt/wp-content/uploads/2025/04/Interspecies-vistas-de-exposicaoDSF4101-e1749649228474.jpg","contentUrl":"https://www.ccb.pt/wp-content/uploads/2025/04/Interspecies-vistas-de-exposicaoDSF4101-e1749649228474.jpg","width":2000,"height":1500,"caption":"(c) Fábio Cunha"},{"@type":"BreadcrumbList","@id":"https://www.ccb.pt/en/evento/interspecies-gathering/#breadcrumb","itemListElement":[{"@type":"ListItem","position":1,"name":"Home","item":"https://www.ccb.pt/en/"},{"@type":"ListItem","position":2,"name":"Eventos","item":"https://www.ccb.pt/eventos/"},{"@type":"ListItem","position":3,"name":"Interspecies Gathering"}]},{"@type":"WebSite","@id":"https://www.ccb.pt/#website","url":"https://www.ccb.pt/","name":"Centro Cultural de Belém Foundation","description":"","publisher":{"@id":"https://www.ccb.pt/#organization"},"potentialAction":[{"@type":"SearchAction","target":{"@type":"EntryPoint","urlTemplate":"https://www.ccb.pt/?s={search_term_string}"},"query-input":"required name=search_term_string"}],"inLanguage":"en-US"},{"@type":"Organization","@id":"https://www.ccb.pt/#organization","name":"Centro Cultural de Belém Foundation","url":"https://www.ccb.pt/","logo":{"@type":"ImageObject","inLanguage":"en-US","@id":"https://www.ccb.pt/#/schema/logo/image/","url":"https://www.ccb.pt/wp-content/uploads/2022/05/1_ccb.png","contentUrl":"https://www.ccb.pt/wp-content/uploads/2022/05/1_ccb.png","width":126,"height":100,"caption":"Centro Cultural de Belém Foundation"},"image":{"@id":"https://www.ccb.pt/#/schema/logo/image/"},"sameAs":["https://twitter.com/macccb_museu"]}]}</script>
<!-- / Yoast SEO plugin. -->

Interspecies Gathering - Centro Cultural de Belém Foundation

Um dia de pensamento coletivo em torno da exposição "Interespécies".Um dia de pensamento coletivo em torno da exposição Interespécies, aberto ao público.

Convívio Interespécies | MAC/CCB

Centro Cultural de Belém Foundation

(c) Fábio Cunha
