    {"id":22534,"date":"2020-10-01T10:59:18","date_gmt":"2020-10-01T09:59:18","guid":{"rendered":"https:\/\/www.ccb.pt\/evento\/questionar-pensar-e-dialogar-dina-mendonca\/"},"modified":"2020-10-16T17:05:16","modified_gmt":"2020-10-16T16:05:16","slug":"questionar-pensar-e-dialogar-dina-mendonca","status":"publish","type":"tribe_events","link":"https:\/\/www.ccb.pt\/en\/evento\/questionar-pensar-e-dialogar-dina-mendonca\/","title":{"rendered":"Questioning, Thinking and Talking | Dina Mendon\u00e7a"},"content":{"rendered":"<p><strong>Accredited online training<\/strong> (8 synchronous hours + 7 asynchronous hours)<\/p>\n<p>&nbsp;<\/p>\n<p>This training activity shows how philosophy increases our capacity for dialogue. It shows how, by promoting questioning and cultivating the habit of carefully scrutinising different issues, we can create a community atmosphere in which we can think together with others. In these sessions, theory and practice are interconnected, showing that the strategies presented in the course of the activity can be used in various educational contexts, while, at the same time, offering a way of thinking. This exercise involves promoting a community\u2019s capacity for shared thought.<\/p>\n","protected":false},"excerpt":{"rendered":"<p>Accredited online training (8 synchronous hours + 7 asynchronous hours) &nbsp; This training activity shows how philosophy increases our capacity for dialogue. It shows how, by promoting questioning and cultivating the habit of carefully scrutinising different issues, we can create a community atmosphere in which we can think together with others. In these sessions, theory [&hellip;]<\/p>\n","protected":false},"author":6,"featured_media":16869,"comment_status":"closed","ping_status":"closed","template":"","meta":{"_relevanssi_hide_post":"","_relevanssi_pin_for_all":"","_relevanssi_pin_keywords":"","_relevanssi_unpin_keywords":"","_relevanssi_related_keywords":"","_relevanssi_related_include_ids":"","_relevanssi_related_exclude_ids":"","_relevanssi_related_no_append":"","_relevanssi_related_not_related":"","_relevanssi_related_posts":"","_relevanssi_noindex_reason":""},"tribe_events_cat":[404],"tags_tema":[],"idades":[],"tipos":[335],"temas":[],"categorias_hubspot":[],"acf":[],"yoast_head":"<!-- This site is optimized with the Yoast SEO plugin v22.3 - https:\/\/yoast.com\/wordpress\/plugins\/seo\/ -->\n<title>Questioning, Thinking and Talking | Dina Mendon\u00e7a - Centro Cultural de Bel\u00e9m Foundation<\/title>\n<meta name=\"robots\" content=\"index, follow, max-snippet:-1, max-image-preview:large, max-video-preview:-1\" \/>\n<link rel=\"canonical\" href=\"https:\/\/www.ccb.pt\/en\/evento\/questionar-pensar-e-dialogar-dina-mendonca\/\" \/>\n<meta property=\"og:locale\" content=\"en_US\" \/>\n<meta property=\"og:type\" content=\"article\" \/>\n<meta property=\"og:title\" content=\"Questioning, Thinking and Talking | Dina Mendon\u00e7a - Centro Cultural de Bel\u00e9m Foundation\" \/>\n<meta property=\"og:description\" content=\"Accredited online training (8 synchronous hours + 7 asynchronous hours) &nbsp; This training activity shows how philosophy increases our capacity for dialogue. It shows how, by promoting questioning and cultivating the habit of carefully scrutinising different issues, we can create a community atmosphere in which we can think together with others. In these sessions, theory [&hellip;]\" \/>\n<meta property=\"og:url\" content=\"https:\/\/www.ccb.pt\/en\/evento\/questionar-pensar-e-dialogar-dina-mendonca\/\" \/>\n<meta property=\"og:site_name\" content=\"Centro Cultural de Bel\u00e9m Foundation\" \/>\n<meta property=\"article:modified_time\" content=\"2020-10-16T16:05:16+00:00\" \/>\n<meta property=\"og:image\" content=\"https:\/\/www.ccb.pt\/wp-content\/uploads\/2020\/09\/EncontrosFormacao20_21_cBeatrizBagulho.jpg\" \/>\n\t<meta property=\"og:image:width\" content=\"1920\" \/>\n\t<meta property=\"og:image:height\" content=\"1080\" \/>\n\t<meta property=\"og:image:type\" content=\"image\/jpeg\" \/>\n<meta name=\"twitter:card\" content=\"summary_large_image\" \/>\n<meta name=\"twitter:site\" content=\"@macccb_museu\" \/>\n<script type=\"application\/ld+json\" class=\"yoast-schema-graph\">{\"@context\":\"https:\/\/schema.org\",\"@graph\":[{\"@type\":\"WebPage\",\"@id\":\"https:\/\/www.ccb.pt\/en\/evento\/questionar-pensar-e-dialogar-dina-mendonca\/\",\"url\":\"https:\/\/www.ccb.pt\/en\/evento\/questionar-pensar-e-dialogar-dina-mendonca\/\",\"name\":\"Questioning, Thinking and Talking | Dina Mendon\u00e7a - Centro Cultural de Bel\u00e9m Foundation\",\"isPartOf\":{\"@id\":\"https:\/\/www.ccb.pt\/#website\"},\"primaryImageOfPage\":{\"@id\":\"https:\/\/www.ccb.pt\/en\/evento\/questionar-pensar-e-dialogar-dina-mendonca\/#primaryimage\"},\"image\":{\"@id\":\"https:\/\/www.ccb.pt\/en\/evento\/questionar-pensar-e-dialogar-dina-mendonca\/#primaryimage\"},\"thumbnailUrl\":\"https:\/\/www.ccb.pt\/wp-content\/uploads\/2020\/09\/EncontrosFormacao20_21_cBeatrizBagulho.jpg\",\"datePublished\":\"2020-10-01T09:59:18+00:00\",\"dateModified\":\"2020-10-16T16:05:16+00:00\",\"breadcrumb\":{\"@id\":\"https:\/\/www.ccb.pt\/en\/evento\/questionar-pensar-e-dialogar-dina-mendonca\/#breadcrumb\"},\"inLanguage\":\"en-US\",\"potentialAction\":[{\"@type\":\"ReadAction\",\"target\":[\"https:\/\/www.ccb.pt\/en\/evento\/questionar-pensar-e-dialogar-dina-mendonca\/\"]}]},{\"@type\":\"ImageObject\",\"inLanguage\":\"en-US\",\"@id\":\"https:\/\/www.ccb.pt\/en\/evento\/questionar-pensar-e-dialogar-dina-mendonca\/#primaryimage\",\"url\":\"https:\/\/www.ccb.pt\/wp-content\/uploads\/2020\/09\/EncontrosFormacao20_21_cBeatrizBagulho.jpg\",\"contentUrl\":\"https:\/\/www.ccb.pt\/wp-content\/uploads\/2020\/09\/EncontrosFormacao20_21_cBeatrizBagulho.jpg\",\"width\":1920,\"height\":1080,\"caption\":\"Ilustra\u00e7\u00e3o (c)Beatriz Bagulho a partir de de ilustra\u00e7\u00e3o original de Sir John Tenniel\"},{\"@type\":\"BreadcrumbList\",\"@id\":\"https:\/\/www.ccb.pt\/en\/evento\/questionar-pensar-e-dialogar-dina-mendonca\/#breadcrumb\",\"itemListElement\":[{\"@type\":\"ListItem\",\"position\":1,\"name\":\"Home\",\"item\":\"https:\/\/www.ccb.pt\/en\/\"},{\"@type\":\"ListItem\",\"position\":2,\"name\":\"Eventos\",\"item\":\"https:\/\/www.ccb.pt\/eventos\/\"},{\"@type\":\"ListItem\",\"position\":3,\"name\":\"Questioning, Thinking and Talking | Dina Mendon\u00e7a\"}]},{\"@type\":\"WebSite\",\"@id\":\"https:\/\/www.ccb.pt\/#website\",\"url\":\"https:\/\/www.ccb.pt\/\",\"name\":\"Centro Cultural de Bel\u00e9m Foundation\",\"description\":\"\",\"publisher\":{\"@id\":\"https:\/\/www.ccb.pt\/#organization\"},\"potentialAction\":[{\"@type\":\"SearchAction\",\"target\":{\"@type\":\"EntryPoint\",\"urlTemplate\":\"https:\/\/www.ccb.pt\/?s={search_term_string}\"},\"query-input\":\"required name=search_term_string\"}],\"inLanguage\":\"en-US\"},{\"@type\":\"Organization\",\"@id\":\"https:\/\/www.ccb.pt\/#organization\",\"name\":\"Centro Cultural de Bel\u00e9m Foundation\",\"url\":\"https:\/\/www.ccb.pt\/\",\"logo\":{\"@type\":\"ImageObject\",\"inLanguage\":\"en-US\",\"@id\":\"https:\/\/www.ccb.pt\/#\/schema\/logo\/image\/\",\"url\":\"https:\/\/www.ccb.pt\/wp-content\/uploads\/2022\/05\/1_ccb.png\",\"contentUrl\":\"https:\/\/www.ccb.pt\/wp-content\/uploads\/2022\/05\/1_ccb.png\",\"width\":126,\"height\":100,\"caption\":\"Centro Cultural de Bel\u00e9m Foundation\"},\"image\":{\"@id\":\"https:\/\/www.ccb.pt\/#\/schema\/logo\/image\/\"},\"sameAs\":[\"https:\/\/twitter.com\/macccb_museu\"]}]}<\/script>\n<!-- \/ Yoast SEO plugin. -->","yoast_head_json":{"title":"Questioning, Thinking and Talking | Dina Mendon\u00e7a - Centro Cultural de Bel\u00e9m Foundation","robots":{"index":"index","follow":"follow","max-snippet":"max-snippet:-1","max-image-preview":"max-image-preview:large","max-video-preview":"max-video-preview:-1"},"canonical":"https:\/\/www.ccb.pt\/en\/evento\/questionar-pensar-e-dialogar-dina-mendonca\/","og_locale":"en_US","og_type":"article","og_title":"Questioning, Thinking and Talking | Dina Mendon\u00e7a - Centro Cultural de Bel\u00e9m Foundation","og_description":"Accredited online training (8 synchronous hours + 7 asynchronous hours) &nbsp; This training activity shows how philosophy increases our capacity for dialogue. It shows how, by promoting questioning and cultivating the habit of carefully scrutinising different issues, we can create a community atmosphere in which we can think together with others. In these sessions, theory [&hellip;]","og_url":"https:\/\/www.ccb.pt\/en\/evento\/questionar-pensar-e-dialogar-dina-mendonca\/","og_site_name":"Centro Cultural de Bel\u00e9m Foundation","article_modified_time":"2020-10-16T16:05:16+00:00","og_image":[{"width":1920,"height":1080,"url":"https:\/\/www.ccb.pt\/wp-content\/uploads\/2020\/09\/EncontrosFormacao20_21_cBeatrizBagulho.jpg","type":"image\/jpeg"}],"twitter_card":"summary_large_image","twitter_site":"@macccb_museu","schema":{"@context":"https:\/\/schema.org","@graph":[{"@type":"WebPage","@id":"https:\/\/www.ccb.pt\/en\/evento\/questionar-pensar-e-dialogar-dina-mendonca\/","url":"https:\/\/www.ccb.pt\/en\/evento\/questionar-pensar-e-dialogar-dina-mendonca\/","name":"Questioning, Thinking and Talking | Dina Mendon\u00e7a - Centro Cultural de Bel\u00e9m Foundation","isPartOf":{"@id":"https:\/\/www.ccb.pt\/#website"},"primaryImageOfPage":{"@id":"https:\/\/www.ccb.pt\/en\/evento\/questionar-pensar-e-dialogar-dina-mendonca\/#primaryimage"},"image":{"@id":"https:\/\/www.ccb.pt\/en\/evento\/questionar-pensar-e-dialogar-dina-mendonca\/#primaryimage"},"thumbnailUrl":"https:\/\/www.ccb.pt\/wp-content\/uploads\/2020\/09\/EncontrosFormacao20_21_cBeatrizBagulho.jpg","datePublished":"2020-10-01T09:59:18+00:00","dateModified":"2020-10-16T16:05:16+00:00","breadcrumb":{"@id":"https:\/\/www.ccb.pt\/en\/evento\/questionar-pensar-e-dialogar-dina-mendonca\/#breadcrumb"},"inLanguage":"en-US","potentialAction":[{"@type":"ReadAction","target":["https:\/\/www.ccb.pt\/en\/evento\/questionar-pensar-e-dialogar-dina-mendonca\/"]}]},{"@type":"ImageObject","inLanguage":"en-US","@id":"https:\/\/www.ccb.pt\/en\/evento\/questionar-pensar-e-dialogar-dina-mendonca\/#primaryimage","url":"https:\/\/www.ccb.pt\/wp-content\/uploads\/2020\/09\/EncontrosFormacao20_21_cBeatrizBagulho.jpg","contentUrl":"https:\/\/www.ccb.pt\/wp-content\/uploads\/2020\/09\/EncontrosFormacao20_21_cBeatrizBagulho.jpg","width":1920,"height":1080,"caption":"Ilustra\u00e7\u00e3o (c)Beatriz Bagulho a partir de de ilustra\u00e7\u00e3o original de Sir John Tenniel"},{"@type":"BreadcrumbList","@id":"https:\/\/www.ccb.pt\/en\/evento\/questionar-pensar-e-dialogar-dina-mendonca\/#breadcrumb","itemListElement":[{"@type":"ListItem","position":1,"name":"Home","item":"https:\/\/www.ccb.pt\/en\/"},{"@type":"ListItem","position":2,"name":"Eventos","item":"https:\/\/www.ccb.pt\/eventos\/"},{"@type":"ListItem","position":3,"name":"Questioning, Thinking and Talking | Dina Mendon\u00e7a"}]},{"@type":"WebSite","@id":"https:\/\/www.ccb.pt\/#website","url":"https:\/\/www.ccb.pt\/","name":"Centro Cultural de Bel\u00e9m Foundation","description":"","publisher":{"@id":"https:\/\/www.ccb.pt\/#organization"},"potentialAction":[{"@type":"SearchAction","target":{"@type":"EntryPoint","urlTemplate":"https:\/\/www.ccb.pt\/?s={search_term_string}"},"query-input":"required name=search_term_string"}],"inLanguage":"en-US"},{"@type":"Organization","@id":"https:\/\/www.ccb.pt\/#organization","name":"Centro Cultural de Bel\u00e9m Foundation","url":"https:\/\/www.ccb.pt\/","logo":{"@type":"ImageObject","inLanguage":"en-US","@id":"https:\/\/www.ccb.pt\/#\/schema\/logo\/image\/","url":"https:\/\/www.ccb.pt\/wp-content\/uploads\/2022\/05\/1_ccb.png","contentUrl":"https:\/\/www.ccb.pt\/wp-content\/uploads\/2022\/05\/1_ccb.png","width":126,"height":100,"caption":"Centro Cultural de Bel\u00e9m Foundation"},"image":{"@id":"https:\/\/www.ccb.pt\/#\/schema\/logo\/image\/"},"sameAs":["https:\/\/twitter.com\/macccb_museu"]}]}},"_links":{"self":[{"href":"https:\/\/www.ccb.pt\/en\/wp-json\/wp\/v2\/tribe_events\/22534"}],"collection":[{"href":"https:\/\/www.ccb.pt\/en\/wp-json\/wp\/v2\/tribe_events"}],"about":[{"href":"https:\/\/www.ccb.pt\/en\/wp-json\/wp\/v2\/types\/tribe_events"}],"author":[{"embeddable":true,"href":"https:\/\/www.ccb.pt\/en\/wp-json\/wp\/v2\/users\/6"}],"replies":[{"embeddable":true,"href":"https:\/\/www.ccb.pt\/en\/wp-json\/wp\/v2\/comments?post=22534"}],"version-history":[{"count":3,"href":"https:\/\/www.ccb.pt\/en\/wp-json\/wp\/v2\/tribe_events\/22534\/revisions"}],"predecessor-version":[{"id":22538,"href":"https:\/\/www.ccb.pt\/en\/wp-json\/wp\/v2\/tribe_events\/22534\/revisions\/22538"}],"wp:featuredmedia":[{"embeddable":true,"href":"https:\/\/www.ccb.pt\/en\/wp-json\/wp\/v2\/media\/16869"}],"wp:attachment":[{"href":"https:\/\/www.ccb.pt\/en\/wp-json\/wp\/v2\/media?parent=22534"}],"wp:term":[{"taxonomy":"tribe_events_cat","embeddable":true,"href":"https:\/\/www.ccb.pt\/en\/wp-json\/wp\/v2\/tribe_events_cat?post=22534"},{"taxonomy":"tags_tema","embeddable":true,"href":"https:\/\/www.ccb.pt\/en\/wp-json\/wp\/v2\/tags_tema?post=22534"},{"taxonomy":"idades","embeddable":true,"href":"https:\/\/www.ccb.pt\/en\/wp-json\/wp\/v2\/idades?post=22534"},{"taxonomy":"tipos","embeddable":true,"href":"https:\/\/www.ccb.pt\/en\/wp-json\/wp\/v2\/tipos?post=22534"},{"taxonomy":"temas","embeddable":true,"href":"https:\/\/www.ccb.pt\/en\/wp-json\/wp\/v2\/temas?post=22534"},{"taxonomy":"categorias_hubspot","embeddable":true,"href":"https:\/\/www.ccb.pt\/en\/wp-json\/wp\/v2\/categorias_hubspot?post=22534"}],"curies":[{"name":"wp","href":"https:\/\/api.w.org\/{rel}","templated":true}]}}

Questioning, Thinking and Talking | Dina Mendonça

<!-- This site is optimized with the Yoast SEO plugin v22.3 - https://yoast.com/wordpress/plugins/seo/ -->
<title>Questioning, Thinking and Talking | Dina Mendonça - Centro Cultural de Belém Foundation</title>
<meta name="robots" content="index, follow, max-snippet:-1, max-image-preview:large, max-video-preview:-1" />
<link rel="canonical" href="https://www.ccb.pt/en/evento/questionar-pensar-e-dialogar-dina-mendonca/" />
<meta property="og:locale" content="en_US" />
<meta property="og:type" content="article" />
<meta property="og:title" content="Questioning, Thinking and Talking | Dina Mendonça - Centro Cultural de Belém Foundation" />
<meta property="og:description" content="Accredited online training (8 synchronous hours + 7 asynchronous hours) &nbsp; This training activity shows how philosophy increases our capacity for dialogue. It shows how, by promoting questioning and cultivating the habit of carefully scrutinising different issues, we can create a community atmosphere in which we can think together with others. In these sessions, theory [&hellip;]" />
<meta property="og:url" content="https://www.ccb.pt/en/evento/questionar-pensar-e-dialogar-dina-mendonca/" />
<meta property="og:site_name" content="Centro Cultural de Belém Foundation" />
<meta property="article:modified_time" content="2020-10-16T16:05:16+00:00" />
<meta property="og:image" content="https://www.ccb.pt/wp-content/uploads/2020/09/EncontrosFormacao20_21_cBeatrizBagulho.jpg" />
	<meta property="og:image:width" content="1920" />
	<meta property="og:image:height" content="1080" />
	<meta property="og:image:type" content="image/jpeg" />
<meta name="twitter:card" content="summary_large_image" />
<meta name="twitter:site" content="@macccb_museu" />
<script type="application/ld+json" class="yoast-schema-graph">{"@context":"https://schema.org","@graph":[{"@type":"WebPage","@id":"https://www.ccb.pt/en/evento/questionar-pensar-e-dialogar-dina-mendonca/","url":"https://www.ccb.pt/en/evento/questionar-pensar-e-dialogar-dina-mendonca/","name":"Questioning, Thinking and Talking | Dina Mendonça - Centro Cultural de Belém Foundation","isPartOf":{"@id":"https://www.ccb.pt/#website"},"primaryImageOfPage":{"@id":"https://www.ccb.pt/en/evento/questionar-pensar-e-dialogar-dina-mendonca/#primaryimage"},"image":{"@id":"https://www.ccb.pt/en/evento/questionar-pensar-e-dialogar-dina-mendonca/#primaryimage"},"thumbnailUrl":"https://www.ccb.pt/wp-content/uploads/2020/09/EncontrosFormacao20_21_cBeatrizBagulho.jpg","datePublished":"2020-10-01T09:59:18+00:00","dateModified":"2020-10-16T16:05:16+00:00","breadcrumb":{"@id":"https://www.ccb.pt/en/evento/questionar-pensar-e-dialogar-dina-mendonca/#breadcrumb"},"inLanguage":"en-US","potentialAction":[{"@type":"ReadAction","target":["https://www.ccb.pt/en/evento/questionar-pensar-e-dialogar-dina-mendonca/"]}]},{"@type":"ImageObject","inLanguage":"en-US","@id":"https://www.ccb.pt/en/evento/questionar-pensar-e-dialogar-dina-mendonca/#primaryimage","url":"https://www.ccb.pt/wp-content/uploads/2020/09/EncontrosFormacao20_21_cBeatrizBagulho.jpg","contentUrl":"https://www.ccb.pt/wp-content/uploads/2020/09/EncontrosFormacao20_21_cBeatrizBagulho.jpg","width":1920,"height":1080,"caption":"Ilustração (c)Beatriz Bagulho a partir de de ilustração original de Sir John Tenniel"},{"@type":"BreadcrumbList","@id":"https://www.ccb.pt/en/evento/questionar-pensar-e-dialogar-dina-mendonca/#breadcrumb","itemListElement":[{"@type":"ListItem","position":1,"name":"Home","item":"https://www.ccb.pt/en/"},{"@type":"ListItem","position":2,"name":"Eventos","item":"https://www.ccb.pt/eventos/"},{"@type":"ListItem","position":3,"name":"Questioning, Thinking and Talking | Dina Mendonça"}]},{"@type":"WebSite","@id":"https://www.ccb.pt/#website","url":"https://www.ccb.pt/","name":"Centro Cultural de Belém Foundation","description":"","publisher":{"@id":"https://www.ccb.pt/#organization"},"potentialAction":[{"@type":"SearchAction","target":{"@type":"EntryPoint","urlTemplate":"https://www.ccb.pt/?s={search_term_string}"},"query-input":"required name=search_term_string"}],"inLanguage":"en-US"},{"@type":"Organization","@id":"https://www.ccb.pt/#organization","name":"Centro Cultural de Belém Foundation","url":"https://www.ccb.pt/","logo":{"@type":"ImageObject","inLanguage":"en-US","@id":"https://www.ccb.pt/#/schema/logo/image/","url":"https://www.ccb.pt/wp-content/uploads/2022/05/1_ccb.png","contentUrl":"https://www.ccb.pt/wp-content/uploads/2022/05/1_ccb.png","width":126,"height":100,"caption":"Centro Cultural de Belém Foundation"},"image":{"@id":"https://www.ccb.pt/#/schema/logo/image/"},"sameAs":["https://twitter.com/macccb_museu"]}]}</script>
<!-- / Yoast SEO plugin. -->

Questioning, Thinking and Talking | Dina Mendonça - Centro Cultural de Belém Foundation

Centro Cultural de Belém Foundation

Ilustração (c)Beatriz Bagulho a partir de de ilustração original de Sir John Tenniel
