    {"id":224060,"date":"2024-09-06T13:04:25","date_gmt":"2024-09-06T12:04:25","guid":{"rendered":"https:\/\/www.ccb.pt\/evento\/filipe-sambado-luca-argel\/"},"modified":"2025-05-14T14:37:11","modified_gmt":"2025-05-14T13:37:11","slug":"filipe-sambado-luca-argel","status":"publish","type":"tribe_events","link":"https:\/\/www.ccb.pt\/en\/evento\/filipe-sambado-luca-argel\/","title":{"rendered":"Sun in twins"},"content":{"rendered":"<p>Multiplicity, restlessness, and word skills characterize Gemini people and are reflected in Filipe Sambado &amp; Luca Argel. Sharing the stage in 2024, they intertwined songs and emotions. Almost birthday twins, the musicians now revisit and expand that concert into a new musical cosmos.<\/p>\n<p>&nbsp;<\/p>\n","protected":false},"excerpt":{"rendered":"<p>Multiplicity, restlessness, and word skills characterize Gemini people and are reflected in Filipe Sambado &amp; Luca Argel. Sharing the stage in 2024, they intertwined songs and emotions. Almost birthday twins, the musicians now revisit and expand that concert into a new musical cosmos. &nbsp;<\/p>\n","protected":false},"author":6,"featured_media":190656,"comment_status":"closed","ping_status":"closed","template":"","meta":{"_relevanssi_hide_post":"","_relevanssi_pin_for_all":"on","_relevanssi_pin_keywords":"","_relevanssi_unpin_keywords":"","_relevanssi_related_keywords":"","_relevanssi_related_include_ids":"","_relevanssi_related_exclude_ids":"","_relevanssi_related_no_append":"","_relevanssi_related_not_related":"","_relevanssi_related_posts":"","_relevanssi_noindex_reason":""},"tribe_events_cat":[590,23],"tags_tema":[],"idades":[392],"tipos":[],"temas":[],"categorias_hubspot":[],"acf":[],"yoast_head":"<!-- This site is optimized with the Yoast SEO plugin v22.3 - https:\/\/yoast.com\/wordpress\/plugins\/seo\/ -->\n<title>Sun in twins - Centro Cultural de Bel\u00e9m Foundation<\/title>\n<meta name=\"description\" content=\"Multiplicidade, inquietude e habilidade com as palavras. Qualidades atribu\u00eddas ao signo de g\u00e9meos que parecem confirmar-se diante da m\u00fasica de Filipe Sambado &amp; Luca Argel.\" \/>\n<meta name=\"robots\" content=\"index, follow, max-snippet:-1, max-image-preview:large, max-video-preview:-1\" \/>\n<link rel=\"canonical\" href=\"https:\/\/www.ccb.pt\/en\/evento\/filipe-sambado-luca-argel\/\" \/>\n<meta property=\"og:locale\" content=\"en_US\" \/>\n<meta property=\"og:type\" content=\"article\" \/>\n<meta property=\"og:title\" content=\"Filipe Sambado &amp; Luca Argel - Centro Cultural de Bel\u00e9m\" \/>\n<meta property=\"og:description\" content=\"Multiplicidade, inquietude e habilidade com as palavras. Qualidades atribu\u00eddas ao signo de g\u00e9meos que parecem confirmar-se diante da m\u00fasica de Filipe Sambado &amp; Luca Argel.\" \/>\n<meta property=\"og:url\" content=\"https:\/\/www.ccb.pt\/en\/evento\/filipe-sambado-luca-argel\/\" \/>\n<meta property=\"og:site_name\" content=\"Centro Cultural de Bel\u00e9m Foundation\" \/>\n<meta property=\"article:modified_time\" content=\"2025-05-14T13:37:11+00:00\" \/>\n<meta property=\"og:image\" content=\"https:\/\/www.ccb.pt\/wp-content\/uploads\/2024\/07\/1200x630_fcb_FilipeSambado_EstelleValente.jpg\" \/>\n\t<meta property=\"og:image:width\" content=\"1200\" \/>\n\t<meta property=\"og:image:height\" content=\"630\" \/>\n\t<meta property=\"og:image:type\" content=\"image\/jpeg\" \/>\n<meta name=\"twitter:card\" content=\"summary_large_image\" \/>\n<meta name=\"twitter:site\" content=\"@macccb_museu\" \/>\n<meta name=\"twitter:label1\" content=\"Est. reading time\" \/>\n\t<meta name=\"twitter:data1\" content=\"1 minute\" \/>\n<script type=\"application\/ld+json\" class=\"yoast-schema-graph\">{\"@context\":\"https:\/\/schema.org\",\"@graph\":[{\"@type\":\"WebPage\",\"@id\":\"https:\/\/www.ccb.pt\/en\/evento\/filipe-sambado-luca-argel\/\",\"url\":\"https:\/\/www.ccb.pt\/en\/evento\/filipe-sambado-luca-argel\/\",\"name\":\"Sun in twins - Centro Cultural de Bel\u00e9m Foundation\",\"isPartOf\":{\"@id\":\"https:\/\/www.ccb.pt\/#website\"},\"primaryImageOfPage\":{\"@id\":\"https:\/\/www.ccb.pt\/en\/evento\/filipe-sambado-luca-argel\/#primaryimage\"},\"image\":{\"@id\":\"https:\/\/www.ccb.pt\/en\/evento\/filipe-sambado-luca-argel\/#primaryimage\"},\"thumbnailUrl\":\"https:\/\/www.ccb.pt\/wp-content\/uploads\/2024\/09\/filipe-sambado-luca-argel_o_edited-scaled-e1748623270407.jpg\",\"datePublished\":\"2024-09-06T12:04:25+00:00\",\"dateModified\":\"2025-05-14T13:37:11+00:00\",\"description\":\"Multiplicidade, inquietude e habilidade com as palavras. Qualidades atribu\u00eddas ao signo de g\u00e9meos que parecem confirmar-se diante da m\u00fasica de Filipe Sambado & Luca Argel.\",\"breadcrumb\":{\"@id\":\"https:\/\/www.ccb.pt\/en\/evento\/filipe-sambado-luca-argel\/#breadcrumb\"},\"inLanguage\":\"en-US\",\"potentialAction\":[{\"@type\":\"ReadAction\",\"target\":[\"https:\/\/www.ccb.pt\/en\/evento\/filipe-sambado-luca-argel\/\"]}]},{\"@type\":\"ImageObject\",\"inLanguage\":\"en-US\",\"@id\":\"https:\/\/www.ccb.pt\/en\/evento\/filipe-sambado-luca-argel\/#primaryimage\",\"url\":\"https:\/\/www.ccb.pt\/wp-content\/uploads\/2024\/09\/filipe-sambado-luca-argel_o_edited-scaled-e1748623270407.jpg\",\"contentUrl\":\"https:\/\/www.ccb.pt\/wp-content\/uploads\/2024\/09\/filipe-sambado-luca-argel_o_edited-scaled-e1748623270407.jpg\",\"width\":2560,\"height\":1441,\"caption\":\"imagem dos dois artistas filipe sambado e e luca argel para concerto no CCB\"},{\"@type\":\"BreadcrumbList\",\"@id\":\"https:\/\/www.ccb.pt\/en\/evento\/filipe-sambado-luca-argel\/#breadcrumb\",\"itemListElement\":[{\"@type\":\"ListItem\",\"position\":1,\"name\":\"Home\",\"item\":\"https:\/\/www.ccb.pt\/en\/\"},{\"@type\":\"ListItem\",\"position\":2,\"name\":\"Eventos\",\"item\":\"https:\/\/www.ccb.pt\/eventos\/\"},{\"@type\":\"ListItem\",\"position\":3,\"name\":\"Sun in twins\"}]},{\"@type\":\"WebSite\",\"@id\":\"https:\/\/www.ccb.pt\/#website\",\"url\":\"https:\/\/www.ccb.pt\/\",\"name\":\"Centro Cultural de Bel\u00e9m Foundation\",\"description\":\"\",\"publisher\":{\"@id\":\"https:\/\/www.ccb.pt\/#organization\"},\"potentialAction\":[{\"@type\":\"SearchAction\",\"target\":{\"@type\":\"EntryPoint\",\"urlTemplate\":\"https:\/\/www.ccb.pt\/?s={search_term_string}\"},\"query-input\":\"required name=search_term_string\"}],\"inLanguage\":\"en-US\"},{\"@type\":\"Organization\",\"@id\":\"https:\/\/www.ccb.pt\/#organization\",\"name\":\"Centro Cultural de Bel\u00e9m Foundation\",\"url\":\"https:\/\/www.ccb.pt\/\",\"logo\":{\"@type\":\"ImageObject\",\"inLanguage\":\"en-US\",\"@id\":\"https:\/\/www.ccb.pt\/#\/schema\/logo\/image\/\",\"url\":\"https:\/\/www.ccb.pt\/wp-content\/uploads\/2022\/05\/1_ccb.png\",\"contentUrl\":\"https:\/\/www.ccb.pt\/wp-content\/uploads\/2022\/05\/1_ccb.png\",\"width\":126,\"height\":100,\"caption\":\"Centro Cultural de Bel\u00e9m Foundation\"},\"image\":{\"@id\":\"https:\/\/www.ccb.pt\/#\/schema\/logo\/image\/\"},\"sameAs\":[\"https:\/\/twitter.com\/macccb_museu\"]}]}<\/script>\n<!-- \/ Yoast SEO plugin. -->","yoast_head_json":{"title":"Sun in twins - Centro Cultural de Bel\u00e9m Foundation","description":"Multiplicidade, inquietude e habilidade com as palavras. Qualidades atribu\u00eddas ao signo de g\u00e9meos que parecem confirmar-se diante da m\u00fasica de Filipe Sambado & Luca Argel.","robots":{"index":"index","follow":"follow","max-snippet":"max-snippet:-1","max-image-preview":"max-image-preview:large","max-video-preview":"max-video-preview:-1"},"canonical":"https:\/\/www.ccb.pt\/en\/evento\/filipe-sambado-luca-argel\/","og_locale":"en_US","og_type":"article","og_title":"Filipe Sambado & Luca Argel - Centro Cultural de Bel\u00e9m","og_description":"Multiplicidade, inquietude e habilidade com as palavras. Qualidades atribu\u00eddas ao signo de g\u00e9meos que parecem confirmar-se diante da m\u00fasica de Filipe Sambado & Luca Argel.","og_url":"https:\/\/www.ccb.pt\/en\/evento\/filipe-sambado-luca-argel\/","og_site_name":"Centro Cultural de Bel\u00e9m Foundation","article_modified_time":"2025-05-14T13:37:11+00:00","og_image":[{"width":1200,"height":630,"url":"https:\/\/www.ccb.pt\/wp-content\/uploads\/2024\/07\/1200x630_fcb_FilipeSambado_EstelleValente.jpg","type":"image\/jpeg"}],"twitter_card":"summary_large_image","twitter_site":"@macccb_museu","twitter_misc":{"Est. reading time":"1 minute"},"schema":{"@context":"https:\/\/schema.org","@graph":[{"@type":"WebPage","@id":"https:\/\/www.ccb.pt\/en\/evento\/filipe-sambado-luca-argel\/","url":"https:\/\/www.ccb.pt\/en\/evento\/filipe-sambado-luca-argel\/","name":"Sun in twins - Centro Cultural de Bel\u00e9m Foundation","isPartOf":{"@id":"https:\/\/www.ccb.pt\/#website"},"primaryImageOfPage":{"@id":"https:\/\/www.ccb.pt\/en\/evento\/filipe-sambado-luca-argel\/#primaryimage"},"image":{"@id":"https:\/\/www.ccb.pt\/en\/evento\/filipe-sambado-luca-argel\/#primaryimage"},"thumbnailUrl":"https:\/\/www.ccb.pt\/wp-content\/uploads\/2024\/09\/filipe-sambado-luca-argel_o_edited-scaled-e1748623270407.jpg","datePublished":"2024-09-06T12:04:25+00:00","dateModified":"2025-05-14T13:37:11+00:00","description":"Multiplicidade, inquietude e habilidade com as palavras. Qualidades atribu\u00eddas ao signo de g\u00e9meos que parecem confirmar-se diante da m\u00fasica de Filipe Sambado & Luca Argel.","breadcrumb":{"@id":"https:\/\/www.ccb.pt\/en\/evento\/filipe-sambado-luca-argel\/#breadcrumb"},"inLanguage":"en-US","potentialAction":[{"@type":"ReadAction","target":["https:\/\/www.ccb.pt\/en\/evento\/filipe-sambado-luca-argel\/"]}]},{"@type":"ImageObject","inLanguage":"en-US","@id":"https:\/\/www.ccb.pt\/en\/evento\/filipe-sambado-luca-argel\/#primaryimage","url":"https:\/\/www.ccb.pt\/wp-content\/uploads\/2024\/09\/filipe-sambado-luca-argel_o_edited-scaled-e1748623270407.jpg","contentUrl":"https:\/\/www.ccb.pt\/wp-content\/uploads\/2024\/09\/filipe-sambado-luca-argel_o_edited-scaled-e1748623270407.jpg","width":2560,"height":1441,"caption":"imagem dos dois artistas filipe sambado e e luca argel para concerto no CCB"},{"@type":"BreadcrumbList","@id":"https:\/\/www.ccb.pt\/en\/evento\/filipe-sambado-luca-argel\/#breadcrumb","itemListElement":[{"@type":"ListItem","position":1,"name":"Home","item":"https:\/\/www.ccb.pt\/en\/"},{"@type":"ListItem","position":2,"name":"Eventos","item":"https:\/\/www.ccb.pt\/eventos\/"},{"@type":"ListItem","position":3,"name":"Sun in twins"}]},{"@type":"WebSite","@id":"https:\/\/www.ccb.pt\/#website","url":"https:\/\/www.ccb.pt\/","name":"Centro Cultural de Bel\u00e9m Foundation","description":"","publisher":{"@id":"https:\/\/www.ccb.pt\/#organization"},"potentialAction":[{"@type":"SearchAction","target":{"@type":"EntryPoint","urlTemplate":"https:\/\/www.ccb.pt\/?s={search_term_string}"},"query-input":"required name=search_term_string"}],"inLanguage":"en-US"},{"@type":"Organization","@id":"https:\/\/www.ccb.pt\/#organization","name":"Centro Cultural de Bel\u00e9m Foundation","url":"https:\/\/www.ccb.pt\/","logo":{"@type":"ImageObject","inLanguage":"en-US","@id":"https:\/\/www.ccb.pt\/#\/schema\/logo\/image\/","url":"https:\/\/www.ccb.pt\/wp-content\/uploads\/2022\/05\/1_ccb.png","contentUrl":"https:\/\/www.ccb.pt\/wp-content\/uploads\/2022\/05\/1_ccb.png","width":126,"height":100,"caption":"Centro Cultural de Bel\u00e9m Foundation"},"image":{"@id":"https:\/\/www.ccb.pt\/#\/schema\/logo\/image\/"},"sameAs":["https:\/\/twitter.com\/macccb_museu"]}]}},"_links":{"self":[{"href":"https:\/\/www.ccb.pt\/en\/wp-json\/wp\/v2\/tribe_events\/224060"}],"collection":[{"href":"https:\/\/www.ccb.pt\/en\/wp-json\/wp\/v2\/tribe_events"}],"about":[{"href":"https:\/\/www.ccb.pt\/en\/wp-json\/wp\/v2\/types\/tribe_events"}],"author":[{"embeddable":true,"href":"https:\/\/www.ccb.pt\/en\/wp-json\/wp\/v2\/users\/6"}],"replies":[{"embeddable":true,"href":"https:\/\/www.ccb.pt\/en\/wp-json\/wp\/v2\/comments?post=224060"}],"version-history":[{"count":4,"href":"https:\/\/www.ccb.pt\/en\/wp-json\/wp\/v2\/tribe_events\/224060\/revisions"}],"predecessor-version":[{"id":234994,"href":"https:\/\/www.ccb.pt\/en\/wp-json\/wp\/v2\/tribe_events\/224060\/revisions\/234994"}],"wp:featuredmedia":[{"embeddable":true,"href":"https:\/\/www.ccb.pt\/en\/wp-json\/wp\/v2\/media\/190656"}],"wp:attachment":[{"href":"https:\/\/www.ccb.pt\/en\/wp-json\/wp\/v2\/media?parent=224060"}],"wp:term":[{"taxonomy":"tribe_events_cat","embeddable":true,"href":"https:\/\/www.ccb.pt\/en\/wp-json\/wp\/v2\/tribe_events_cat?post=224060"},{"taxonomy":"tags_tema","embeddable":true,"href":"https:\/\/www.ccb.pt\/en\/wp-json\/wp\/v2\/tags_tema?post=224060"},{"taxonomy":"idades","embeddable":true,"href":"https:\/\/www.ccb.pt\/en\/wp-json\/wp\/v2\/idades?post=224060"},{"taxonomy":"tipos","embeddable":true,"href":"https:\/\/www.ccb.pt\/en\/wp-json\/wp\/v2\/tipos?post=224060"},{"taxonomy":"temas","embeddable":true,"href":"https:\/\/www.ccb.pt\/en\/wp-json\/wp\/v2\/temas?post=224060"},{"taxonomy":"categorias_hubspot","embeddable":true,"href":"https:\/\/www.ccb.pt\/en\/wp-json\/wp\/v2\/categorias_hubspot?post=224060"}],"curies":[{"name":"wp","href":"https:\/\/api.w.org\/{rel}","templated":true}]}}

<!-- This site is optimized with the Yoast SEO plugin v22.3 - https://yoast.com/wordpress/plugins/seo/ -->
<title>Sun in twins - Centro Cultural de Belém Foundation</title>
<meta name="description" content="Multiplicidade, inquietude e habilidade com as palavras. Qualidades atribuídas ao signo de gémeos que parecem confirmar-se diante da música de Filipe Sambado &amp; Luca Argel." />
<meta name="robots" content="index, follow, max-snippet:-1, max-image-preview:large, max-video-preview:-1" />
<link rel="canonical" href="https://www.ccb.pt/en/evento/filipe-sambado-luca-argel/" />
<meta property="og:locale" content="en_US" />
<meta property="og:type" content="article" />
<meta property="og:title" content="Filipe Sambado &amp; Luca Argel - Centro Cultural de Belém" />
<meta property="og:description" content="Multiplicidade, inquietude e habilidade com as palavras. Qualidades atribuídas ao signo de gémeos que parecem confirmar-se diante da música de Filipe Sambado &amp; Luca Argel." />
<meta property="og:url" content="https://www.ccb.pt/en/evento/filipe-sambado-luca-argel/" />
<meta property="og:site_name" content="Centro Cultural de Belém Foundation" />
<meta property="article:modified_time" content="2025-05-14T13:37:11+00:00" />
<meta property="og:image" content="https://www.ccb.pt/wp-content/uploads/2024/07/1200x630_fcb_FilipeSambado_EstelleValente.jpg" />
	<meta property="og:image:width" content="1200" />
	<meta property="og:image:height" content="630" />
	<meta property="og:image:type" content="image/jpeg" />
<meta name="twitter:card" content="summary_large_image" />
<meta name="twitter:site" content="@macccb_museu" />
<meta name="twitter:label1" content="Est. reading time" />
	<meta name="twitter:data1" content="1 minute" />
<script type="application/ld+json" class="yoast-schema-graph">{"@context":"https://schema.org","@graph":[{"@type":"WebPage","@id":"https://www.ccb.pt/en/evento/filipe-sambado-luca-argel/","url":"https://www.ccb.pt/en/evento/filipe-sambado-luca-argel/","name":"Sun in twins - Centro Cultural de Belém Foundation","isPartOf":{"@id":"https://www.ccb.pt/#website"},"primaryImageOfPage":{"@id":"https://www.ccb.pt/en/evento/filipe-sambado-luca-argel/#primaryimage"},"image":{"@id":"https://www.ccb.pt/en/evento/filipe-sambado-luca-argel/#primaryimage"},"thumbnailUrl":"https://www.ccb.pt/wp-content/uploads/2024/09/filipe-sambado-luca-argel_o_edited-scaled-e1748623270407.jpg","datePublished":"2024-09-06T12:04:25+00:00","dateModified":"2025-05-14T13:37:11+00:00","description":"Multiplicidade, inquietude e habilidade com as palavras. Qualidades atribuídas ao signo de gémeos que parecem confirmar-se diante da música de Filipe Sambado & Luca Argel.","breadcrumb":{"@id":"https://www.ccb.pt/en/evento/filipe-sambado-luca-argel/#breadcrumb"},"inLanguage":"en-US","potentialAction":[{"@type":"ReadAction","target":["https://www.ccb.pt/en/evento/filipe-sambado-luca-argel/"]}]},{"@type":"ImageObject","inLanguage":"en-US","@id":"https://www.ccb.pt/en/evento/filipe-sambado-luca-argel/#primaryimage","url":"https://www.ccb.pt/wp-content/uploads/2024/09/filipe-sambado-luca-argel_o_edited-scaled-e1748623270407.jpg","contentUrl":"https://www.ccb.pt/wp-content/uploads/2024/09/filipe-sambado-luca-argel_o_edited-scaled-e1748623270407.jpg","width":2560,"height":1441,"caption":"imagem dos dois artistas filipe sambado e e luca argel para concerto no CCB"},{"@type":"BreadcrumbList","@id":"https://www.ccb.pt/en/evento/filipe-sambado-luca-argel/#breadcrumb","itemListElement":[{"@type":"ListItem","position":1,"name":"Home","item":"https://www.ccb.pt/en/"},{"@type":"ListItem","position":2,"name":"Eventos","item":"https://www.ccb.pt/eventos/"},{"@type":"ListItem","position":3,"name":"Sun in twins"}]},{"@type":"WebSite","@id":"https://www.ccb.pt/#website","url":"https://www.ccb.pt/","name":"Centro Cultural de Belém Foundation","description":"","publisher":{"@id":"https://www.ccb.pt/#organization"},"potentialAction":[{"@type":"SearchAction","target":{"@type":"EntryPoint","urlTemplate":"https://www.ccb.pt/?s={search_term_string}"},"query-input":"required name=search_term_string"}],"inLanguage":"en-US"},{"@type":"Organization","@id":"https://www.ccb.pt/#organization","name":"Centro Cultural de Belém Foundation","url":"https://www.ccb.pt/","logo":{"@type":"ImageObject","inLanguage":"en-US","@id":"https://www.ccb.pt/#/schema/logo/image/","url":"https://www.ccb.pt/wp-content/uploads/2022/05/1_ccb.png","contentUrl":"https://www.ccb.pt/wp-content/uploads/2022/05/1_ccb.png","width":126,"height":100,"caption":"Centro Cultural de Belém Foundation"},"image":{"@id":"https://www.ccb.pt/#/schema/logo/image/"},"sameAs":["https://twitter.com/macccb_museu"]}]}</script>
<!-- / Yoast SEO plugin. -->

Sun in twins - Centro Cultural de Belém Foundation

Multiplicidade, inquietude e habilidade com as palavras. Qualidades atribuídas ao signo de gémeos que parecem confirmar-se diante da música de Filipe Sambado & Luca Argel.

Filipe Sambado & Luca Argel - Centro Cultural de Belém

Centro Cultural de Belém Foundation
