    {"id":224048,"date":"2024-09-06T13:01:29","date_gmt":"2024-09-06T12:01:29","guid":{"rendered":"https:\/\/www.ccb.pt\/evento\/ici-et-la\/"},"modified":"2025-05-23T12:06:47","modified_gmt":"2025-05-23T11:06:47","slug":"ici-et-la","status":"publish","type":"tribe_events","link":"https:\/\/www.ccb.pt\/en\/evento\/ici-et-la\/2025-05-27\/","title":{"rendered":"Ici et L\u00e0"},"content":{"rendered":"<p>A visual and sonic poem of household objects and geometric letters tells the story of a house through the seasons, guided by an unusual, ethereal woman. Wordlessly, she paints with a multifunctional book. As the house empties, nature\u2019s secrets emerge. At the end of the performance, she dances with the empty house and sets off on new adventures in this dreamlike, sensory tribute.<\/p>\n","protected":false},"excerpt":{"rendered":"<p>A visual and sonic poem of household objects and geometric letters tells the story of a house through the seasons, guided by an unusual, ethereal woman. Wordlessly, she paints with a multifunctional book. As the house empties, nature\u2019s secrets emerge. At the end of the performance, she dances with the empty house and sets off [&hellip;]<\/p>\n","protected":false},"author":6,"featured_media":185040,"comment_status":"closed","ping_status":"closed","template":"","meta":{"_relevanssi_hide_post":"","_relevanssi_pin_for_all":"on","_relevanssi_pin_keywords":"","_relevanssi_unpin_keywords":"","_relevanssi_related_keywords":"","_relevanssi_related_include_ids":"","_relevanssi_related_exclude_ids":"","_relevanssi_related_no_append":"","_relevanssi_related_not_related":"","_relevanssi_related_posts":"","_relevanssi_noindex_reason":""},"tribe_events_cat":[404,617,402,592],"tags_tema":[],"idades":[396],"tipos":[],"temas":[],"categorias_hubspot":[],"acf":[],"yoast_head":"<!-- This site is optimized with the Yoast SEO plugin v22.3 - https:\/\/yoast.com\/wordpress\/plugins\/seo\/ -->\n<title>Ici et L\u00e0 - Centro Cultural de Bel\u00e9m Foundation<\/title>\n<meta name=\"description\" content=\"Esta \u00e9 uma hist\u00f3ria sem hist\u00f3ria. Sobre uma casa que passa pelas quatro esta\u00e7\u00f5es com a ajuda da sua habitante, livre de qualquer h\u00e1bito e ainda assim muito organizada.\" \/>\n<meta name=\"robots\" content=\"index, follow, max-snippet:-1, max-image-preview:large, max-video-preview:-1\" \/>\n<link rel=\"canonical\" href=\"https:\/\/www.ccb.pt\/en\/evento\/ici-et-la\/2025-05-27\/\" \/>\n<meta property=\"og:locale\" content=\"en_US\" \/>\n<meta property=\"og:type\" content=\"article\" \/>\n<meta property=\"og:title\" content=\"Ici et l\u00e1 - Centro Cultural de Bel\u00e9m\" \/>\n<meta property=\"og:description\" content=\"Esta \u00e9 uma hist\u00f3ria sem hist\u00f3ria. Sobre uma casa que passa pelas quatro esta\u00e7\u00f5es com a ajuda da sua habitante, livre de qualquer h\u00e1bito e ainda assim muito organizada.\" \/>\n<meta property=\"og:url\" content=\"https:\/\/www.ccb.pt\/en\/evento\/ici-et-la\/2025-05-27\/\" \/>\n<meta property=\"og:site_name\" content=\"Centro Cultural de Bel\u00e9m Foundation\" \/>\n<meta property=\"article:modified_time\" content=\"2025-05-23T11:06:47+00:00\" \/>\n<meta property=\"og:image\" content=\"https:\/\/www.ccb.pt\/wp-content\/uploads\/2024\/07\/1200x630_fcb_IciEtLa_creditoOlivierGuillemain.jpg\" \/>\n\t<meta property=\"og:image:width\" content=\"1200\" \/>\n\t<meta property=\"og:image:height\" content=\"630\" \/>\n\t<meta property=\"og:image:type\" content=\"image\/jpeg\" \/>\n<meta name=\"twitter:card\" content=\"summary_large_image\" \/>\n<meta name=\"twitter:site\" content=\"@macccb_museu\" \/>\n<meta name=\"twitter:label1\" content=\"Est. reading time\" \/>\n\t<meta name=\"twitter:data1\" content=\"1 minute\" \/>\n<script type=\"application\/ld+json\" class=\"yoast-schema-graph\">{\"@context\":\"https:\/\/schema.org\",\"@graph\":[{\"@type\":\"WebPage\",\"@id\":\"https:\/\/www.ccb.pt\/en\/evento\/ici-et-la\/2025-05-27\/\",\"url\":\"https:\/\/www.ccb.pt\/en\/evento\/ici-et-la\/2025-05-27\/\",\"name\":\"Ici et L\u00e0 - Centro Cultural de Bel\u00e9m Foundation\",\"isPartOf\":{\"@id\":\"https:\/\/www.ccb.pt\/#website\"},\"primaryImageOfPage\":{\"@id\":\"https:\/\/www.ccb.pt\/en\/evento\/ici-et-la\/2025-05-27\/#primaryimage\"},\"image\":{\"@id\":\"https:\/\/www.ccb.pt\/en\/evento\/ici-et-la\/2025-05-27\/#primaryimage\"},\"thumbnailUrl\":\"https:\/\/www.ccb.pt\/wp-content\/uploads\/2024\/07\/2000x940_site_IciEtLa_creditoOlivierGuillemain.jpg\",\"datePublished\":\"2024-09-06T12:01:29+00:00\",\"dateModified\":\"2025-05-23T11:06:47+00:00\",\"description\":\"Esta \u00e9 uma hist\u00f3ria sem hist\u00f3ria. Sobre uma casa que passa pelas quatro esta\u00e7\u00f5es com a ajuda da sua habitante, livre de qualquer h\u00e1bito e ainda assim muito organizada.\",\"breadcrumb\":{\"@id\":\"https:\/\/www.ccb.pt\/en\/evento\/ici-et-la\/2025-05-27\/#breadcrumb\"},\"inLanguage\":\"en-US\",\"potentialAction\":[{\"@type\":\"ReadAction\",\"target\":[\"https:\/\/www.ccb.pt\/en\/evento\/ici-et-la\/2025-05-27\/\"]}]},{\"@type\":\"ImageObject\",\"inLanguage\":\"en-US\",\"@id\":\"https:\/\/www.ccb.pt\/en\/evento\/ici-et-la\/2025-05-27\/#primaryimage\",\"url\":\"https:\/\/www.ccb.pt\/wp-content\/uploads\/2024\/07\/2000x940_site_IciEtLa_creditoOlivierGuillemain.jpg\",\"contentUrl\":\"https:\/\/www.ccb.pt\/wp-content\/uploads\/2024\/07\/2000x940_site_IciEtLa_creditoOlivierGuillemain.jpg\",\"width\":2000,\"height\":940,\"caption\":\"(c) Olivier Guillemain\"},{\"@type\":\"BreadcrumbList\",\"@id\":\"https:\/\/www.ccb.pt\/en\/evento\/ici-et-la\/2025-05-27\/#breadcrumb\",\"itemListElement\":[{\"@type\":\"ListItem\",\"position\":1,\"name\":\"Home\",\"item\":\"https:\/\/www.ccb.pt\/en\/\"},{\"@type\":\"ListItem\",\"position\":2,\"name\":\"Eventos\",\"item\":\"https:\/\/www.ccb.pt\/eventos\/\"},{\"@type\":\"ListItem\",\"position\":3,\"name\":\"Ici et L\u00e0\"}]},{\"@type\":\"WebSite\",\"@id\":\"https:\/\/www.ccb.pt\/#website\",\"url\":\"https:\/\/www.ccb.pt\/\",\"name\":\"Centro Cultural de Bel\u00e9m Foundation\",\"description\":\"\",\"publisher\":{\"@id\":\"https:\/\/www.ccb.pt\/#organization\"},\"potentialAction\":[{\"@type\":\"SearchAction\",\"target\":{\"@type\":\"EntryPoint\",\"urlTemplate\":\"https:\/\/www.ccb.pt\/?s={search_term_string}\"},\"query-input\":\"required name=search_term_string\"}],\"inLanguage\":\"en-US\"},{\"@type\":\"Organization\",\"@id\":\"https:\/\/www.ccb.pt\/#organization\",\"name\":\"Centro Cultural de Bel\u00e9m Foundation\",\"url\":\"https:\/\/www.ccb.pt\/\",\"logo\":{\"@type\":\"ImageObject\",\"inLanguage\":\"en-US\",\"@id\":\"https:\/\/www.ccb.pt\/#\/schema\/logo\/image\/\",\"url\":\"https:\/\/www.ccb.pt\/wp-content\/uploads\/2022\/05\/1_ccb.png\",\"contentUrl\":\"https:\/\/www.ccb.pt\/wp-content\/uploads\/2022\/05\/1_ccb.png\",\"width\":126,\"height\":100,\"caption\":\"Centro Cultural de Bel\u00e9m Foundation\"},\"image\":{\"@id\":\"https:\/\/www.ccb.pt\/#\/schema\/logo\/image\/\"},\"sameAs\":[\"https:\/\/twitter.com\/macccb_museu\"]}]}<\/script>\n<!-- \/ Yoast SEO plugin. -->","yoast_head_json":{"title":"Ici et L\u00e0 - Centro Cultural de Bel\u00e9m Foundation","description":"Esta \u00e9 uma hist\u00f3ria sem hist\u00f3ria. Sobre uma casa que passa pelas quatro esta\u00e7\u00f5es com a ajuda da sua habitante, livre de qualquer h\u00e1bito e ainda assim muito organizada.","robots":{"index":"index","follow":"follow","max-snippet":"max-snippet:-1","max-image-preview":"max-image-preview:large","max-video-preview":"max-video-preview:-1"},"canonical":"https:\/\/www.ccb.pt\/en\/evento\/ici-et-la\/2025-05-27\/","og_locale":"en_US","og_type":"article","og_title":"Ici et l\u00e1 - Centro Cultural de Bel\u00e9m","og_description":"Esta \u00e9 uma hist\u00f3ria sem hist\u00f3ria. Sobre uma casa que passa pelas quatro esta\u00e7\u00f5es com a ajuda da sua habitante, livre de qualquer h\u00e1bito e ainda assim muito organizada.","og_url":"https:\/\/www.ccb.pt\/en\/evento\/ici-et-la\/2025-05-27\/","og_site_name":"Centro Cultural de Bel\u00e9m Foundation","article_modified_time":"2025-05-23T11:06:47+00:00","og_image":[{"width":1200,"height":630,"url":"https:\/\/www.ccb.pt\/wp-content\/uploads\/2024\/07\/1200x630_fcb_IciEtLa_creditoOlivierGuillemain.jpg","type":"image\/jpeg"}],"twitter_card":"summary_large_image","twitter_site":"@macccb_museu","twitter_misc":{"Est. reading time":"1 minute"},"schema":{"@context":"https:\/\/schema.org","@graph":[{"@type":"WebPage","@id":"https:\/\/www.ccb.pt\/en\/evento\/ici-et-la\/2025-05-27\/","url":"https:\/\/www.ccb.pt\/en\/evento\/ici-et-la\/2025-05-27\/","name":"Ici et L\u00e0 - Centro Cultural de Bel\u00e9m Foundation","isPartOf":{"@id":"https:\/\/www.ccb.pt\/#website"},"primaryImageOfPage":{"@id":"https:\/\/www.ccb.pt\/en\/evento\/ici-et-la\/2025-05-27\/#primaryimage"},"image":{"@id":"https:\/\/www.ccb.pt\/en\/evento\/ici-et-la\/2025-05-27\/#primaryimage"},"thumbnailUrl":"https:\/\/www.ccb.pt\/wp-content\/uploads\/2024\/07\/2000x940_site_IciEtLa_creditoOlivierGuillemain.jpg","datePublished":"2024-09-06T12:01:29+00:00","dateModified":"2025-05-23T11:06:47+00:00","description":"Esta \u00e9 uma hist\u00f3ria sem hist\u00f3ria. Sobre uma casa que passa pelas quatro esta\u00e7\u00f5es com a ajuda da sua habitante, livre de qualquer h\u00e1bito e ainda assim muito organizada.","breadcrumb":{"@id":"https:\/\/www.ccb.pt\/en\/evento\/ici-et-la\/2025-05-27\/#breadcrumb"},"inLanguage":"en-US","potentialAction":[{"@type":"ReadAction","target":["https:\/\/www.ccb.pt\/en\/evento\/ici-et-la\/2025-05-27\/"]}]},{"@type":"ImageObject","inLanguage":"en-US","@id":"https:\/\/www.ccb.pt\/en\/evento\/ici-et-la\/2025-05-27\/#primaryimage","url":"https:\/\/www.ccb.pt\/wp-content\/uploads\/2024\/07\/2000x940_site_IciEtLa_creditoOlivierGuillemain.jpg","contentUrl":"https:\/\/www.ccb.pt\/wp-content\/uploads\/2024\/07\/2000x940_site_IciEtLa_creditoOlivierGuillemain.jpg","width":2000,"height":940,"caption":"(c) Olivier Guillemain"},{"@type":"BreadcrumbList","@id":"https:\/\/www.ccb.pt\/en\/evento\/ici-et-la\/2025-05-27\/#breadcrumb","itemListElement":[{"@type":"ListItem","position":1,"name":"Home","item":"https:\/\/www.ccb.pt\/en\/"},{"@type":"ListItem","position":2,"name":"Eventos","item":"https:\/\/www.ccb.pt\/eventos\/"},{"@type":"ListItem","position":3,"name":"Ici et L\u00e0"}]},{"@type":"WebSite","@id":"https:\/\/www.ccb.pt\/#website","url":"https:\/\/www.ccb.pt\/","name":"Centro Cultural de Bel\u00e9m Foundation","description":"","publisher":{"@id":"https:\/\/www.ccb.pt\/#organization"},"potentialAction":[{"@type":"SearchAction","target":{"@type":"EntryPoint","urlTemplate":"https:\/\/www.ccb.pt\/?s={search_term_string}"},"query-input":"required name=search_term_string"}],"inLanguage":"en-US"},{"@type":"Organization","@id":"https:\/\/www.ccb.pt\/#organization","name":"Centro Cultural de Bel\u00e9m Foundation","url":"https:\/\/www.ccb.pt\/","logo":{"@type":"ImageObject","inLanguage":"en-US","@id":"https:\/\/www.ccb.pt\/#\/schema\/logo\/image\/","url":"https:\/\/www.ccb.pt\/wp-content\/uploads\/2022\/05\/1_ccb.png","contentUrl":"https:\/\/www.ccb.pt\/wp-content\/uploads\/2022\/05\/1_ccb.png","width":126,"height":100,"caption":"Centro Cultural de Bel\u00e9m Foundation"},"image":{"@id":"https:\/\/www.ccb.pt\/#\/schema\/logo\/image\/"},"sameAs":["https:\/\/twitter.com\/macccb_museu"]}]}},"_links":{"self":[{"href":"https:\/\/www.ccb.pt\/en\/wp-json\/wp\/v2\/tribe_events\/224048"}],"collection":[{"href":"https:\/\/www.ccb.pt\/en\/wp-json\/wp\/v2\/tribe_events"}],"about":[{"href":"https:\/\/www.ccb.pt\/en\/wp-json\/wp\/v2\/types\/tribe_events"}],"author":[{"embeddable":true,"href":"https:\/\/www.ccb.pt\/en\/wp-json\/wp\/v2\/users\/6"}],"replies":[{"embeddable":true,"href":"https:\/\/www.ccb.pt\/en\/wp-json\/wp\/v2\/comments?post=224048"}],"version-history":[{"count":3,"href":"https:\/\/www.ccb.pt\/en\/wp-json\/wp\/v2\/tribe_events\/224048\/revisions"}],"predecessor-version":[{"id":235633,"href":"https:\/\/www.ccb.pt\/en\/wp-json\/wp\/v2\/tribe_events\/224048\/revisions\/235633"}],"wp:featuredmedia":[{"embeddable":true,"href":"https:\/\/www.ccb.pt\/en\/wp-json\/wp\/v2\/media\/185040"}],"wp:attachment":[{"href":"https:\/\/www.ccb.pt\/en\/wp-json\/wp\/v2\/media?parent=224048"}],"wp:term":[{"taxonomy":"tribe_events_cat","embeddable":true,"href":"https:\/\/www.ccb.pt\/en\/wp-json\/wp\/v2\/tribe_events_cat?post=224048"},{"taxonomy":"tags_tema","embeddable":true,"href":"https:\/\/www.ccb.pt\/en\/wp-json\/wp\/v2\/tags_tema?post=224048"},{"taxonomy":"idades","embeddable":true,"href":"https:\/\/www.ccb.pt\/en\/wp-json\/wp\/v2\/idades?post=224048"},{"taxonomy":"tipos","embeddable":true,"href":"https:\/\/www.ccb.pt\/en\/wp-json\/wp\/v2\/tipos?post=224048"},{"taxonomy":"temas","embeddable":true,"href":"https:\/\/www.ccb.pt\/en\/wp-json\/wp\/v2\/temas?post=224048"},{"taxonomy":"categorias_hubspot","embeddable":true,"href":"https:\/\/www.ccb.pt\/en\/wp-json\/wp\/v2\/categorias_hubspot?post=224048"}],"curies":[{"name":"wp","href":"https:\/\/api.w.org\/{rel}","templated":true}]}}

Ici et Là

<!-- This site is optimized with the Yoast SEO plugin v22.3 - https://yoast.com/wordpress/plugins/seo/ -->
<title>Ici et Là - Centro Cultural de Belém Foundation</title>
<meta name="description" content="Esta é uma história sem história. Sobre uma casa que passa pelas quatro estações com a ajuda da sua habitante, livre de qualquer hábito e ainda assim muito organizada." />
<meta name="robots" content="index, follow, max-snippet:-1, max-image-preview:large, max-video-preview:-1" />
<link rel="canonical" href="https://www.ccb.pt/en/evento/ici-et-la/2025-05-27/" />
<meta property="og:locale" content="en_US" />
<meta property="og:type" content="article" />
<meta property="og:title" content="Ici et lá - Centro Cultural de Belém" />
<meta property="og:description" content="Esta é uma história sem história. Sobre uma casa que passa pelas quatro estações com a ajuda da sua habitante, livre de qualquer hábito e ainda assim muito organizada." />
<meta property="og:url" content="https://www.ccb.pt/en/evento/ici-et-la/2025-05-27/" />
<meta property="og:site_name" content="Centro Cultural de Belém Foundation" />
<meta property="article:modified_time" content="2025-05-23T11:06:47+00:00" />
<meta property="og:image" content="https://www.ccb.pt/wp-content/uploads/2024/07/1200x630_fcb_IciEtLa_creditoOlivierGuillemain.jpg" />
	<meta property="og:image:width" content="1200" />
	<meta property="og:image:height" content="630" />
	<meta property="og:image:type" content="image/jpeg" />
<meta name="twitter:card" content="summary_large_image" />
<meta name="twitter:site" content="@macccb_museu" />
<meta name="twitter:label1" content="Est. reading time" />
	<meta name="twitter:data1" content="1 minute" />
<script type="application/ld+json" class="yoast-schema-graph">{"@context":"https://schema.org","@graph":[{"@type":"WebPage","@id":"https://www.ccb.pt/en/evento/ici-et-la/2025-05-27/","url":"https://www.ccb.pt/en/evento/ici-et-la/2025-05-27/","name":"Ici et Là - Centro Cultural de Belém Foundation","isPartOf":{"@id":"https://www.ccb.pt/#website"},"primaryImageOfPage":{"@id":"https://www.ccb.pt/en/evento/ici-et-la/2025-05-27/#primaryimage"},"image":{"@id":"https://www.ccb.pt/en/evento/ici-et-la/2025-05-27/#primaryimage"},"thumbnailUrl":"https://www.ccb.pt/wp-content/uploads/2024/07/2000x940_site_IciEtLa_creditoOlivierGuillemain.jpg","datePublished":"2024-09-06T12:01:29+00:00","dateModified":"2025-05-23T11:06:47+00:00","description":"Esta é uma história sem história. Sobre uma casa que passa pelas quatro estações com a ajuda da sua habitante, livre de qualquer hábito e ainda assim muito organizada.","breadcrumb":{"@id":"https://www.ccb.pt/en/evento/ici-et-la/2025-05-27/#breadcrumb"},"inLanguage":"en-US","potentialAction":[{"@type":"ReadAction","target":["https://www.ccb.pt/en/evento/ici-et-la/2025-05-27/"]}]},{"@type":"ImageObject","inLanguage":"en-US","@id":"https://www.ccb.pt/en/evento/ici-et-la/2025-05-27/#primaryimage","url":"https://www.ccb.pt/wp-content/uploads/2024/07/2000x940_site_IciEtLa_creditoOlivierGuillemain.jpg","contentUrl":"https://www.ccb.pt/wp-content/uploads/2024/07/2000x940_site_IciEtLa_creditoOlivierGuillemain.jpg","width":2000,"height":940,"caption":"(c) Olivier Guillemain"},{"@type":"BreadcrumbList","@id":"https://www.ccb.pt/en/evento/ici-et-la/2025-05-27/#breadcrumb","itemListElement":[{"@type":"ListItem","position":1,"name":"Home","item":"https://www.ccb.pt/en/"},{"@type":"ListItem","position":2,"name":"Eventos","item":"https://www.ccb.pt/eventos/"},{"@type":"ListItem","position":3,"name":"Ici et Là"}]},{"@type":"WebSite","@id":"https://www.ccb.pt/#website","url":"https://www.ccb.pt/","name":"Centro Cultural de Belém Foundation","description":"","publisher":{"@id":"https://www.ccb.pt/#organization"},"potentialAction":[{"@type":"SearchAction","target":{"@type":"EntryPoint","urlTemplate":"https://www.ccb.pt/?s={search_term_string}"},"query-input":"required name=search_term_string"}],"inLanguage":"en-US"},{"@type":"Organization","@id":"https://www.ccb.pt/#organization","name":"Centro Cultural de Belém Foundation","url":"https://www.ccb.pt/","logo":{"@type":"ImageObject","inLanguage":"en-US","@id":"https://www.ccb.pt/#/schema/logo/image/","url":"https://www.ccb.pt/wp-content/uploads/2022/05/1_ccb.png","contentUrl":"https://www.ccb.pt/wp-content/uploads/2022/05/1_ccb.png","width":126,"height":100,"caption":"Centro Cultural de Belém Foundation"},"image":{"@id":"https://www.ccb.pt/#/schema/logo/image/"},"sameAs":["https://twitter.com/macccb_museu"]}]}</script>
<!-- / Yoast SEO plugin. -->

Ici et Là - Centro Cultural de Belém Foundation

Esta é uma história sem história. Sobre uma casa que passa pelas quatro estações com a ajuda da sua habitante, livre de qualquer hábito e ainda assim muito organizada.

Ici et lá - Centro Cultural de Belém

Centro Cultural de Belém Foundation
