    {"id":209590,"date":"2024-09-06T12:46:14","date_gmt":"2024-09-06T11:46:14","guid":{"rendered":"https:\/\/www.ccb.pt\/evento\/os-dias-da-liberdade\/"},"modified":"2025-02-18T15:24:14","modified_gmt":"2025-02-18T15:24:14","slug":"os-dias-da-liberdade","status":"publish","type":"tribe_events","link":"https:\/\/www.ccb.pt\/en\/evento\/os-dias-da-liberdade\/","title":{"rendered":"Os Dias da Liberdade &#8211; Um Tributo a Jo\u00e3o Monge"},"content":{"rendered":"<p>Helder Moutinho is a Fado singer recognized for his authenticity and dedication to the Fado heritage. His next album, <em>Os Dias da Liberdade<\/em>, pays homage to the poet Jo\u00e3o Monge, reinforcing their partnership. In the concert series <em>H\u00e1 Fado no Cais<\/em>, Moutinho will present the album\u2019s tracks in the <em>Freedom<\/em> show, which uses Fado as a protest song, exploring emblematic songs about the fight for freedom.<\/p>\n<p>&nbsp;<\/p>\n","protected":false},"excerpt":{"rendered":"<p>Helder Moutinho is a Fado singer recognized for his authenticity and dedication to the Fado heritage. His next album, Os Dias da Liberdade, pays homage to the poet Jo\u00e3o Monge, reinforcing their partnership. In the concert series H\u00e1 Fado no Cais, Moutinho will present the album\u2019s tracks in the Freedom show, which uses Fado as [&hellip;]<\/p>\n","protected":false},"author":6,"featured_media":217910,"comment_status":"closed","ping_status":"closed","template":"","meta":{"_relevanssi_hide_post":"","_relevanssi_pin_for_all":"on","_relevanssi_pin_keywords":"","_relevanssi_unpin_keywords":"","_relevanssi_related_keywords":"","_relevanssi_related_include_ids":"","_relevanssi_related_exclude_ids":"","_relevanssi_related_no_append":"","_relevanssi_related_not_related":"","_relevanssi_related_posts":"","_relevanssi_noindex_reason":""},"tribe_events_cat":[588,590,23],"tags_tema":[],"idades":[392],"tipos":[],"temas":[],"categorias_hubspot":[],"acf":[],"yoast_head":"<!-- This site is optimized with the Yoast SEO plugin v22.3 - https:\/\/yoast.com\/wordpress\/plugins\/seo\/ -->\n<title>Os Dias da Liberdade - Um Tributo a Jo\u00e3o Monge - Centro Cultural de Bel\u00e9m Foundation<\/title>\n<meta name=\"description\" content=\"Ao ciclo H\u00e1 Fado no Cais, Helder Moutinho leva os temas do \u00e1lbum \u00abOs Dias da Liberdade\u00bb, numa fus\u00e3o com o espet\u00e1culo \u00abFreedom\u00bb.\" \/>\n<meta name=\"robots\" content=\"index, follow, max-snippet:-1, max-image-preview:large, max-video-preview:-1\" \/>\n<link rel=\"canonical\" href=\"https:\/\/www.ccb.pt\/en\/evento\/os-dias-da-liberdade\/\" \/>\n<meta property=\"og:locale\" content=\"en_US\" \/>\n<meta property=\"og:type\" content=\"article\" \/>\n<meta property=\"og:title\" content=\"Helder Moutinho | Os Dias da Liberdade - CCB\" \/>\n<meta property=\"og:description\" content=\"Ao ciclo H\u00e1 Fado no Cais, Helder Moutinho leva os temas do \u00e1lbum \u00abOs Dias da Liberdade\u00bb, numa fus\u00e3o com o espet\u00e1culo \u00abFreedom\u00bb.\" \/>\n<meta property=\"og:url\" content=\"https:\/\/www.ccb.pt\/en\/evento\/os-dias-da-liberdade\/\" \/>\n<meta property=\"og:site_name\" content=\"Centro Cultural de Bel\u00e9m Foundation\" \/>\n<meta property=\"article:modified_time\" content=\"2025-02-18T15:24:14+00:00\" \/>\n<meta property=\"og:image\" content=\"https:\/\/www.ccb.pt\/wp-content\/uploads\/2024\/09\/1200x630_fcb_HelderMoutinho.jpg\" \/>\n\t<meta property=\"og:image:width\" content=\"1200\" \/>\n\t<meta property=\"og:image:height\" content=\"630\" \/>\n\t<meta property=\"og:image:type\" content=\"image\/jpeg\" \/>\n<meta name=\"twitter:card\" content=\"summary_large_image\" \/>\n<meta name=\"twitter:site\" content=\"@macccb_museu\" \/>\n<meta name=\"twitter:label1\" content=\"Est. reading time\" \/>\n\t<meta name=\"twitter:data1\" content=\"1 minute\" \/>\n<script type=\"application\/ld+json\" class=\"yoast-schema-graph\">{\"@context\":\"https:\/\/schema.org\",\"@graph\":[{\"@type\":\"WebPage\",\"@id\":\"https:\/\/www.ccb.pt\/en\/evento\/os-dias-da-liberdade\/\",\"url\":\"https:\/\/www.ccb.pt\/en\/evento\/os-dias-da-liberdade\/\",\"name\":\"Os Dias da Liberdade - Um Tributo a Jo\u00e3o Monge - Centro Cultural de Bel\u00e9m Foundation\",\"isPartOf\":{\"@id\":\"https:\/\/www.ccb.pt\/#website\"},\"primaryImageOfPage\":{\"@id\":\"https:\/\/www.ccb.pt\/en\/evento\/os-dias-da-liberdade\/#primaryimage\"},\"image\":{\"@id\":\"https:\/\/www.ccb.pt\/en\/evento\/os-dias-da-liberdade\/#primaryimage\"},\"thumbnailUrl\":\"https:\/\/www.ccb.pt\/wp-content\/uploads\/2024\/09\/Heldermoutinhocredito-EstelleValente--e1739891327875.jpg\",\"datePublished\":\"2024-09-06T11:46:14+00:00\",\"dateModified\":\"2025-02-18T15:24:14+00:00\",\"description\":\"Ao ciclo H\u00e1 Fado no Cais, Helder Moutinho leva os temas do \u00e1lbum \u00abOs Dias da Liberdade\u00bb, numa fus\u00e3o com o espet\u00e1culo \u00abFreedom\u00bb.\",\"breadcrumb\":{\"@id\":\"https:\/\/www.ccb.pt\/en\/evento\/os-dias-da-liberdade\/#breadcrumb\"},\"inLanguage\":\"en-US\",\"potentialAction\":[{\"@type\":\"ReadAction\",\"target\":[\"https:\/\/www.ccb.pt\/en\/evento\/os-dias-da-liberdade\/\"]}]},{\"@type\":\"ImageObject\",\"inLanguage\":\"en-US\",\"@id\":\"https:\/\/www.ccb.pt\/en\/evento\/os-dias-da-liberdade\/#primaryimage\",\"url\":\"https:\/\/www.ccb.pt\/wp-content\/uploads\/2024\/09\/Heldermoutinhocredito-EstelleValente--e1739891327875.jpg\",\"contentUrl\":\"https:\/\/www.ccb.pt\/wp-content\/uploads\/2024\/09\/Heldermoutinhocredito-EstelleValente--e1739891327875.jpg\",\"width\":2000,\"height\":1333,\"caption\":\"(c) Este\"},{\"@type\":\"BreadcrumbList\",\"@id\":\"https:\/\/www.ccb.pt\/en\/evento\/os-dias-da-liberdade\/#breadcrumb\",\"itemListElement\":[{\"@type\":\"ListItem\",\"position\":1,\"name\":\"Home\",\"item\":\"https:\/\/www.ccb.pt\/en\/\"},{\"@type\":\"ListItem\",\"position\":2,\"name\":\"Eventos\",\"item\":\"https:\/\/www.ccb.pt\/eventos\/\"},{\"@type\":\"ListItem\",\"position\":3,\"name\":\"Os Dias da Liberdade &#8211; Um Tributo a Jo\u00e3o Monge\"}]},{\"@type\":\"WebSite\",\"@id\":\"https:\/\/www.ccb.pt\/#website\",\"url\":\"https:\/\/www.ccb.pt\/\",\"name\":\"Centro Cultural de Bel\u00e9m Foundation\",\"description\":\"\",\"publisher\":{\"@id\":\"https:\/\/www.ccb.pt\/#organization\"},\"potentialAction\":[{\"@type\":\"SearchAction\",\"target\":{\"@type\":\"EntryPoint\",\"urlTemplate\":\"https:\/\/www.ccb.pt\/?s={search_term_string}\"},\"query-input\":\"required name=search_term_string\"}],\"inLanguage\":\"en-US\"},{\"@type\":\"Organization\",\"@id\":\"https:\/\/www.ccb.pt\/#organization\",\"name\":\"Centro Cultural de Bel\u00e9m Foundation\",\"url\":\"https:\/\/www.ccb.pt\/\",\"logo\":{\"@type\":\"ImageObject\",\"inLanguage\":\"en-US\",\"@id\":\"https:\/\/www.ccb.pt\/#\/schema\/logo\/image\/\",\"url\":\"https:\/\/www.ccb.pt\/wp-content\/uploads\/2022\/05\/1_ccb.png\",\"contentUrl\":\"https:\/\/www.ccb.pt\/wp-content\/uploads\/2022\/05\/1_ccb.png\",\"width\":126,\"height\":100,\"caption\":\"Centro Cultural de Bel\u00e9m Foundation\"},\"image\":{\"@id\":\"https:\/\/www.ccb.pt\/#\/schema\/logo\/image\/\"},\"sameAs\":[\"https:\/\/twitter.com\/macccb_museu\"]}]}<\/script>\n<!-- \/ Yoast SEO plugin. -->","yoast_head_json":{"title":"Os Dias da Liberdade - Um Tributo a Jo\u00e3o Monge - Centro Cultural de Bel\u00e9m Foundation","description":"Ao ciclo H\u00e1 Fado no Cais, Helder Moutinho leva os temas do \u00e1lbum \u00abOs Dias da Liberdade\u00bb, numa fus\u00e3o com o espet\u00e1culo \u00abFreedom\u00bb.","robots":{"index":"index","follow":"follow","max-snippet":"max-snippet:-1","max-image-preview":"max-image-preview:large","max-video-preview":"max-video-preview:-1"},"canonical":"https:\/\/www.ccb.pt\/en\/evento\/os-dias-da-liberdade\/","og_locale":"en_US","og_type":"article","og_title":"Helder Moutinho | Os Dias da Liberdade - CCB","og_description":"Ao ciclo H\u00e1 Fado no Cais, Helder Moutinho leva os temas do \u00e1lbum \u00abOs Dias da Liberdade\u00bb, numa fus\u00e3o com o espet\u00e1culo \u00abFreedom\u00bb.","og_url":"https:\/\/www.ccb.pt\/en\/evento\/os-dias-da-liberdade\/","og_site_name":"Centro Cultural de Bel\u00e9m Foundation","article_modified_time":"2025-02-18T15:24:14+00:00","og_image":[{"width":1200,"height":630,"url":"https:\/\/www.ccb.pt\/wp-content\/uploads\/2024\/09\/1200x630_fcb_HelderMoutinho.jpg","type":"image\/jpeg"}],"twitter_card":"summary_large_image","twitter_site":"@macccb_museu","twitter_misc":{"Est. reading time":"1 minute"},"schema":{"@context":"https:\/\/schema.org","@graph":[{"@type":"WebPage","@id":"https:\/\/www.ccb.pt\/en\/evento\/os-dias-da-liberdade\/","url":"https:\/\/www.ccb.pt\/en\/evento\/os-dias-da-liberdade\/","name":"Os Dias da Liberdade - Um Tributo a Jo\u00e3o Monge - Centro Cultural de Bel\u00e9m Foundation","isPartOf":{"@id":"https:\/\/www.ccb.pt\/#website"},"primaryImageOfPage":{"@id":"https:\/\/www.ccb.pt\/en\/evento\/os-dias-da-liberdade\/#primaryimage"},"image":{"@id":"https:\/\/www.ccb.pt\/en\/evento\/os-dias-da-liberdade\/#primaryimage"},"thumbnailUrl":"https:\/\/www.ccb.pt\/wp-content\/uploads\/2024\/09\/Heldermoutinhocredito-EstelleValente--e1739891327875.jpg","datePublished":"2024-09-06T11:46:14+00:00","dateModified":"2025-02-18T15:24:14+00:00","description":"Ao ciclo H\u00e1 Fado no Cais, Helder Moutinho leva os temas do \u00e1lbum \u00abOs Dias da Liberdade\u00bb, numa fus\u00e3o com o espet\u00e1culo \u00abFreedom\u00bb.","breadcrumb":{"@id":"https:\/\/www.ccb.pt\/en\/evento\/os-dias-da-liberdade\/#breadcrumb"},"inLanguage":"en-US","potentialAction":[{"@type":"ReadAction","target":["https:\/\/www.ccb.pt\/en\/evento\/os-dias-da-liberdade\/"]}]},{"@type":"ImageObject","inLanguage":"en-US","@id":"https:\/\/www.ccb.pt\/en\/evento\/os-dias-da-liberdade\/#primaryimage","url":"https:\/\/www.ccb.pt\/wp-content\/uploads\/2024\/09\/Heldermoutinhocredito-EstelleValente--e1739891327875.jpg","contentUrl":"https:\/\/www.ccb.pt\/wp-content\/uploads\/2024\/09\/Heldermoutinhocredito-EstelleValente--e1739891327875.jpg","width":2000,"height":1333,"caption":"(c) Este"},{"@type":"BreadcrumbList","@id":"https:\/\/www.ccb.pt\/en\/evento\/os-dias-da-liberdade\/#breadcrumb","itemListElement":[{"@type":"ListItem","position":1,"name":"Home","item":"https:\/\/www.ccb.pt\/en\/"},{"@type":"ListItem","position":2,"name":"Eventos","item":"https:\/\/www.ccb.pt\/eventos\/"},{"@type":"ListItem","position":3,"name":"Os Dias da Liberdade &#8211; Um Tributo a Jo\u00e3o Monge"}]},{"@type":"WebSite","@id":"https:\/\/www.ccb.pt\/#website","url":"https:\/\/www.ccb.pt\/","name":"Centro Cultural de Bel\u00e9m Foundation","description":"","publisher":{"@id":"https:\/\/www.ccb.pt\/#organization"},"potentialAction":[{"@type":"SearchAction","target":{"@type":"EntryPoint","urlTemplate":"https:\/\/www.ccb.pt\/?s={search_term_string}"},"query-input":"required name=search_term_string"}],"inLanguage":"en-US"},{"@type":"Organization","@id":"https:\/\/www.ccb.pt\/#organization","name":"Centro Cultural de Bel\u00e9m Foundation","url":"https:\/\/www.ccb.pt\/","logo":{"@type":"ImageObject","inLanguage":"en-US","@id":"https:\/\/www.ccb.pt\/#\/schema\/logo\/image\/","url":"https:\/\/www.ccb.pt\/wp-content\/uploads\/2022\/05\/1_ccb.png","contentUrl":"https:\/\/www.ccb.pt\/wp-content\/uploads\/2022\/05\/1_ccb.png","width":126,"height":100,"caption":"Centro Cultural de Bel\u00e9m Foundation"},"image":{"@id":"https:\/\/www.ccb.pt\/#\/schema\/logo\/image\/"},"sameAs":["https:\/\/twitter.com\/macccb_museu"]}]}},"_links":{"self":[{"href":"https:\/\/www.ccb.pt\/en\/wp-json\/wp\/v2\/tribe_events\/209590"}],"collection":[{"href":"https:\/\/www.ccb.pt\/en\/wp-json\/wp\/v2\/tribe_events"}],"about":[{"href":"https:\/\/www.ccb.pt\/en\/wp-json\/wp\/v2\/types\/tribe_events"}],"author":[{"embeddable":true,"href":"https:\/\/www.ccb.pt\/en\/wp-json\/wp\/v2\/users\/6"}],"replies":[{"embeddable":true,"href":"https:\/\/www.ccb.pt\/en\/wp-json\/wp\/v2\/comments?post=209590"}],"version-history":[{"count":4,"href":"https:\/\/www.ccb.pt\/en\/wp-json\/wp\/v2\/tribe_events\/209590\/revisions"}],"predecessor-version":[{"id":217914,"href":"https:\/\/www.ccb.pt\/en\/wp-json\/wp\/v2\/tribe_events\/209590\/revisions\/217914"}],"wp:featuredmedia":[{"embeddable":true,"href":"https:\/\/www.ccb.pt\/en\/wp-json\/wp\/v2\/media\/217910"}],"wp:attachment":[{"href":"https:\/\/www.ccb.pt\/en\/wp-json\/wp\/v2\/media?parent=209590"}],"wp:term":[{"taxonomy":"tribe_events_cat","embeddable":true,"href":"https:\/\/www.ccb.pt\/en\/wp-json\/wp\/v2\/tribe_events_cat?post=209590"},{"taxonomy":"tags_tema","embeddable":true,"href":"https:\/\/www.ccb.pt\/en\/wp-json\/wp\/v2\/tags_tema?post=209590"},{"taxonomy":"idades","embeddable":true,"href":"https:\/\/www.ccb.pt\/en\/wp-json\/wp\/v2\/idades?post=209590"},{"taxonomy":"tipos","embeddable":true,"href":"https:\/\/www.ccb.pt\/en\/wp-json\/wp\/v2\/tipos?post=209590"},{"taxonomy":"temas","embeddable":true,"href":"https:\/\/www.ccb.pt\/en\/wp-json\/wp\/v2\/temas?post=209590"},{"taxonomy":"categorias_hubspot","embeddable":true,"href":"https:\/\/www.ccb.pt\/en\/wp-json\/wp\/v2\/categorias_hubspot?post=209590"}],"curies":[{"name":"wp","href":"https:\/\/api.w.org\/{rel}","templated":true}]}}

Os Dias da Liberdade &#8211; Um Tributo a João Monge

<p>Helder Moutinho is a Fado singer recognized for his authenticity and dedication to the Fado heritage. His next album, <em>Os Dias da Liberdade</em>, pays homage to the poet João Monge, reinforcing their partnership. In the concert series <em>Há Fado no Cais</em>, Moutinho will present the album’s tracks in the <em>Freedom</em> show, which uses Fado as a protest song, exploring emblematic songs about the fight for freedom.</p>
<p>&nbsp;</p>

<p>Helder Moutinho is a Fado singer recognized for his authenticity and dedication to the Fado heritage. His next album, Os Dias da Liberdade, pays homage to the poet João Monge, reinforcing their partnership. In the concert series Há Fado no Cais, Moutinho will present the album’s tracks in the Freedom show, which uses Fado as [&hellip;]</p>

<!-- This site is optimized with the Yoast SEO plugin v22.3 - https://yoast.com/wordpress/plugins/seo/ -->
<title>Os Dias da Liberdade - Um Tributo a João Monge - Centro Cultural de Belém Foundation</title>
<meta name="description" content="Ao ciclo Há Fado no Cais, Helder Moutinho leva os temas do álbum «Os Dias da Liberdade», numa fusão com o espetáculo «Freedom»." />
<meta name="robots" content="index, follow, max-snippet:-1, max-image-preview:large, max-video-preview:-1" />
<link rel="canonical" href="https://www.ccb.pt/en/evento/os-dias-da-liberdade/" />
<meta property="og:locale" content="en_US" />
<meta property="og:type" content="article" />
<meta property="og:title" content="Helder Moutinho | Os Dias da Liberdade - CCB" />
<meta property="og:description" content="Ao ciclo Há Fado no Cais, Helder Moutinho leva os temas do álbum «Os Dias da Liberdade», numa fusão com o espetáculo «Freedom»." />
<meta property="og:url" content="https://www.ccb.pt/en/evento/os-dias-da-liberdade/" />
<meta property="og:site_name" content="Centro Cultural de Belém Foundation" />
<meta property="article:modified_time" content="2025-02-18T15:24:14+00:00" />
<meta property="og:image" content="https://www.ccb.pt/wp-content/uploads/2024/09/1200x630_fcb_HelderMoutinho.jpg" />
	<meta property="og:image:width" content="1200" />
	<meta property="og:image:height" content="630" />
	<meta property="og:image:type" content="image/jpeg" />
<meta name="twitter:card" content="summary_large_image" />
<meta name="twitter:site" content="@macccb_museu" />
<meta name="twitter:label1" content="Est. reading time" />
	<meta name="twitter:data1" content="1 minute" />
<script type="application/ld+json" class="yoast-schema-graph">{"@context":"https://schema.org","@graph":[{"@type":"WebPage","@id":"https://www.ccb.pt/en/evento/os-dias-da-liberdade/","url":"https://www.ccb.pt/en/evento/os-dias-da-liberdade/","name":"Os Dias da Liberdade - Um Tributo a João Monge - Centro Cultural de Belém Foundation","isPartOf":{"@id":"https://www.ccb.pt/#website"},"primaryImageOfPage":{"@id":"https://www.ccb.pt/en/evento/os-dias-da-liberdade/#primaryimage"},"image":{"@id":"https://www.ccb.pt/en/evento/os-dias-da-liberdade/#primaryimage"},"thumbnailUrl":"https://www.ccb.pt/wp-content/uploads/2024/09/Heldermoutinhocredito-EstelleValente--e1739891327875.jpg","datePublished":"2024-09-06T11:46:14+00:00","dateModified":"2025-02-18T15:24:14+00:00","description":"Ao ciclo Há Fado no Cais, Helder Moutinho leva os temas do álbum «Os Dias da Liberdade», numa fusão com o espetáculo «Freedom».","breadcrumb":{"@id":"https://www.ccb.pt/en/evento/os-dias-da-liberdade/#breadcrumb"},"inLanguage":"en-US","potentialAction":[{"@type":"ReadAction","target":["https://www.ccb.pt/en/evento/os-dias-da-liberdade/"]}]},{"@type":"ImageObject","inLanguage":"en-US","@id":"https://www.ccb.pt/en/evento/os-dias-da-liberdade/#primaryimage","url":"https://www.ccb.pt/wp-content/uploads/2024/09/Heldermoutinhocredito-EstelleValente--e1739891327875.jpg","contentUrl":"https://www.ccb.pt/wp-content/uploads/2024/09/Heldermoutinhocredito-EstelleValente--e1739891327875.jpg","width":2000,"height":1333,"caption":"(c) Este"},{"@type":"BreadcrumbList","@id":"https://www.ccb.pt/en/evento/os-dias-da-liberdade/#breadcrumb","itemListElement":[{"@type":"ListItem","position":1,"name":"Home","item":"https://www.ccb.pt/en/"},{"@type":"ListItem","position":2,"name":"Eventos","item":"https://www.ccb.pt/eventos/"},{"@type":"ListItem","position":3,"name":"Os Dias da Liberdade &#8211; Um Tributo a João Monge"}]},{"@type":"WebSite","@id":"https://www.ccb.pt/#website","url":"https://www.ccb.pt/","name":"Centro Cultural de Belém Foundation","description":"","publisher":{"@id":"https://www.ccb.pt/#organization"},"potentialAction":[{"@type":"SearchAction","target":{"@type":"EntryPoint","urlTemplate":"https://www.ccb.pt/?s={search_term_string}"},"query-input":"required name=search_term_string"}],"inLanguage":"en-US"},{"@type":"Organization","@id":"https://www.ccb.pt/#organization","name":"Centro Cultural de Belém Foundation","url":"https://www.ccb.pt/","logo":{"@type":"ImageObject","inLanguage":"en-US","@id":"https://www.ccb.pt/#/schema/logo/image/","url":"https://www.ccb.pt/wp-content/uploads/2022/05/1_ccb.png","contentUrl":"https://www.ccb.pt/wp-content/uploads/2022/05/1_ccb.png","width":126,"height":100,"caption":"Centro Cultural de Belém Foundation"},"image":{"@id":"https://www.ccb.pt/#/schema/logo/image/"},"sameAs":["https://twitter.com/macccb_museu"]}]}</script>
<!-- / Yoast SEO plugin. -->

Os Dias da Liberdade - Um Tributo a João Monge - Centro Cultural de Belém Foundation

Ao ciclo Há Fado no Cais, Helder Moutinho leva os temas do álbum «Os Dias da Liberdade», numa fusão com o espetáculo «Freedom».

Centro Cultural de Belém Foundation
