    {"id":209566,"date":"2024-06-18T12:39:10","date_gmt":"2024-06-18T11:39:10","guid":{"rendered":"https:\/\/www.ccb.pt\/evento\/sinfonia-n-o-40-de-mozart\/"},"modified":"2024-12-18T11:17:50","modified_gmt":"2024-12-18T11:17:50","slug":"sinfonia-n-o-40-de-mozart","status":"publish","type":"tribe_events","link":"https:\/\/www.ccb.pt\/en\/evento\/sinfonia-n-o-40-de-mozart\/","title":{"rendered":"Symphony No. 40 by Mozart"},"content":{"rendered":"<p>The concert begins with Mozart\u2019s famous <em>Symphony No. 40<\/em>, which combines formal restraint and expressive exaltation. Next, a symphony by Kurt Weill stands out, composed in 1933 during his exile in Paris, revealing his more classical side. The program opens with a festive piece by Sibelius, celebrating the musical richness that will be listened to.<\/p>\n","protected":false},"excerpt":{"rendered":"<p>The concert begins with Mozart\u2019s famous Symphony No. 40, which combines formal restraint and expressive exaltation. Next, a symphony by Kurt Weill stands out, composed in 1933 during his exile in Paris, revealing his more classical side. The program opens with a festive piece by Sibelius, celebrating the musical richness that will be listened to.<\/p>\n","protected":false},"author":6,"featured_media":179334,"comment_status":"closed","ping_status":"closed","template":"","meta":{"_relevanssi_hide_post":"","_relevanssi_pin_for_all":"on","_relevanssi_pin_keywords":"","_relevanssi_unpin_keywords":"","_relevanssi_related_keywords":"","_relevanssi_related_include_ids":"","_relevanssi_related_exclude_ids":"","_relevanssi_related_no_append":"","_relevanssi_related_not_related":"","_relevanssi_related_posts":"","_relevanssi_noindex_reason":""},"tribe_events_cat":[590,23],"tags_tema":[],"idades":[392],"tipos":[],"temas":[],"categorias_hubspot":[],"acf":[],"yoast_head":"<!-- This site is optimized with the Yoast SEO plugin v22.3 - https:\/\/yoast.com\/wordpress\/plugins\/seo\/ -->\n<title>Symphony No. 40 by Mozart - Centro Cultural de Bel\u00e9m Foundation<\/title>\n<meta name=\"description\" content=\"A Orquestra Metropolitana de Lisboa, sob a batuta do c\u00e9lebre maestro Marc Minkowski, apresenta um concerto imperd\u00edvel, no CCB.\" \/>\n<meta name=\"robots\" content=\"index, follow, max-snippet:-1, max-image-preview:large, max-video-preview:-1\" \/>\n<link rel=\"canonical\" href=\"https:\/\/www.ccb.pt\/en\/evento\/sinfonia-n-o-40-de-mozart\/\" \/>\n<meta property=\"og:locale\" content=\"en_US\" \/>\n<meta property=\"og:type\" content=\"article\" \/>\n<meta property=\"og:title\" content=\"Symphony No. 40 by Mozart - Centro Cultural de Bel\u00e9m Foundation\" \/>\n<meta property=\"og:description\" content=\"A Orquestra Metropolitana de Lisboa, sob a batuta do c\u00e9lebre maestro Marc Minkowski, apresenta um concerto imperd\u00edvel, no CCB.\" \/>\n<meta property=\"og:url\" content=\"https:\/\/www.ccb.pt\/en\/evento\/sinfonia-n-o-40-de-mozart\/\" \/>\n<meta property=\"og:site_name\" content=\"Centro Cultural de Bel\u00e9m Foundation\" \/>\n<meta property=\"article:modified_time\" content=\"2024-12-18T11:17:50+00:00\" \/>\n<meta property=\"og:image\" content=\"https:\/\/www.ccb.pt\/wp-content\/uploads\/2024\/06\/Mark-Minkowski-creditoFranck-Ferville-agence-Vu-e1717684789725.jpg\" \/>\n\t<meta property=\"og:image:width\" content=\"1520\" \/>\n\t<meta property=\"og:image:height\" content=\"806\" \/>\n\t<meta property=\"og:image:type\" content=\"image\/jpeg\" \/>\n<meta name=\"twitter:card\" content=\"summary_large_image\" \/>\n<meta name=\"twitter:site\" content=\"@macccb_museu\" \/>\n<meta name=\"twitter:label1\" content=\"Est. reading time\" \/>\n\t<meta name=\"twitter:data1\" content=\"1 minute\" \/>\n<script type=\"application\/ld+json\" class=\"yoast-schema-graph\">{\"@context\":\"https:\/\/schema.org\",\"@graph\":[{\"@type\":\"WebPage\",\"@id\":\"https:\/\/www.ccb.pt\/en\/evento\/sinfonia-n-o-40-de-mozart\/\",\"url\":\"https:\/\/www.ccb.pt\/en\/evento\/sinfonia-n-o-40-de-mozart\/\",\"name\":\"Symphony No. 40 by Mozart - Centro Cultural de Bel\u00e9m Foundation\",\"isPartOf\":{\"@id\":\"https:\/\/www.ccb.pt\/#website\"},\"primaryImageOfPage\":{\"@id\":\"https:\/\/www.ccb.pt\/en\/evento\/sinfonia-n-o-40-de-mozart\/#primaryimage\"},\"image\":{\"@id\":\"https:\/\/www.ccb.pt\/en\/evento\/sinfonia-n-o-40-de-mozart\/#primaryimage\"},\"thumbnailUrl\":\"https:\/\/www.ccb.pt\/wp-content\/uploads\/2024\/06\/Mark-Minkowski-creditoFranck-Ferville-agence-Vu-e1717684789725.jpg\",\"datePublished\":\"2024-06-18T11:39:10+00:00\",\"dateModified\":\"2024-12-18T11:17:50+00:00\",\"description\":\"A Orquestra Metropolitana de Lisboa, sob a batuta do c\u00e9lebre maestro Marc Minkowski, apresenta um concerto imperd\u00edvel, no CCB.\",\"breadcrumb\":{\"@id\":\"https:\/\/www.ccb.pt\/en\/evento\/sinfonia-n-o-40-de-mozart\/#breadcrumb\"},\"inLanguage\":\"en-US\",\"potentialAction\":[{\"@type\":\"ReadAction\",\"target\":[\"https:\/\/www.ccb.pt\/en\/evento\/sinfonia-n-o-40-de-mozart\/\"]}]},{\"@type\":\"ImageObject\",\"inLanguage\":\"en-US\",\"@id\":\"https:\/\/www.ccb.pt\/en\/evento\/sinfonia-n-o-40-de-mozart\/#primaryimage\",\"url\":\"https:\/\/www.ccb.pt\/wp-content\/uploads\/2024\/06\/Mark-Minkowski-creditoFranck-Ferville-agence-Vu-e1717684789725.jpg\",\"contentUrl\":\"https:\/\/www.ccb.pt\/wp-content\/uploads\/2024\/06\/Mark-Minkowski-creditoFranck-Ferville-agence-Vu-e1717684789725.jpg\",\"width\":1521,\"height\":913,\"caption\":\"Imagem do m\u00fasico Mark Minkowski - Orquestra Metropolitana de Lisboa\"},{\"@type\":\"BreadcrumbList\",\"@id\":\"https:\/\/www.ccb.pt\/en\/evento\/sinfonia-n-o-40-de-mozart\/#breadcrumb\",\"itemListElement\":[{\"@type\":\"ListItem\",\"position\":1,\"name\":\"Home\",\"item\":\"https:\/\/www.ccb.pt\/en\/\"},{\"@type\":\"ListItem\",\"position\":2,\"name\":\"Eventos\",\"item\":\"https:\/\/www.ccb.pt\/eventos\/\"},{\"@type\":\"ListItem\",\"position\":3,\"name\":\"Symphony No. 40 by Mozart\"}]},{\"@type\":\"WebSite\",\"@id\":\"https:\/\/www.ccb.pt\/#website\",\"url\":\"https:\/\/www.ccb.pt\/\",\"name\":\"Centro Cultural de Bel\u00e9m Foundation\",\"description\":\"\",\"publisher\":{\"@id\":\"https:\/\/www.ccb.pt\/#organization\"},\"potentialAction\":[{\"@type\":\"SearchAction\",\"target\":{\"@type\":\"EntryPoint\",\"urlTemplate\":\"https:\/\/www.ccb.pt\/?s={search_term_string}\"},\"query-input\":\"required name=search_term_string\"}],\"inLanguage\":\"en-US\"},{\"@type\":\"Organization\",\"@id\":\"https:\/\/www.ccb.pt\/#organization\",\"name\":\"Centro Cultural de Bel\u00e9m Foundation\",\"url\":\"https:\/\/www.ccb.pt\/\",\"logo\":{\"@type\":\"ImageObject\",\"inLanguage\":\"en-US\",\"@id\":\"https:\/\/www.ccb.pt\/#\/schema\/logo\/image\/\",\"url\":\"https:\/\/www.ccb.pt\/wp-content\/uploads\/2022\/05\/1_ccb.png\",\"contentUrl\":\"https:\/\/www.ccb.pt\/wp-content\/uploads\/2022\/05\/1_ccb.png\",\"width\":126,\"height\":100,\"caption\":\"Centro Cultural de Bel\u00e9m Foundation\"},\"image\":{\"@id\":\"https:\/\/www.ccb.pt\/#\/schema\/logo\/image\/\"},\"sameAs\":[\"https:\/\/twitter.com\/macccb_museu\"]}]}<\/script>\n<!-- \/ Yoast SEO plugin. -->","yoast_head_json":{"title":"Symphony No. 40 by Mozart - Centro Cultural de Bel\u00e9m Foundation","description":"A Orquestra Metropolitana de Lisboa, sob a batuta do c\u00e9lebre maestro Marc Minkowski, apresenta um concerto imperd\u00edvel, no CCB.","robots":{"index":"index","follow":"follow","max-snippet":"max-snippet:-1","max-image-preview":"max-image-preview:large","max-video-preview":"max-video-preview:-1"},"canonical":"https:\/\/www.ccb.pt\/en\/evento\/sinfonia-n-o-40-de-mozart\/","og_locale":"en_US","og_type":"article","og_title":"Symphony No. 40 by Mozart - Centro Cultural de Bel\u00e9m Foundation","og_description":"A Orquestra Metropolitana de Lisboa, sob a batuta do c\u00e9lebre maestro Marc Minkowski, apresenta um concerto imperd\u00edvel, no CCB.","og_url":"https:\/\/www.ccb.pt\/en\/evento\/sinfonia-n-o-40-de-mozart\/","og_site_name":"Centro Cultural de Bel\u00e9m Foundation","article_modified_time":"2024-12-18T11:17:50+00:00","og_image":[{"width":1520,"height":806,"url":"https:\/\/www.ccb.pt\/wp-content\/uploads\/2024\/06\/Mark-Minkowski-creditoFranck-Ferville-agence-Vu-e1717684789725.jpg","type":"image\/jpeg"}],"twitter_card":"summary_large_image","twitter_site":"@macccb_museu","twitter_misc":{"Est. reading time":"1 minute"},"schema":{"@context":"https:\/\/schema.org","@graph":[{"@type":"WebPage","@id":"https:\/\/www.ccb.pt\/en\/evento\/sinfonia-n-o-40-de-mozart\/","url":"https:\/\/www.ccb.pt\/en\/evento\/sinfonia-n-o-40-de-mozart\/","name":"Symphony No. 40 by Mozart - Centro Cultural de Bel\u00e9m Foundation","isPartOf":{"@id":"https:\/\/www.ccb.pt\/#website"},"primaryImageOfPage":{"@id":"https:\/\/www.ccb.pt\/en\/evento\/sinfonia-n-o-40-de-mozart\/#primaryimage"},"image":{"@id":"https:\/\/www.ccb.pt\/en\/evento\/sinfonia-n-o-40-de-mozart\/#primaryimage"},"thumbnailUrl":"https:\/\/www.ccb.pt\/wp-content\/uploads\/2024\/06\/Mark-Minkowski-creditoFranck-Ferville-agence-Vu-e1717684789725.jpg","datePublished":"2024-06-18T11:39:10+00:00","dateModified":"2024-12-18T11:17:50+00:00","description":"A Orquestra Metropolitana de Lisboa, sob a batuta do c\u00e9lebre maestro Marc Minkowski, apresenta um concerto imperd\u00edvel, no CCB.","breadcrumb":{"@id":"https:\/\/www.ccb.pt\/en\/evento\/sinfonia-n-o-40-de-mozart\/#breadcrumb"},"inLanguage":"en-US","potentialAction":[{"@type":"ReadAction","target":["https:\/\/www.ccb.pt\/en\/evento\/sinfonia-n-o-40-de-mozart\/"]}]},{"@type":"ImageObject","inLanguage":"en-US","@id":"https:\/\/www.ccb.pt\/en\/evento\/sinfonia-n-o-40-de-mozart\/#primaryimage","url":"https:\/\/www.ccb.pt\/wp-content\/uploads\/2024\/06\/Mark-Minkowski-creditoFranck-Ferville-agence-Vu-e1717684789725.jpg","contentUrl":"https:\/\/www.ccb.pt\/wp-content\/uploads\/2024\/06\/Mark-Minkowski-creditoFranck-Ferville-agence-Vu-e1717684789725.jpg","width":1521,"height":913,"caption":"Imagem do m\u00fasico Mark Minkowski - Orquestra Metropolitana de Lisboa"},{"@type":"BreadcrumbList","@id":"https:\/\/www.ccb.pt\/en\/evento\/sinfonia-n-o-40-de-mozart\/#breadcrumb","itemListElement":[{"@type":"ListItem","position":1,"name":"Home","item":"https:\/\/www.ccb.pt\/en\/"},{"@type":"ListItem","position":2,"name":"Eventos","item":"https:\/\/www.ccb.pt\/eventos\/"},{"@type":"ListItem","position":3,"name":"Symphony No. 40 by Mozart"}]},{"@type":"WebSite","@id":"https:\/\/www.ccb.pt\/#website","url":"https:\/\/www.ccb.pt\/","name":"Centro Cultural de Bel\u00e9m Foundation","description":"","publisher":{"@id":"https:\/\/www.ccb.pt\/#organization"},"potentialAction":[{"@type":"SearchAction","target":{"@type":"EntryPoint","urlTemplate":"https:\/\/www.ccb.pt\/?s={search_term_string}"},"query-input":"required name=search_term_string"}],"inLanguage":"en-US"},{"@type":"Organization","@id":"https:\/\/www.ccb.pt\/#organization","name":"Centro Cultural de Bel\u00e9m Foundation","url":"https:\/\/www.ccb.pt\/","logo":{"@type":"ImageObject","inLanguage":"en-US","@id":"https:\/\/www.ccb.pt\/#\/schema\/logo\/image\/","url":"https:\/\/www.ccb.pt\/wp-content\/uploads\/2022\/05\/1_ccb.png","contentUrl":"https:\/\/www.ccb.pt\/wp-content\/uploads\/2022\/05\/1_ccb.png","width":126,"height":100,"caption":"Centro Cultural de Bel\u00e9m Foundation"},"image":{"@id":"https:\/\/www.ccb.pt\/#\/schema\/logo\/image\/"},"sameAs":["https:\/\/twitter.com\/macccb_museu"]}]}},"_links":{"self":[{"href":"https:\/\/www.ccb.pt\/en\/wp-json\/wp\/v2\/tribe_events\/209566"}],"collection":[{"href":"https:\/\/www.ccb.pt\/en\/wp-json\/wp\/v2\/tribe_events"}],"about":[{"href":"https:\/\/www.ccb.pt\/en\/wp-json\/wp\/v2\/types\/tribe_events"}],"author":[{"embeddable":true,"href":"https:\/\/www.ccb.pt\/en\/wp-json\/wp\/v2\/users\/6"}],"replies":[{"embeddable":true,"href":"https:\/\/www.ccb.pt\/en\/wp-json\/wp\/v2\/comments?post=209566"}],"version-history":[{"count":2,"href":"https:\/\/www.ccb.pt\/en\/wp-json\/wp\/v2\/tribe_events\/209566\/revisions"}],"predecessor-version":[{"id":209568,"href":"https:\/\/www.ccb.pt\/en\/wp-json\/wp\/v2\/tribe_events\/209566\/revisions\/209568"}],"wp:featuredmedia":[{"embeddable":true,"href":"https:\/\/www.ccb.pt\/en\/wp-json\/wp\/v2\/media\/179334"}],"wp:attachment":[{"href":"https:\/\/www.ccb.pt\/en\/wp-json\/wp\/v2\/media?parent=209566"}],"wp:term":[{"taxonomy":"tribe_events_cat","embeddable":true,"href":"https:\/\/www.ccb.pt\/en\/wp-json\/wp\/v2\/tribe_events_cat?post=209566"},{"taxonomy":"tags_tema","embeddable":true,"href":"https:\/\/www.ccb.pt\/en\/wp-json\/wp\/v2\/tags_tema?post=209566"},{"taxonomy":"idades","embeddable":true,"href":"https:\/\/www.ccb.pt\/en\/wp-json\/wp\/v2\/idades?post=209566"},{"taxonomy":"tipos","embeddable":true,"href":"https:\/\/www.ccb.pt\/en\/wp-json\/wp\/v2\/tipos?post=209566"},{"taxonomy":"temas","embeddable":true,"href":"https:\/\/www.ccb.pt\/en\/wp-json\/wp\/v2\/temas?post=209566"},{"taxonomy":"categorias_hubspot","embeddable":true,"href":"https:\/\/www.ccb.pt\/en\/wp-json\/wp\/v2\/categorias_hubspot?post=209566"}],"curies":[{"name":"wp","href":"https:\/\/api.w.org\/{rel}","templated":true}]}}

<!-- This site is optimized with the Yoast SEO plugin v22.3 - https://yoast.com/wordpress/plugins/seo/ -->
<title>Symphony No. 40 by Mozart - Centro Cultural de Belém Foundation</title>
<meta name="description" content="A Orquestra Metropolitana de Lisboa, sob a batuta do célebre maestro Marc Minkowski, apresenta um concerto imperdível, no CCB." />
<meta name="robots" content="index, follow, max-snippet:-1, max-image-preview:large, max-video-preview:-1" />
<link rel="canonical" href="https://www.ccb.pt/en/evento/sinfonia-n-o-40-de-mozart/" />
<meta property="og:locale" content="en_US" />
<meta property="og:type" content="article" />
<meta property="og:title" content="Symphony No. 40 by Mozart - Centro Cultural de Belém Foundation" />
<meta property="og:description" content="A Orquestra Metropolitana de Lisboa, sob a batuta do célebre maestro Marc Minkowski, apresenta um concerto imperdível, no CCB." />
<meta property="og:url" content="https://www.ccb.pt/en/evento/sinfonia-n-o-40-de-mozart/" />
<meta property="og:site_name" content="Centro Cultural de Belém Foundation" />
<meta property="article:modified_time" content="2024-12-18T11:17:50+00:00" />
<meta property="og:image" content="https://www.ccb.pt/wp-content/uploads/2024/06/Mark-Minkowski-creditoFranck-Ferville-agence-Vu-e1717684789725.jpg" />
	<meta property="og:image:width" content="1520" />
	<meta property="og:image:height" content="806" />
	<meta property="og:image:type" content="image/jpeg" />
<meta name="twitter:card" content="summary_large_image" />
<meta name="twitter:site" content="@macccb_museu" />
<meta name="twitter:label1" content="Est. reading time" />
	<meta name="twitter:data1" content="1 minute" />
<script type="application/ld+json" class="yoast-schema-graph">{"@context":"https://schema.org","@graph":[{"@type":"WebPage","@id":"https://www.ccb.pt/en/evento/sinfonia-n-o-40-de-mozart/","url":"https://www.ccb.pt/en/evento/sinfonia-n-o-40-de-mozart/","name":"Symphony No. 40 by Mozart - Centro Cultural de Belém Foundation","isPartOf":{"@id":"https://www.ccb.pt/#website"},"primaryImageOfPage":{"@id":"https://www.ccb.pt/en/evento/sinfonia-n-o-40-de-mozart/#primaryimage"},"image":{"@id":"https://www.ccb.pt/en/evento/sinfonia-n-o-40-de-mozart/#primaryimage"},"thumbnailUrl":"https://www.ccb.pt/wp-content/uploads/2024/06/Mark-Minkowski-creditoFranck-Ferville-agence-Vu-e1717684789725.jpg","datePublished":"2024-06-18T11:39:10+00:00","dateModified":"2024-12-18T11:17:50+00:00","description":"A Orquestra Metropolitana de Lisboa, sob a batuta do célebre maestro Marc Minkowski, apresenta um concerto imperdível, no CCB.","breadcrumb":{"@id":"https://www.ccb.pt/en/evento/sinfonia-n-o-40-de-mozart/#breadcrumb"},"inLanguage":"en-US","potentialAction":[{"@type":"ReadAction","target":["https://www.ccb.pt/en/evento/sinfonia-n-o-40-de-mozart/"]}]},{"@type":"ImageObject","inLanguage":"en-US","@id":"https://www.ccb.pt/en/evento/sinfonia-n-o-40-de-mozart/#primaryimage","url":"https://www.ccb.pt/wp-content/uploads/2024/06/Mark-Minkowski-creditoFranck-Ferville-agence-Vu-e1717684789725.jpg","contentUrl":"https://www.ccb.pt/wp-content/uploads/2024/06/Mark-Minkowski-creditoFranck-Ferville-agence-Vu-e1717684789725.jpg","width":1521,"height":913,"caption":"Imagem do músico Mark Minkowski - Orquestra Metropolitana de Lisboa"},{"@type":"BreadcrumbList","@id":"https://www.ccb.pt/en/evento/sinfonia-n-o-40-de-mozart/#breadcrumb","itemListElement":[{"@type":"ListItem","position":1,"name":"Home","item":"https://www.ccb.pt/en/"},{"@type":"ListItem","position":2,"name":"Eventos","item":"https://www.ccb.pt/eventos/"},{"@type":"ListItem","position":3,"name":"Symphony No. 40 by Mozart"}]},{"@type":"WebSite","@id":"https://www.ccb.pt/#website","url":"https://www.ccb.pt/","name":"Centro Cultural de Belém Foundation","description":"","publisher":{"@id":"https://www.ccb.pt/#organization"},"potentialAction":[{"@type":"SearchAction","target":{"@type":"EntryPoint","urlTemplate":"https://www.ccb.pt/?s={search_term_string}"},"query-input":"required name=search_term_string"}],"inLanguage":"en-US"},{"@type":"Organization","@id":"https://www.ccb.pt/#organization","name":"Centro Cultural de Belém Foundation","url":"https://www.ccb.pt/","logo":{"@type":"ImageObject","inLanguage":"en-US","@id":"https://www.ccb.pt/#/schema/logo/image/","url":"https://www.ccb.pt/wp-content/uploads/2022/05/1_ccb.png","contentUrl":"https://www.ccb.pt/wp-content/uploads/2022/05/1_ccb.png","width":126,"height":100,"caption":"Centro Cultural de Belém Foundation"},"image":{"@id":"https://www.ccb.pt/#/schema/logo/image/"},"sameAs":["https://twitter.com/macccb_museu"]}]}</script>
<!-- / Yoast SEO plugin. -->

Symphony No. 40 by Mozart - Centro Cultural de Belém Foundation

A Orquestra Metropolitana de Lisboa, sob a batuta do célebre maestro Marc Minkowski, apresenta um concerto imperdível, no CCB.

Centro Cultural de Belém Foundation

Imagem do músico Mark Minkowski - Orquestra Metropolitana de Lisboa
