    {"id":209302,"date":"2024-06-18T12:34:06","date_gmt":"2024-06-18T11:34:06","guid":{"rendered":"https:\/\/www.ccb.pt\/evento\/concerto-de-carnaval-3\/"},"modified":"2024-12-16T11:27:44","modified_gmt":"2024-12-16T11:27:44","slug":"concerto-de-carnaval-3","status":"publish","type":"tribe_events","link":"https:\/\/www.ccb.pt\/en\/evento\/concerto-de-carnaval-3\/2025-03-02\/","title":{"rendered":"Carnival Concert"},"content":{"rendered":"<p>The traditional Metropolitana Carnival Concert mixes erudite and humour, reflecting the fine line between tragedy and comedy. Instruments and musicians perform unusual roles while the audience joins the celebration with their masks. Unmissable!<\/p>\n","protected":false},"excerpt":{"rendered":"<p>The traditional Metropolitana Carnival Concert mixes erudite and humour, reflecting the fine line between tragedy and comedy. Instruments and musicians perform unusual roles while the audience joins the celebration with their masks. Unmissable!<\/p>\n","protected":false},"author":6,"featured_media":179329,"comment_status":"closed","ping_status":"closed","template":"","meta":{"_relevanssi_hide_post":"","_relevanssi_pin_for_all":"on","_relevanssi_pin_keywords":"","_relevanssi_unpin_keywords":"","_relevanssi_related_keywords":"","_relevanssi_related_include_ids":"","_relevanssi_related_exclude_ids":"","_relevanssi_related_no_append":"","_relevanssi_related_not_related":"","_relevanssi_related_posts":"","_relevanssi_noindex_reason":""},"tribe_events_cat":[590,23],"tags_tema":[],"idades":[392],"tipos":[],"temas":[],"categorias_hubspot":[],"acf":[],"yoast_head":"<!-- This site is optimized with the Yoast SEO plugin v22.3 - https:\/\/yoast.com\/wordpress\/plugins\/seo\/ -->\n<title>Carnival Concert - Centro Cultural de Bel\u00e9m Foundation<\/title>\n<meta name=\"description\" content=\"No festivo Concerto de Carnaval, a Orquestra Metropolitana de Lisboa, sob a dire\u00e7\u00e3o do maestro Jan Wierzba, convida o p\u00fablico a uma celebra\u00e7\u00e3o musical repleta de alegria e energia.\" \/>\n<meta name=\"robots\" content=\"index, follow, max-snippet:-1, max-image-preview:large, max-video-preview:-1\" \/>\n<link rel=\"canonical\" href=\"https:\/\/www.ccb.pt\/en\/evento\/concerto-de-carnaval-3\/2025-03-02\/\" \/>\n<meta property=\"og:locale\" content=\"en_US\" \/>\n<meta property=\"og:type\" content=\"article\" \/>\n<meta property=\"og:title\" content=\"Carnival Concert - Centro Cultural de Bel\u00e9m Foundation\" \/>\n<meta property=\"og:description\" content=\"No festivo Concerto de Carnaval, a Orquestra Metropolitana de Lisboa, sob a dire\u00e7\u00e3o do maestro Jan Wierzba, convida o p\u00fablico a uma celebra\u00e7\u00e3o musical repleta de alegria e energia.\" \/>\n<meta property=\"og:url\" content=\"https:\/\/www.ccb.pt\/en\/evento\/concerto-de-carnaval-3\/2025-03-02\/\" \/>\n<meta property=\"og:site_name\" content=\"Centro Cultural de Bel\u00e9m Foundation\" \/>\n<meta property=\"article:modified_time\" content=\"2024-12-16T11:27:44+00:00\" \/>\n<meta property=\"og:image\" content=\"https:\/\/www.ccb.pt\/wp-content\/uploads\/2024\/06\/Jan-Wierzba-creditoLino_Silva_2023-5071-e1717684364232.jpg\" \/>\n\t<meta property=\"og:image:width\" content=\"1800\" \/>\n\t<meta property=\"og:image:height\" content=\"945\" \/>\n\t<meta property=\"og:image:type\" content=\"image\/jpeg\" \/>\n<meta name=\"twitter:card\" content=\"summary_large_image\" \/>\n<meta name=\"twitter:site\" content=\"@macccb_museu\" \/>\n<meta name=\"twitter:label1\" content=\"Est. reading time\" \/>\n\t<meta name=\"twitter:data1\" content=\"1 minute\" \/>\n<script type=\"application\/ld+json\" class=\"yoast-schema-graph\">{\"@context\":\"https:\/\/schema.org\",\"@graph\":[{\"@type\":\"WebPage\",\"@id\":\"https:\/\/www.ccb.pt\/en\/evento\/concerto-de-carnaval-3\/2025-03-02\/\",\"url\":\"https:\/\/www.ccb.pt\/en\/evento\/concerto-de-carnaval-3\/2025-03-02\/\",\"name\":\"Carnival Concert - Centro Cultural de Bel\u00e9m Foundation\",\"isPartOf\":{\"@id\":\"https:\/\/www.ccb.pt\/#website\"},\"primaryImageOfPage\":{\"@id\":\"https:\/\/www.ccb.pt\/en\/evento\/concerto-de-carnaval-3\/2025-03-02\/#primaryimage\"},\"image\":{\"@id\":\"https:\/\/www.ccb.pt\/en\/evento\/concerto-de-carnaval-3\/2025-03-02\/#primaryimage\"},\"thumbnailUrl\":\"https:\/\/www.ccb.pt\/wp-content\/uploads\/2024\/06\/Jan-Wierzba-creditoLino_Silva_2023-5071-e1717684364232.jpg\",\"datePublished\":\"2024-06-18T11:34:06+00:00\",\"dateModified\":\"2024-12-16T11:27:44+00:00\",\"description\":\"No festivo Concerto de Carnaval, a Orquestra Metropolitana de Lisboa, sob a dire\u00e7\u00e3o do maestro Jan Wierzba, convida o p\u00fablico a uma celebra\u00e7\u00e3o musical repleta de alegria e energia.\",\"breadcrumb\":{\"@id\":\"https:\/\/www.ccb.pt\/en\/evento\/concerto-de-carnaval-3\/2025-03-02\/#breadcrumb\"},\"inLanguage\":\"en-US\",\"potentialAction\":[{\"@type\":\"ReadAction\",\"target\":[\"https:\/\/www.ccb.pt\/en\/evento\/concerto-de-carnaval-3\/2025-03-02\/\"]}]},{\"@type\":\"ImageObject\",\"inLanguage\":\"en-US\",\"@id\":\"https:\/\/www.ccb.pt\/en\/evento\/concerto-de-carnaval-3\/2025-03-02\/#primaryimage\",\"url\":\"https:\/\/www.ccb.pt\/wp-content\/uploads\/2024\/06\/Jan-Wierzba-creditoLino_Silva_2023-5071-e1717684364232.jpg\",\"contentUrl\":\"https:\/\/www.ccb.pt\/wp-content\/uploads\/2024\/06\/Jan-Wierzba-creditoLino_Silva_2023-5071-e1717684364232.jpg\",\"width\":1800,\"height\":1080,\"caption\":\"(c)\"},{\"@type\":\"BreadcrumbList\",\"@id\":\"https:\/\/www.ccb.pt\/en\/evento\/concerto-de-carnaval-3\/2025-03-02\/#breadcrumb\",\"itemListElement\":[{\"@type\":\"ListItem\",\"position\":1,\"name\":\"Home\",\"item\":\"https:\/\/www.ccb.pt\/en\/\"},{\"@type\":\"ListItem\",\"position\":2,\"name\":\"Eventos\",\"item\":\"https:\/\/www.ccb.pt\/eventos\/\"},{\"@type\":\"ListItem\",\"position\":3,\"name\":\"Carnival Concert\"}]},{\"@type\":\"WebSite\",\"@id\":\"https:\/\/www.ccb.pt\/#website\",\"url\":\"https:\/\/www.ccb.pt\/\",\"name\":\"Centro Cultural de Bel\u00e9m Foundation\",\"description\":\"\",\"publisher\":{\"@id\":\"https:\/\/www.ccb.pt\/#organization\"},\"potentialAction\":[{\"@type\":\"SearchAction\",\"target\":{\"@type\":\"EntryPoint\",\"urlTemplate\":\"https:\/\/www.ccb.pt\/?s={search_term_string}\"},\"query-input\":\"required name=search_term_string\"}],\"inLanguage\":\"en-US\"},{\"@type\":\"Organization\",\"@id\":\"https:\/\/www.ccb.pt\/#organization\",\"name\":\"Centro Cultural de Bel\u00e9m Foundation\",\"url\":\"https:\/\/www.ccb.pt\/\",\"logo\":{\"@type\":\"ImageObject\",\"inLanguage\":\"en-US\",\"@id\":\"https:\/\/www.ccb.pt\/#\/schema\/logo\/image\/\",\"url\":\"https:\/\/www.ccb.pt\/wp-content\/uploads\/2022\/05\/1_ccb.png\",\"contentUrl\":\"https:\/\/www.ccb.pt\/wp-content\/uploads\/2022\/05\/1_ccb.png\",\"width\":126,\"height\":100,\"caption\":\"Centro Cultural de Bel\u00e9m Foundation\"},\"image\":{\"@id\":\"https:\/\/www.ccb.pt\/#\/schema\/logo\/image\/\"},\"sameAs\":[\"https:\/\/twitter.com\/macccb_museu\"]}]}<\/script>\n<!-- \/ Yoast SEO plugin. -->","yoast_head_json":{"title":"Carnival Concert - Centro Cultural de Bel\u00e9m Foundation","description":"No festivo Concerto de Carnaval, a Orquestra Metropolitana de Lisboa, sob a dire\u00e7\u00e3o do maestro Jan Wierzba, convida o p\u00fablico a uma celebra\u00e7\u00e3o musical repleta de alegria e energia.","robots":{"index":"index","follow":"follow","max-snippet":"max-snippet:-1","max-image-preview":"max-image-preview:large","max-video-preview":"max-video-preview:-1"},"canonical":"https:\/\/www.ccb.pt\/en\/evento\/concerto-de-carnaval-3\/2025-03-02\/","og_locale":"en_US","og_type":"article","og_title":"Carnival Concert - Centro Cultural de Bel\u00e9m Foundation","og_description":"No festivo Concerto de Carnaval, a Orquestra Metropolitana de Lisboa, sob a dire\u00e7\u00e3o do maestro Jan Wierzba, convida o p\u00fablico a uma celebra\u00e7\u00e3o musical repleta de alegria e energia.","og_url":"https:\/\/www.ccb.pt\/en\/evento\/concerto-de-carnaval-3\/2025-03-02\/","og_site_name":"Centro Cultural de Bel\u00e9m Foundation","article_modified_time":"2024-12-16T11:27:44+00:00","og_image":[{"width":1800,"height":945,"url":"https:\/\/www.ccb.pt\/wp-content\/uploads\/2024\/06\/Jan-Wierzba-creditoLino_Silva_2023-5071-e1717684364232.jpg","type":"image\/jpeg"}],"twitter_card":"summary_large_image","twitter_site":"@macccb_museu","twitter_misc":{"Est. reading time":"1 minute"},"schema":{"@context":"https:\/\/schema.org","@graph":[{"@type":"WebPage","@id":"https:\/\/www.ccb.pt\/en\/evento\/concerto-de-carnaval-3\/2025-03-02\/","url":"https:\/\/www.ccb.pt\/en\/evento\/concerto-de-carnaval-3\/2025-03-02\/","name":"Carnival Concert - Centro Cultural de Bel\u00e9m Foundation","isPartOf":{"@id":"https:\/\/www.ccb.pt\/#website"},"primaryImageOfPage":{"@id":"https:\/\/www.ccb.pt\/en\/evento\/concerto-de-carnaval-3\/2025-03-02\/#primaryimage"},"image":{"@id":"https:\/\/www.ccb.pt\/en\/evento\/concerto-de-carnaval-3\/2025-03-02\/#primaryimage"},"thumbnailUrl":"https:\/\/www.ccb.pt\/wp-content\/uploads\/2024\/06\/Jan-Wierzba-creditoLino_Silva_2023-5071-e1717684364232.jpg","datePublished":"2024-06-18T11:34:06+00:00","dateModified":"2024-12-16T11:27:44+00:00","description":"No festivo Concerto de Carnaval, a Orquestra Metropolitana de Lisboa, sob a dire\u00e7\u00e3o do maestro Jan Wierzba, convida o p\u00fablico a uma celebra\u00e7\u00e3o musical repleta de alegria e energia.","breadcrumb":{"@id":"https:\/\/www.ccb.pt\/en\/evento\/concerto-de-carnaval-3\/2025-03-02\/#breadcrumb"},"inLanguage":"en-US","potentialAction":[{"@type":"ReadAction","target":["https:\/\/www.ccb.pt\/en\/evento\/concerto-de-carnaval-3\/2025-03-02\/"]}]},{"@type":"ImageObject","inLanguage":"en-US","@id":"https:\/\/www.ccb.pt\/en\/evento\/concerto-de-carnaval-3\/2025-03-02\/#primaryimage","url":"https:\/\/www.ccb.pt\/wp-content\/uploads\/2024\/06\/Jan-Wierzba-creditoLino_Silva_2023-5071-e1717684364232.jpg","contentUrl":"https:\/\/www.ccb.pt\/wp-content\/uploads\/2024\/06\/Jan-Wierzba-creditoLino_Silva_2023-5071-e1717684364232.jpg","width":1800,"height":1080,"caption":"(c)"},{"@type":"BreadcrumbList","@id":"https:\/\/www.ccb.pt\/en\/evento\/concerto-de-carnaval-3\/2025-03-02\/#breadcrumb","itemListElement":[{"@type":"ListItem","position":1,"name":"Home","item":"https:\/\/www.ccb.pt\/en\/"},{"@type":"ListItem","position":2,"name":"Eventos","item":"https:\/\/www.ccb.pt\/eventos\/"},{"@type":"ListItem","position":3,"name":"Carnival Concert"}]},{"@type":"WebSite","@id":"https:\/\/www.ccb.pt\/#website","url":"https:\/\/www.ccb.pt\/","name":"Centro Cultural de Bel\u00e9m Foundation","description":"","publisher":{"@id":"https:\/\/www.ccb.pt\/#organization"},"potentialAction":[{"@type":"SearchAction","target":{"@type":"EntryPoint","urlTemplate":"https:\/\/www.ccb.pt\/?s={search_term_string}"},"query-input":"required name=search_term_string"}],"inLanguage":"en-US"},{"@type":"Organization","@id":"https:\/\/www.ccb.pt\/#organization","name":"Centro Cultural de Bel\u00e9m Foundation","url":"https:\/\/www.ccb.pt\/","logo":{"@type":"ImageObject","inLanguage":"en-US","@id":"https:\/\/www.ccb.pt\/#\/schema\/logo\/image\/","url":"https:\/\/www.ccb.pt\/wp-content\/uploads\/2022\/05\/1_ccb.png","contentUrl":"https:\/\/www.ccb.pt\/wp-content\/uploads\/2022\/05\/1_ccb.png","width":126,"height":100,"caption":"Centro Cultural de Bel\u00e9m Foundation"},"image":{"@id":"https:\/\/www.ccb.pt\/#\/schema\/logo\/image\/"},"sameAs":["https:\/\/twitter.com\/macccb_museu"]}]}},"_links":{"self":[{"href":"https:\/\/www.ccb.pt\/en\/wp-json\/wp\/v2\/tribe_events\/209302"}],"collection":[{"href":"https:\/\/www.ccb.pt\/en\/wp-json\/wp\/v2\/tribe_events"}],"about":[{"href":"https:\/\/www.ccb.pt\/en\/wp-json\/wp\/v2\/types\/tribe_events"}],"author":[{"embeddable":true,"href":"https:\/\/www.ccb.pt\/en\/wp-json\/wp\/v2\/users\/6"}],"replies":[{"embeddable":true,"href":"https:\/\/www.ccb.pt\/en\/wp-json\/wp\/v2\/comments?post=209302"}],"version-history":[{"count":3,"href":"https:\/\/www.ccb.pt\/en\/wp-json\/wp\/v2\/tribe_events\/209302\/revisions"}],"predecessor-version":[{"id":209306,"href":"https:\/\/www.ccb.pt\/en\/wp-json\/wp\/v2\/tribe_events\/209302\/revisions\/209306"}],"wp:featuredmedia":[{"embeddable":true,"href":"https:\/\/www.ccb.pt\/en\/wp-json\/wp\/v2\/media\/179329"}],"wp:attachment":[{"href":"https:\/\/www.ccb.pt\/en\/wp-json\/wp\/v2\/media?parent=209302"}],"wp:term":[{"taxonomy":"tribe_events_cat","embeddable":true,"href":"https:\/\/www.ccb.pt\/en\/wp-json\/wp\/v2\/tribe_events_cat?post=209302"},{"taxonomy":"tags_tema","embeddable":true,"href":"https:\/\/www.ccb.pt\/en\/wp-json\/wp\/v2\/tags_tema?post=209302"},{"taxonomy":"idades","embeddable":true,"href":"https:\/\/www.ccb.pt\/en\/wp-json\/wp\/v2\/idades?post=209302"},{"taxonomy":"tipos","embeddable":true,"href":"https:\/\/www.ccb.pt\/en\/wp-json\/wp\/v2\/tipos?post=209302"},{"taxonomy":"temas","embeddable":true,"href":"https:\/\/www.ccb.pt\/en\/wp-json\/wp\/v2\/temas?post=209302"},{"taxonomy":"categorias_hubspot","embeddable":true,"href":"https:\/\/www.ccb.pt\/en\/wp-json\/wp\/v2\/categorias_hubspot?post=209302"}],"curies":[{"name":"wp","href":"https:\/\/api.w.org\/{rel}","templated":true}]}}

<!-- This site is optimized with the Yoast SEO plugin v22.3 - https://yoast.com/wordpress/plugins/seo/ -->
<title>Carnival Concert - Centro Cultural de Belém Foundation</title>
<meta name="description" content="No festivo Concerto de Carnaval, a Orquestra Metropolitana de Lisboa, sob a direção do maestro Jan Wierzba, convida o público a uma celebração musical repleta de alegria e energia." />
<meta name="robots" content="index, follow, max-snippet:-1, max-image-preview:large, max-video-preview:-1" />
<link rel="canonical" href="https://www.ccb.pt/en/evento/concerto-de-carnaval-3/2025-03-02/" />
<meta property="og:locale" content="en_US" />
<meta property="og:type" content="article" />
<meta property="og:title" content="Carnival Concert - Centro Cultural de Belém Foundation" />
<meta property="og:description" content="No festivo Concerto de Carnaval, a Orquestra Metropolitana de Lisboa, sob a direção do maestro Jan Wierzba, convida o público a uma celebração musical repleta de alegria e energia." />
<meta property="og:url" content="https://www.ccb.pt/en/evento/concerto-de-carnaval-3/2025-03-02/" />
<meta property="og:site_name" content="Centro Cultural de Belém Foundation" />
<meta property="article:modified_time" content="2024-12-16T11:27:44+00:00" />
<meta property="og:image" content="https://www.ccb.pt/wp-content/uploads/2024/06/Jan-Wierzba-creditoLino_Silva_2023-5071-e1717684364232.jpg" />
	<meta property="og:image:width" content="1800" />
	<meta property="og:image:height" content="945" />
	<meta property="og:image:type" content="image/jpeg" />
<meta name="twitter:card" content="summary_large_image" />
<meta name="twitter:site" content="@macccb_museu" />
<meta name="twitter:label1" content="Est. reading time" />
	<meta name="twitter:data1" content="1 minute" />
<script type="application/ld+json" class="yoast-schema-graph">{"@context":"https://schema.org","@graph":[{"@type":"WebPage","@id":"https://www.ccb.pt/en/evento/concerto-de-carnaval-3/2025-03-02/","url":"https://www.ccb.pt/en/evento/concerto-de-carnaval-3/2025-03-02/","name":"Carnival Concert - Centro Cultural de Belém Foundation","isPartOf":{"@id":"https://www.ccb.pt/#website"},"primaryImageOfPage":{"@id":"https://www.ccb.pt/en/evento/concerto-de-carnaval-3/2025-03-02/#primaryimage"},"image":{"@id":"https://www.ccb.pt/en/evento/concerto-de-carnaval-3/2025-03-02/#primaryimage"},"thumbnailUrl":"https://www.ccb.pt/wp-content/uploads/2024/06/Jan-Wierzba-creditoLino_Silva_2023-5071-e1717684364232.jpg","datePublished":"2024-06-18T11:34:06+00:00","dateModified":"2024-12-16T11:27:44+00:00","description":"No festivo Concerto de Carnaval, a Orquestra Metropolitana de Lisboa, sob a direção do maestro Jan Wierzba, convida o público a uma celebração musical repleta de alegria e energia.","breadcrumb":{"@id":"https://www.ccb.pt/en/evento/concerto-de-carnaval-3/2025-03-02/#breadcrumb"},"inLanguage":"en-US","potentialAction":[{"@type":"ReadAction","target":["https://www.ccb.pt/en/evento/concerto-de-carnaval-3/2025-03-02/"]}]},{"@type":"ImageObject","inLanguage":"en-US","@id":"https://www.ccb.pt/en/evento/concerto-de-carnaval-3/2025-03-02/#primaryimage","url":"https://www.ccb.pt/wp-content/uploads/2024/06/Jan-Wierzba-creditoLino_Silva_2023-5071-e1717684364232.jpg","contentUrl":"https://www.ccb.pt/wp-content/uploads/2024/06/Jan-Wierzba-creditoLino_Silva_2023-5071-e1717684364232.jpg","width":1800,"height":1080,"caption":"(c)"},{"@type":"BreadcrumbList","@id":"https://www.ccb.pt/en/evento/concerto-de-carnaval-3/2025-03-02/#breadcrumb","itemListElement":[{"@type":"ListItem","position":1,"name":"Home","item":"https://www.ccb.pt/en/"},{"@type":"ListItem","position":2,"name":"Eventos","item":"https://www.ccb.pt/eventos/"},{"@type":"ListItem","position":3,"name":"Carnival Concert"}]},{"@type":"WebSite","@id":"https://www.ccb.pt/#website","url":"https://www.ccb.pt/","name":"Centro Cultural de Belém Foundation","description":"","publisher":{"@id":"https://www.ccb.pt/#organization"},"potentialAction":[{"@type":"SearchAction","target":{"@type":"EntryPoint","urlTemplate":"https://www.ccb.pt/?s={search_term_string}"},"query-input":"required name=search_term_string"}],"inLanguage":"en-US"},{"@type":"Organization","@id":"https://www.ccb.pt/#organization","name":"Centro Cultural de Belém Foundation","url":"https://www.ccb.pt/","logo":{"@type":"ImageObject","inLanguage":"en-US","@id":"https://www.ccb.pt/#/schema/logo/image/","url":"https://www.ccb.pt/wp-content/uploads/2022/05/1_ccb.png","contentUrl":"https://www.ccb.pt/wp-content/uploads/2022/05/1_ccb.png","width":126,"height":100,"caption":"Centro Cultural de Belém Foundation"},"image":{"@id":"https://www.ccb.pt/#/schema/logo/image/"},"sameAs":["https://twitter.com/macccb_museu"]}]}</script>
<!-- / Yoast SEO plugin. -->

Carnival Concert - Centro Cultural de Belém Foundation

No festivo Concerto de Carnaval, a Orquestra Metropolitana de Lisboa, sob a direção do maestro Jan Wierzba, convida o público a uma celebração musical repleta de alegria e energia.

Centro Cultural de Belém Foundation
