    {"id":209235,"date":"2024-09-06T12:13:01","date_gmt":"2024-09-06T11:13:01","guid":{"rendered":"https:\/\/www.ccb.pt\/evento\/monteverdi-il-divino-claudio\/"},"modified":"2025-02-14T17:12:20","modified_gmt":"2025-02-14T17:12:20","slug":"monteverdi-il-divino-claudio","status":"publish","type":"tribe_events","link":"https:\/\/www.ccb.pt\/en\/evento\/monteverdi-il-divino-claudio\/","title":{"rendered":"Monteverdi: il divino Claudio"},"content":{"rendered":"<p>In the preface to <em>Book Eight<\/em>, Monteverdi defines three musical genres \u2014 theatre, camera, and dance \u2014 linked to the soul\u2019s passions: anger, temperance, and humility. Works such as <em>Il combattimento di Tancredi e Clorinda<\/em> and <em>Il ballo delle ingrate <\/em>revolutionized music, combining opera, madrigal, and cantata, influencing ballet and modern opera.<\/p>\n<p>&nbsp;<\/p>\n","protected":false},"excerpt":{"rendered":"<p>In the preface to Book Eight, Monteverdi defines three musical genres \u2014 theatre, camera, and dance \u2014 linked to the soul\u2019s passions: anger, temperance, and humility. Works such as Il combattimento di Tancredi e Clorinda and Il ballo delle ingrate revolutionized music, combining opera, madrigal, and cantata, influencing ballet and modern opera. &nbsp;<\/p>\n","protected":false},"author":6,"featured_media":187341,"comment_status":"closed","ping_status":"closed","template":"","meta":{"_relevanssi_hide_post":"","_relevanssi_pin_for_all":"on","_relevanssi_pin_keywords":"","_relevanssi_unpin_keywords":"","_relevanssi_related_keywords":"","_relevanssi_related_include_ids":"","_relevanssi_related_exclude_ids":"","_relevanssi_related_no_append":"","_relevanssi_related_not_related":"","_relevanssi_related_posts":"","_relevanssi_noindex_reason":""},"tribe_events_cat":[590,23],"tags_tema":[],"idades":[392],"tipos":[],"temas":[],"categorias_hubspot":[],"acf":[],"yoast_head":"<!-- This site is optimized with the Yoast SEO plugin v22.3 - https:\/\/yoast.com\/wordpress\/plugins\/seo\/ -->\n<title>Monteverdi: il divino Claudio - Centro Cultural de Bel\u00e9m Foundation<\/title>\n<meta name=\"description\" content=\"As obras pioneiras de Monteverdi no ballet e na \u00f3pera moderna, que refletem a capacidade do compositor para renovar tradi\u00e7\u00f5es antigas e criar novos g\u00e9neros musicais.\" \/>\n<meta name=\"robots\" content=\"index, follow, max-snippet:-1, max-image-preview:large, max-video-preview:-1\" \/>\n<link rel=\"canonical\" href=\"https:\/\/www.ccb.pt\/en\/evento\/monteverdi-il-divino-claudio\/\" \/>\n<meta property=\"og:locale\" content=\"en_US\" \/>\n<meta property=\"og:type\" content=\"article\" \/>\n<meta property=\"og:title\" content=\"Monteverdi: Il Divino Claudio - Centro Cultural de Bel\u00e9m\" \/>\n<meta property=\"og:description\" content=\"As obras pioneiras de Monteverdi no ballet e na \u00f3pera moderna, que refletem a capacidade do compositor para renovar tradi\u00e7\u00f5es antigas e criar novos g\u00e9neros musicais.\" \/>\n<meta property=\"og:url\" content=\"https:\/\/www.ccb.pt\/en\/evento\/monteverdi-il-divino-claudio\/\" \/>\n<meta property=\"og:site_name\" content=\"Centro Cultural de Bel\u00e9m Foundation\" \/>\n<meta property=\"article:modified_time\" content=\"2025-02-14T17:12:20+00:00\" \/>\n<meta property=\"og:image\" content=\"https:\/\/www.ccb.pt\/wp-content\/uploads\/2024\/07\/2000X940_Divino_Sospiro_Monteverdi.jpg\" \/>\n\t<meta property=\"og:image:width\" content=\"2000\" \/>\n\t<meta property=\"og:image:height\" content=\"940\" \/>\n\t<meta property=\"og:image:type\" content=\"image\/jpeg\" \/>\n<meta name=\"twitter:card\" content=\"summary_large_image\" \/>\n<meta name=\"twitter:site\" content=\"@macccb_museu\" \/>\n<meta name=\"twitter:label1\" content=\"Est. reading time\" \/>\n\t<meta name=\"twitter:data1\" content=\"1 minute\" \/>\n<script type=\"application\/ld+json\" class=\"yoast-schema-graph\">{\"@context\":\"https:\/\/schema.org\",\"@graph\":[{\"@type\":\"WebPage\",\"@id\":\"https:\/\/www.ccb.pt\/en\/evento\/monteverdi-il-divino-claudio\/\",\"url\":\"https:\/\/www.ccb.pt\/en\/evento\/monteverdi-il-divino-claudio\/\",\"name\":\"Monteverdi: il divino Claudio - Centro Cultural de Bel\u00e9m Foundation\",\"isPartOf\":{\"@id\":\"https:\/\/www.ccb.pt\/#website\"},\"primaryImageOfPage\":{\"@id\":\"https:\/\/www.ccb.pt\/en\/evento\/monteverdi-il-divino-claudio\/#primaryimage\"},\"image\":{\"@id\":\"https:\/\/www.ccb.pt\/en\/evento\/monteverdi-il-divino-claudio\/#primaryimage\"},\"thumbnailUrl\":\"https:\/\/www.ccb.pt\/wp-content\/uploads\/2024\/07\/2000X940_Divino_Sospiro_Monteverdi.jpg\",\"datePublished\":\"2024-09-06T11:13:01+00:00\",\"dateModified\":\"2025-02-14T17:12:20+00:00\",\"description\":\"As obras pioneiras de Monteverdi no ballet e na \u00f3pera moderna, que refletem a capacidade do compositor para renovar tradi\u00e7\u00f5es antigas e criar novos g\u00e9neros musicais.\",\"breadcrumb\":{\"@id\":\"https:\/\/www.ccb.pt\/en\/evento\/monteverdi-il-divino-claudio\/#breadcrumb\"},\"inLanguage\":\"en-US\",\"potentialAction\":[{\"@type\":\"ReadAction\",\"target\":[\"https:\/\/www.ccb.pt\/en\/evento\/monteverdi-il-divino-claudio\/\"]}]},{\"@type\":\"ImageObject\",\"inLanguage\":\"en-US\",\"@id\":\"https:\/\/www.ccb.pt\/en\/evento\/monteverdi-il-divino-claudio\/#primaryimage\",\"url\":\"https:\/\/www.ccb.pt\/wp-content\/uploads\/2024\/07\/2000X940_Divino_Sospiro_Monteverdi.jpg\",\"contentUrl\":\"https:\/\/www.ccb.pt\/wp-content\/uploads\/2024\/07\/2000X940_Divino_Sospiro_Monteverdi.jpg\",\"width\":2000,\"height\":940,\"caption\":\"imagens de rosto dos tr~es solistas\"},{\"@type\":\"BreadcrumbList\",\"@id\":\"https:\/\/www.ccb.pt\/en\/evento\/monteverdi-il-divino-claudio\/#breadcrumb\",\"itemListElement\":[{\"@type\":\"ListItem\",\"position\":1,\"name\":\"Home\",\"item\":\"https:\/\/www.ccb.pt\/en\/\"},{\"@type\":\"ListItem\",\"position\":2,\"name\":\"Eventos\",\"item\":\"https:\/\/www.ccb.pt\/eventos\/\"},{\"@type\":\"ListItem\",\"position\":3,\"name\":\"Monteverdi: il divino Claudio\"}]},{\"@type\":\"WebSite\",\"@id\":\"https:\/\/www.ccb.pt\/#website\",\"url\":\"https:\/\/www.ccb.pt\/\",\"name\":\"Centro Cultural de Bel\u00e9m Foundation\",\"description\":\"\",\"publisher\":{\"@id\":\"https:\/\/www.ccb.pt\/#organization\"},\"potentialAction\":[{\"@type\":\"SearchAction\",\"target\":{\"@type\":\"EntryPoint\",\"urlTemplate\":\"https:\/\/www.ccb.pt\/?s={search_term_string}\"},\"query-input\":\"required name=search_term_string\"}],\"inLanguage\":\"en-US\"},{\"@type\":\"Organization\",\"@id\":\"https:\/\/www.ccb.pt\/#organization\",\"name\":\"Centro Cultural de Bel\u00e9m Foundation\",\"url\":\"https:\/\/www.ccb.pt\/\",\"logo\":{\"@type\":\"ImageObject\",\"inLanguage\":\"en-US\",\"@id\":\"https:\/\/www.ccb.pt\/#\/schema\/logo\/image\/\",\"url\":\"https:\/\/www.ccb.pt\/wp-content\/uploads\/2022\/05\/1_ccb.png\",\"contentUrl\":\"https:\/\/www.ccb.pt\/wp-content\/uploads\/2022\/05\/1_ccb.png\",\"width\":126,\"height\":100,\"caption\":\"Centro Cultural de Bel\u00e9m Foundation\"},\"image\":{\"@id\":\"https:\/\/www.ccb.pt\/#\/schema\/logo\/image\/\"},\"sameAs\":[\"https:\/\/twitter.com\/macccb_museu\"]}]}<\/script>\n<!-- \/ Yoast SEO plugin. -->","yoast_head_json":{"title":"Monteverdi: il divino Claudio - Centro Cultural de Bel\u00e9m Foundation","description":"As obras pioneiras de Monteverdi no ballet e na \u00f3pera moderna, que refletem a capacidade do compositor para renovar tradi\u00e7\u00f5es antigas e criar novos g\u00e9neros musicais.","robots":{"index":"index","follow":"follow","max-snippet":"max-snippet:-1","max-image-preview":"max-image-preview:large","max-video-preview":"max-video-preview:-1"},"canonical":"https:\/\/www.ccb.pt\/en\/evento\/monteverdi-il-divino-claudio\/","og_locale":"en_US","og_type":"article","og_title":"Monteverdi: Il Divino Claudio - Centro Cultural de Bel\u00e9m","og_description":"As obras pioneiras de Monteverdi no ballet e na \u00f3pera moderna, que refletem a capacidade do compositor para renovar tradi\u00e7\u00f5es antigas e criar novos g\u00e9neros musicais.","og_url":"https:\/\/www.ccb.pt\/en\/evento\/monteverdi-il-divino-claudio\/","og_site_name":"Centro Cultural de Bel\u00e9m Foundation","article_modified_time":"2025-02-14T17:12:20+00:00","og_image":[{"width":2000,"height":940,"url":"https:\/\/www.ccb.pt\/wp-content\/uploads\/2024\/07\/2000X940_Divino_Sospiro_Monteverdi.jpg","type":"image\/jpeg"}],"twitter_card":"summary_large_image","twitter_site":"@macccb_museu","twitter_misc":{"Est. reading time":"1 minute"},"schema":{"@context":"https:\/\/schema.org","@graph":[{"@type":"WebPage","@id":"https:\/\/www.ccb.pt\/en\/evento\/monteverdi-il-divino-claudio\/","url":"https:\/\/www.ccb.pt\/en\/evento\/monteverdi-il-divino-claudio\/","name":"Monteverdi: il divino Claudio - Centro Cultural de Bel\u00e9m Foundation","isPartOf":{"@id":"https:\/\/www.ccb.pt\/#website"},"primaryImageOfPage":{"@id":"https:\/\/www.ccb.pt\/en\/evento\/monteverdi-il-divino-claudio\/#primaryimage"},"image":{"@id":"https:\/\/www.ccb.pt\/en\/evento\/monteverdi-il-divino-claudio\/#primaryimage"},"thumbnailUrl":"https:\/\/www.ccb.pt\/wp-content\/uploads\/2024\/07\/2000X940_Divino_Sospiro_Monteverdi.jpg","datePublished":"2024-09-06T11:13:01+00:00","dateModified":"2025-02-14T17:12:20+00:00","description":"As obras pioneiras de Monteverdi no ballet e na \u00f3pera moderna, que refletem a capacidade do compositor para renovar tradi\u00e7\u00f5es antigas e criar novos g\u00e9neros musicais.","breadcrumb":{"@id":"https:\/\/www.ccb.pt\/en\/evento\/monteverdi-il-divino-claudio\/#breadcrumb"},"inLanguage":"en-US","potentialAction":[{"@type":"ReadAction","target":["https:\/\/www.ccb.pt\/en\/evento\/monteverdi-il-divino-claudio\/"]}]},{"@type":"ImageObject","inLanguage":"en-US","@id":"https:\/\/www.ccb.pt\/en\/evento\/monteverdi-il-divino-claudio\/#primaryimage","url":"https:\/\/www.ccb.pt\/wp-content\/uploads\/2024\/07\/2000X940_Divino_Sospiro_Monteverdi.jpg","contentUrl":"https:\/\/www.ccb.pt\/wp-content\/uploads\/2024\/07\/2000X940_Divino_Sospiro_Monteverdi.jpg","width":2000,"height":940,"caption":"imagens de rosto dos tr~es solistas"},{"@type":"BreadcrumbList","@id":"https:\/\/www.ccb.pt\/en\/evento\/monteverdi-il-divino-claudio\/#breadcrumb","itemListElement":[{"@type":"ListItem","position":1,"name":"Home","item":"https:\/\/www.ccb.pt\/en\/"},{"@type":"ListItem","position":2,"name":"Eventos","item":"https:\/\/www.ccb.pt\/eventos\/"},{"@type":"ListItem","position":3,"name":"Monteverdi: il divino Claudio"}]},{"@type":"WebSite","@id":"https:\/\/www.ccb.pt\/#website","url":"https:\/\/www.ccb.pt\/","name":"Centro Cultural de Bel\u00e9m Foundation","description":"","publisher":{"@id":"https:\/\/www.ccb.pt\/#organization"},"potentialAction":[{"@type":"SearchAction","target":{"@type":"EntryPoint","urlTemplate":"https:\/\/www.ccb.pt\/?s={search_term_string}"},"query-input":"required name=search_term_string"}],"inLanguage":"en-US"},{"@type":"Organization","@id":"https:\/\/www.ccb.pt\/#organization","name":"Centro Cultural de Bel\u00e9m Foundation","url":"https:\/\/www.ccb.pt\/","logo":{"@type":"ImageObject","inLanguage":"en-US","@id":"https:\/\/www.ccb.pt\/#\/schema\/logo\/image\/","url":"https:\/\/www.ccb.pt\/wp-content\/uploads\/2022\/05\/1_ccb.png","contentUrl":"https:\/\/www.ccb.pt\/wp-content\/uploads\/2022\/05\/1_ccb.png","width":126,"height":100,"caption":"Centro Cultural de Bel\u00e9m Foundation"},"image":{"@id":"https:\/\/www.ccb.pt\/#\/schema\/logo\/image\/"},"sameAs":["https:\/\/twitter.com\/macccb_museu"]}]}},"_links":{"self":[{"href":"https:\/\/www.ccb.pt\/en\/wp-json\/wp\/v2\/tribe_events\/209235"}],"collection":[{"href":"https:\/\/www.ccb.pt\/en\/wp-json\/wp\/v2\/tribe_events"}],"about":[{"href":"https:\/\/www.ccb.pt\/en\/wp-json\/wp\/v2\/types\/tribe_events"}],"author":[{"embeddable":true,"href":"https:\/\/www.ccb.pt\/en\/wp-json\/wp\/v2\/users\/6"}],"replies":[{"embeddable":true,"href":"https:\/\/www.ccb.pt\/en\/wp-json\/wp\/v2\/comments?post=209235"}],"version-history":[{"count":5,"href":"https:\/\/www.ccb.pt\/en\/wp-json\/wp\/v2\/tribe_events\/209235\/revisions"}],"predecessor-version":[{"id":217709,"href":"https:\/\/www.ccb.pt\/en\/wp-json\/wp\/v2\/tribe_events\/209235\/revisions\/217709"}],"wp:featuredmedia":[{"embeddable":true,"href":"https:\/\/www.ccb.pt\/en\/wp-json\/wp\/v2\/media\/187341"}],"wp:attachment":[{"href":"https:\/\/www.ccb.pt\/en\/wp-json\/wp\/v2\/media?parent=209235"}],"wp:term":[{"taxonomy":"tribe_events_cat","embeddable":true,"href":"https:\/\/www.ccb.pt\/en\/wp-json\/wp\/v2\/tribe_events_cat?post=209235"},{"taxonomy":"tags_tema","embeddable":true,"href":"https:\/\/www.ccb.pt\/en\/wp-json\/wp\/v2\/tags_tema?post=209235"},{"taxonomy":"idades","embeddable":true,"href":"https:\/\/www.ccb.pt\/en\/wp-json\/wp\/v2\/idades?post=209235"},{"taxonomy":"tipos","embeddable":true,"href":"https:\/\/www.ccb.pt\/en\/wp-json\/wp\/v2\/tipos?post=209235"},{"taxonomy":"temas","embeddable":true,"href":"https:\/\/www.ccb.pt\/en\/wp-json\/wp\/v2\/temas?post=209235"},{"taxonomy":"categorias_hubspot","embeddable":true,"href":"https:\/\/www.ccb.pt\/en\/wp-json\/wp\/v2\/categorias_hubspot?post=209235"}],"curies":[{"name":"wp","href":"https:\/\/api.w.org\/{rel}","templated":true}]}}

<!-- This site is optimized with the Yoast SEO plugin v22.3 - https://yoast.com/wordpress/plugins/seo/ -->
<title>Monteverdi: il divino Claudio - Centro Cultural de Belém Foundation</title>
<meta name="description" content="As obras pioneiras de Monteverdi no ballet e na ópera moderna, que refletem a capacidade do compositor para renovar tradições antigas e criar novos géneros musicais." />
<meta name="robots" content="index, follow, max-snippet:-1, max-image-preview:large, max-video-preview:-1" />
<link rel="canonical" href="https://www.ccb.pt/en/evento/monteverdi-il-divino-claudio/" />
<meta property="og:locale" content="en_US" />
<meta property="og:type" content="article" />
<meta property="og:title" content="Monteverdi: Il Divino Claudio - Centro Cultural de Belém" />
<meta property="og:description" content="As obras pioneiras de Monteverdi no ballet e na ópera moderna, que refletem a capacidade do compositor para renovar tradições antigas e criar novos géneros musicais." />
<meta property="og:url" content="https://www.ccb.pt/en/evento/monteverdi-il-divino-claudio/" />
<meta property="og:site_name" content="Centro Cultural de Belém Foundation" />
<meta property="article:modified_time" content="2025-02-14T17:12:20+00:00" />
<meta property="og:image" content="https://www.ccb.pt/wp-content/uploads/2024/07/2000X940_Divino_Sospiro_Monteverdi.jpg" />
	<meta property="og:image:width" content="2000" />
	<meta property="og:image:height" content="940" />
	<meta property="og:image:type" content="image/jpeg" />
<meta name="twitter:card" content="summary_large_image" />
<meta name="twitter:site" content="@macccb_museu" />
<meta name="twitter:label1" content="Est. reading time" />
	<meta name="twitter:data1" content="1 minute" />
<script type="application/ld+json" class="yoast-schema-graph">{"@context":"https://schema.org","@graph":[{"@type":"WebPage","@id":"https://www.ccb.pt/en/evento/monteverdi-il-divino-claudio/","url":"https://www.ccb.pt/en/evento/monteverdi-il-divino-claudio/","name":"Monteverdi: il divino Claudio - Centro Cultural de Belém Foundation","isPartOf":{"@id":"https://www.ccb.pt/#website"},"primaryImageOfPage":{"@id":"https://www.ccb.pt/en/evento/monteverdi-il-divino-claudio/#primaryimage"},"image":{"@id":"https://www.ccb.pt/en/evento/monteverdi-il-divino-claudio/#primaryimage"},"thumbnailUrl":"https://www.ccb.pt/wp-content/uploads/2024/07/2000X940_Divino_Sospiro_Monteverdi.jpg","datePublished":"2024-09-06T11:13:01+00:00","dateModified":"2025-02-14T17:12:20+00:00","description":"As obras pioneiras de Monteverdi no ballet e na ópera moderna, que refletem a capacidade do compositor para renovar tradições antigas e criar novos géneros musicais.","breadcrumb":{"@id":"https://www.ccb.pt/en/evento/monteverdi-il-divino-claudio/#breadcrumb"},"inLanguage":"en-US","potentialAction":[{"@type":"ReadAction","target":["https://www.ccb.pt/en/evento/monteverdi-il-divino-claudio/"]}]},{"@type":"ImageObject","inLanguage":"en-US","@id":"https://www.ccb.pt/en/evento/monteverdi-il-divino-claudio/#primaryimage","url":"https://www.ccb.pt/wp-content/uploads/2024/07/2000X940_Divino_Sospiro_Monteverdi.jpg","contentUrl":"https://www.ccb.pt/wp-content/uploads/2024/07/2000X940_Divino_Sospiro_Monteverdi.jpg","width":2000,"height":940,"caption":"imagens de rosto dos tr~es solistas"},{"@type":"BreadcrumbList","@id":"https://www.ccb.pt/en/evento/monteverdi-il-divino-claudio/#breadcrumb","itemListElement":[{"@type":"ListItem","position":1,"name":"Home","item":"https://www.ccb.pt/en/"},{"@type":"ListItem","position":2,"name":"Eventos","item":"https://www.ccb.pt/eventos/"},{"@type":"ListItem","position":3,"name":"Monteverdi: il divino Claudio"}]},{"@type":"WebSite","@id":"https://www.ccb.pt/#website","url":"https://www.ccb.pt/","name":"Centro Cultural de Belém Foundation","description":"","publisher":{"@id":"https://www.ccb.pt/#organization"},"potentialAction":[{"@type":"SearchAction","target":{"@type":"EntryPoint","urlTemplate":"https://www.ccb.pt/?s={search_term_string}"},"query-input":"required name=search_term_string"}],"inLanguage":"en-US"},{"@type":"Organization","@id":"https://www.ccb.pt/#organization","name":"Centro Cultural de Belém Foundation","url":"https://www.ccb.pt/","logo":{"@type":"ImageObject","inLanguage":"en-US","@id":"https://www.ccb.pt/#/schema/logo/image/","url":"https://www.ccb.pt/wp-content/uploads/2022/05/1_ccb.png","contentUrl":"https://www.ccb.pt/wp-content/uploads/2022/05/1_ccb.png","width":126,"height":100,"caption":"Centro Cultural de Belém Foundation"},"image":{"@id":"https://www.ccb.pt/#/schema/logo/image/"},"sameAs":["https://twitter.com/macccb_museu"]}]}</script>
<!-- / Yoast SEO plugin. -->

Monteverdi: il divino Claudio - Centro Cultural de Belém Foundation

As obras pioneiras de Monteverdi no ballet e na ópera moderna, que refletem a capacidade do compositor para renovar tradições antigas e criar novos géneros musicais.

Monteverdi: Il Divino Claudio - Centro Cultural de Belém

Centro Cultural de Belém Foundation
