    {"id":209207,"date":"2024-06-18T12:36:22","date_gmt":"2024-06-18T11:36:22","guid":{"rendered":"https:\/\/www.ccb.pt\/evento\/rhapsody-in-blue-de-gershwin\/"},"modified":"2024-12-13T13:36:30","modified_gmt":"2024-12-13T13:36:30","slug":"rhapsody-in-blue-de-gershwin","status":"publish","type":"tribe_events","link":"https:\/\/www.ccb.pt\/en\/evento\/rhapsody-in-blue-de-gershwin\/","title":{"rendered":"Rhapsody in Blue by Gershwin"},"content":{"rendered":"<p><em>Rhapsody in Blue<\/em> transports us to the Prohibition era in the USA, when jazz emerged and gained recognition. Gershwin, in 1924, and Ravel, in 1928, integrated jazz into their works. Pianist Thomas Enhco pays homage to both, and a new piece by Carlos Azevedo \u2014 commissioned by CCB \u2014 will be premiered.<\/p>\n<p>&nbsp;<\/p>\n","protected":false},"excerpt":{"rendered":"<p>Rhapsody in Blue transports us to the Prohibition era in the USA, when jazz emerged and gained recognition. Gershwin, in 1924, and Ravel, in 1928, integrated jazz into their works. Pianist Thomas Enhco pays homage to both, and a new piece by Carlos Azevedo \u2014 commissioned by CCB \u2014 will be premiered. &nbsp;<\/p>\n","protected":false},"author":6,"featured_media":180077,"comment_status":"closed","ping_status":"closed","template":"","meta":{"_relevanssi_hide_post":"","_relevanssi_pin_for_all":"on","_relevanssi_pin_keywords":"","_relevanssi_unpin_keywords":"","_relevanssi_related_keywords":"","_relevanssi_related_include_ids":"","_relevanssi_related_exclude_ids":"","_relevanssi_related_no_append":"","_relevanssi_related_not_related":"","_relevanssi_related_posts":"","_relevanssi_noindex_reason":""},"tribe_events_cat":[590,23],"tags_tema":[],"idades":[392],"tipos":[],"temas":[],"categorias_hubspot":[],"acf":[],"yoast_head":"<!-- This site is optimized with the Yoast SEO plugin v22.3 - https:\/\/yoast.com\/wordpress\/plugins\/seo\/ -->\n<title>Rhapsody in Blue by Gershwin - Centro Cultural de Bel\u00e9m Foundation<\/title>\n<meta name=\"description\" content=\"A Orquestra Metropolitana de Lisboa, sob a dire\u00e7\u00e3o do maestro Pedro Neves, oferece uma noite inesquec\u00edvel de m\u00fasica vibrante e sofisticada, no CCB. Compre aqui os seus bilhetes!\" \/>\n<meta name=\"robots\" content=\"index, follow, max-snippet:-1, max-image-preview:large, max-video-preview:-1\" \/>\n<link rel=\"canonical\" href=\"https:\/\/www.ccb.pt\/en\/evento\/rhapsody-in-blue-de-gershwin\/\" \/>\n<meta property=\"og:locale\" content=\"en_US\" \/>\n<meta property=\"og:type\" content=\"article\" \/>\n<meta property=\"og:title\" content=\"Rhapsody in Blue by Gershwin - Centro Cultural de Bel\u00e9m Foundation\" \/>\n<meta property=\"og:description\" content=\"A Orquestra Metropolitana de Lisboa, sob a dire\u00e7\u00e3o do maestro Pedro Neves, oferece uma noite inesquec\u00edvel de m\u00fasica vibrante e sofisticada, no CCB. Compre aqui os seus bilhetes!\" \/>\n<meta property=\"og:url\" content=\"https:\/\/www.ccb.pt\/en\/evento\/rhapsody-in-blue-de-gershwin\/\" \/>\n<meta property=\"og:site_name\" content=\"Centro Cultural de Bel\u00e9m Foundation\" \/>\n<meta property=\"article:modified_time\" content=\"2024-12-13T13:36:30+00:00\" \/>\n<meta property=\"og:image\" content=\"https:\/\/www.ccb.pt\/wp-content\/uploads\/2024\/06\/Metropolitana16Fev_ThomasEnhco_creditoJulienBenhamou_Site-e1718704456665.jpg\" \/>\n\t<meta property=\"og:image:width\" content=\"1300\" \/>\n\t<meta property=\"og:image:height\" content=\"511\" \/>\n\t<meta property=\"og:image:type\" content=\"image\/jpeg\" \/>\n<meta name=\"twitter:card\" content=\"summary_large_image\" \/>\n<meta name=\"twitter:site\" content=\"@macccb_museu\" \/>\n<meta name=\"twitter:label1\" content=\"Est. reading time\" \/>\n\t<meta name=\"twitter:data1\" content=\"1 minute\" \/>\n<script type=\"application\/ld+json\" class=\"yoast-schema-graph\">{\"@context\":\"https:\/\/schema.org\",\"@graph\":[{\"@type\":\"WebPage\",\"@id\":\"https:\/\/www.ccb.pt\/en\/evento\/rhapsody-in-blue-de-gershwin\/\",\"url\":\"https:\/\/www.ccb.pt\/en\/evento\/rhapsody-in-blue-de-gershwin\/\",\"name\":\"Rhapsody in Blue by Gershwin - Centro Cultural de Bel\u00e9m Foundation\",\"isPartOf\":{\"@id\":\"https:\/\/www.ccb.pt\/#website\"},\"primaryImageOfPage\":{\"@id\":\"https:\/\/www.ccb.pt\/en\/evento\/rhapsody-in-blue-de-gershwin\/#primaryimage\"},\"image\":{\"@id\":\"https:\/\/www.ccb.pt\/en\/evento\/rhapsody-in-blue-de-gershwin\/#primaryimage\"},\"thumbnailUrl\":\"https:\/\/www.ccb.pt\/wp-content\/uploads\/2024\/06\/Metropolitana16Fev_ThomasEnhco_creditoJulienBenhamou_Site-e1718704456665.jpg\",\"datePublished\":\"2024-06-18T11:36:22+00:00\",\"dateModified\":\"2024-12-13T13:36:30+00:00\",\"description\":\"A Orquestra Metropolitana de Lisboa, sob a dire\u00e7\u00e3o do maestro Pedro Neves, oferece uma noite inesquec\u00edvel de m\u00fasica vibrante e sofisticada, no CCB. Compre aqui os seus bilhetes!\",\"breadcrumb\":{\"@id\":\"https:\/\/www.ccb.pt\/en\/evento\/rhapsody-in-blue-de-gershwin\/#breadcrumb\"},\"inLanguage\":\"en-US\",\"potentialAction\":[{\"@type\":\"ReadAction\",\"target\":[\"https:\/\/www.ccb.pt\/en\/evento\/rhapsody-in-blue-de-gershwin\/\"]}]},{\"@type\":\"ImageObject\",\"inLanguage\":\"en-US\",\"@id\":\"https:\/\/www.ccb.pt\/en\/evento\/rhapsody-in-blue-de-gershwin\/#primaryimage\",\"url\":\"https:\/\/www.ccb.pt\/wp-content\/uploads\/2024\/06\/Metropolitana16Fev_ThomasEnhco_creditoJulienBenhamou_Site-e1718704456665.jpg\",\"contentUrl\":\"https:\/\/www.ccb.pt\/wp-content\/uploads\/2024\/06\/Metropolitana16Fev_ThomasEnhco_creditoJulienBenhamou_Site-e1718704456665.jpg\",\"width\":1300,\"height\":618,\"caption\":\"Thomas Enhco (c) Julien Benhamou\"},{\"@type\":\"BreadcrumbList\",\"@id\":\"https:\/\/www.ccb.pt\/en\/evento\/rhapsody-in-blue-de-gershwin\/#breadcrumb\",\"itemListElement\":[{\"@type\":\"ListItem\",\"position\":1,\"name\":\"Home\",\"item\":\"https:\/\/www.ccb.pt\/en\/\"},{\"@type\":\"ListItem\",\"position\":2,\"name\":\"Eventos\",\"item\":\"https:\/\/www.ccb.pt\/eventos\/\"},{\"@type\":\"ListItem\",\"position\":3,\"name\":\"Rhapsody in Blue by Gershwin\"}]},{\"@type\":\"WebSite\",\"@id\":\"https:\/\/www.ccb.pt\/#website\",\"url\":\"https:\/\/www.ccb.pt\/\",\"name\":\"Centro Cultural de Bel\u00e9m Foundation\",\"description\":\"\",\"publisher\":{\"@id\":\"https:\/\/www.ccb.pt\/#organization\"},\"potentialAction\":[{\"@type\":\"SearchAction\",\"target\":{\"@type\":\"EntryPoint\",\"urlTemplate\":\"https:\/\/www.ccb.pt\/?s={search_term_string}\"},\"query-input\":\"required name=search_term_string\"}],\"inLanguage\":\"en-US\"},{\"@type\":\"Organization\",\"@id\":\"https:\/\/www.ccb.pt\/#organization\",\"name\":\"Centro Cultural de Bel\u00e9m Foundation\",\"url\":\"https:\/\/www.ccb.pt\/\",\"logo\":{\"@type\":\"ImageObject\",\"inLanguage\":\"en-US\",\"@id\":\"https:\/\/www.ccb.pt\/#\/schema\/logo\/image\/\",\"url\":\"https:\/\/www.ccb.pt\/wp-content\/uploads\/2022\/05\/1_ccb.png\",\"contentUrl\":\"https:\/\/www.ccb.pt\/wp-content\/uploads\/2022\/05\/1_ccb.png\",\"width\":126,\"height\":100,\"caption\":\"Centro Cultural de Bel\u00e9m Foundation\"},\"image\":{\"@id\":\"https:\/\/www.ccb.pt\/#\/schema\/logo\/image\/\"},\"sameAs\":[\"https:\/\/twitter.com\/macccb_museu\"]}]}<\/script>\n<!-- \/ Yoast SEO plugin. -->","yoast_head_json":{"title":"Rhapsody in Blue by Gershwin - Centro Cultural de Bel\u00e9m Foundation","description":"A Orquestra Metropolitana de Lisboa, sob a dire\u00e7\u00e3o do maestro Pedro Neves, oferece uma noite inesquec\u00edvel de m\u00fasica vibrante e sofisticada, no CCB. Compre aqui os seus bilhetes!","robots":{"index":"index","follow":"follow","max-snippet":"max-snippet:-1","max-image-preview":"max-image-preview:large","max-video-preview":"max-video-preview:-1"},"canonical":"https:\/\/www.ccb.pt\/en\/evento\/rhapsody-in-blue-de-gershwin\/","og_locale":"en_US","og_type":"article","og_title":"Rhapsody in Blue by Gershwin - Centro Cultural de Bel\u00e9m Foundation","og_description":"A Orquestra Metropolitana de Lisboa, sob a dire\u00e7\u00e3o do maestro Pedro Neves, oferece uma noite inesquec\u00edvel de m\u00fasica vibrante e sofisticada, no CCB. Compre aqui os seus bilhetes!","og_url":"https:\/\/www.ccb.pt\/en\/evento\/rhapsody-in-blue-de-gershwin\/","og_site_name":"Centro Cultural de Bel\u00e9m Foundation","article_modified_time":"2024-12-13T13:36:30+00:00","og_image":[{"width":1300,"height":511,"url":"https:\/\/www.ccb.pt\/wp-content\/uploads\/2024\/06\/Metropolitana16Fev_ThomasEnhco_creditoJulienBenhamou_Site-e1718704456665.jpg","type":"image\/jpeg"}],"twitter_card":"summary_large_image","twitter_site":"@macccb_museu","twitter_misc":{"Est. reading time":"1 minute"},"schema":{"@context":"https:\/\/schema.org","@graph":[{"@type":"WebPage","@id":"https:\/\/www.ccb.pt\/en\/evento\/rhapsody-in-blue-de-gershwin\/","url":"https:\/\/www.ccb.pt\/en\/evento\/rhapsody-in-blue-de-gershwin\/","name":"Rhapsody in Blue by Gershwin - Centro Cultural de Bel\u00e9m Foundation","isPartOf":{"@id":"https:\/\/www.ccb.pt\/#website"},"primaryImageOfPage":{"@id":"https:\/\/www.ccb.pt\/en\/evento\/rhapsody-in-blue-de-gershwin\/#primaryimage"},"image":{"@id":"https:\/\/www.ccb.pt\/en\/evento\/rhapsody-in-blue-de-gershwin\/#primaryimage"},"thumbnailUrl":"https:\/\/www.ccb.pt\/wp-content\/uploads\/2024\/06\/Metropolitana16Fev_ThomasEnhco_creditoJulienBenhamou_Site-e1718704456665.jpg","datePublished":"2024-06-18T11:36:22+00:00","dateModified":"2024-12-13T13:36:30+00:00","description":"A Orquestra Metropolitana de Lisboa, sob a dire\u00e7\u00e3o do maestro Pedro Neves, oferece uma noite inesquec\u00edvel de m\u00fasica vibrante e sofisticada, no CCB. Compre aqui os seus bilhetes!","breadcrumb":{"@id":"https:\/\/www.ccb.pt\/en\/evento\/rhapsody-in-blue-de-gershwin\/#breadcrumb"},"inLanguage":"en-US","potentialAction":[{"@type":"ReadAction","target":["https:\/\/www.ccb.pt\/en\/evento\/rhapsody-in-blue-de-gershwin\/"]}]},{"@type":"ImageObject","inLanguage":"en-US","@id":"https:\/\/www.ccb.pt\/en\/evento\/rhapsody-in-blue-de-gershwin\/#primaryimage","url":"https:\/\/www.ccb.pt\/wp-content\/uploads\/2024\/06\/Metropolitana16Fev_ThomasEnhco_creditoJulienBenhamou_Site-e1718704456665.jpg","contentUrl":"https:\/\/www.ccb.pt\/wp-content\/uploads\/2024\/06\/Metropolitana16Fev_ThomasEnhco_creditoJulienBenhamou_Site-e1718704456665.jpg","width":1300,"height":618,"caption":"Thomas Enhco (c) Julien Benhamou"},{"@type":"BreadcrumbList","@id":"https:\/\/www.ccb.pt\/en\/evento\/rhapsody-in-blue-de-gershwin\/#breadcrumb","itemListElement":[{"@type":"ListItem","position":1,"name":"Home","item":"https:\/\/www.ccb.pt\/en\/"},{"@type":"ListItem","position":2,"name":"Eventos","item":"https:\/\/www.ccb.pt\/eventos\/"},{"@type":"ListItem","position":3,"name":"Rhapsody in Blue by Gershwin"}]},{"@type":"WebSite","@id":"https:\/\/www.ccb.pt\/#website","url":"https:\/\/www.ccb.pt\/","name":"Centro Cultural de Bel\u00e9m Foundation","description":"","publisher":{"@id":"https:\/\/www.ccb.pt\/#organization"},"potentialAction":[{"@type":"SearchAction","target":{"@type":"EntryPoint","urlTemplate":"https:\/\/www.ccb.pt\/?s={search_term_string}"},"query-input":"required name=search_term_string"}],"inLanguage":"en-US"},{"@type":"Organization","@id":"https:\/\/www.ccb.pt\/#organization","name":"Centro Cultural de Bel\u00e9m Foundation","url":"https:\/\/www.ccb.pt\/","logo":{"@type":"ImageObject","inLanguage":"en-US","@id":"https:\/\/www.ccb.pt\/#\/schema\/logo\/image\/","url":"https:\/\/www.ccb.pt\/wp-content\/uploads\/2022\/05\/1_ccb.png","contentUrl":"https:\/\/www.ccb.pt\/wp-content\/uploads\/2022\/05\/1_ccb.png","width":126,"height":100,"caption":"Centro Cultural de Bel\u00e9m Foundation"},"image":{"@id":"https:\/\/www.ccb.pt\/#\/schema\/logo\/image\/"},"sameAs":["https:\/\/twitter.com\/macccb_museu"]}]}},"_links":{"self":[{"href":"https:\/\/www.ccb.pt\/en\/wp-json\/wp\/v2\/tribe_events\/209207"}],"collection":[{"href":"https:\/\/www.ccb.pt\/en\/wp-json\/wp\/v2\/tribe_events"}],"about":[{"href":"https:\/\/www.ccb.pt\/en\/wp-json\/wp\/v2\/types\/tribe_events"}],"author":[{"embeddable":true,"href":"https:\/\/www.ccb.pt\/en\/wp-json\/wp\/v2\/users\/6"}],"replies":[{"embeddable":true,"href":"https:\/\/www.ccb.pt\/en\/wp-json\/wp\/v2\/comments?post=209207"}],"version-history":[{"count":2,"href":"https:\/\/www.ccb.pt\/en\/wp-json\/wp\/v2\/tribe_events\/209207\/revisions"}],"predecessor-version":[{"id":209209,"href":"https:\/\/www.ccb.pt\/en\/wp-json\/wp\/v2\/tribe_events\/209207\/revisions\/209209"}],"wp:featuredmedia":[{"embeddable":true,"href":"https:\/\/www.ccb.pt\/en\/wp-json\/wp\/v2\/media\/180077"}],"wp:attachment":[{"href":"https:\/\/www.ccb.pt\/en\/wp-json\/wp\/v2\/media?parent=209207"}],"wp:term":[{"taxonomy":"tribe_events_cat","embeddable":true,"href":"https:\/\/www.ccb.pt\/en\/wp-json\/wp\/v2\/tribe_events_cat?post=209207"},{"taxonomy":"tags_tema","embeddable":true,"href":"https:\/\/www.ccb.pt\/en\/wp-json\/wp\/v2\/tags_tema?post=209207"},{"taxonomy":"idades","embeddable":true,"href":"https:\/\/www.ccb.pt\/en\/wp-json\/wp\/v2\/idades?post=209207"},{"taxonomy":"tipos","embeddable":true,"href":"https:\/\/www.ccb.pt\/en\/wp-json\/wp\/v2\/tipos?post=209207"},{"taxonomy":"temas","embeddable":true,"href":"https:\/\/www.ccb.pt\/en\/wp-json\/wp\/v2\/temas?post=209207"},{"taxonomy":"categorias_hubspot","embeddable":true,"href":"https:\/\/www.ccb.pt\/en\/wp-json\/wp\/v2\/categorias_hubspot?post=209207"}],"curies":[{"name":"wp","href":"https:\/\/api.w.org\/{rel}","templated":true}]}}

<!-- This site is optimized with the Yoast SEO plugin v22.3 - https://yoast.com/wordpress/plugins/seo/ -->
<title>Rhapsody in Blue by Gershwin - Centro Cultural de Belém Foundation</title>
<meta name="description" content="A Orquestra Metropolitana de Lisboa, sob a direção do maestro Pedro Neves, oferece uma noite inesquecível de música vibrante e sofisticada, no CCB. Compre aqui os seus bilhetes!" />
<meta name="robots" content="index, follow, max-snippet:-1, max-image-preview:large, max-video-preview:-1" />
<link rel="canonical" href="https://www.ccb.pt/en/evento/rhapsody-in-blue-de-gershwin/" />
<meta property="og:locale" content="en_US" />
<meta property="og:type" content="article" />
<meta property="og:title" content="Rhapsody in Blue by Gershwin - Centro Cultural de Belém Foundation" />
<meta property="og:description" content="A Orquestra Metropolitana de Lisboa, sob a direção do maestro Pedro Neves, oferece uma noite inesquecível de música vibrante e sofisticada, no CCB. Compre aqui os seus bilhetes!" />
<meta property="og:url" content="https://www.ccb.pt/en/evento/rhapsody-in-blue-de-gershwin/" />
<meta property="og:site_name" content="Centro Cultural de Belém Foundation" />
<meta property="article:modified_time" content="2024-12-13T13:36:30+00:00" />
<meta property="og:image" content="https://www.ccb.pt/wp-content/uploads/2024/06/Metropolitana16Fev_ThomasEnhco_creditoJulienBenhamou_Site-e1718704456665.jpg" />
	<meta property="og:image:width" content="1300" />
	<meta property="og:image:height" content="511" />
	<meta property="og:image:type" content="image/jpeg" />
<meta name="twitter:card" content="summary_large_image" />
<meta name="twitter:site" content="@macccb_museu" />
<meta name="twitter:label1" content="Est. reading time" />
	<meta name="twitter:data1" content="1 minute" />
<script type="application/ld+json" class="yoast-schema-graph">{"@context":"https://schema.org","@graph":[{"@type":"WebPage","@id":"https://www.ccb.pt/en/evento/rhapsody-in-blue-de-gershwin/","url":"https://www.ccb.pt/en/evento/rhapsody-in-blue-de-gershwin/","name":"Rhapsody in Blue by Gershwin - Centro Cultural de Belém Foundation","isPartOf":{"@id":"https://www.ccb.pt/#website"},"primaryImageOfPage":{"@id":"https://www.ccb.pt/en/evento/rhapsody-in-blue-de-gershwin/#primaryimage"},"image":{"@id":"https://www.ccb.pt/en/evento/rhapsody-in-blue-de-gershwin/#primaryimage"},"thumbnailUrl":"https://www.ccb.pt/wp-content/uploads/2024/06/Metropolitana16Fev_ThomasEnhco_creditoJulienBenhamou_Site-e1718704456665.jpg","datePublished":"2024-06-18T11:36:22+00:00","dateModified":"2024-12-13T13:36:30+00:00","description":"A Orquestra Metropolitana de Lisboa, sob a direção do maestro Pedro Neves, oferece uma noite inesquecível de música vibrante e sofisticada, no CCB. Compre aqui os seus bilhetes!","breadcrumb":{"@id":"https://www.ccb.pt/en/evento/rhapsody-in-blue-de-gershwin/#breadcrumb"},"inLanguage":"en-US","potentialAction":[{"@type":"ReadAction","target":["https://www.ccb.pt/en/evento/rhapsody-in-blue-de-gershwin/"]}]},{"@type":"ImageObject","inLanguage":"en-US","@id":"https://www.ccb.pt/en/evento/rhapsody-in-blue-de-gershwin/#primaryimage","url":"https://www.ccb.pt/wp-content/uploads/2024/06/Metropolitana16Fev_ThomasEnhco_creditoJulienBenhamou_Site-e1718704456665.jpg","contentUrl":"https://www.ccb.pt/wp-content/uploads/2024/06/Metropolitana16Fev_ThomasEnhco_creditoJulienBenhamou_Site-e1718704456665.jpg","width":1300,"height":618,"caption":"Thomas Enhco (c) Julien Benhamou"},{"@type":"BreadcrumbList","@id":"https://www.ccb.pt/en/evento/rhapsody-in-blue-de-gershwin/#breadcrumb","itemListElement":[{"@type":"ListItem","position":1,"name":"Home","item":"https://www.ccb.pt/en/"},{"@type":"ListItem","position":2,"name":"Eventos","item":"https://www.ccb.pt/eventos/"},{"@type":"ListItem","position":3,"name":"Rhapsody in Blue by Gershwin"}]},{"@type":"WebSite","@id":"https://www.ccb.pt/#website","url":"https://www.ccb.pt/","name":"Centro Cultural de Belém Foundation","description":"","publisher":{"@id":"https://www.ccb.pt/#organization"},"potentialAction":[{"@type":"SearchAction","target":{"@type":"EntryPoint","urlTemplate":"https://www.ccb.pt/?s={search_term_string}"},"query-input":"required name=search_term_string"}],"inLanguage":"en-US"},{"@type":"Organization","@id":"https://www.ccb.pt/#organization","name":"Centro Cultural de Belém Foundation","url":"https://www.ccb.pt/","logo":{"@type":"ImageObject","inLanguage":"en-US","@id":"https://www.ccb.pt/#/schema/logo/image/","url":"https://www.ccb.pt/wp-content/uploads/2022/05/1_ccb.png","contentUrl":"https://www.ccb.pt/wp-content/uploads/2022/05/1_ccb.png","width":126,"height":100,"caption":"Centro Cultural de Belém Foundation"},"image":{"@id":"https://www.ccb.pt/#/schema/logo/image/"},"sameAs":["https://twitter.com/macccb_museu"]}]}</script>
<!-- / Yoast SEO plugin. -->

Rhapsody in Blue by Gershwin - Centro Cultural de Belém Foundation

A Orquestra Metropolitana de Lisboa, sob a direção do maestro Pedro Neves, oferece uma noite inesquecível de música vibrante e sofisticada, no CCB. Compre aqui os seus bilhetes!

Centro Cultural de Belém Foundation
