    {"id":201899,"date":"2024-11-18T15:28:34","date_gmt":"2024-11-18T15:28:34","guid":{"rendered":"https:\/\/www.ccb.pt\/?post_type=tribe_events&#038;p=201899"},"modified":"2025-01-08T10:39:47","modified_gmt":"2025-01-08T10:39:47","slug":"rehab-from-rehab-2023-86","status":"publish","type":"tribe_events","link":"https:\/\/www.ccb.pt\/en\/evento\/rehab-from-rehab-2023-86\/","title":{"rendered":"Rehab (from Rehab)"},"content":{"rendered":"<p>This is a sensitive and personal reflection that questions the way hospitals think spaces of care for the most vulnerable ones. Recounting her personal story as a young girl who spent her childhood in rehabilitation centres alongside her severely disabled father, the director confronts her traumatic memories with the exceptional experimentation developed at REHAB in Basel by the Swiss architects Herzog &amp; de Meuron. Proposing highly specialised treatment for physical and neurological disabilities, this hospital has become a model of a kind thanks to its holistic approach of rehabilitation addressing with the same level of attention physical care and mental wellbeing.<\/p>\n<p>&nbsp;<\/p>\n<p><strong>Presented by Manuel Henriques.<\/strong><\/p>\n<p>&nbsp;<\/p>\n<p><strong>Manuel Henriques<\/strong> (Lisbon, 1975) is the Executive Director of the Lisbon Architecture Triennale. From 2003 to 2010, he served as a consultant in Architecture and Design for DGArtes\/MC, where he coordinated Portugal\u2019s official representations at the Venice and S\u00e3o Paulo Architecture Biennales. He works across multiple creative and production fronts, frequently collaborating with architects, artists, filmmakers, and performers, either onstage or behind the scenes.<\/p>\n","protected":false},"excerpt":{"rendered":"<p>This is a sensitive and personal reflection that questions the way hospitals think spaces of care for the most vulnerable ones. Recounting her personal story as a young girl who spent her childhood in rehabilitation centres alongside her severely disabled father, the director confronts her traumatic memories with the exceptional experimentation developed at REHAB in [&hellip;]<\/p>\n","protected":false},"author":6,"featured_media":201903,"comment_status":"closed","ping_status":"closed","template":"","meta":{"_relevanssi_hide_post":"","_relevanssi_pin_for_all":"on","_relevanssi_pin_keywords":"","_relevanssi_unpin_keywords":"","_relevanssi_related_keywords":"","_relevanssi_related_include_ids":"","_relevanssi_related_exclude_ids":"","_relevanssi_related_no_append":"","_relevanssi_related_not_related":"","_relevanssi_related_posts":"","_relevanssi_noindex_reason":""},"tribe_events_cat":[646,328,565],"tags_tema":[],"idades":[],"tipos":[],"temas":[],"categorias_hubspot":[],"acf":[],"yoast_head":"<!-- This site is optimized with the Yoast SEO plugin v22.3 - https:\/\/yoast.com\/wordpress\/plugins\/seo\/ -->\n<title>Rehab (from Rehab) - Centro Cultural de Bel\u00e9m Foundation<\/title>\n<meta name=\"description\" content=\"Uma reflex\u00e3o sens\u00edvel e pessoal que questiona o modo como os hospitais pensam os espa\u00e7os de atendimento para as pessoas mais vulner\u00e1veis.\" \/>\n<meta name=\"robots\" content=\"index, follow, max-snippet:-1, max-image-preview:large, max-video-preview:-1\" \/>\n<link rel=\"canonical\" href=\"https:\/\/www.ccb.pt\/en\/evento\/rehab-from-rehab-2023-86\/\" \/>\n<meta property=\"og:locale\" content=\"en_US\" \/>\n<meta property=\"og:type\" content=\"article\" \/>\n<meta property=\"og:title\" content=\"Rehab (from Rehab) | Ciclo de Cinema B\u00eaka &amp; Lemoine - MAC\/CCB\" \/>\n<meta property=\"og:description\" content=\"Uma reflex\u00e3o sens\u00edvel e pessoal que questiona o modo como os hospitais pensam os espa\u00e7os de atendimento para as pessoas mais vulner\u00e1veis.\" \/>\n<meta property=\"og:url\" content=\"https:\/\/www.ccb.pt\/en\/evento\/rehab-from-rehab-2023-86\/\" \/>\n<meta property=\"og:site_name\" content=\"Centro Cultural de Bel\u00e9m Foundation\" \/>\n<meta property=\"article:modified_time\" content=\"2025-01-08T10:39:47+00:00\" \/>\n<meta property=\"og:image\" content=\"https:\/\/www.ccb.pt\/wp-content\/uploads\/2024\/11\/2000x940_CicloCinema_13fev25-e1731511981654.jpg\" \/>\n\t<meta property=\"og:image:width\" content=\"2000\" \/>\n\t<meta property=\"og:image:height\" content=\"643\" \/>\n\t<meta property=\"og:image:type\" content=\"image\/jpeg\" \/>\n<meta name=\"twitter:card\" content=\"summary_large_image\" \/>\n<meta name=\"twitter:site\" content=\"@macccb_museu\" \/>\n<meta name=\"twitter:label1\" content=\"Est. reading time\" \/>\n\t<meta name=\"twitter:data1\" content=\"2 minutes\" \/>\n<script type=\"application\/ld+json\" class=\"yoast-schema-graph\">{\"@context\":\"https:\/\/schema.org\",\"@graph\":[{\"@type\":\"WebPage\",\"@id\":\"https:\/\/www.ccb.pt\/en\/evento\/rehab-from-rehab-2023-86\/\",\"url\":\"https:\/\/www.ccb.pt\/en\/evento\/rehab-from-rehab-2023-86\/\",\"name\":\"Rehab (from Rehab) - Centro Cultural de Bel\u00e9m Foundation\",\"isPartOf\":{\"@id\":\"https:\/\/www.ccb.pt\/#website\"},\"primaryImageOfPage\":{\"@id\":\"https:\/\/www.ccb.pt\/en\/evento\/rehab-from-rehab-2023-86\/#primaryimage\"},\"image\":{\"@id\":\"https:\/\/www.ccb.pt\/en\/evento\/rehab-from-rehab-2023-86\/#primaryimage\"},\"thumbnailUrl\":\"https:\/\/www.ccb.pt\/wp-content\/uploads\/2024\/11\/2000x940_CicloCinema_13fev25_edited.jpg\",\"datePublished\":\"2024-11-18T15:28:34+00:00\",\"dateModified\":\"2025-01-08T10:39:47+00:00\",\"description\":\"Uma reflex\u00e3o sens\u00edvel e pessoal que questiona o modo como os hospitais pensam os espa\u00e7os de atendimento para as pessoas mais vulner\u00e1veis.\",\"breadcrumb\":{\"@id\":\"https:\/\/www.ccb.pt\/en\/evento\/rehab-from-rehab-2023-86\/#breadcrumb\"},\"inLanguage\":\"en-US\",\"potentialAction\":[{\"@type\":\"ReadAction\",\"target\":[\"https:\/\/www.ccb.pt\/en\/evento\/rehab-from-rehab-2023-86\/\"]}]},{\"@type\":\"ImageObject\",\"inLanguage\":\"en-US\",\"@id\":\"https:\/\/www.ccb.pt\/en\/evento\/rehab-from-rehab-2023-86\/#primaryimage\",\"url\":\"https:\/\/www.ccb.pt\/wp-content\/uploads\/2024\/11\/2000x940_CicloCinema_13fev25_edited.jpg\",\"contentUrl\":\"https:\/\/www.ccb.pt\/wp-content\/uploads\/2024\/11\/2000x940_CicloCinema_13fev25_edited.jpg\",\"width\":2000,\"height\":617,\"caption\":\"alt=\\\"\\\"\"},{\"@type\":\"BreadcrumbList\",\"@id\":\"https:\/\/www.ccb.pt\/en\/evento\/rehab-from-rehab-2023-86\/#breadcrumb\",\"itemListElement\":[{\"@type\":\"ListItem\",\"position\":1,\"name\":\"Home\",\"item\":\"https:\/\/www.ccb.pt\/en\/\"},{\"@type\":\"ListItem\",\"position\":2,\"name\":\"Eventos\",\"item\":\"https:\/\/www.ccb.pt\/eventos\/\"},{\"@type\":\"ListItem\",\"position\":3,\"name\":\"Rehab (from Rehab)\"}]},{\"@type\":\"WebSite\",\"@id\":\"https:\/\/www.ccb.pt\/#website\",\"url\":\"https:\/\/www.ccb.pt\/\",\"name\":\"Centro Cultural de Bel\u00e9m Foundation\",\"description\":\"\",\"publisher\":{\"@id\":\"https:\/\/www.ccb.pt\/#organization\"},\"potentialAction\":[{\"@type\":\"SearchAction\",\"target\":{\"@type\":\"EntryPoint\",\"urlTemplate\":\"https:\/\/www.ccb.pt\/?s={search_term_string}\"},\"query-input\":\"required name=search_term_string\"}],\"inLanguage\":\"en-US\"},{\"@type\":\"Organization\",\"@id\":\"https:\/\/www.ccb.pt\/#organization\",\"name\":\"Centro Cultural de Bel\u00e9m Foundation\",\"url\":\"https:\/\/www.ccb.pt\/\",\"logo\":{\"@type\":\"ImageObject\",\"inLanguage\":\"en-US\",\"@id\":\"https:\/\/www.ccb.pt\/#\/schema\/logo\/image\/\",\"url\":\"https:\/\/www.ccb.pt\/wp-content\/uploads\/2022\/05\/1_ccb.png\",\"contentUrl\":\"https:\/\/www.ccb.pt\/wp-content\/uploads\/2022\/05\/1_ccb.png\",\"width\":126,\"height\":100,\"caption\":\"Centro Cultural de Bel\u00e9m Foundation\"},\"image\":{\"@id\":\"https:\/\/www.ccb.pt\/#\/schema\/logo\/image\/\"},\"sameAs\":[\"https:\/\/twitter.com\/macccb_museu\"]}]}<\/script>\n<!-- \/ Yoast SEO plugin. -->","yoast_head_json":{"title":"Rehab (from Rehab) - Centro Cultural de Bel\u00e9m Foundation","description":"Uma reflex\u00e3o sens\u00edvel e pessoal que questiona o modo como os hospitais pensam os espa\u00e7os de atendimento para as pessoas mais vulner\u00e1veis.","robots":{"index":"index","follow":"follow","max-snippet":"max-snippet:-1","max-image-preview":"max-image-preview:large","max-video-preview":"max-video-preview:-1"},"canonical":"https:\/\/www.ccb.pt\/en\/evento\/rehab-from-rehab-2023-86\/","og_locale":"en_US","og_type":"article","og_title":"Rehab (from Rehab) | Ciclo de Cinema B\u00eaka & Lemoine - MAC\/CCB","og_description":"Uma reflex\u00e3o sens\u00edvel e pessoal que questiona o modo como os hospitais pensam os espa\u00e7os de atendimento para as pessoas mais vulner\u00e1veis.","og_url":"https:\/\/www.ccb.pt\/en\/evento\/rehab-from-rehab-2023-86\/","og_site_name":"Centro Cultural de Bel\u00e9m Foundation","article_modified_time":"2025-01-08T10:39:47+00:00","og_image":[{"width":2000,"height":643,"url":"https:\/\/www.ccb.pt\/wp-content\/uploads\/2024\/11\/2000x940_CicloCinema_13fev25-e1731511981654.jpg","type":"image\/jpeg"}],"twitter_card":"summary_large_image","twitter_site":"@macccb_museu","twitter_misc":{"Est. reading time":"2 minutes"},"schema":{"@context":"https:\/\/schema.org","@graph":[{"@type":"WebPage","@id":"https:\/\/www.ccb.pt\/en\/evento\/rehab-from-rehab-2023-86\/","url":"https:\/\/www.ccb.pt\/en\/evento\/rehab-from-rehab-2023-86\/","name":"Rehab (from Rehab) - Centro Cultural de Bel\u00e9m Foundation","isPartOf":{"@id":"https:\/\/www.ccb.pt\/#website"},"primaryImageOfPage":{"@id":"https:\/\/www.ccb.pt\/en\/evento\/rehab-from-rehab-2023-86\/#primaryimage"},"image":{"@id":"https:\/\/www.ccb.pt\/en\/evento\/rehab-from-rehab-2023-86\/#primaryimage"},"thumbnailUrl":"https:\/\/www.ccb.pt\/wp-content\/uploads\/2024\/11\/2000x940_CicloCinema_13fev25_edited.jpg","datePublished":"2024-11-18T15:28:34+00:00","dateModified":"2025-01-08T10:39:47+00:00","description":"Uma reflex\u00e3o sens\u00edvel e pessoal que questiona o modo como os hospitais pensam os espa\u00e7os de atendimento para as pessoas mais vulner\u00e1veis.","breadcrumb":{"@id":"https:\/\/www.ccb.pt\/en\/evento\/rehab-from-rehab-2023-86\/#breadcrumb"},"inLanguage":"en-US","potentialAction":[{"@type":"ReadAction","target":["https:\/\/www.ccb.pt\/en\/evento\/rehab-from-rehab-2023-86\/"]}]},{"@type":"ImageObject","inLanguage":"en-US","@id":"https:\/\/www.ccb.pt\/en\/evento\/rehab-from-rehab-2023-86\/#primaryimage","url":"https:\/\/www.ccb.pt\/wp-content\/uploads\/2024\/11\/2000x940_CicloCinema_13fev25_edited.jpg","contentUrl":"https:\/\/www.ccb.pt\/wp-content\/uploads\/2024\/11\/2000x940_CicloCinema_13fev25_edited.jpg","width":2000,"height":617,"caption":"alt=\"\""},{"@type":"BreadcrumbList","@id":"https:\/\/www.ccb.pt\/en\/evento\/rehab-from-rehab-2023-86\/#breadcrumb","itemListElement":[{"@type":"ListItem","position":1,"name":"Home","item":"https:\/\/www.ccb.pt\/en\/"},{"@type":"ListItem","position":2,"name":"Eventos","item":"https:\/\/www.ccb.pt\/eventos\/"},{"@type":"ListItem","position":3,"name":"Rehab (from Rehab)"}]},{"@type":"WebSite","@id":"https:\/\/www.ccb.pt\/#website","url":"https:\/\/www.ccb.pt\/","name":"Centro Cultural de Bel\u00e9m Foundation","description":"","publisher":{"@id":"https:\/\/www.ccb.pt\/#organization"},"potentialAction":[{"@type":"SearchAction","target":{"@type":"EntryPoint","urlTemplate":"https:\/\/www.ccb.pt\/?s={search_term_string}"},"query-input":"required name=search_term_string"}],"inLanguage":"en-US"},{"@type":"Organization","@id":"https:\/\/www.ccb.pt\/#organization","name":"Centro Cultural de Bel\u00e9m Foundation","url":"https:\/\/www.ccb.pt\/","logo":{"@type":"ImageObject","inLanguage":"en-US","@id":"https:\/\/www.ccb.pt\/#\/schema\/logo\/image\/","url":"https:\/\/www.ccb.pt\/wp-content\/uploads\/2022\/05\/1_ccb.png","contentUrl":"https:\/\/www.ccb.pt\/wp-content\/uploads\/2022\/05\/1_ccb.png","width":126,"height":100,"caption":"Centro Cultural de Bel\u00e9m Foundation"},"image":{"@id":"https:\/\/www.ccb.pt\/#\/schema\/logo\/image\/"},"sameAs":["https:\/\/twitter.com\/macccb_museu"]}]}},"_links":{"self":[{"href":"https:\/\/www.ccb.pt\/en\/wp-json\/wp\/v2\/tribe_events\/201899"}],"collection":[{"href":"https:\/\/www.ccb.pt\/en\/wp-json\/wp\/v2\/tribe_events"}],"about":[{"href":"https:\/\/www.ccb.pt\/en\/wp-json\/wp\/v2\/types\/tribe_events"}],"author":[{"embeddable":true,"href":"https:\/\/www.ccb.pt\/en\/wp-json\/wp\/v2\/users\/6"}],"replies":[{"embeddable":true,"href":"https:\/\/www.ccb.pt\/en\/wp-json\/wp\/v2\/comments?post=201899"}],"version-history":[{"count":10,"href":"https:\/\/www.ccb.pt\/en\/wp-json\/wp\/v2\/tribe_events\/201899\/revisions"}],"predecessor-version":[{"id":210619,"href":"https:\/\/www.ccb.pt\/en\/wp-json\/wp\/v2\/tribe_events\/201899\/revisions\/210619"}],"wp:featuredmedia":[{"embeddable":true,"href":"https:\/\/www.ccb.pt\/en\/wp-json\/wp\/v2\/media\/201903"}],"wp:attachment":[{"href":"https:\/\/www.ccb.pt\/en\/wp-json\/wp\/v2\/media?parent=201899"}],"wp:term":[{"taxonomy":"tribe_events_cat","embeddable":true,"href":"https:\/\/www.ccb.pt\/en\/wp-json\/wp\/v2\/tribe_events_cat?post=201899"},{"taxonomy":"tags_tema","embeddable":true,"href":"https:\/\/www.ccb.pt\/en\/wp-json\/wp\/v2\/tags_tema?post=201899"},{"taxonomy":"idades","embeddable":true,"href":"https:\/\/www.ccb.pt\/en\/wp-json\/wp\/v2\/idades?post=201899"},{"taxonomy":"tipos","embeddable":true,"href":"https:\/\/www.ccb.pt\/en\/wp-json\/wp\/v2\/tipos?post=201899"},{"taxonomy":"temas","embeddable":true,"href":"https:\/\/www.ccb.pt\/en\/wp-json\/wp\/v2\/temas?post=201899"},{"taxonomy":"categorias_hubspot","embeddable":true,"href":"https:\/\/www.ccb.pt\/en\/wp-json\/wp\/v2\/categorias_hubspot?post=201899"}],"curies":[{"name":"wp","href":"https:\/\/api.w.org\/{rel}","templated":true}]}}

<p>This is a sensitive and personal reflection that questions the way hospitals think spaces of care for the most vulnerable ones. Recounting her personal story as a young girl who spent her childhood in rehabilitation centres alongside her severely disabled father, the director confronts her traumatic memories with the exceptional experimentation developed at REHAB in Basel by the Swiss architects Herzog &amp; de Meuron. Proposing highly specialised treatment for physical and neurological disabilities, this hospital has become a model of a kind thanks to its holistic approach of rehabilitation addressing with the same level of attention physical care and mental wellbeing.</p>
<p>&nbsp;</p>
<p><strong>Presented by Manuel Henriques.</strong></p>
<p>&nbsp;</p>
<p><strong>Manuel Henriques</strong> (Lisbon, 1975) is the Executive Director of the Lisbon Architecture Triennale. From 2003 to 2010, he served as a consultant in Architecture and Design for DGArtes/MC, where he coordinated Portugal’s official representations at the Venice and São Paulo Architecture Biennales. He works across multiple creative and production fronts, frequently collaborating with architects, artists, filmmakers, and performers, either onstage or behind the scenes.</p>

<!-- This site is optimized with the Yoast SEO plugin v22.3 - https://yoast.com/wordpress/plugins/seo/ -->
<title>Rehab (from Rehab) - Centro Cultural de Belém Foundation</title>
<meta name="description" content="Uma reflexão sensível e pessoal que questiona o modo como os hospitais pensam os espaços de atendimento para as pessoas mais vulneráveis." />
<meta name="robots" content="index, follow, max-snippet:-1, max-image-preview:large, max-video-preview:-1" />
<link rel="canonical" href="https://www.ccb.pt/en/evento/rehab-from-rehab-2023-86/" />
<meta property="og:locale" content="en_US" />
<meta property="og:type" content="article" />
<meta property="og:title" content="Rehab (from Rehab) | Ciclo de Cinema Bêka &amp; Lemoine - MAC/CCB" />
<meta property="og:description" content="Uma reflexão sensível e pessoal que questiona o modo como os hospitais pensam os espaços de atendimento para as pessoas mais vulneráveis." />
<meta property="og:url" content="https://www.ccb.pt/en/evento/rehab-from-rehab-2023-86/" />
<meta property="og:site_name" content="Centro Cultural de Belém Foundation" />
<meta property="article:modified_time" content="2025-01-08T10:39:47+00:00" />
<meta property="og:image" content="https://www.ccb.pt/wp-content/uploads/2024/11/2000x940_CicloCinema_13fev25-e1731511981654.jpg" />
	<meta property="og:image:width" content="2000" />
	<meta property="og:image:height" content="643" />
	<meta property="og:image:type" content="image/jpeg" />
<meta name="twitter:card" content="summary_large_image" />
<meta name="twitter:site" content="@macccb_museu" />
<meta name="twitter:label1" content="Est. reading time" />
	<meta name="twitter:data1" content="2 minutes" />
<script type="application/ld+json" class="yoast-schema-graph">{"@context":"https://schema.org","@graph":[{"@type":"WebPage","@id":"https://www.ccb.pt/en/evento/rehab-from-rehab-2023-86/","url":"https://www.ccb.pt/en/evento/rehab-from-rehab-2023-86/","name":"Rehab (from Rehab) - Centro Cultural de Belém Foundation","isPartOf":{"@id":"https://www.ccb.pt/#website"},"primaryImageOfPage":{"@id":"https://www.ccb.pt/en/evento/rehab-from-rehab-2023-86/#primaryimage"},"image":{"@id":"https://www.ccb.pt/en/evento/rehab-from-rehab-2023-86/#primaryimage"},"thumbnailUrl":"https://www.ccb.pt/wp-content/uploads/2024/11/2000x940_CicloCinema_13fev25_edited.jpg","datePublished":"2024-11-18T15:28:34+00:00","dateModified":"2025-01-08T10:39:47+00:00","description":"Uma reflexão sensível e pessoal que questiona o modo como os hospitais pensam os espaços de atendimento para as pessoas mais vulneráveis.","breadcrumb":{"@id":"https://www.ccb.pt/en/evento/rehab-from-rehab-2023-86/#breadcrumb"},"inLanguage":"en-US","potentialAction":[{"@type":"ReadAction","target":["https://www.ccb.pt/en/evento/rehab-from-rehab-2023-86/"]}]},{"@type":"ImageObject","inLanguage":"en-US","@id":"https://www.ccb.pt/en/evento/rehab-from-rehab-2023-86/#primaryimage","url":"https://www.ccb.pt/wp-content/uploads/2024/11/2000x940_CicloCinema_13fev25_edited.jpg","contentUrl":"https://www.ccb.pt/wp-content/uploads/2024/11/2000x940_CicloCinema_13fev25_edited.jpg","width":2000,"height":617,"caption":"alt=\"\""},{"@type":"BreadcrumbList","@id":"https://www.ccb.pt/en/evento/rehab-from-rehab-2023-86/#breadcrumb","itemListElement":[{"@type":"ListItem","position":1,"name":"Home","item":"https://www.ccb.pt/en/"},{"@type":"ListItem","position":2,"name":"Eventos","item":"https://www.ccb.pt/eventos/"},{"@type":"ListItem","position":3,"name":"Rehab (from Rehab)"}]},{"@type":"WebSite","@id":"https://www.ccb.pt/#website","url":"https://www.ccb.pt/","name":"Centro Cultural de Belém Foundation","description":"","publisher":{"@id":"https://www.ccb.pt/#organization"},"potentialAction":[{"@type":"SearchAction","target":{"@type":"EntryPoint","urlTemplate":"https://www.ccb.pt/?s={search_term_string}"},"query-input":"required name=search_term_string"}],"inLanguage":"en-US"},{"@type":"Organization","@id":"https://www.ccb.pt/#organization","name":"Centro Cultural de Belém Foundation","url":"https://www.ccb.pt/","logo":{"@type":"ImageObject","inLanguage":"en-US","@id":"https://www.ccb.pt/#/schema/logo/image/","url":"https://www.ccb.pt/wp-content/uploads/2022/05/1_ccb.png","contentUrl":"https://www.ccb.pt/wp-content/uploads/2022/05/1_ccb.png","width":126,"height":100,"caption":"Centro Cultural de Belém Foundation"},"image":{"@id":"https://www.ccb.pt/#/schema/logo/image/"},"sameAs":["https://twitter.com/macccb_museu"]}]}</script>
<!-- / Yoast SEO plugin. -->

Rehab (from Rehab) - Centro Cultural de Belém Foundation

Uma reflexão sensível e pessoal que questiona o modo como os hospitais pensam os espaços de atendimento para as pessoas mais vulneráveis.

Rehab (from Rehab) | Ciclo de Cinema Bêka & Lemoine - MAC/CCB

Centro Cultural de Belém Foundation
