    {"id":198256,"date":"2024-09-06T11:31:20","date_gmt":"2024-09-06T10:31:20","guid":{"rendered":"https:\/\/www.ccb.pt\/evento\/carminho-portuguesa\/"},"modified":"2024-12-12T15:32:39","modified_gmt":"2024-12-12T15:32:39","slug":"carminho-portuguesa","status":"publish","type":"tribe_events","link":"https:\/\/www.ccb.pt\/en\/evento\/carminho-portuguesa\/","title":{"rendered":"Carminho &#8211; Portuguesa"},"content":{"rendered":"<p>Carminho, the great voice of Fado and daughter of Fado singer Teresa Siqueira, debuted when she was 12 years old. She gained international recognition and a Golden Globe with albums such as <em>Fado<\/em> (platinum), <em>Alma<\/em> and <em>Carminho Sings Tom Jobim<\/em>. In 2023, she released <em>Portuguesa<\/em>, album nominated for a Latin Grammy which the singer will present in this concert.<\/p>\n<p>&nbsp;<\/p>\n","protected":false},"excerpt":{"rendered":"<p>Carminho, the great voice of Fado and daughter of Fado singer Teresa Siqueira, debuted when she was 12 years old. She gained international recognition and a Golden Globe with albums such as Fado (platinum), Alma and Carminho Sings Tom Jobim. In 2023, she released Portuguesa, album nominated for a Latin Grammy which the singer will [&hellip;]<\/p>\n","protected":false},"author":6,"featured_media":190439,"comment_status":"closed","ping_status":"closed","template":"","meta":{"_relevanssi_hide_post":"","_relevanssi_pin_for_all":"on","_relevanssi_pin_keywords":"","_relevanssi_unpin_keywords":"","_relevanssi_related_keywords":"","_relevanssi_related_include_ids":"","_relevanssi_related_exclude_ids":"","_relevanssi_related_no_append":"","_relevanssi_related_not_related":"","_relevanssi_related_posts":"","_relevanssi_noindex_reason":""},"tribe_events_cat":[588,590,23],"tags_tema":[],"idades":[392],"tipos":[],"temas":[],"categorias_hubspot":[],"acf":[],"yoast_head":"<!-- This site is optimized with the Yoast SEO plugin v22.3 - https:\/\/yoast.com\/wordpress\/plugins\/seo\/ -->\n<title>Carminho - Portuguesa - Centro Cultural de Bel\u00e9m Foundation<\/title>\n<meta name=\"description\" content=\"O \u00faltimo disco de Carminho \u2013 \u00abPortuguesa\u00bb \u2013 continua a fazer hist\u00f3ria, e far\u00e1 parte do ciclo H\u00e1 Fado no Cais, no Grande Audit\u00f3rio do CCB.\" \/>\n<meta name=\"robots\" content=\"index, follow, max-snippet:-1, max-image-preview:large, max-video-preview:-1\" \/>\n<link rel=\"canonical\" href=\"https:\/\/www.ccb.pt\/en\/evento\/carminho-portuguesa\/\" \/>\n<meta property=\"og:locale\" content=\"en_US\" \/>\n<meta property=\"og:type\" content=\"article\" \/>\n<meta property=\"og:title\" content=\"Carminho | Portuguesa - Centro Cultural de Bel\u00e9m\" \/>\n<meta property=\"og:description\" content=\"O \u00faltimo disco de Carminho \u2013 \u00abPortuguesa\u00bb \u2013 continua a fazer hist\u00f3ria, e far\u00e1 parte do ciclo H\u00e1 Fado no Cais, no Grande Audit\u00f3rio do CCB.\" \/>\n<meta property=\"og:url\" content=\"https:\/\/www.ccb.pt\/en\/evento\/carminho-portuguesa\/\" \/>\n<meta property=\"og:site_name\" content=\"Centro Cultural de Bel\u00e9m Foundation\" \/>\n<meta property=\"article:modified_time\" content=\"2024-12-12T15:32:39+00:00\" \/>\n<meta name=\"twitter:card\" content=\"summary_large_image\" \/>\n<meta name=\"twitter:image\" content=\"https:\/\/www.ccb.pt\/wp-content\/uploads\/2024\/09\/CARMINHOcFernandoTomaz_edited-scaled.jpg\" \/>\n<meta name=\"twitter:site\" content=\"@macccb_museu\" \/>\n<meta name=\"twitter:label1\" content=\"Est. reading time\" \/>\n\t<meta name=\"twitter:data1\" content=\"1 minute\" \/>\n<script type=\"application\/ld+json\" class=\"yoast-schema-graph\">{\"@context\":\"https:\/\/schema.org\",\"@graph\":[{\"@type\":\"WebPage\",\"@id\":\"https:\/\/www.ccb.pt\/en\/evento\/carminho-portuguesa\/\",\"url\":\"https:\/\/www.ccb.pt\/en\/evento\/carminho-portuguesa\/\",\"name\":\"Carminho - Portuguesa - Centro Cultural de Bel\u00e9m Foundation\",\"isPartOf\":{\"@id\":\"https:\/\/www.ccb.pt\/#website\"},\"primaryImageOfPage\":{\"@id\":\"https:\/\/www.ccb.pt\/en\/evento\/carminho-portuguesa\/#primaryimage\"},\"image\":{\"@id\":\"https:\/\/www.ccb.pt\/en\/evento\/carminho-portuguesa\/#primaryimage\"},\"thumbnailUrl\":\"https:\/\/www.ccb.pt\/wp-content\/uploads\/2024\/09\/CARMINHOcFernandoTomaz_edited-scaled.jpg\",\"datePublished\":\"2024-09-06T10:31:20+00:00\",\"dateModified\":\"2024-12-12T15:32:39+00:00\",\"description\":\"O \u00faltimo disco de Carminho \u2013 \u00abPortuguesa\u00bb \u2013 continua a fazer hist\u00f3ria, e far\u00e1 parte do ciclo H\u00e1 Fado no Cais, no Grande Audit\u00f3rio do CCB.\",\"breadcrumb\":{\"@id\":\"https:\/\/www.ccb.pt\/en\/evento\/carminho-portuguesa\/#breadcrumb\"},\"inLanguage\":\"en-US\",\"potentialAction\":[{\"@type\":\"ReadAction\",\"target\":[\"https:\/\/www.ccb.pt\/en\/evento\/carminho-portuguesa\/\"]}]},{\"@type\":\"ImageObject\",\"inLanguage\":\"en-US\",\"@id\":\"https:\/\/www.ccb.pt\/en\/evento\/carminho-portuguesa\/#primaryimage\",\"url\":\"https:\/\/www.ccb.pt\/wp-content\/uploads\/2024\/09\/CARMINHOcFernandoTomaz_edited-scaled.jpg\",\"contentUrl\":\"https:\/\/www.ccb.pt\/wp-content\/uploads\/2024\/09\/CARMINHOcFernandoTomaz_edited-scaled.jpg\",\"width\":2560,\"height\":947,\"caption\":\"(c) Fernando Tomaz\"},{\"@type\":\"BreadcrumbList\",\"@id\":\"https:\/\/www.ccb.pt\/en\/evento\/carminho-portuguesa\/#breadcrumb\",\"itemListElement\":[{\"@type\":\"ListItem\",\"position\":1,\"name\":\"Home\",\"item\":\"https:\/\/www.ccb.pt\/en\/\"},{\"@type\":\"ListItem\",\"position\":2,\"name\":\"Eventos\",\"item\":\"https:\/\/www.ccb.pt\/eventos\/\"},{\"@type\":\"ListItem\",\"position\":3,\"name\":\"Carminho &#8211; Portuguesa\"}]},{\"@type\":\"WebSite\",\"@id\":\"https:\/\/www.ccb.pt\/#website\",\"url\":\"https:\/\/www.ccb.pt\/\",\"name\":\"Centro Cultural de Bel\u00e9m Foundation\",\"description\":\"\",\"publisher\":{\"@id\":\"https:\/\/www.ccb.pt\/#organization\"},\"potentialAction\":[{\"@type\":\"SearchAction\",\"target\":{\"@type\":\"EntryPoint\",\"urlTemplate\":\"https:\/\/www.ccb.pt\/?s={search_term_string}\"},\"query-input\":\"required name=search_term_string\"}],\"inLanguage\":\"en-US\"},{\"@type\":\"Organization\",\"@id\":\"https:\/\/www.ccb.pt\/#organization\",\"name\":\"Centro Cultural de Bel\u00e9m Foundation\",\"url\":\"https:\/\/www.ccb.pt\/\",\"logo\":{\"@type\":\"ImageObject\",\"inLanguage\":\"en-US\",\"@id\":\"https:\/\/www.ccb.pt\/#\/schema\/logo\/image\/\",\"url\":\"https:\/\/www.ccb.pt\/wp-content\/uploads\/2022\/05\/1_ccb.png\",\"contentUrl\":\"https:\/\/www.ccb.pt\/wp-content\/uploads\/2022\/05\/1_ccb.png\",\"width\":126,\"height\":100,\"caption\":\"Centro Cultural de Bel\u00e9m Foundation\"},\"image\":{\"@id\":\"https:\/\/www.ccb.pt\/#\/schema\/logo\/image\/\"},\"sameAs\":[\"https:\/\/twitter.com\/macccb_museu\"]}]}<\/script>\n<!-- \/ Yoast SEO plugin. -->","yoast_head_json":{"title":"Carminho - Portuguesa - Centro Cultural de Bel\u00e9m Foundation","description":"O \u00faltimo disco de Carminho \u2013 \u00abPortuguesa\u00bb \u2013 continua a fazer hist\u00f3ria, e far\u00e1 parte do ciclo H\u00e1 Fado no Cais, no Grande Audit\u00f3rio do CCB.","robots":{"index":"index","follow":"follow","max-snippet":"max-snippet:-1","max-image-preview":"max-image-preview:large","max-video-preview":"max-video-preview:-1"},"canonical":"https:\/\/www.ccb.pt\/en\/evento\/carminho-portuguesa\/","og_locale":"en_US","og_type":"article","og_title":"Carminho | Portuguesa - Centro Cultural de Bel\u00e9m","og_description":"O \u00faltimo disco de Carminho \u2013 \u00abPortuguesa\u00bb \u2013 continua a fazer hist\u00f3ria, e far\u00e1 parte do ciclo H\u00e1 Fado no Cais, no Grande Audit\u00f3rio do CCB.","og_url":"https:\/\/www.ccb.pt\/en\/evento\/carminho-portuguesa\/","og_site_name":"Centro Cultural de Bel\u00e9m Foundation","article_modified_time":"2024-12-12T15:32:39+00:00","twitter_card":"summary_large_image","twitter_image":"https:\/\/www.ccb.pt\/wp-content\/uploads\/2024\/09\/CARMINHOcFernandoTomaz_edited-scaled.jpg","twitter_site":"@macccb_museu","twitter_misc":{"Est. reading time":"1 minute"},"schema":{"@context":"https:\/\/schema.org","@graph":[{"@type":"WebPage","@id":"https:\/\/www.ccb.pt\/en\/evento\/carminho-portuguesa\/","url":"https:\/\/www.ccb.pt\/en\/evento\/carminho-portuguesa\/","name":"Carminho - Portuguesa - Centro Cultural de Bel\u00e9m Foundation","isPartOf":{"@id":"https:\/\/www.ccb.pt\/#website"},"primaryImageOfPage":{"@id":"https:\/\/www.ccb.pt\/en\/evento\/carminho-portuguesa\/#primaryimage"},"image":{"@id":"https:\/\/www.ccb.pt\/en\/evento\/carminho-portuguesa\/#primaryimage"},"thumbnailUrl":"https:\/\/www.ccb.pt\/wp-content\/uploads\/2024\/09\/CARMINHOcFernandoTomaz_edited-scaled.jpg","datePublished":"2024-09-06T10:31:20+00:00","dateModified":"2024-12-12T15:32:39+00:00","description":"O \u00faltimo disco de Carminho \u2013 \u00abPortuguesa\u00bb \u2013 continua a fazer hist\u00f3ria, e far\u00e1 parte do ciclo H\u00e1 Fado no Cais, no Grande Audit\u00f3rio do CCB.","breadcrumb":{"@id":"https:\/\/www.ccb.pt\/en\/evento\/carminho-portuguesa\/#breadcrumb"},"inLanguage":"en-US","potentialAction":[{"@type":"ReadAction","target":["https:\/\/www.ccb.pt\/en\/evento\/carminho-portuguesa\/"]}]},{"@type":"ImageObject","inLanguage":"en-US","@id":"https:\/\/www.ccb.pt\/en\/evento\/carminho-portuguesa\/#primaryimage","url":"https:\/\/www.ccb.pt\/wp-content\/uploads\/2024\/09\/CARMINHOcFernandoTomaz_edited-scaled.jpg","contentUrl":"https:\/\/www.ccb.pt\/wp-content\/uploads\/2024\/09\/CARMINHOcFernandoTomaz_edited-scaled.jpg","width":2560,"height":947,"caption":"(c) Fernando Tomaz"},{"@type":"BreadcrumbList","@id":"https:\/\/www.ccb.pt\/en\/evento\/carminho-portuguesa\/#breadcrumb","itemListElement":[{"@type":"ListItem","position":1,"name":"Home","item":"https:\/\/www.ccb.pt\/en\/"},{"@type":"ListItem","position":2,"name":"Eventos","item":"https:\/\/www.ccb.pt\/eventos\/"},{"@type":"ListItem","position":3,"name":"Carminho &#8211; Portuguesa"}]},{"@type":"WebSite","@id":"https:\/\/www.ccb.pt\/#website","url":"https:\/\/www.ccb.pt\/","name":"Centro Cultural de Bel\u00e9m Foundation","description":"","publisher":{"@id":"https:\/\/www.ccb.pt\/#organization"},"potentialAction":[{"@type":"SearchAction","target":{"@type":"EntryPoint","urlTemplate":"https:\/\/www.ccb.pt\/?s={search_term_string}"},"query-input":"required name=search_term_string"}],"inLanguage":"en-US"},{"@type":"Organization","@id":"https:\/\/www.ccb.pt\/#organization","name":"Centro Cultural de Bel\u00e9m Foundation","url":"https:\/\/www.ccb.pt\/","logo":{"@type":"ImageObject","inLanguage":"en-US","@id":"https:\/\/www.ccb.pt\/#\/schema\/logo\/image\/","url":"https:\/\/www.ccb.pt\/wp-content\/uploads\/2022\/05\/1_ccb.png","contentUrl":"https:\/\/www.ccb.pt\/wp-content\/uploads\/2022\/05\/1_ccb.png","width":126,"height":100,"caption":"Centro Cultural de Bel\u00e9m Foundation"},"image":{"@id":"https:\/\/www.ccb.pt\/#\/schema\/logo\/image\/"},"sameAs":["https:\/\/twitter.com\/macccb_museu"]}]}},"_links":{"self":[{"href":"https:\/\/www.ccb.pt\/en\/wp-json\/wp\/v2\/tribe_events\/198256"}],"collection":[{"href":"https:\/\/www.ccb.pt\/en\/wp-json\/wp\/v2\/tribe_events"}],"about":[{"href":"https:\/\/www.ccb.pt\/en\/wp-json\/wp\/v2\/types\/tribe_events"}],"author":[{"embeddable":true,"href":"https:\/\/www.ccb.pt\/en\/wp-json\/wp\/v2\/users\/6"}],"replies":[{"embeddable":true,"href":"https:\/\/www.ccb.pt\/en\/wp-json\/wp\/v2\/comments?post=198256"}],"version-history":[{"count":5,"href":"https:\/\/www.ccb.pt\/en\/wp-json\/wp\/v2\/tribe_events\/198256\/revisions"}],"predecessor-version":[{"id":209039,"href":"https:\/\/www.ccb.pt\/en\/wp-json\/wp\/v2\/tribe_events\/198256\/revisions\/209039"}],"wp:featuredmedia":[{"embeddable":true,"href":"https:\/\/www.ccb.pt\/en\/wp-json\/wp\/v2\/media\/190439"}],"wp:attachment":[{"href":"https:\/\/www.ccb.pt\/en\/wp-json\/wp\/v2\/media?parent=198256"}],"wp:term":[{"taxonomy":"tribe_events_cat","embeddable":true,"href":"https:\/\/www.ccb.pt\/en\/wp-json\/wp\/v2\/tribe_events_cat?post=198256"},{"taxonomy":"tags_tema","embeddable":true,"href":"https:\/\/www.ccb.pt\/en\/wp-json\/wp\/v2\/tags_tema?post=198256"},{"taxonomy":"idades","embeddable":true,"href":"https:\/\/www.ccb.pt\/en\/wp-json\/wp\/v2\/idades?post=198256"},{"taxonomy":"tipos","embeddable":true,"href":"https:\/\/www.ccb.pt\/en\/wp-json\/wp\/v2\/tipos?post=198256"},{"taxonomy":"temas","embeddable":true,"href":"https:\/\/www.ccb.pt\/en\/wp-json\/wp\/v2\/temas?post=198256"},{"taxonomy":"categorias_hubspot","embeddable":true,"href":"https:\/\/www.ccb.pt\/en\/wp-json\/wp\/v2\/categorias_hubspot?post=198256"}],"curies":[{"name":"wp","href":"https:\/\/api.w.org\/{rel}","templated":true}]}}

<!-- This site is optimized with the Yoast SEO plugin v22.3 - https://yoast.com/wordpress/plugins/seo/ -->
<title>Carminho - Portuguesa - Centro Cultural de Belém Foundation</title>
<meta name="description" content="O último disco de Carminho – «Portuguesa» – continua a fazer história, e fará parte do ciclo Há Fado no Cais, no Grande Auditório do CCB." />
<meta name="robots" content="index, follow, max-snippet:-1, max-image-preview:large, max-video-preview:-1" />
<link rel="canonical" href="https://www.ccb.pt/en/evento/carminho-portuguesa/" />
<meta property="og:locale" content="en_US" />
<meta property="og:type" content="article" />
<meta property="og:title" content="Carminho | Portuguesa - Centro Cultural de Belém" />
<meta property="og:description" content="O último disco de Carminho – «Portuguesa» – continua a fazer história, e fará parte do ciclo Há Fado no Cais, no Grande Auditório do CCB." />
<meta property="og:url" content="https://www.ccb.pt/en/evento/carminho-portuguesa/" />
<meta property="og:site_name" content="Centro Cultural de Belém Foundation" />
<meta property="article:modified_time" content="2024-12-12T15:32:39+00:00" />
<meta name="twitter:card" content="summary_large_image" />
<meta name="twitter:image" content="https://www.ccb.pt/wp-content/uploads/2024/09/CARMINHOcFernandoTomaz_edited-scaled.jpg" />
<meta name="twitter:site" content="@macccb_museu" />
<meta name="twitter:label1" content="Est. reading time" />
	<meta name="twitter:data1" content="1 minute" />
<script type="application/ld+json" class="yoast-schema-graph">{"@context":"https://schema.org","@graph":[{"@type":"WebPage","@id":"https://www.ccb.pt/en/evento/carminho-portuguesa/","url":"https://www.ccb.pt/en/evento/carminho-portuguesa/","name":"Carminho - Portuguesa - Centro Cultural de Belém Foundation","isPartOf":{"@id":"https://www.ccb.pt/#website"},"primaryImageOfPage":{"@id":"https://www.ccb.pt/en/evento/carminho-portuguesa/#primaryimage"},"image":{"@id":"https://www.ccb.pt/en/evento/carminho-portuguesa/#primaryimage"},"thumbnailUrl":"https://www.ccb.pt/wp-content/uploads/2024/09/CARMINHOcFernandoTomaz_edited-scaled.jpg","datePublished":"2024-09-06T10:31:20+00:00","dateModified":"2024-12-12T15:32:39+00:00","description":"O último disco de Carminho – «Portuguesa» – continua a fazer história, e fará parte do ciclo Há Fado no Cais, no Grande Auditório do CCB.","breadcrumb":{"@id":"https://www.ccb.pt/en/evento/carminho-portuguesa/#breadcrumb"},"inLanguage":"en-US","potentialAction":[{"@type":"ReadAction","target":["https://www.ccb.pt/en/evento/carminho-portuguesa/"]}]},{"@type":"ImageObject","inLanguage":"en-US","@id":"https://www.ccb.pt/en/evento/carminho-portuguesa/#primaryimage","url":"https://www.ccb.pt/wp-content/uploads/2024/09/CARMINHOcFernandoTomaz_edited-scaled.jpg","contentUrl":"https://www.ccb.pt/wp-content/uploads/2024/09/CARMINHOcFernandoTomaz_edited-scaled.jpg","width":2560,"height":947,"caption":"(c) Fernando Tomaz"},{"@type":"BreadcrumbList","@id":"https://www.ccb.pt/en/evento/carminho-portuguesa/#breadcrumb","itemListElement":[{"@type":"ListItem","position":1,"name":"Home","item":"https://www.ccb.pt/en/"},{"@type":"ListItem","position":2,"name":"Eventos","item":"https://www.ccb.pt/eventos/"},{"@type":"ListItem","position":3,"name":"Carminho &#8211; Portuguesa"}]},{"@type":"WebSite","@id":"https://www.ccb.pt/#website","url":"https://www.ccb.pt/","name":"Centro Cultural de Belém Foundation","description":"","publisher":{"@id":"https://www.ccb.pt/#organization"},"potentialAction":[{"@type":"SearchAction","target":{"@type":"EntryPoint","urlTemplate":"https://www.ccb.pt/?s={search_term_string}"},"query-input":"required name=search_term_string"}],"inLanguage":"en-US"},{"@type":"Organization","@id":"https://www.ccb.pt/#organization","name":"Centro Cultural de Belém Foundation","url":"https://www.ccb.pt/","logo":{"@type":"ImageObject","inLanguage":"en-US","@id":"https://www.ccb.pt/#/schema/logo/image/","url":"https://www.ccb.pt/wp-content/uploads/2022/05/1_ccb.png","contentUrl":"https://www.ccb.pt/wp-content/uploads/2022/05/1_ccb.png","width":126,"height":100,"caption":"Centro Cultural de Belém Foundation"},"image":{"@id":"https://www.ccb.pt/#/schema/logo/image/"},"sameAs":["https://twitter.com/macccb_museu"]}]}</script>
<!-- / Yoast SEO plugin. -->

Carminho - Portuguesa - Centro Cultural de Belém Foundation

O último disco de Carminho – «Portuguesa» – continua a fazer história, e fará parte do ciclo Há Fado no Cais, no Grande Auditório do CCB.

Carminho | Portuguesa - Centro Cultural de Belém

Centro Cultural de Belém Foundation
