    {"id":197430,"date":"2024-09-06T11:28:58","date_gmt":"2024-09-06T10:28:58","guid":{"rendered":"https:\/\/www.ccb.pt\/evento\/viagem-pelo-barroco-europeu\/"},"modified":"2025-01-15T15:26:14","modified_gmt":"2025-01-15T15:26:14","slug":"viagem-pelo-barroco-europeu","status":"publish","type":"tribe_events","link":"https:\/\/www.ccb.pt\/en\/evento\/viagem-pelo-barroco-europeu\/","title":{"rendered":"Viagem pelo barroco europeu [Journey through European Baroque] Avres Serva"},"content":{"rendered":"<p>This concert explores music from the 17th and 18th centuries, emphasizing rare works written for tenor voice, as the majority were composed for soprano, alto, or bass. It includes instrumental music and basso continuo with bassoon, which is essential in many manuscripts.<\/p>\n","protected":false},"excerpt":{"rendered":"<p>This concert explores music from the 17th and 18th centuries, emphasizing rare works written for tenor voice, as the majority were composed for soprano, alto, or bass. It includes instrumental music and basso continuo with bassoon, which is essential in many manuscripts.<\/p>\n","protected":false},"author":6,"featured_media":184664,"comment_status":"closed","ping_status":"closed","template":"","meta":{"_relevanssi_hide_post":"","_relevanssi_pin_for_all":"","_relevanssi_pin_keywords":"","_relevanssi_unpin_keywords":"","_relevanssi_related_keywords":"","_relevanssi_related_include_ids":"","_relevanssi_related_exclude_ids":"","_relevanssi_related_no_append":"","_relevanssi_related_not_related":"","_relevanssi_related_posts":"","_relevanssi_noindex_reason":""},"tribe_events_cat":[590,23],"tags_tema":[],"idades":[392],"tipos":[],"temas":[],"categorias_hubspot":[],"acf":[],"yoast_head":"<!-- This site is optimized with the Yoast SEO plugin v22.3 - https:\/\/yoast.com\/wordpress\/plugins\/seo\/ -->\n<title>Viagem pelo barroco europeu [Journey through European Baroque] Avres Serva - Centro Cultural de Bel\u00e9m Foundation<\/title>\n<meta name=\"description\" content=\"Concerto que pretende realizar uma curta viagem pela m\u00fasica dos s\u00e9culos XVII e XVIII na Europa.\" \/>\n<meta name=\"robots\" content=\"index, follow, max-snippet:-1, max-image-preview:large, max-video-preview:-1\" \/>\n<link rel=\"canonical\" href=\"https:\/\/www.ccb.pt\/en\/evento\/viagem-pelo-barroco-europeu\/\" \/>\n<meta property=\"og:locale\" content=\"en_US\" \/>\n<meta property=\"og:type\" content=\"article\" \/>\n<meta property=\"og:title\" content=\"Viagem pelo barroco europeu - Centro Cultural de Bel\u00e9m\" \/>\n<meta property=\"og:description\" content=\"Concerto que pretende realizar uma curta viagem pela m\u00fasica dos s\u00e9culos XVII e XVIII na Europa.\" \/>\n<meta property=\"og:url\" content=\"https:\/\/www.ccb.pt\/en\/evento\/viagem-pelo-barroco-europeu\/\" \/>\n<meta property=\"og:site_name\" content=\"Centro Cultural de Bel\u00e9m Foundation\" \/>\n<meta property=\"article:modified_time\" content=\"2025-01-15T15:26:14+00:00\" \/>\n<meta property=\"og:image\" content=\"https:\/\/www.ccb.pt\/wp-content\/uploads\/2024\/07\/1200x630_AVRES_SERVA_equipa_do_Convento_S_Francisco.jpg\" \/>\n\t<meta property=\"og:image:width\" content=\"1200\" \/>\n\t<meta property=\"og:image:height\" content=\"630\" \/>\n\t<meta property=\"og:image:type\" content=\"image\/jpeg\" \/>\n<meta name=\"twitter:card\" content=\"summary_large_image\" \/>\n<meta name=\"twitter:site\" content=\"@macccb_museu\" \/>\n<meta name=\"twitter:label1\" content=\"Est. reading time\" \/>\n\t<meta name=\"twitter:data1\" content=\"1 minute\" \/>\n<script type=\"application\/ld+json\" class=\"yoast-schema-graph\">{\"@context\":\"https:\/\/schema.org\",\"@graph\":[{\"@type\":\"WebPage\",\"@id\":\"https:\/\/www.ccb.pt\/en\/evento\/viagem-pelo-barroco-europeu\/\",\"url\":\"https:\/\/www.ccb.pt\/en\/evento\/viagem-pelo-barroco-europeu\/\",\"name\":\"Viagem pelo barroco europeu [Journey through European Baroque] Avres Serva - Centro Cultural de Bel\u00e9m Foundation\",\"isPartOf\":{\"@id\":\"https:\/\/www.ccb.pt\/#website\"},\"primaryImageOfPage\":{\"@id\":\"https:\/\/www.ccb.pt\/en\/evento\/viagem-pelo-barroco-europeu\/#primaryimage\"},\"image\":{\"@id\":\"https:\/\/www.ccb.pt\/en\/evento\/viagem-pelo-barroco-europeu\/#primaryimage\"},\"thumbnailUrl\":\"https:\/\/www.ccb.pt\/wp-content\/uploads\/2024\/07\/2000x940_AVRES_SERVA_equipa_do_Convento_S_Francisco.jpg\",\"datePublished\":\"2024-09-06T10:28:58+00:00\",\"dateModified\":\"2025-01-15T15:26:14+00:00\",\"description\":\"Concerto que pretende realizar uma curta viagem pela m\u00fasica dos s\u00e9culos XVII e XVIII na Europa.\",\"breadcrumb\":{\"@id\":\"https:\/\/www.ccb.pt\/en\/evento\/viagem-pelo-barroco-europeu\/#breadcrumb\"},\"inLanguage\":\"en-US\",\"potentialAction\":[{\"@type\":\"ReadAction\",\"target\":[\"https:\/\/www.ccb.pt\/en\/evento\/viagem-pelo-barroco-europeu\/\"]}]},{\"@type\":\"ImageObject\",\"inLanguage\":\"en-US\",\"@id\":\"https:\/\/www.ccb.pt\/en\/evento\/viagem-pelo-barroco-europeu\/#primaryimage\",\"url\":\"https:\/\/www.ccb.pt\/wp-content\/uploads\/2024\/07\/2000x940_AVRES_SERVA_equipa_do_Convento_S_Francisco.jpg\",\"contentUrl\":\"https:\/\/www.ccb.pt\/wp-content\/uploads\/2024\/07\/2000x940_AVRES_SERVA_equipa_do_Convento_S_Francisco.jpg\",\"width\":2000,\"height\":940,\"caption\":\"AVRES_SERVA\"},{\"@type\":\"BreadcrumbList\",\"@id\":\"https:\/\/www.ccb.pt\/en\/evento\/viagem-pelo-barroco-europeu\/#breadcrumb\",\"itemListElement\":[{\"@type\":\"ListItem\",\"position\":1,\"name\":\"Home\",\"item\":\"https:\/\/www.ccb.pt\/en\/\"},{\"@type\":\"ListItem\",\"position\":2,\"name\":\"Eventos\",\"item\":\"https:\/\/www.ccb.pt\/eventos\/\"},{\"@type\":\"ListItem\",\"position\":3,\"name\":\"Viagem pelo barroco europeu [Journey through European Baroque] Avres Serva\"}]},{\"@type\":\"WebSite\",\"@id\":\"https:\/\/www.ccb.pt\/#website\",\"url\":\"https:\/\/www.ccb.pt\/\",\"name\":\"Centro Cultural de Bel\u00e9m Foundation\",\"description\":\"\",\"publisher\":{\"@id\":\"https:\/\/www.ccb.pt\/#organization\"},\"potentialAction\":[{\"@type\":\"SearchAction\",\"target\":{\"@type\":\"EntryPoint\",\"urlTemplate\":\"https:\/\/www.ccb.pt\/?s={search_term_string}\"},\"query-input\":\"required name=search_term_string\"}],\"inLanguage\":\"en-US\"},{\"@type\":\"Organization\",\"@id\":\"https:\/\/www.ccb.pt\/#organization\",\"name\":\"Centro Cultural de Bel\u00e9m Foundation\",\"url\":\"https:\/\/www.ccb.pt\/\",\"logo\":{\"@type\":\"ImageObject\",\"inLanguage\":\"en-US\",\"@id\":\"https:\/\/www.ccb.pt\/#\/schema\/logo\/image\/\",\"url\":\"https:\/\/www.ccb.pt\/wp-content\/uploads\/2022\/05\/1_ccb.png\",\"contentUrl\":\"https:\/\/www.ccb.pt\/wp-content\/uploads\/2022\/05\/1_ccb.png\",\"width\":126,\"height\":100,\"caption\":\"Centro Cultural de Bel\u00e9m Foundation\"},\"image\":{\"@id\":\"https:\/\/www.ccb.pt\/#\/schema\/logo\/image\/\"},\"sameAs\":[\"https:\/\/twitter.com\/macccb_museu\"]}]}<\/script>\n<!-- \/ Yoast SEO plugin. -->","yoast_head_json":{"title":"Viagem pelo barroco europeu [Journey through European Baroque] Avres Serva - Centro Cultural de Bel\u00e9m Foundation","description":"Concerto que pretende realizar uma curta viagem pela m\u00fasica dos s\u00e9culos XVII e XVIII na Europa.","robots":{"index":"index","follow":"follow","max-snippet":"max-snippet:-1","max-image-preview":"max-image-preview:large","max-video-preview":"max-video-preview:-1"},"canonical":"https:\/\/www.ccb.pt\/en\/evento\/viagem-pelo-barroco-europeu\/","og_locale":"en_US","og_type":"article","og_title":"Viagem pelo barroco europeu - Centro Cultural de Bel\u00e9m","og_description":"Concerto que pretende realizar uma curta viagem pela m\u00fasica dos s\u00e9culos XVII e XVIII na Europa.","og_url":"https:\/\/www.ccb.pt\/en\/evento\/viagem-pelo-barroco-europeu\/","og_site_name":"Centro Cultural de Bel\u00e9m Foundation","article_modified_time":"2025-01-15T15:26:14+00:00","og_image":[{"width":1200,"height":630,"url":"https:\/\/www.ccb.pt\/wp-content\/uploads\/2024\/07\/1200x630_AVRES_SERVA_equipa_do_Convento_S_Francisco.jpg","type":"image\/jpeg"}],"twitter_card":"summary_large_image","twitter_site":"@macccb_museu","twitter_misc":{"Est. reading time":"1 minute"},"schema":{"@context":"https:\/\/schema.org","@graph":[{"@type":"WebPage","@id":"https:\/\/www.ccb.pt\/en\/evento\/viagem-pelo-barroco-europeu\/","url":"https:\/\/www.ccb.pt\/en\/evento\/viagem-pelo-barroco-europeu\/","name":"Viagem pelo barroco europeu [Journey through European Baroque] Avres Serva - Centro Cultural de Bel\u00e9m Foundation","isPartOf":{"@id":"https:\/\/www.ccb.pt\/#website"},"primaryImageOfPage":{"@id":"https:\/\/www.ccb.pt\/en\/evento\/viagem-pelo-barroco-europeu\/#primaryimage"},"image":{"@id":"https:\/\/www.ccb.pt\/en\/evento\/viagem-pelo-barroco-europeu\/#primaryimage"},"thumbnailUrl":"https:\/\/www.ccb.pt\/wp-content\/uploads\/2024\/07\/2000x940_AVRES_SERVA_equipa_do_Convento_S_Francisco.jpg","datePublished":"2024-09-06T10:28:58+00:00","dateModified":"2025-01-15T15:26:14+00:00","description":"Concerto que pretende realizar uma curta viagem pela m\u00fasica dos s\u00e9culos XVII e XVIII na Europa.","breadcrumb":{"@id":"https:\/\/www.ccb.pt\/en\/evento\/viagem-pelo-barroco-europeu\/#breadcrumb"},"inLanguage":"en-US","potentialAction":[{"@type":"ReadAction","target":["https:\/\/www.ccb.pt\/en\/evento\/viagem-pelo-barroco-europeu\/"]}]},{"@type":"ImageObject","inLanguage":"en-US","@id":"https:\/\/www.ccb.pt\/en\/evento\/viagem-pelo-barroco-europeu\/#primaryimage","url":"https:\/\/www.ccb.pt\/wp-content\/uploads\/2024\/07\/2000x940_AVRES_SERVA_equipa_do_Convento_S_Francisco.jpg","contentUrl":"https:\/\/www.ccb.pt\/wp-content\/uploads\/2024\/07\/2000x940_AVRES_SERVA_equipa_do_Convento_S_Francisco.jpg","width":2000,"height":940,"caption":"AVRES_SERVA"},{"@type":"BreadcrumbList","@id":"https:\/\/www.ccb.pt\/en\/evento\/viagem-pelo-barroco-europeu\/#breadcrumb","itemListElement":[{"@type":"ListItem","position":1,"name":"Home","item":"https:\/\/www.ccb.pt\/en\/"},{"@type":"ListItem","position":2,"name":"Eventos","item":"https:\/\/www.ccb.pt\/eventos\/"},{"@type":"ListItem","position":3,"name":"Viagem pelo barroco europeu [Journey through European Baroque] Avres Serva"}]},{"@type":"WebSite","@id":"https:\/\/www.ccb.pt\/#website","url":"https:\/\/www.ccb.pt\/","name":"Centro Cultural de Bel\u00e9m Foundation","description":"","publisher":{"@id":"https:\/\/www.ccb.pt\/#organization"},"potentialAction":[{"@type":"SearchAction","target":{"@type":"EntryPoint","urlTemplate":"https:\/\/www.ccb.pt\/?s={search_term_string}"},"query-input":"required name=search_term_string"}],"inLanguage":"en-US"},{"@type":"Organization","@id":"https:\/\/www.ccb.pt\/#organization","name":"Centro Cultural de Bel\u00e9m Foundation","url":"https:\/\/www.ccb.pt\/","logo":{"@type":"ImageObject","inLanguage":"en-US","@id":"https:\/\/www.ccb.pt\/#\/schema\/logo\/image\/","url":"https:\/\/www.ccb.pt\/wp-content\/uploads\/2022\/05\/1_ccb.png","contentUrl":"https:\/\/www.ccb.pt\/wp-content\/uploads\/2022\/05\/1_ccb.png","width":126,"height":100,"caption":"Centro Cultural de Bel\u00e9m Foundation"},"image":{"@id":"https:\/\/www.ccb.pt\/#\/schema\/logo\/image\/"},"sameAs":["https:\/\/twitter.com\/macccb_museu"]}]}},"_links":{"self":[{"href":"https:\/\/www.ccb.pt\/en\/wp-json\/wp\/v2\/tribe_events\/197430"}],"collection":[{"href":"https:\/\/www.ccb.pt\/en\/wp-json\/wp\/v2\/tribe_events"}],"about":[{"href":"https:\/\/www.ccb.pt\/en\/wp-json\/wp\/v2\/types\/tribe_events"}],"author":[{"embeddable":true,"href":"https:\/\/www.ccb.pt\/en\/wp-json\/wp\/v2\/users\/6"}],"replies":[{"embeddable":true,"href":"https:\/\/www.ccb.pt\/en\/wp-json\/wp\/v2\/comments?post=197430"}],"version-history":[{"count":7,"href":"https:\/\/www.ccb.pt\/en\/wp-json\/wp\/v2\/tribe_events\/197430\/revisions"}],"predecessor-version":[{"id":212036,"href":"https:\/\/www.ccb.pt\/en\/wp-json\/wp\/v2\/tribe_events\/197430\/revisions\/212036"}],"wp:featuredmedia":[{"embeddable":true,"href":"https:\/\/www.ccb.pt\/en\/wp-json\/wp\/v2\/media\/184664"}],"wp:attachment":[{"href":"https:\/\/www.ccb.pt\/en\/wp-json\/wp\/v2\/media?parent=197430"}],"wp:term":[{"taxonomy":"tribe_events_cat","embeddable":true,"href":"https:\/\/www.ccb.pt\/en\/wp-json\/wp\/v2\/tribe_events_cat?post=197430"},{"taxonomy":"tags_tema","embeddable":true,"href":"https:\/\/www.ccb.pt\/en\/wp-json\/wp\/v2\/tags_tema?post=197430"},{"taxonomy":"idades","embeddable":true,"href":"https:\/\/www.ccb.pt\/en\/wp-json\/wp\/v2\/idades?post=197430"},{"taxonomy":"tipos","embeddable":true,"href":"https:\/\/www.ccb.pt\/en\/wp-json\/wp\/v2\/tipos?post=197430"},{"taxonomy":"temas","embeddable":true,"href":"https:\/\/www.ccb.pt\/en\/wp-json\/wp\/v2\/temas?post=197430"},{"taxonomy":"categorias_hubspot","embeddable":true,"href":"https:\/\/www.ccb.pt\/en\/wp-json\/wp\/v2\/categorias_hubspot?post=197430"}],"curies":[{"name":"wp","href":"https:\/\/api.w.org\/{rel}","templated":true}]}}

<!-- This site is optimized with the Yoast SEO plugin v22.3 - https://yoast.com/wordpress/plugins/seo/ -->
<title>Viagem pelo barroco europeu [Journey through European Baroque] Avres Serva - Centro Cultural de Belém Foundation</title>
<meta name="description" content="Concerto que pretende realizar uma curta viagem pela música dos séculos XVII e XVIII na Europa." />
<meta name="robots" content="index, follow, max-snippet:-1, max-image-preview:large, max-video-preview:-1" />
<link rel="canonical" href="https://www.ccb.pt/en/evento/viagem-pelo-barroco-europeu/" />
<meta property="og:locale" content="en_US" />
<meta property="og:type" content="article" />
<meta property="og:title" content="Viagem pelo barroco europeu - Centro Cultural de Belém" />
<meta property="og:description" content="Concerto que pretende realizar uma curta viagem pela música dos séculos XVII e XVIII na Europa." />
<meta property="og:url" content="https://www.ccb.pt/en/evento/viagem-pelo-barroco-europeu/" />
<meta property="og:site_name" content="Centro Cultural de Belém Foundation" />
<meta property="article:modified_time" content="2025-01-15T15:26:14+00:00" />
<meta property="og:image" content="https://www.ccb.pt/wp-content/uploads/2024/07/1200x630_AVRES_SERVA_equipa_do_Convento_S_Francisco.jpg" />
	<meta property="og:image:width" content="1200" />
	<meta property="og:image:height" content="630" />
	<meta property="og:image:type" content="image/jpeg" />
<meta name="twitter:card" content="summary_large_image" />
<meta name="twitter:site" content="@macccb_museu" />
<meta name="twitter:label1" content="Est. reading time" />
	<meta name="twitter:data1" content="1 minute" />
<script type="application/ld+json" class="yoast-schema-graph">{"@context":"https://schema.org","@graph":[{"@type":"WebPage","@id":"https://www.ccb.pt/en/evento/viagem-pelo-barroco-europeu/","url":"https://www.ccb.pt/en/evento/viagem-pelo-barroco-europeu/","name":"Viagem pelo barroco europeu [Journey through European Baroque] Avres Serva - Centro Cultural de Belém Foundation","isPartOf":{"@id":"https://www.ccb.pt/#website"},"primaryImageOfPage":{"@id":"https://www.ccb.pt/en/evento/viagem-pelo-barroco-europeu/#primaryimage"},"image":{"@id":"https://www.ccb.pt/en/evento/viagem-pelo-barroco-europeu/#primaryimage"},"thumbnailUrl":"https://www.ccb.pt/wp-content/uploads/2024/07/2000x940_AVRES_SERVA_equipa_do_Convento_S_Francisco.jpg","datePublished":"2024-09-06T10:28:58+00:00","dateModified":"2025-01-15T15:26:14+00:00","description":"Concerto que pretende realizar uma curta viagem pela música dos séculos XVII e XVIII na Europa.","breadcrumb":{"@id":"https://www.ccb.pt/en/evento/viagem-pelo-barroco-europeu/#breadcrumb"},"inLanguage":"en-US","potentialAction":[{"@type":"ReadAction","target":["https://www.ccb.pt/en/evento/viagem-pelo-barroco-europeu/"]}]},{"@type":"ImageObject","inLanguage":"en-US","@id":"https://www.ccb.pt/en/evento/viagem-pelo-barroco-europeu/#primaryimage","url":"https://www.ccb.pt/wp-content/uploads/2024/07/2000x940_AVRES_SERVA_equipa_do_Convento_S_Francisco.jpg","contentUrl":"https://www.ccb.pt/wp-content/uploads/2024/07/2000x940_AVRES_SERVA_equipa_do_Convento_S_Francisco.jpg","width":2000,"height":940,"caption":"AVRES_SERVA"},{"@type":"BreadcrumbList","@id":"https://www.ccb.pt/en/evento/viagem-pelo-barroco-europeu/#breadcrumb","itemListElement":[{"@type":"ListItem","position":1,"name":"Home","item":"https://www.ccb.pt/en/"},{"@type":"ListItem","position":2,"name":"Eventos","item":"https://www.ccb.pt/eventos/"},{"@type":"ListItem","position":3,"name":"Viagem pelo barroco europeu [Journey through European Baroque] Avres Serva"}]},{"@type":"WebSite","@id":"https://www.ccb.pt/#website","url":"https://www.ccb.pt/","name":"Centro Cultural de Belém Foundation","description":"","publisher":{"@id":"https://www.ccb.pt/#organization"},"potentialAction":[{"@type":"SearchAction","target":{"@type":"EntryPoint","urlTemplate":"https://www.ccb.pt/?s={search_term_string}"},"query-input":"required name=search_term_string"}],"inLanguage":"en-US"},{"@type":"Organization","@id":"https://www.ccb.pt/#organization","name":"Centro Cultural de Belém Foundation","url":"https://www.ccb.pt/","logo":{"@type":"ImageObject","inLanguage":"en-US","@id":"https://www.ccb.pt/#/schema/logo/image/","url":"https://www.ccb.pt/wp-content/uploads/2022/05/1_ccb.png","contentUrl":"https://www.ccb.pt/wp-content/uploads/2022/05/1_ccb.png","width":126,"height":100,"caption":"Centro Cultural de Belém Foundation"},"image":{"@id":"https://www.ccb.pt/#/schema/logo/image/"},"sameAs":["https://twitter.com/macccb_museu"]}]}</script>
<!-- / Yoast SEO plugin. -->

Viagem pelo barroco europeu [Journey through European Baroque] Avres Serva - Centro Cultural de Belém Foundation

Concerto que pretende realizar uma curta viagem pela música dos séculos XVII e XVIII na Europa.

Viagem pelo barroco europeu - Centro Cultural de Belém

Centro Cultural de Belém Foundation
