    {"id":197426,"date":"2024-09-06T11:27:09","date_gmt":"2024-09-06T10:27:09","guid":{"rendered":"https:\/\/www.ccb.pt\/evento\/sofia-ramos\/"},"modified":"2024-12-12T14:53:37","modified_gmt":"2024-12-12T14:53:37","slug":"sofia-ramos","status":"publish","type":"tribe_events","link":"https:\/\/www.ccb.pt\/en\/evento\/sofia-ramos\/","title":{"rendered":"Sofia Ramos"},"content":{"rendered":"<p>Sofia Ramos, who has been connected to Fado since childhood, began her career in 2014 at Povo Lisboa and sang in Lisbon\u2019s most relevant fado houses. At CCB, she presents her debut album <em>Tudo o que n\u00e3o sei<\/em>, accompanied by Bernardo Couto, Pedro Salt\u00e3o and Francisco Brito.<\/p>\n<p>&nbsp;<\/p>\n<p>&nbsp;<\/p>\n","protected":false},"excerpt":{"rendered":"<p>Sofia Ramos, who has been connected to Fado since childhood, began her career in 2014 at Povo Lisboa and sang in Lisbon\u2019s most relevant fado houses. At CCB, she presents her debut album Tudo o que n\u00e3o sei, accompanied by Bernardo Couto, Pedro Salt\u00e3o and Francisco Brito. &nbsp; &nbsp;<\/p>\n","protected":false},"author":6,"featured_media":189058,"comment_status":"closed","ping_status":"closed","template":"","meta":{"_relevanssi_hide_post":"","_relevanssi_pin_for_all":"on","_relevanssi_pin_keywords":"","_relevanssi_unpin_keywords":"","_relevanssi_related_keywords":"","_relevanssi_related_include_ids":"","_relevanssi_related_exclude_ids":"","_relevanssi_related_no_append":"","_relevanssi_related_not_related":"","_relevanssi_related_posts":"","_relevanssi_noindex_reason":""},"tribe_events_cat":[588,590,23],"tags_tema":[],"idades":[392],"tipos":[],"temas":[],"categorias_hubspot":[],"acf":[],"yoast_head":"<!-- This site is optimized with the Yoast SEO plugin v22.3 - https:\/\/yoast.com\/wordpress\/plugins\/seo\/ -->\n<title>Sofia Ramos - Centro Cultural de Bel\u00e9m Foundation<\/title>\n<meta name=\"description\" content=\"Apresenta\u00e7\u00e3o do seu disco de estreia a solo \u2013 \u00abTudo o que n\u00e3o sei\u00bb \u2013 editado pelo Museu do Fado.\" \/>\n<meta name=\"robots\" content=\"index, follow, max-snippet:-1, max-image-preview:large, max-video-preview:-1\" \/>\n<link rel=\"canonical\" href=\"https:\/\/www.ccb.pt\/en\/evento\/sofia-ramos\/\" \/>\n<meta property=\"og:locale\" content=\"en_US\" \/>\n<meta property=\"og:type\" content=\"article\" \/>\n<meta property=\"og:title\" content=\"Sofia Ramos | H\u00e1 Fado no Cais - Centro Cultural de Bel\u00e9m\" \/>\n<meta property=\"og:description\" content=\"Apresenta\u00e7\u00e3o do seu disco de estreia a solo \u2013 \u00abTudo o que n\u00e3o sei\u00bb \u2013 editado pelo Museu do Fado.\" \/>\n<meta property=\"og:url\" content=\"https:\/\/www.ccb.pt\/en\/evento\/sofia-ramos\/\" \/>\n<meta property=\"og:site_name\" content=\"Centro Cultural de Bel\u00e9m Foundation\" \/>\n<meta property=\"article:modified_time\" content=\"2024-12-12T14:53:37+00:00\" \/>\n<meta property=\"og:image\" content=\"https:\/\/www.ccb.pt\/wp-content\/uploads\/2024\/08\/1200x630_SofiaRamos_Mfado_042_luiscarvalhal_HIRES_LuisCarvalhal.jpg\" \/>\n\t<meta property=\"og:image:width\" content=\"1200\" \/>\n\t<meta property=\"og:image:height\" content=\"630\" \/>\n\t<meta property=\"og:image:type\" content=\"image\/jpeg\" \/>\n<meta name=\"twitter:card\" content=\"summary_large_image\" \/>\n<meta name=\"twitter:site\" content=\"@macccb_museu\" \/>\n<meta name=\"twitter:label1\" content=\"Est. reading time\" \/>\n\t<meta name=\"twitter:data1\" content=\"1 minute\" \/>\n<script type=\"application\/ld+json\" class=\"yoast-schema-graph\">{\"@context\":\"https:\/\/schema.org\",\"@graph\":[{\"@type\":\"WebPage\",\"@id\":\"https:\/\/www.ccb.pt\/en\/evento\/sofia-ramos\/\",\"url\":\"https:\/\/www.ccb.pt\/en\/evento\/sofia-ramos\/\",\"name\":\"Sofia Ramos - Centro Cultural de Bel\u00e9m Foundation\",\"isPartOf\":{\"@id\":\"https:\/\/www.ccb.pt\/#website\"},\"primaryImageOfPage\":{\"@id\":\"https:\/\/www.ccb.pt\/en\/evento\/sofia-ramos\/#primaryimage\"},\"image\":{\"@id\":\"https:\/\/www.ccb.pt\/en\/evento\/sofia-ramos\/#primaryimage\"},\"thumbnailUrl\":\"https:\/\/www.ccb.pt\/wp-content\/uploads\/2024\/08\/2000x940_SofiaRamos_Mfado_042_luiscarvalhal_HIRES_LuisCarvalhal.jpg\",\"datePublished\":\"2024-09-06T10:27:09+00:00\",\"dateModified\":\"2024-12-12T14:53:37+00:00\",\"description\":\"Apresenta\u00e7\u00e3o do seu disco de estreia a solo \u2013 \u00abTudo o que n\u00e3o sei\u00bb \u2013 editado pelo Museu do Fado.\",\"breadcrumb\":{\"@id\":\"https:\/\/www.ccb.pt\/en\/evento\/sofia-ramos\/#breadcrumb\"},\"inLanguage\":\"en-US\",\"potentialAction\":[{\"@type\":\"ReadAction\",\"target\":[\"https:\/\/www.ccb.pt\/en\/evento\/sofia-ramos\/\"]}]},{\"@type\":\"ImageObject\",\"inLanguage\":\"en-US\",\"@id\":\"https:\/\/www.ccb.pt\/en\/evento\/sofia-ramos\/#primaryimage\",\"url\":\"https:\/\/www.ccb.pt\/wp-content\/uploads\/2024\/08\/2000x940_SofiaRamos_Mfado_042_luiscarvalhal_HIRES_LuisCarvalhal.jpg\",\"contentUrl\":\"https:\/\/www.ccb.pt\/wp-content\/uploads\/2024\/08\/2000x940_SofiaRamos_Mfado_042_luiscarvalhal_HIRES_LuisCarvalhal.jpg\",\"width\":2000,\"height\":940,\"caption\":\"(c) Luis Carvalhal\"},{\"@type\":\"BreadcrumbList\",\"@id\":\"https:\/\/www.ccb.pt\/en\/evento\/sofia-ramos\/#breadcrumb\",\"itemListElement\":[{\"@type\":\"ListItem\",\"position\":1,\"name\":\"Home\",\"item\":\"https:\/\/www.ccb.pt\/en\/\"},{\"@type\":\"ListItem\",\"position\":2,\"name\":\"Eventos\",\"item\":\"https:\/\/www.ccb.pt\/eventos\/\"},{\"@type\":\"ListItem\",\"position\":3,\"name\":\"Sofia Ramos\"}]},{\"@type\":\"WebSite\",\"@id\":\"https:\/\/www.ccb.pt\/#website\",\"url\":\"https:\/\/www.ccb.pt\/\",\"name\":\"Centro Cultural de Bel\u00e9m Foundation\",\"description\":\"\",\"publisher\":{\"@id\":\"https:\/\/www.ccb.pt\/#organization\"},\"potentialAction\":[{\"@type\":\"SearchAction\",\"target\":{\"@type\":\"EntryPoint\",\"urlTemplate\":\"https:\/\/www.ccb.pt\/?s={search_term_string}\"},\"query-input\":\"required name=search_term_string\"}],\"inLanguage\":\"en-US\"},{\"@type\":\"Organization\",\"@id\":\"https:\/\/www.ccb.pt\/#organization\",\"name\":\"Centro Cultural de Bel\u00e9m Foundation\",\"url\":\"https:\/\/www.ccb.pt\/\",\"logo\":{\"@type\":\"ImageObject\",\"inLanguage\":\"en-US\",\"@id\":\"https:\/\/www.ccb.pt\/#\/schema\/logo\/image\/\",\"url\":\"https:\/\/www.ccb.pt\/wp-content\/uploads\/2022\/05\/1_ccb.png\",\"contentUrl\":\"https:\/\/www.ccb.pt\/wp-content\/uploads\/2022\/05\/1_ccb.png\",\"width\":126,\"height\":100,\"caption\":\"Centro Cultural de Bel\u00e9m Foundation\"},\"image\":{\"@id\":\"https:\/\/www.ccb.pt\/#\/schema\/logo\/image\/\"},\"sameAs\":[\"https:\/\/twitter.com\/macccb_museu\"]}]}<\/script>\n<!-- \/ Yoast SEO plugin. -->","yoast_head_json":{"title":"Sofia Ramos - Centro Cultural de Bel\u00e9m Foundation","description":"Apresenta\u00e7\u00e3o do seu disco de estreia a solo \u2013 \u00abTudo o que n\u00e3o sei\u00bb \u2013 editado pelo Museu do Fado.","robots":{"index":"index","follow":"follow","max-snippet":"max-snippet:-1","max-image-preview":"max-image-preview:large","max-video-preview":"max-video-preview:-1"},"canonical":"https:\/\/www.ccb.pt\/en\/evento\/sofia-ramos\/","og_locale":"en_US","og_type":"article","og_title":"Sofia Ramos | H\u00e1 Fado no Cais - Centro Cultural de Bel\u00e9m","og_description":"Apresenta\u00e7\u00e3o do seu disco de estreia a solo \u2013 \u00abTudo o que n\u00e3o sei\u00bb \u2013 editado pelo Museu do Fado.","og_url":"https:\/\/www.ccb.pt\/en\/evento\/sofia-ramos\/","og_site_name":"Centro Cultural de Bel\u00e9m Foundation","article_modified_time":"2024-12-12T14:53:37+00:00","og_image":[{"width":1200,"height":630,"url":"https:\/\/www.ccb.pt\/wp-content\/uploads\/2024\/08\/1200x630_SofiaRamos_Mfado_042_luiscarvalhal_HIRES_LuisCarvalhal.jpg","type":"image\/jpeg"}],"twitter_card":"summary_large_image","twitter_site":"@macccb_museu","twitter_misc":{"Est. reading time":"1 minute"},"schema":{"@context":"https:\/\/schema.org","@graph":[{"@type":"WebPage","@id":"https:\/\/www.ccb.pt\/en\/evento\/sofia-ramos\/","url":"https:\/\/www.ccb.pt\/en\/evento\/sofia-ramos\/","name":"Sofia Ramos - Centro Cultural de Bel\u00e9m Foundation","isPartOf":{"@id":"https:\/\/www.ccb.pt\/#website"},"primaryImageOfPage":{"@id":"https:\/\/www.ccb.pt\/en\/evento\/sofia-ramos\/#primaryimage"},"image":{"@id":"https:\/\/www.ccb.pt\/en\/evento\/sofia-ramos\/#primaryimage"},"thumbnailUrl":"https:\/\/www.ccb.pt\/wp-content\/uploads\/2024\/08\/2000x940_SofiaRamos_Mfado_042_luiscarvalhal_HIRES_LuisCarvalhal.jpg","datePublished":"2024-09-06T10:27:09+00:00","dateModified":"2024-12-12T14:53:37+00:00","description":"Apresenta\u00e7\u00e3o do seu disco de estreia a solo \u2013 \u00abTudo o que n\u00e3o sei\u00bb \u2013 editado pelo Museu do Fado.","breadcrumb":{"@id":"https:\/\/www.ccb.pt\/en\/evento\/sofia-ramos\/#breadcrumb"},"inLanguage":"en-US","potentialAction":[{"@type":"ReadAction","target":["https:\/\/www.ccb.pt\/en\/evento\/sofia-ramos\/"]}]},{"@type":"ImageObject","inLanguage":"en-US","@id":"https:\/\/www.ccb.pt\/en\/evento\/sofia-ramos\/#primaryimage","url":"https:\/\/www.ccb.pt\/wp-content\/uploads\/2024\/08\/2000x940_SofiaRamos_Mfado_042_luiscarvalhal_HIRES_LuisCarvalhal.jpg","contentUrl":"https:\/\/www.ccb.pt\/wp-content\/uploads\/2024\/08\/2000x940_SofiaRamos_Mfado_042_luiscarvalhal_HIRES_LuisCarvalhal.jpg","width":2000,"height":940,"caption":"(c) Luis Carvalhal"},{"@type":"BreadcrumbList","@id":"https:\/\/www.ccb.pt\/en\/evento\/sofia-ramos\/#breadcrumb","itemListElement":[{"@type":"ListItem","position":1,"name":"Home","item":"https:\/\/www.ccb.pt\/en\/"},{"@type":"ListItem","position":2,"name":"Eventos","item":"https:\/\/www.ccb.pt\/eventos\/"},{"@type":"ListItem","position":3,"name":"Sofia Ramos"}]},{"@type":"WebSite","@id":"https:\/\/www.ccb.pt\/#website","url":"https:\/\/www.ccb.pt\/","name":"Centro Cultural de Bel\u00e9m Foundation","description":"","publisher":{"@id":"https:\/\/www.ccb.pt\/#organization"},"potentialAction":[{"@type":"SearchAction","target":{"@type":"EntryPoint","urlTemplate":"https:\/\/www.ccb.pt\/?s={search_term_string}"},"query-input":"required name=search_term_string"}],"inLanguage":"en-US"},{"@type":"Organization","@id":"https:\/\/www.ccb.pt\/#organization","name":"Centro Cultural de Bel\u00e9m Foundation","url":"https:\/\/www.ccb.pt\/","logo":{"@type":"ImageObject","inLanguage":"en-US","@id":"https:\/\/www.ccb.pt\/#\/schema\/logo\/image\/","url":"https:\/\/www.ccb.pt\/wp-content\/uploads\/2022\/05\/1_ccb.png","contentUrl":"https:\/\/www.ccb.pt\/wp-content\/uploads\/2022\/05\/1_ccb.png","width":126,"height":100,"caption":"Centro Cultural de Bel\u00e9m Foundation"},"image":{"@id":"https:\/\/www.ccb.pt\/#\/schema\/logo\/image\/"},"sameAs":["https:\/\/twitter.com\/macccb_museu"]}]}},"_links":{"self":[{"href":"https:\/\/www.ccb.pt\/en\/wp-json\/wp\/v2\/tribe_events\/197426"}],"collection":[{"href":"https:\/\/www.ccb.pt\/en\/wp-json\/wp\/v2\/tribe_events"}],"about":[{"href":"https:\/\/www.ccb.pt\/en\/wp-json\/wp\/v2\/types\/tribe_events"}],"author":[{"embeddable":true,"href":"https:\/\/www.ccb.pt\/en\/wp-json\/wp\/v2\/users\/6"}],"replies":[{"embeddable":true,"href":"https:\/\/www.ccb.pt\/en\/wp-json\/wp\/v2\/comments?post=197426"}],"version-history":[{"count":5,"href":"https:\/\/www.ccb.pt\/en\/wp-json\/wp\/v2\/tribe_events\/197426\/revisions"}],"predecessor-version":[{"id":209030,"href":"https:\/\/www.ccb.pt\/en\/wp-json\/wp\/v2\/tribe_events\/197426\/revisions\/209030"}],"wp:featuredmedia":[{"embeddable":true,"href":"https:\/\/www.ccb.pt\/en\/wp-json\/wp\/v2\/media\/189058"}],"wp:attachment":[{"href":"https:\/\/www.ccb.pt\/en\/wp-json\/wp\/v2\/media?parent=197426"}],"wp:term":[{"taxonomy":"tribe_events_cat","embeddable":true,"href":"https:\/\/www.ccb.pt\/en\/wp-json\/wp\/v2\/tribe_events_cat?post=197426"},{"taxonomy":"tags_tema","embeddable":true,"href":"https:\/\/www.ccb.pt\/en\/wp-json\/wp\/v2\/tags_tema?post=197426"},{"taxonomy":"idades","embeddable":true,"href":"https:\/\/www.ccb.pt\/en\/wp-json\/wp\/v2\/idades?post=197426"},{"taxonomy":"tipos","embeddable":true,"href":"https:\/\/www.ccb.pt\/en\/wp-json\/wp\/v2\/tipos?post=197426"},{"taxonomy":"temas","embeddable":true,"href":"https:\/\/www.ccb.pt\/en\/wp-json\/wp\/v2\/temas?post=197426"},{"taxonomy":"categorias_hubspot","embeddable":true,"href":"https:\/\/www.ccb.pt\/en\/wp-json\/wp\/v2\/categorias_hubspot?post=197426"}],"curies":[{"name":"wp","href":"https:\/\/api.w.org\/{rel}","templated":true}]}}

<p>Sofia Ramos, who has been connected to Fado since childhood, began her career in 2014 at Povo Lisboa and sang in Lisbon’s most relevant fado houses. At CCB, she presents her debut album <em>Tudo o que não sei</em>, accompanied by Bernardo Couto, Pedro Saltão and Francisco Brito.</p>
<p>&nbsp;</p>
<p>&nbsp;</p>

<p>Sofia Ramos, who has been connected to Fado since childhood, began her career in 2014 at Povo Lisboa and sang in Lisbon’s most relevant fado houses. At CCB, she presents her debut album Tudo o que não sei, accompanied by Bernardo Couto, Pedro Saltão and Francisco Brito. &nbsp; &nbsp;</p>

<!-- This site is optimized with the Yoast SEO plugin v22.3 - https://yoast.com/wordpress/plugins/seo/ -->
<title>Sofia Ramos - Centro Cultural de Belém Foundation</title>
<meta name="description" content="Apresentação do seu disco de estreia a solo – «Tudo o que não sei» – editado pelo Museu do Fado." />
<meta name="robots" content="index, follow, max-snippet:-1, max-image-preview:large, max-video-preview:-1" />
<link rel="canonical" href="https://www.ccb.pt/en/evento/sofia-ramos/" />
<meta property="og:locale" content="en_US" />
<meta property="og:type" content="article" />
<meta property="og:title" content="Sofia Ramos | Há Fado no Cais - Centro Cultural de Belém" />
<meta property="og:description" content="Apresentação do seu disco de estreia a solo – «Tudo o que não sei» – editado pelo Museu do Fado." />
<meta property="og:url" content="https://www.ccb.pt/en/evento/sofia-ramos/" />
<meta property="og:site_name" content="Centro Cultural de Belém Foundation" />
<meta property="article:modified_time" content="2024-12-12T14:53:37+00:00" />
<meta property="og:image" content="https://www.ccb.pt/wp-content/uploads/2024/08/1200x630_SofiaRamos_Mfado_042_luiscarvalhal_HIRES_LuisCarvalhal.jpg" />
	<meta property="og:image:width" content="1200" />
	<meta property="og:image:height" content="630" />
	<meta property="og:image:type" content="image/jpeg" />
<meta name="twitter:card" content="summary_large_image" />
<meta name="twitter:site" content="@macccb_museu" />
<meta name="twitter:label1" content="Est. reading time" />
	<meta name="twitter:data1" content="1 minute" />
<script type="application/ld+json" class="yoast-schema-graph">{"@context":"https://schema.org","@graph":[{"@type":"WebPage","@id":"https://www.ccb.pt/en/evento/sofia-ramos/","url":"https://www.ccb.pt/en/evento/sofia-ramos/","name":"Sofia Ramos - Centro Cultural de Belém Foundation","isPartOf":{"@id":"https://www.ccb.pt/#website"},"primaryImageOfPage":{"@id":"https://www.ccb.pt/en/evento/sofia-ramos/#primaryimage"},"image":{"@id":"https://www.ccb.pt/en/evento/sofia-ramos/#primaryimage"},"thumbnailUrl":"https://www.ccb.pt/wp-content/uploads/2024/08/2000x940_SofiaRamos_Mfado_042_luiscarvalhal_HIRES_LuisCarvalhal.jpg","datePublished":"2024-09-06T10:27:09+00:00","dateModified":"2024-12-12T14:53:37+00:00","description":"Apresentação do seu disco de estreia a solo – «Tudo o que não sei» – editado pelo Museu do Fado.","breadcrumb":{"@id":"https://www.ccb.pt/en/evento/sofia-ramos/#breadcrumb"},"inLanguage":"en-US","potentialAction":[{"@type":"ReadAction","target":["https://www.ccb.pt/en/evento/sofia-ramos/"]}]},{"@type":"ImageObject","inLanguage":"en-US","@id":"https://www.ccb.pt/en/evento/sofia-ramos/#primaryimage","url":"https://www.ccb.pt/wp-content/uploads/2024/08/2000x940_SofiaRamos_Mfado_042_luiscarvalhal_HIRES_LuisCarvalhal.jpg","contentUrl":"https://www.ccb.pt/wp-content/uploads/2024/08/2000x940_SofiaRamos_Mfado_042_luiscarvalhal_HIRES_LuisCarvalhal.jpg","width":2000,"height":940,"caption":"(c) Luis Carvalhal"},{"@type":"BreadcrumbList","@id":"https://www.ccb.pt/en/evento/sofia-ramos/#breadcrumb","itemListElement":[{"@type":"ListItem","position":1,"name":"Home","item":"https://www.ccb.pt/en/"},{"@type":"ListItem","position":2,"name":"Eventos","item":"https://www.ccb.pt/eventos/"},{"@type":"ListItem","position":3,"name":"Sofia Ramos"}]},{"@type":"WebSite","@id":"https://www.ccb.pt/#website","url":"https://www.ccb.pt/","name":"Centro Cultural de Belém Foundation","description":"","publisher":{"@id":"https://www.ccb.pt/#organization"},"potentialAction":[{"@type":"SearchAction","target":{"@type":"EntryPoint","urlTemplate":"https://www.ccb.pt/?s={search_term_string}"},"query-input":"required name=search_term_string"}],"inLanguage":"en-US"},{"@type":"Organization","@id":"https://www.ccb.pt/#organization","name":"Centro Cultural de Belém Foundation","url":"https://www.ccb.pt/","logo":{"@type":"ImageObject","inLanguage":"en-US","@id":"https://www.ccb.pt/#/schema/logo/image/","url":"https://www.ccb.pt/wp-content/uploads/2022/05/1_ccb.png","contentUrl":"https://www.ccb.pt/wp-content/uploads/2022/05/1_ccb.png","width":126,"height":100,"caption":"Centro Cultural de Belém Foundation"},"image":{"@id":"https://www.ccb.pt/#/schema/logo/image/"},"sameAs":["https://twitter.com/macccb_museu"]}]}</script>
<!-- / Yoast SEO plugin. -->

Sofia Ramos - Centro Cultural de Belém Foundation

Apresentação do seu disco de estreia a solo – «Tudo o que não sei» – editado pelo Museu do Fado.

Sofia Ramos | Há Fado no Cais - Centro Cultural de Belém

Centro Cultural de Belém Foundation
