    {"id":194540,"date":"2024-09-06T11:07:46","date_gmt":"2024-09-06T10:07:46","guid":{"rendered":"https:\/\/www.ccb.pt\/evento\/hecuba-nao-hecuba\/"},"modified":"2025-01-09T14:42:51","modified_gmt":"2025-01-09T14:42:51","slug":"hecuba-nao-hecuba","status":"publish","type":"tribe_events","link":"https:\/\/www.ccb.pt\/en\/evento\/hecuba-nao-hecuba\/2025-01-10\/","title":{"rendered":"H\u00e9cuba, not H\u00e9cuba"},"content":{"rendered":"<p>For his first collaboration with Com\u00e9die-Fran\u00e7aise, Tiago Rodrigues, director of the Avignon Festival, intertwines the story of Hecuba, the widow of Priam who, in the defeat of Troy, lost her husband, throne, and children, with that of an actress, portraying in our time the Hecuba of Euripides. As the rehearsals for the play are running through, they overlap with a judicial investigation, the actress herself seeking justice for her autistic son, victim of abuse. In a unique and twilight-like setting, fiction painfully merges with intimate reality, the tragedy of myth encounters that of reality, between the play of theatre and that of justice.<\/p>\n<p>&nbsp;<\/p>\n<p>&nbsp;<\/p>\n","protected":false},"excerpt":{"rendered":"<p>For his first collaboration with Com\u00e9die-Fran\u00e7aise, Tiago Rodrigues, director of the Avignon Festival, intertwines the story of Hecuba, the widow of Priam who, in the defeat of Troy, lost her husband, throne, and children, with that of an actress, portraying in our time the Hecuba of Euripides. As the rehearsals for the play are running [&hellip;]<\/p>\n","protected":false},"author":6,"featured_media":188657,"comment_status":"closed","ping_status":"closed","template":"","meta":{"_relevanssi_hide_post":"","_relevanssi_pin_for_all":"on","_relevanssi_pin_keywords":"","_relevanssi_unpin_keywords":"","_relevanssi_related_keywords":"","_relevanssi_related_include_ids":"","_relevanssi_related_exclude_ids":"","_relevanssi_related_no_append":"","_relevanssi_related_not_related":"","_relevanssi_related_posts":"","_relevanssi_noindex_reason":""},"tribe_events_cat":[23,592],"tags_tema":[],"idades":[],"tipos":[],"temas":[],"categorias_hubspot":[],"acf":[],"yoast_head":"<!-- This site is optimized with the Yoast SEO plugin v22.3 - https:\/\/yoast.com\/wordpress\/plugins\/seo\/ -->\n<title>H\u00e9cuba, not H\u00e9cuba - Centro Cultural de Bel\u00e9m Foundation<\/title>\n<meta name=\"description\" content=\"Tiago Rodrigues, diretor do Festival de Avignon, entrela\u00e7a a hist\u00f3ria da vi\u00fava de Pr\u00edamo que, com a derrota de Troia, perdeu o marido, o trono e os filhos, com a de uma atriz de hoje.\" \/>\n<meta name=\"robots\" content=\"index, follow, max-snippet:-1, max-image-preview:large, max-video-preview:-1\" \/>\n<link rel=\"canonical\" href=\"https:\/\/www.ccb.pt\/en\/evento\/hecuba-nao-hecuba\/2025-01-10\/\" \/>\n<meta property=\"og:locale\" content=\"en_US\" \/>\n<meta property=\"og:type\" content=\"article\" \/>\n<meta property=\"og:title\" content=\"H\u00e9cuba, n\u00e3o H\u00e9cuba - Centro Cultural de Bel\u00e9m\" \/>\n<meta property=\"og:description\" content=\"Tiago Rodrigues, diretor do Festival de Avignon, entrela\u00e7a a hist\u00f3ria da vi\u00fava de Pr\u00edamo que, com a derrota de Troia, perdeu o marido, o trono e os filhos, com a de uma atriz de hoje.\" \/>\n<meta property=\"og:url\" content=\"https:\/\/www.ccb.pt\/en\/evento\/hecuba-nao-hecuba\/2025-01-10\/\" \/>\n<meta property=\"og:site_name\" content=\"Centro Cultural de Bel\u00e9m Foundation\" \/>\n<meta property=\"article:modified_time\" content=\"2025-01-09T14:42:51+00:00\" \/>\n<meta property=\"og:image\" content=\"https:\/\/www.ccb.pt\/wp-content\/uploads\/2024\/08\/1200x630_fcb_10a12set_TiagoRodrigues.jpg\" \/>\n\t<meta property=\"og:image:width\" content=\"1200\" \/>\n\t<meta property=\"og:image:height\" content=\"630\" \/>\n\t<meta property=\"og:image:type\" content=\"image\/jpeg\" \/>\n<meta name=\"twitter:card\" content=\"summary_large_image\" \/>\n<meta name=\"twitter:site\" content=\"@macccb_museu\" \/>\n<meta name=\"twitter:label1\" content=\"Est. reading time\" \/>\n\t<meta name=\"twitter:data1\" content=\"1 minute\" \/>\n<script type=\"application\/ld+json\" class=\"yoast-schema-graph\">{\"@context\":\"https:\/\/schema.org\",\"@graph\":[{\"@type\":\"WebPage\",\"@id\":\"https:\/\/www.ccb.pt\/en\/evento\/hecuba-nao-hecuba\/2025-01-10\/\",\"url\":\"https:\/\/www.ccb.pt\/en\/evento\/hecuba-nao-hecuba\/2025-01-10\/\",\"name\":\"H\u00e9cuba, not H\u00e9cuba - Centro Cultural de Bel\u00e9m Foundation\",\"isPartOf\":{\"@id\":\"https:\/\/www.ccb.pt\/#website\"},\"primaryImageOfPage\":{\"@id\":\"https:\/\/www.ccb.pt\/en\/evento\/hecuba-nao-hecuba\/2025-01-10\/#primaryimage\"},\"image\":{\"@id\":\"https:\/\/www.ccb.pt\/en\/evento\/hecuba-nao-hecuba\/2025-01-10\/#primaryimage\"},\"thumbnailUrl\":\"https:\/\/www.ccb.pt\/wp-content\/uploads\/2024\/08\/2000x940_site_10a12set_TiagoRodrigues.jpg\",\"datePublished\":\"2024-09-06T10:07:46+00:00\",\"dateModified\":\"2025-01-09T14:42:51+00:00\",\"description\":\"Tiago Rodrigues, diretor do Festival de Avignon, entrela\u00e7a a hist\u00f3ria da vi\u00fava de Pr\u00edamo que, com a derrota de Troia, perdeu o marido, o trono e os filhos, com a de uma atriz de hoje.\",\"breadcrumb\":{\"@id\":\"https:\/\/www.ccb.pt\/en\/evento\/hecuba-nao-hecuba\/2025-01-10\/#breadcrumb\"},\"inLanguage\":\"en-US\",\"potentialAction\":[{\"@type\":\"ReadAction\",\"target\":[\"https:\/\/www.ccb.pt\/en\/evento\/hecuba-nao-hecuba\/2025-01-10\/\"]}]},{\"@type\":\"ImageObject\",\"inLanguage\":\"en-US\",\"@id\":\"https:\/\/www.ccb.pt\/en\/evento\/hecuba-nao-hecuba\/2025-01-10\/#primaryimage\",\"url\":\"https:\/\/www.ccb.pt\/wp-content\/uploads\/2024\/08\/2000x940_site_10a12set_TiagoRodrigues.jpg\",\"contentUrl\":\"https:\/\/www.ccb.pt\/wp-content\/uploads\/2024\/08\/2000x940_site_10a12set_TiagoRodrigues.jpg\",\"width\":2000,\"height\":940,\"caption\":\"(c) Tiago Rodrigues\"},{\"@type\":\"BreadcrumbList\",\"@id\":\"https:\/\/www.ccb.pt\/en\/evento\/hecuba-nao-hecuba\/2025-01-10\/#breadcrumb\",\"itemListElement\":[{\"@type\":\"ListItem\",\"position\":1,\"name\":\"Home\",\"item\":\"https:\/\/www.ccb.pt\/en\/\"},{\"@type\":\"ListItem\",\"position\":2,\"name\":\"Eventos\",\"item\":\"https:\/\/www.ccb.pt\/eventos\/\"},{\"@type\":\"ListItem\",\"position\":3,\"name\":\"H\u00e9cuba, not H\u00e9cuba\"}]},{\"@type\":\"WebSite\",\"@id\":\"https:\/\/www.ccb.pt\/#website\",\"url\":\"https:\/\/www.ccb.pt\/\",\"name\":\"Centro Cultural de Bel\u00e9m Foundation\",\"description\":\"\",\"publisher\":{\"@id\":\"https:\/\/www.ccb.pt\/#organization\"},\"potentialAction\":[{\"@type\":\"SearchAction\",\"target\":{\"@type\":\"EntryPoint\",\"urlTemplate\":\"https:\/\/www.ccb.pt\/?s={search_term_string}\"},\"query-input\":\"required name=search_term_string\"}],\"inLanguage\":\"en-US\"},{\"@type\":\"Organization\",\"@id\":\"https:\/\/www.ccb.pt\/#organization\",\"name\":\"Centro Cultural de Bel\u00e9m Foundation\",\"url\":\"https:\/\/www.ccb.pt\/\",\"logo\":{\"@type\":\"ImageObject\",\"inLanguage\":\"en-US\",\"@id\":\"https:\/\/www.ccb.pt\/#\/schema\/logo\/image\/\",\"url\":\"https:\/\/www.ccb.pt\/wp-content\/uploads\/2022\/05\/1_ccb.png\",\"contentUrl\":\"https:\/\/www.ccb.pt\/wp-content\/uploads\/2022\/05\/1_ccb.png\",\"width\":126,\"height\":100,\"caption\":\"Centro Cultural de Bel\u00e9m Foundation\"},\"image\":{\"@id\":\"https:\/\/www.ccb.pt\/#\/schema\/logo\/image\/\"},\"sameAs\":[\"https:\/\/twitter.com\/macccb_museu\"]}]}<\/script>\n<!-- \/ Yoast SEO plugin. -->","yoast_head_json":{"title":"H\u00e9cuba, not H\u00e9cuba - Centro Cultural de Bel\u00e9m Foundation","description":"Tiago Rodrigues, diretor do Festival de Avignon, entrela\u00e7a a hist\u00f3ria da vi\u00fava de Pr\u00edamo que, com a derrota de Troia, perdeu o marido, o trono e os filhos, com a de uma atriz de hoje.","robots":{"index":"index","follow":"follow","max-snippet":"max-snippet:-1","max-image-preview":"max-image-preview:large","max-video-preview":"max-video-preview:-1"},"canonical":"https:\/\/www.ccb.pt\/en\/evento\/hecuba-nao-hecuba\/2025-01-10\/","og_locale":"en_US","og_type":"article","og_title":"H\u00e9cuba, n\u00e3o H\u00e9cuba - Centro Cultural de Bel\u00e9m","og_description":"Tiago Rodrigues, diretor do Festival de Avignon, entrela\u00e7a a hist\u00f3ria da vi\u00fava de Pr\u00edamo que, com a derrota de Troia, perdeu o marido, o trono e os filhos, com a de uma atriz de hoje.","og_url":"https:\/\/www.ccb.pt\/en\/evento\/hecuba-nao-hecuba\/2025-01-10\/","og_site_name":"Centro Cultural de Bel\u00e9m Foundation","article_modified_time":"2025-01-09T14:42:51+00:00","og_image":[{"width":1200,"height":630,"url":"https:\/\/www.ccb.pt\/wp-content\/uploads\/2024\/08\/1200x630_fcb_10a12set_TiagoRodrigues.jpg","type":"image\/jpeg"}],"twitter_card":"summary_large_image","twitter_site":"@macccb_museu","twitter_misc":{"Est. reading time":"1 minute"},"schema":{"@context":"https:\/\/schema.org","@graph":[{"@type":"WebPage","@id":"https:\/\/www.ccb.pt\/en\/evento\/hecuba-nao-hecuba\/2025-01-10\/","url":"https:\/\/www.ccb.pt\/en\/evento\/hecuba-nao-hecuba\/2025-01-10\/","name":"H\u00e9cuba, not H\u00e9cuba - Centro Cultural de Bel\u00e9m Foundation","isPartOf":{"@id":"https:\/\/www.ccb.pt\/#website"},"primaryImageOfPage":{"@id":"https:\/\/www.ccb.pt\/en\/evento\/hecuba-nao-hecuba\/2025-01-10\/#primaryimage"},"image":{"@id":"https:\/\/www.ccb.pt\/en\/evento\/hecuba-nao-hecuba\/2025-01-10\/#primaryimage"},"thumbnailUrl":"https:\/\/www.ccb.pt\/wp-content\/uploads\/2024\/08\/2000x940_site_10a12set_TiagoRodrigues.jpg","datePublished":"2024-09-06T10:07:46+00:00","dateModified":"2025-01-09T14:42:51+00:00","description":"Tiago Rodrigues, diretor do Festival de Avignon, entrela\u00e7a a hist\u00f3ria da vi\u00fava de Pr\u00edamo que, com a derrota de Troia, perdeu o marido, o trono e os filhos, com a de uma atriz de hoje.","breadcrumb":{"@id":"https:\/\/www.ccb.pt\/en\/evento\/hecuba-nao-hecuba\/2025-01-10\/#breadcrumb"},"inLanguage":"en-US","potentialAction":[{"@type":"ReadAction","target":["https:\/\/www.ccb.pt\/en\/evento\/hecuba-nao-hecuba\/2025-01-10\/"]}]},{"@type":"ImageObject","inLanguage":"en-US","@id":"https:\/\/www.ccb.pt\/en\/evento\/hecuba-nao-hecuba\/2025-01-10\/#primaryimage","url":"https:\/\/www.ccb.pt\/wp-content\/uploads\/2024\/08\/2000x940_site_10a12set_TiagoRodrigues.jpg","contentUrl":"https:\/\/www.ccb.pt\/wp-content\/uploads\/2024\/08\/2000x940_site_10a12set_TiagoRodrigues.jpg","width":2000,"height":940,"caption":"(c) Tiago Rodrigues"},{"@type":"BreadcrumbList","@id":"https:\/\/www.ccb.pt\/en\/evento\/hecuba-nao-hecuba\/2025-01-10\/#breadcrumb","itemListElement":[{"@type":"ListItem","position":1,"name":"Home","item":"https:\/\/www.ccb.pt\/en\/"},{"@type":"ListItem","position":2,"name":"Eventos","item":"https:\/\/www.ccb.pt\/eventos\/"},{"@type":"ListItem","position":3,"name":"H\u00e9cuba, not H\u00e9cuba"}]},{"@type":"WebSite","@id":"https:\/\/www.ccb.pt\/#website","url":"https:\/\/www.ccb.pt\/","name":"Centro Cultural de Bel\u00e9m Foundation","description":"","publisher":{"@id":"https:\/\/www.ccb.pt\/#organization"},"potentialAction":[{"@type":"SearchAction","target":{"@type":"EntryPoint","urlTemplate":"https:\/\/www.ccb.pt\/?s={search_term_string}"},"query-input":"required name=search_term_string"}],"inLanguage":"en-US"},{"@type":"Organization","@id":"https:\/\/www.ccb.pt\/#organization","name":"Centro Cultural de Bel\u00e9m Foundation","url":"https:\/\/www.ccb.pt\/","logo":{"@type":"ImageObject","inLanguage":"en-US","@id":"https:\/\/www.ccb.pt\/#\/schema\/logo\/image\/","url":"https:\/\/www.ccb.pt\/wp-content\/uploads\/2022\/05\/1_ccb.png","contentUrl":"https:\/\/www.ccb.pt\/wp-content\/uploads\/2022\/05\/1_ccb.png","width":126,"height":100,"caption":"Centro Cultural de Bel\u00e9m Foundation"},"image":{"@id":"https:\/\/www.ccb.pt\/#\/schema\/logo\/image\/"},"sameAs":["https:\/\/twitter.com\/macccb_museu"]}]}},"_links":{"self":[{"href":"https:\/\/www.ccb.pt\/en\/wp-json\/wp\/v2\/tribe_events\/194540"}],"collection":[{"href":"https:\/\/www.ccb.pt\/en\/wp-json\/wp\/v2\/tribe_events"}],"about":[{"href":"https:\/\/www.ccb.pt\/en\/wp-json\/wp\/v2\/types\/tribe_events"}],"author":[{"embeddable":true,"href":"https:\/\/www.ccb.pt\/en\/wp-json\/wp\/v2\/users\/6"}],"replies":[{"embeddable":true,"href":"https:\/\/www.ccb.pt\/en\/wp-json\/wp\/v2\/comments?post=194540"}],"version-history":[{"count":8,"href":"https:\/\/www.ccb.pt\/en\/wp-json\/wp\/v2\/tribe_events\/194540\/revisions"}],"predecessor-version":[{"id":210856,"href":"https:\/\/www.ccb.pt\/en\/wp-json\/wp\/v2\/tribe_events\/194540\/revisions\/210856"}],"wp:featuredmedia":[{"embeddable":true,"href":"https:\/\/www.ccb.pt\/en\/wp-json\/wp\/v2\/media\/188657"}],"wp:attachment":[{"href":"https:\/\/www.ccb.pt\/en\/wp-json\/wp\/v2\/media?parent=194540"}],"wp:term":[{"taxonomy":"tribe_events_cat","embeddable":true,"href":"https:\/\/www.ccb.pt\/en\/wp-json\/wp\/v2\/tribe_events_cat?post=194540"},{"taxonomy":"tags_tema","embeddable":true,"href":"https:\/\/www.ccb.pt\/en\/wp-json\/wp\/v2\/tags_tema?post=194540"},{"taxonomy":"idades","embeddable":true,"href":"https:\/\/www.ccb.pt\/en\/wp-json\/wp\/v2\/idades?post=194540"},{"taxonomy":"tipos","embeddable":true,"href":"https:\/\/www.ccb.pt\/en\/wp-json\/wp\/v2\/tipos?post=194540"},{"taxonomy":"temas","embeddable":true,"href":"https:\/\/www.ccb.pt\/en\/wp-json\/wp\/v2\/temas?post=194540"},{"taxonomy":"categorias_hubspot","embeddable":true,"href":"https:\/\/www.ccb.pt\/en\/wp-json\/wp\/v2\/categorias_hubspot?post=194540"}],"curies":[{"name":"wp","href":"https:\/\/api.w.org\/{rel}","templated":true}]}}

Hécuba, not Hécuba

<p>For his first collaboration with Comédie-Française, Tiago Rodrigues, director of the Avignon Festival, intertwines the story of Hecuba, the widow of Priam who, in the defeat of Troy, lost her husband, throne, and children, with that of an actress, portraying in our time the Hecuba of Euripides. As the rehearsals for the play are running through, they overlap with a judicial investigation, the actress herself seeking justice for her autistic son, victim of abuse. In a unique and twilight-like setting, fiction painfully merges with intimate reality, the tragedy of myth encounters that of reality, between the play of theatre and that of justice.</p>
<p>&nbsp;</p>
<p>&nbsp;</p>

<p>For his first collaboration with Comédie-Française, Tiago Rodrigues, director of the Avignon Festival, intertwines the story of Hecuba, the widow of Priam who, in the defeat of Troy, lost her husband, throne, and children, with that of an actress, portraying in our time the Hecuba of Euripides. As the rehearsals for the play are running [&hellip;]</p>

<!-- This site is optimized with the Yoast SEO plugin v22.3 - https://yoast.com/wordpress/plugins/seo/ -->
<title>Hécuba, not Hécuba - Centro Cultural de Belém Foundation</title>
<meta name="description" content="Tiago Rodrigues, diretor do Festival de Avignon, entrelaça a história da viúva de Príamo que, com a derrota de Troia, perdeu o marido, o trono e os filhos, com a de uma atriz de hoje." />
<meta name="robots" content="index, follow, max-snippet:-1, max-image-preview:large, max-video-preview:-1" />
<link rel="canonical" href="https://www.ccb.pt/en/evento/hecuba-nao-hecuba/2025-01-10/" />
<meta property="og:locale" content="en_US" />
<meta property="og:type" content="article" />
<meta property="og:title" content="Hécuba, não Hécuba - Centro Cultural de Belém" />
<meta property="og:description" content="Tiago Rodrigues, diretor do Festival de Avignon, entrelaça a história da viúva de Príamo que, com a derrota de Troia, perdeu o marido, o trono e os filhos, com a de uma atriz de hoje." />
<meta property="og:url" content="https://www.ccb.pt/en/evento/hecuba-nao-hecuba/2025-01-10/" />
<meta property="og:site_name" content="Centro Cultural de Belém Foundation" />
<meta property="article:modified_time" content="2025-01-09T14:42:51+00:00" />
<meta property="og:image" content="https://www.ccb.pt/wp-content/uploads/2024/08/1200x630_fcb_10a12set_TiagoRodrigues.jpg" />
	<meta property="og:image:width" content="1200" />
	<meta property="og:image:height" content="630" />
	<meta property="og:image:type" content="image/jpeg" />
<meta name="twitter:card" content="summary_large_image" />
<meta name="twitter:site" content="@macccb_museu" />
<meta name="twitter:label1" content="Est. reading time" />
	<meta name="twitter:data1" content="1 minute" />
<script type="application/ld+json" class="yoast-schema-graph">{"@context":"https://schema.org","@graph":[{"@type":"WebPage","@id":"https://www.ccb.pt/en/evento/hecuba-nao-hecuba/2025-01-10/","url":"https://www.ccb.pt/en/evento/hecuba-nao-hecuba/2025-01-10/","name":"Hécuba, not Hécuba - Centro Cultural de Belém Foundation","isPartOf":{"@id":"https://www.ccb.pt/#website"},"primaryImageOfPage":{"@id":"https://www.ccb.pt/en/evento/hecuba-nao-hecuba/2025-01-10/#primaryimage"},"image":{"@id":"https://www.ccb.pt/en/evento/hecuba-nao-hecuba/2025-01-10/#primaryimage"},"thumbnailUrl":"https://www.ccb.pt/wp-content/uploads/2024/08/2000x940_site_10a12set_TiagoRodrigues.jpg","datePublished":"2024-09-06T10:07:46+00:00","dateModified":"2025-01-09T14:42:51+00:00","description":"Tiago Rodrigues, diretor do Festival de Avignon, entrelaça a história da viúva de Príamo que, com a derrota de Troia, perdeu o marido, o trono e os filhos, com a de uma atriz de hoje.","breadcrumb":{"@id":"https://www.ccb.pt/en/evento/hecuba-nao-hecuba/2025-01-10/#breadcrumb"},"inLanguage":"en-US","potentialAction":[{"@type":"ReadAction","target":["https://www.ccb.pt/en/evento/hecuba-nao-hecuba/2025-01-10/"]}]},{"@type":"ImageObject","inLanguage":"en-US","@id":"https://www.ccb.pt/en/evento/hecuba-nao-hecuba/2025-01-10/#primaryimage","url":"https://www.ccb.pt/wp-content/uploads/2024/08/2000x940_site_10a12set_TiagoRodrigues.jpg","contentUrl":"https://www.ccb.pt/wp-content/uploads/2024/08/2000x940_site_10a12set_TiagoRodrigues.jpg","width":2000,"height":940,"caption":"(c) Tiago Rodrigues"},{"@type":"BreadcrumbList","@id":"https://www.ccb.pt/en/evento/hecuba-nao-hecuba/2025-01-10/#breadcrumb","itemListElement":[{"@type":"ListItem","position":1,"name":"Home","item":"https://www.ccb.pt/en/"},{"@type":"ListItem","position":2,"name":"Eventos","item":"https://www.ccb.pt/eventos/"},{"@type":"ListItem","position":3,"name":"Hécuba, not Hécuba"}]},{"@type":"WebSite","@id":"https://www.ccb.pt/#website","url":"https://www.ccb.pt/","name":"Centro Cultural de Belém Foundation","description":"","publisher":{"@id":"https://www.ccb.pt/#organization"},"potentialAction":[{"@type":"SearchAction","target":{"@type":"EntryPoint","urlTemplate":"https://www.ccb.pt/?s={search_term_string}"},"query-input":"required name=search_term_string"}],"inLanguage":"en-US"},{"@type":"Organization","@id":"https://www.ccb.pt/#organization","name":"Centro Cultural de Belém Foundation","url":"https://www.ccb.pt/","logo":{"@type":"ImageObject","inLanguage":"en-US","@id":"https://www.ccb.pt/#/schema/logo/image/","url":"https://www.ccb.pt/wp-content/uploads/2022/05/1_ccb.png","contentUrl":"https://www.ccb.pt/wp-content/uploads/2022/05/1_ccb.png","width":126,"height":100,"caption":"Centro Cultural de Belém Foundation"},"image":{"@id":"https://www.ccb.pt/#/schema/logo/image/"},"sameAs":["https://twitter.com/macccb_museu"]}]}</script>
<!-- / Yoast SEO plugin. -->

Hécuba, not Hécuba - Centro Cultural de Belém Foundation

Tiago Rodrigues, diretor do Festival de Avignon, entrelaça a história da viúva de Príamo que, com a derrota de Troia, perdeu o marido, o trono e os filhos, com a de uma atriz de hoje.

Hécuba, não Hécuba - Centro Cultural de Belém

Centro Cultural de Belém Foundation
