    {"id":193656,"date":"2024-09-06T10:46:34","date_gmt":"2024-09-06T09:46:34","guid":{"rendered":"https:\/\/www.ccb.pt\/evento\/historiadores\/"},"modified":"2024-11-15T17:51:34","modified_gmt":"2024-11-15T17:51:34","slug":"historiadores","status":"publish","type":"tribe_events","link":"https:\/\/www.ccb.pt\/en\/evento\/historiadores\/2024-11-13\/","title":{"rendered":"Historiadores"},"content":{"rendered":"<p>Historiadores, by Teatro do Vestido company, reflects on the growing lack of interest in History in the 21st century, inspired by Eric Hobsbawm. The show investigates the disconnect between past and present, exploring gaps in historical education and the role of historians, questioning the political portrayal in school textbooks and the environment in classrooms.<\/p>\n<p>&nbsp;<\/p>\n<p><span style=\"color: #800000;\"><strong>Notice:<\/strong> The CCB online ticket office will be temporarily unavailable from 7 pm on 17 November until 10 am on 18 November due to its integration with the\u00a0BOL\u00a0operator.<\/span><\/p>\n","protected":false},"excerpt":{"rendered":"<p>Historiadores, by Teatro do Vestido company, reflects on the growing lack of interest in History in the 21st century, inspired by Eric Hobsbawm. The show investigates the disconnect between past and present, exploring gaps in historical education and the role of historians, questioning the political portrayal in school textbooks and the environment in classrooms. &nbsp; [&hellip;]<\/p>\n","protected":false},"author":6,"featured_media":184309,"comment_status":"closed","ping_status":"closed","template":"","meta":{"_relevanssi_hide_post":"","_relevanssi_pin_for_all":"on","_relevanssi_pin_keywords":"","_relevanssi_unpin_keywords":"","_relevanssi_related_keywords":"","_relevanssi_related_include_ids":"","_relevanssi_related_exclude_ids":"","_relevanssi_related_no_append":"","_relevanssi_related_not_related":"","_relevanssi_related_posts":"","_relevanssi_noindex_reason":""},"tribe_events_cat":[404,617,23,402,592],"tags_tema":[],"idades":[393,622],"tipos":[],"temas":[],"categorias_hubspot":[],"acf":[],"yoast_head":"<!-- This site is optimized with the Yoast SEO plugin v22.3 - https:\/\/yoast.com\/wordpress\/plugins\/seo\/ -->\n<title>Historiadores - Centro Cultural de Bel\u00e9m Foundation<\/title>\n<meta name=\"description\" content=\"Este espet\u00e1culo do Teatro do Vestido \u00e9 sobre o desinteresse, as omiss\u00f5es, as investiga\u00e7\u00f5es e repreens\u00f5es, o gosto ou o desgosto da disciplina de Hist\u00f3ria e daqueles que a escrevem e ensinam.\" \/>\n<meta name=\"robots\" content=\"index, follow, max-snippet:-1, max-image-preview:large, max-video-preview:-1\" \/>\n<link rel=\"canonical\" href=\"https:\/\/www.ccb.pt\/en\/evento\/historiadores\/2024-11-13\/\" \/>\n<meta property=\"og:locale\" content=\"en_US\" \/>\n<meta property=\"og:type\" content=\"article\" \/>\n<meta property=\"og:title\" content=\"Teatro do Vestido | Historiadores - CCB\" \/>\n<meta property=\"og:description\" content=\"Espet\u00e1culo sobre o desinteresse, as omiss\u00f5es, as investiga\u00e7\u00f5es e repreens\u00f5es, o gosto ou o desgosto da disciplina de Hist\u00f3ria e daqueles que a escrevem e ensinam.\" \/>\n<meta property=\"og:url\" content=\"https:\/\/www.ccb.pt\/en\/evento\/historiadores\/2024-11-13\/\" \/>\n<meta property=\"og:site_name\" content=\"Centro Cultural de Bel\u00e9m Foundation\" \/>\n<meta property=\"article:modified_time\" content=\"2024-11-15T17:51:34+00:00\" \/>\n<meta property=\"og:image\" content=\"https:\/\/www.ccb.pt\/wp-content\/uploads\/2024\/07\/1200x630_Historiadores_HenriqueAntunes.jpg\" \/>\n\t<meta property=\"og:image:width\" content=\"1934\" \/>\n\t<meta property=\"og:image:height\" content=\"1015\" \/>\n\t<meta property=\"og:image:type\" content=\"image\/jpeg\" \/>\n<meta name=\"twitter:card\" content=\"summary_large_image\" \/>\n<meta name=\"twitter:site\" content=\"@macccb_museu\" \/>\n<meta name=\"twitter:label1\" content=\"Est. reading time\" \/>\n\t<meta name=\"twitter:data1\" content=\"1 minute\" \/>\n<script type=\"application\/ld+json\" class=\"yoast-schema-graph\">{\"@context\":\"https:\/\/schema.org\",\"@graph\":[{\"@type\":\"WebPage\",\"@id\":\"https:\/\/www.ccb.pt\/en\/evento\/historiadores\/2024-11-13\/\",\"url\":\"https:\/\/www.ccb.pt\/en\/evento\/historiadores\/2024-11-13\/\",\"name\":\"Historiadores - Centro Cultural de Bel\u00e9m Foundation\",\"isPartOf\":{\"@id\":\"https:\/\/www.ccb.pt\/#website\"},\"primaryImageOfPage\":{\"@id\":\"https:\/\/www.ccb.pt\/en\/evento\/historiadores\/2024-11-13\/#primaryimage\"},\"image\":{\"@id\":\"https:\/\/www.ccb.pt\/en\/evento\/historiadores\/2024-11-13\/#primaryimage\"},\"thumbnailUrl\":\"https:\/\/www.ccb.pt\/wp-content\/uploads\/2024\/07\/2000x940_Historiadores_HenriqueAntunes.jpg\",\"datePublished\":\"2024-09-06T09:46:34+00:00\",\"dateModified\":\"2024-11-15T17:51:34+00:00\",\"description\":\"Este espet\u00e1culo do Teatro do Vestido \u00e9 sobre o desinteresse, as omiss\u00f5es, as investiga\u00e7\u00f5es e repreens\u00f5es, o gosto ou o desgosto da disciplina de Hist\u00f3ria e daqueles que a escrevem e ensinam.\",\"breadcrumb\":{\"@id\":\"https:\/\/www.ccb.pt\/en\/evento\/historiadores\/2024-11-13\/#breadcrumb\"},\"inLanguage\":\"en-US\",\"potentialAction\":[{\"@type\":\"ReadAction\",\"target\":[\"https:\/\/www.ccb.pt\/en\/evento\/historiadores\/2024-11-13\/\"]}]},{\"@type\":\"ImageObject\",\"inLanguage\":\"en-US\",\"@id\":\"https:\/\/www.ccb.pt\/en\/evento\/historiadores\/2024-11-13\/#primaryimage\",\"url\":\"https:\/\/www.ccb.pt\/wp-content\/uploads\/2024\/07\/2000x940_Historiadores_HenriqueAntunes.jpg\",\"contentUrl\":\"https:\/\/www.ccb.pt\/wp-content\/uploads\/2024\/07\/2000x940_Historiadores_HenriqueAntunes.jpg\",\"width\":1934,\"height\":909,\"caption\":\"(c) Henrique Antunes\"},{\"@type\":\"BreadcrumbList\",\"@id\":\"https:\/\/www.ccb.pt\/en\/evento\/historiadores\/2024-11-13\/#breadcrumb\",\"itemListElement\":[{\"@type\":\"ListItem\",\"position\":1,\"name\":\"Home\",\"item\":\"https:\/\/www.ccb.pt\/en\/\"},{\"@type\":\"ListItem\",\"position\":2,\"name\":\"Eventos\",\"item\":\"https:\/\/www.ccb.pt\/eventos\/\"},{\"@type\":\"ListItem\",\"position\":3,\"name\":\"Historiadores\"}]},{\"@type\":\"WebSite\",\"@id\":\"https:\/\/www.ccb.pt\/#website\",\"url\":\"https:\/\/www.ccb.pt\/\",\"name\":\"Centro Cultural de Bel\u00e9m Foundation\",\"description\":\"\",\"publisher\":{\"@id\":\"https:\/\/www.ccb.pt\/#organization\"},\"potentialAction\":[{\"@type\":\"SearchAction\",\"target\":{\"@type\":\"EntryPoint\",\"urlTemplate\":\"https:\/\/www.ccb.pt\/?s={search_term_string}\"},\"query-input\":\"required name=search_term_string\"}],\"inLanguage\":\"en-US\"},{\"@type\":\"Organization\",\"@id\":\"https:\/\/www.ccb.pt\/#organization\",\"name\":\"Centro Cultural de Bel\u00e9m Foundation\",\"url\":\"https:\/\/www.ccb.pt\/\",\"logo\":{\"@type\":\"ImageObject\",\"inLanguage\":\"en-US\",\"@id\":\"https:\/\/www.ccb.pt\/#\/schema\/logo\/image\/\",\"url\":\"https:\/\/www.ccb.pt\/wp-content\/uploads\/2022\/05\/1_ccb.png\",\"contentUrl\":\"https:\/\/www.ccb.pt\/wp-content\/uploads\/2022\/05\/1_ccb.png\",\"width\":126,\"height\":100,\"caption\":\"Centro Cultural de Bel\u00e9m Foundation\"},\"image\":{\"@id\":\"https:\/\/www.ccb.pt\/#\/schema\/logo\/image\/\"},\"sameAs\":[\"https:\/\/twitter.com\/macccb_museu\"]}]}<\/script>\n<!-- \/ Yoast SEO plugin. -->","yoast_head_json":{"title":"Historiadores - Centro Cultural de Bel\u00e9m Foundation","description":"Este espet\u00e1culo do Teatro do Vestido \u00e9 sobre o desinteresse, as omiss\u00f5es, as investiga\u00e7\u00f5es e repreens\u00f5es, o gosto ou o desgosto da disciplina de Hist\u00f3ria e daqueles que a escrevem e ensinam.","robots":{"index":"index","follow":"follow","max-snippet":"max-snippet:-1","max-image-preview":"max-image-preview:large","max-video-preview":"max-video-preview:-1"},"canonical":"https:\/\/www.ccb.pt\/en\/evento\/historiadores\/2024-11-13\/","og_locale":"en_US","og_type":"article","og_title":"Teatro do Vestido | Historiadores - CCB","og_description":"Espet\u00e1culo sobre o desinteresse, as omiss\u00f5es, as investiga\u00e7\u00f5es e repreens\u00f5es, o gosto ou o desgosto da disciplina de Hist\u00f3ria e daqueles que a escrevem e ensinam.","og_url":"https:\/\/www.ccb.pt\/en\/evento\/historiadores\/2024-11-13\/","og_site_name":"Centro Cultural de Bel\u00e9m Foundation","article_modified_time":"2024-11-15T17:51:34+00:00","og_image":[{"width":1934,"height":1015,"url":"https:\/\/www.ccb.pt\/wp-content\/uploads\/2024\/07\/1200x630_Historiadores_HenriqueAntunes.jpg","type":"image\/jpeg"}],"twitter_card":"summary_large_image","twitter_site":"@macccb_museu","twitter_misc":{"Est. reading time":"1 minute"},"schema":{"@context":"https:\/\/schema.org","@graph":[{"@type":"WebPage","@id":"https:\/\/www.ccb.pt\/en\/evento\/historiadores\/2024-11-13\/","url":"https:\/\/www.ccb.pt\/en\/evento\/historiadores\/2024-11-13\/","name":"Historiadores - Centro Cultural de Bel\u00e9m Foundation","isPartOf":{"@id":"https:\/\/www.ccb.pt\/#website"},"primaryImageOfPage":{"@id":"https:\/\/www.ccb.pt\/en\/evento\/historiadores\/2024-11-13\/#primaryimage"},"image":{"@id":"https:\/\/www.ccb.pt\/en\/evento\/historiadores\/2024-11-13\/#primaryimage"},"thumbnailUrl":"https:\/\/www.ccb.pt\/wp-content\/uploads\/2024\/07\/2000x940_Historiadores_HenriqueAntunes.jpg","datePublished":"2024-09-06T09:46:34+00:00","dateModified":"2024-11-15T17:51:34+00:00","description":"Este espet\u00e1culo do Teatro do Vestido \u00e9 sobre o desinteresse, as omiss\u00f5es, as investiga\u00e7\u00f5es e repreens\u00f5es, o gosto ou o desgosto da disciplina de Hist\u00f3ria e daqueles que a escrevem e ensinam.","breadcrumb":{"@id":"https:\/\/www.ccb.pt\/en\/evento\/historiadores\/2024-11-13\/#breadcrumb"},"inLanguage":"en-US","potentialAction":[{"@type":"ReadAction","target":["https:\/\/www.ccb.pt\/en\/evento\/historiadores\/2024-11-13\/"]}]},{"@type":"ImageObject","inLanguage":"en-US","@id":"https:\/\/www.ccb.pt\/en\/evento\/historiadores\/2024-11-13\/#primaryimage","url":"https:\/\/www.ccb.pt\/wp-content\/uploads\/2024\/07\/2000x940_Historiadores_HenriqueAntunes.jpg","contentUrl":"https:\/\/www.ccb.pt\/wp-content\/uploads\/2024\/07\/2000x940_Historiadores_HenriqueAntunes.jpg","width":1934,"height":909,"caption":"(c) Henrique Antunes"},{"@type":"BreadcrumbList","@id":"https:\/\/www.ccb.pt\/en\/evento\/historiadores\/2024-11-13\/#breadcrumb","itemListElement":[{"@type":"ListItem","position":1,"name":"Home","item":"https:\/\/www.ccb.pt\/en\/"},{"@type":"ListItem","position":2,"name":"Eventos","item":"https:\/\/www.ccb.pt\/eventos\/"},{"@type":"ListItem","position":3,"name":"Historiadores"}]},{"@type":"WebSite","@id":"https:\/\/www.ccb.pt\/#website","url":"https:\/\/www.ccb.pt\/","name":"Centro Cultural de Bel\u00e9m Foundation","description":"","publisher":{"@id":"https:\/\/www.ccb.pt\/#organization"},"potentialAction":[{"@type":"SearchAction","target":{"@type":"EntryPoint","urlTemplate":"https:\/\/www.ccb.pt\/?s={search_term_string}"},"query-input":"required name=search_term_string"}],"inLanguage":"en-US"},{"@type":"Organization","@id":"https:\/\/www.ccb.pt\/#organization","name":"Centro Cultural de Bel\u00e9m Foundation","url":"https:\/\/www.ccb.pt\/","logo":{"@type":"ImageObject","inLanguage":"en-US","@id":"https:\/\/www.ccb.pt\/#\/schema\/logo\/image\/","url":"https:\/\/www.ccb.pt\/wp-content\/uploads\/2022\/05\/1_ccb.png","contentUrl":"https:\/\/www.ccb.pt\/wp-content\/uploads\/2022\/05\/1_ccb.png","width":126,"height":100,"caption":"Centro Cultural de Bel\u00e9m Foundation"},"image":{"@id":"https:\/\/www.ccb.pt\/#\/schema\/logo\/image\/"},"sameAs":["https:\/\/twitter.com\/macccb_museu"]}]}},"_links":{"self":[{"href":"https:\/\/www.ccb.pt\/en\/wp-json\/wp\/v2\/tribe_events\/193656"}],"collection":[{"href":"https:\/\/www.ccb.pt\/en\/wp-json\/wp\/v2\/tribe_events"}],"about":[{"href":"https:\/\/www.ccb.pt\/en\/wp-json\/wp\/v2\/types\/tribe_events"}],"author":[{"embeddable":true,"href":"https:\/\/www.ccb.pt\/en\/wp-json\/wp\/v2\/users\/6"}],"replies":[{"embeddable":true,"href":"https:\/\/www.ccb.pt\/en\/wp-json\/wp\/v2\/comments?post=193656"}],"version-history":[{"count":3,"href":"https:\/\/www.ccb.pt\/en\/wp-json\/wp\/v2\/tribe_events\/193656\/revisions"}],"predecessor-version":[{"id":202769,"href":"https:\/\/www.ccb.pt\/en\/wp-json\/wp\/v2\/tribe_events\/193656\/revisions\/202769"}],"wp:featuredmedia":[{"embeddable":true,"href":"https:\/\/www.ccb.pt\/en\/wp-json\/wp\/v2\/media\/184309"}],"wp:attachment":[{"href":"https:\/\/www.ccb.pt\/en\/wp-json\/wp\/v2\/media?parent=193656"}],"wp:term":[{"taxonomy":"tribe_events_cat","embeddable":true,"href":"https:\/\/www.ccb.pt\/en\/wp-json\/wp\/v2\/tribe_events_cat?post=193656"},{"taxonomy":"tags_tema","embeddable":true,"href":"https:\/\/www.ccb.pt\/en\/wp-json\/wp\/v2\/tags_tema?post=193656"},{"taxonomy":"idades","embeddable":true,"href":"https:\/\/www.ccb.pt\/en\/wp-json\/wp\/v2\/idades?post=193656"},{"taxonomy":"tipos","embeddable":true,"href":"https:\/\/www.ccb.pt\/en\/wp-json\/wp\/v2\/tipos?post=193656"},{"taxonomy":"temas","embeddable":true,"href":"https:\/\/www.ccb.pt\/en\/wp-json\/wp\/v2\/temas?post=193656"},{"taxonomy":"categorias_hubspot","embeddable":true,"href":"https:\/\/www.ccb.pt\/en\/wp-json\/wp\/v2\/categorias_hubspot?post=193656"}],"curies":[{"name":"wp","href":"https:\/\/api.w.org\/{rel}","templated":true}]}}

<!-- This site is optimized with the Yoast SEO plugin v22.3 - https://yoast.com/wordpress/plugins/seo/ -->
<title>Historiadores - Centro Cultural de Belém Foundation</title>
<meta name="description" content="Este espetáculo do Teatro do Vestido é sobre o desinteresse, as omissões, as investigações e repreensões, o gosto ou o desgosto da disciplina de História e daqueles que a escrevem e ensinam." />
<meta name="robots" content="index, follow, max-snippet:-1, max-image-preview:large, max-video-preview:-1" />
<link rel="canonical" href="https://www.ccb.pt/en/evento/historiadores/2024-11-13/" />
<meta property="og:locale" content="en_US" />
<meta property="og:type" content="article" />
<meta property="og:title" content="Teatro do Vestido | Historiadores - CCB" />
<meta property="og:description" content="Espetáculo sobre o desinteresse, as omissões, as investigações e repreensões, o gosto ou o desgosto da disciplina de História e daqueles que a escrevem e ensinam." />
<meta property="og:url" content="https://www.ccb.pt/en/evento/historiadores/2024-11-13/" />
<meta property="og:site_name" content="Centro Cultural de Belém Foundation" />
<meta property="article:modified_time" content="2024-11-15T17:51:34+00:00" />
<meta property="og:image" content="https://www.ccb.pt/wp-content/uploads/2024/07/1200x630_Historiadores_HenriqueAntunes.jpg" />
	<meta property="og:image:width" content="1934" />
	<meta property="og:image:height" content="1015" />
	<meta property="og:image:type" content="image/jpeg" />
<meta name="twitter:card" content="summary_large_image" />
<meta name="twitter:site" content="@macccb_museu" />
<meta name="twitter:label1" content="Est. reading time" />
	<meta name="twitter:data1" content="1 minute" />
<script type="application/ld+json" class="yoast-schema-graph">{"@context":"https://schema.org","@graph":[{"@type":"WebPage","@id":"https://www.ccb.pt/en/evento/historiadores/2024-11-13/","url":"https://www.ccb.pt/en/evento/historiadores/2024-11-13/","name":"Historiadores - Centro Cultural de Belém Foundation","isPartOf":{"@id":"https://www.ccb.pt/#website"},"primaryImageOfPage":{"@id":"https://www.ccb.pt/en/evento/historiadores/2024-11-13/#primaryimage"},"image":{"@id":"https://www.ccb.pt/en/evento/historiadores/2024-11-13/#primaryimage"},"thumbnailUrl":"https://www.ccb.pt/wp-content/uploads/2024/07/2000x940_Historiadores_HenriqueAntunes.jpg","datePublished":"2024-09-06T09:46:34+00:00","dateModified":"2024-11-15T17:51:34+00:00","description":"Este espetáculo do Teatro do Vestido é sobre o desinteresse, as omissões, as investigações e repreensões, o gosto ou o desgosto da disciplina de História e daqueles que a escrevem e ensinam.","breadcrumb":{"@id":"https://www.ccb.pt/en/evento/historiadores/2024-11-13/#breadcrumb"},"inLanguage":"en-US","potentialAction":[{"@type":"ReadAction","target":["https://www.ccb.pt/en/evento/historiadores/2024-11-13/"]}]},{"@type":"ImageObject","inLanguage":"en-US","@id":"https://www.ccb.pt/en/evento/historiadores/2024-11-13/#primaryimage","url":"https://www.ccb.pt/wp-content/uploads/2024/07/2000x940_Historiadores_HenriqueAntunes.jpg","contentUrl":"https://www.ccb.pt/wp-content/uploads/2024/07/2000x940_Historiadores_HenriqueAntunes.jpg","width":1934,"height":909,"caption":"(c) Henrique Antunes"},{"@type":"BreadcrumbList","@id":"https://www.ccb.pt/en/evento/historiadores/2024-11-13/#breadcrumb","itemListElement":[{"@type":"ListItem","position":1,"name":"Home","item":"https://www.ccb.pt/en/"},{"@type":"ListItem","position":2,"name":"Eventos","item":"https://www.ccb.pt/eventos/"},{"@type":"ListItem","position":3,"name":"Historiadores"}]},{"@type":"WebSite","@id":"https://www.ccb.pt/#website","url":"https://www.ccb.pt/","name":"Centro Cultural de Belém Foundation","description":"","publisher":{"@id":"https://www.ccb.pt/#organization"},"potentialAction":[{"@type":"SearchAction","target":{"@type":"EntryPoint","urlTemplate":"https://www.ccb.pt/?s={search_term_string}"},"query-input":"required name=search_term_string"}],"inLanguage":"en-US"},{"@type":"Organization","@id":"https://www.ccb.pt/#organization","name":"Centro Cultural de Belém Foundation","url":"https://www.ccb.pt/","logo":{"@type":"ImageObject","inLanguage":"en-US","@id":"https://www.ccb.pt/#/schema/logo/image/","url":"https://www.ccb.pt/wp-content/uploads/2022/05/1_ccb.png","contentUrl":"https://www.ccb.pt/wp-content/uploads/2022/05/1_ccb.png","width":126,"height":100,"caption":"Centro Cultural de Belém Foundation"},"image":{"@id":"https://www.ccb.pt/#/schema/logo/image/"},"sameAs":["https://twitter.com/macccb_museu"]}]}</script>
<!-- / Yoast SEO plugin. -->

Historiadores - Centro Cultural de Belém Foundation

Este espetáculo do Teatro do Vestido é sobre o desinteresse, as omissões, as investigações e repreensões, o gosto ou o desgosto da disciplina de História e daqueles que a escrevem e ensinam.

Espetáculo sobre o desinteresse, as omissões, as investigações e repreensões, o gosto ou o desgosto da disciplina de História e daqueles que a escrevem e ensinam.

Centro Cultural de Belém Foundation
