    {"id":190598,"date":"2024-09-06T10:49:14","date_gmt":"2024-09-06T09:49:14","guid":{"rendered":"https:\/\/www.ccb.pt\/evento\/venezia\/"},"modified":"2024-11-18T11:59:02","modified_gmt":"2024-11-18T11:59:02","slug":"venezia","status":"publish","type":"tribe_events","link":"https:\/\/www.ccb.pt\/en\/evento\/venezia\/","title":{"rendered":"Venezia"},"content":{"rendered":"<p>The Concerto de&#8217; Cavalieri ensemble presents <em>Venezia<\/em> at the CCB, highlighting Venetian music with works by Vivaldi, Albinoni, Marcello, and Caldara. The concert includes emblematic Baroque concerts and sonatas, promising an unforgettable night for classical music aficionados.<\/p>\n<p>&nbsp;<\/p>\n<p>&nbsp;<\/p>\n","protected":false},"excerpt":{"rendered":"<p>The Concerto de&#8217; Cavalieri ensemble presents Venezia at the CCB, highlighting Venetian music with works by Vivaldi, Albinoni, Marcello, and Caldara. The concert includes emblematic Baroque concerts and sonatas, promising an unforgettable night for classical music aficionados. &nbsp; &nbsp;<\/p>\n","protected":false},"author":6,"featured_media":183933,"comment_status":"closed","ping_status":"closed","template":"","meta":{"_relevanssi_hide_post":"","_relevanssi_pin_for_all":"on","_relevanssi_pin_keywords":"","_relevanssi_unpin_keywords":"","_relevanssi_related_keywords":"","_relevanssi_related_include_ids":"","_relevanssi_related_exclude_ids":"","_relevanssi_related_no_append":"","_relevanssi_related_not_related":"","_relevanssi_related_posts":"","_relevanssi_noindex_reason":""},"tribe_events_cat":[590,23],"tags_tema":[],"idades":[392],"tipos":[],"temas":[],"categorias_hubspot":[],"acf":[],"yoast_head":"<!-- This site is optimized with the Yoast SEO plugin v22.3 - https:\/\/yoast.com\/wordpress\/plugins\/seo\/ -->\n<title>Venezia - Centro Cultural de Bel\u00e9m Foundation<\/title>\n<meta name=\"description\" content=\"O ensemble Concerto de&#039; Cavalieri apresenta o concerto Venezia, uma celebra\u00e7\u00e3o da rica tradi\u00e7\u00e3o musical veneziana.\" \/>\n<meta name=\"robots\" content=\"index, follow, max-snippet:-1, max-image-preview:large, max-video-preview:-1\" \/>\n<link rel=\"canonical\" href=\"https:\/\/www.ccb.pt\/en\/evento\/venezia\/\" \/>\n<meta property=\"og:locale\" content=\"en_US\" \/>\n<meta property=\"og:type\" content=\"article\" \/>\n<meta property=\"og:title\" content=\"Concerto de&#039; Cavalieri | Venezia - CCB\" \/>\n<meta property=\"og:description\" content=\"O ensemble Concerto de&#039; Cavalieri apresenta o concerto Venezia, uma celebra\u00e7\u00e3o da rica tradi\u00e7\u00e3o musical veneziana.\" \/>\n<meta property=\"og:url\" content=\"https:\/\/www.ccb.pt\/en\/evento\/venezia\/\" \/>\n<meta property=\"og:site_name\" content=\"Centro Cultural de Bel\u00e9m Foundation\" \/>\n<meta property=\"article:modified_time\" content=\"2024-11-18T11:59:02+00:00\" \/>\n<meta property=\"og:image\" content=\"https:\/\/www.ccb.pt\/wp-content\/uploads\/2024\/07\/1200X630_ConcertodeCavalieri_CyrilleGuir-scaled.jpg\" \/>\n\t<meta property=\"og:image:width\" content=\"2560\" \/>\n\t<meta property=\"og:image:height\" content=\"1345\" \/>\n\t<meta property=\"og:image:type\" content=\"image\/jpeg\" \/>\n<meta name=\"twitter:card\" content=\"summary_large_image\" \/>\n<meta name=\"twitter:site\" content=\"@macccb_museu\" \/>\n<meta name=\"twitter:label1\" content=\"Est. reading time\" \/>\n\t<meta name=\"twitter:data1\" content=\"1 minute\" \/>\n<script type=\"application\/ld+json\" class=\"yoast-schema-graph\">{\"@context\":\"https:\/\/schema.org\",\"@graph\":[{\"@type\":\"WebPage\",\"@id\":\"https:\/\/www.ccb.pt\/en\/evento\/venezia\/\",\"url\":\"https:\/\/www.ccb.pt\/en\/evento\/venezia\/\",\"name\":\"Venezia - Centro Cultural de Bel\u00e9m Foundation\",\"isPartOf\":{\"@id\":\"https:\/\/www.ccb.pt\/#website\"},\"primaryImageOfPage\":{\"@id\":\"https:\/\/www.ccb.pt\/en\/evento\/venezia\/#primaryimage\"},\"image\":{\"@id\":\"https:\/\/www.ccb.pt\/en\/evento\/venezia\/#primaryimage\"},\"thumbnailUrl\":\"https:\/\/www.ccb.pt\/wp-content\/uploads\/2024\/07\/2000x940_ConcertodeCavalieri_CyrilleGuir-scaled.jpg\",\"datePublished\":\"2024-09-06T09:49:14+00:00\",\"dateModified\":\"2024-11-18T11:59:02+00:00\",\"description\":\"O ensemble Concerto de' Cavalieri apresenta o concerto Venezia, uma celebra\u00e7\u00e3o da rica tradi\u00e7\u00e3o musical veneziana.\",\"breadcrumb\":{\"@id\":\"https:\/\/www.ccb.pt\/en\/evento\/venezia\/#breadcrumb\"},\"inLanguage\":\"en-US\",\"potentialAction\":[{\"@type\":\"ReadAction\",\"target\":[\"https:\/\/www.ccb.pt\/en\/evento\/venezia\/\"]}]},{\"@type\":\"ImageObject\",\"inLanguage\":\"en-US\",\"@id\":\"https:\/\/www.ccb.pt\/en\/evento\/venezia\/#primaryimage\",\"url\":\"https:\/\/www.ccb.pt\/wp-content\/uploads\/2024\/07\/2000x940_ConcertodeCavalieri_CyrilleGuir-scaled.jpg\",\"contentUrl\":\"https:\/\/www.ccb.pt\/wp-content\/uploads\/2024\/07\/2000x940_ConcertodeCavalieri_CyrilleGuir-scaled.jpg\",\"width\":2560,\"height\":1203,\"caption\":\"(c)\"},{\"@type\":\"BreadcrumbList\",\"@id\":\"https:\/\/www.ccb.pt\/en\/evento\/venezia\/#breadcrumb\",\"itemListElement\":[{\"@type\":\"ListItem\",\"position\":1,\"name\":\"Home\",\"item\":\"https:\/\/www.ccb.pt\/en\/\"},{\"@type\":\"ListItem\",\"position\":2,\"name\":\"Eventos\",\"item\":\"https:\/\/www.ccb.pt\/eventos\/\"},{\"@type\":\"ListItem\",\"position\":3,\"name\":\"Venezia\"}]},{\"@type\":\"WebSite\",\"@id\":\"https:\/\/www.ccb.pt\/#website\",\"url\":\"https:\/\/www.ccb.pt\/\",\"name\":\"Centro Cultural de Bel\u00e9m Foundation\",\"description\":\"\",\"publisher\":{\"@id\":\"https:\/\/www.ccb.pt\/#organization\"},\"potentialAction\":[{\"@type\":\"SearchAction\",\"target\":{\"@type\":\"EntryPoint\",\"urlTemplate\":\"https:\/\/www.ccb.pt\/?s={search_term_string}\"},\"query-input\":\"required name=search_term_string\"}],\"inLanguage\":\"en-US\"},{\"@type\":\"Organization\",\"@id\":\"https:\/\/www.ccb.pt\/#organization\",\"name\":\"Centro Cultural de Bel\u00e9m Foundation\",\"url\":\"https:\/\/www.ccb.pt\/\",\"logo\":{\"@type\":\"ImageObject\",\"inLanguage\":\"en-US\",\"@id\":\"https:\/\/www.ccb.pt\/#\/schema\/logo\/image\/\",\"url\":\"https:\/\/www.ccb.pt\/wp-content\/uploads\/2022\/05\/1_ccb.png\",\"contentUrl\":\"https:\/\/www.ccb.pt\/wp-content\/uploads\/2022\/05\/1_ccb.png\",\"width\":126,\"height\":100,\"caption\":\"Centro Cultural de Bel\u00e9m Foundation\"},\"image\":{\"@id\":\"https:\/\/www.ccb.pt\/#\/schema\/logo\/image\/\"},\"sameAs\":[\"https:\/\/twitter.com\/macccb_museu\"]}]}<\/script>\n<!-- \/ Yoast SEO plugin. -->","yoast_head_json":{"title":"Venezia - Centro Cultural de Bel\u00e9m Foundation","description":"O ensemble Concerto de' Cavalieri apresenta o concerto Venezia, uma celebra\u00e7\u00e3o da rica tradi\u00e7\u00e3o musical veneziana.","robots":{"index":"index","follow":"follow","max-snippet":"max-snippet:-1","max-image-preview":"max-image-preview:large","max-video-preview":"max-video-preview:-1"},"canonical":"https:\/\/www.ccb.pt\/en\/evento\/venezia\/","og_locale":"en_US","og_type":"article","og_title":"Concerto de' Cavalieri | Venezia - CCB","og_description":"O ensemble Concerto de' Cavalieri apresenta o concerto Venezia, uma celebra\u00e7\u00e3o da rica tradi\u00e7\u00e3o musical veneziana.","og_url":"https:\/\/www.ccb.pt\/en\/evento\/venezia\/","og_site_name":"Centro Cultural de Bel\u00e9m Foundation","article_modified_time":"2024-11-18T11:59:02+00:00","og_image":[{"width":2560,"height":1345,"url":"https:\/\/www.ccb.pt\/wp-content\/uploads\/2024\/07\/1200X630_ConcertodeCavalieri_CyrilleGuir-scaled.jpg","type":"image\/jpeg"}],"twitter_card":"summary_large_image","twitter_site":"@macccb_museu","twitter_misc":{"Est. reading time":"1 minute"},"schema":{"@context":"https:\/\/schema.org","@graph":[{"@type":"WebPage","@id":"https:\/\/www.ccb.pt\/en\/evento\/venezia\/","url":"https:\/\/www.ccb.pt\/en\/evento\/venezia\/","name":"Venezia - Centro Cultural de Bel\u00e9m Foundation","isPartOf":{"@id":"https:\/\/www.ccb.pt\/#website"},"primaryImageOfPage":{"@id":"https:\/\/www.ccb.pt\/en\/evento\/venezia\/#primaryimage"},"image":{"@id":"https:\/\/www.ccb.pt\/en\/evento\/venezia\/#primaryimage"},"thumbnailUrl":"https:\/\/www.ccb.pt\/wp-content\/uploads\/2024\/07\/2000x940_ConcertodeCavalieri_CyrilleGuir-scaled.jpg","datePublished":"2024-09-06T09:49:14+00:00","dateModified":"2024-11-18T11:59:02+00:00","description":"O ensemble Concerto de' Cavalieri apresenta o concerto Venezia, uma celebra\u00e7\u00e3o da rica tradi\u00e7\u00e3o musical veneziana.","breadcrumb":{"@id":"https:\/\/www.ccb.pt\/en\/evento\/venezia\/#breadcrumb"},"inLanguage":"en-US","potentialAction":[{"@type":"ReadAction","target":["https:\/\/www.ccb.pt\/en\/evento\/venezia\/"]}]},{"@type":"ImageObject","inLanguage":"en-US","@id":"https:\/\/www.ccb.pt\/en\/evento\/venezia\/#primaryimage","url":"https:\/\/www.ccb.pt\/wp-content\/uploads\/2024\/07\/2000x940_ConcertodeCavalieri_CyrilleGuir-scaled.jpg","contentUrl":"https:\/\/www.ccb.pt\/wp-content\/uploads\/2024\/07\/2000x940_ConcertodeCavalieri_CyrilleGuir-scaled.jpg","width":2560,"height":1203,"caption":"(c)"},{"@type":"BreadcrumbList","@id":"https:\/\/www.ccb.pt\/en\/evento\/venezia\/#breadcrumb","itemListElement":[{"@type":"ListItem","position":1,"name":"Home","item":"https:\/\/www.ccb.pt\/en\/"},{"@type":"ListItem","position":2,"name":"Eventos","item":"https:\/\/www.ccb.pt\/eventos\/"},{"@type":"ListItem","position":3,"name":"Venezia"}]},{"@type":"WebSite","@id":"https:\/\/www.ccb.pt\/#website","url":"https:\/\/www.ccb.pt\/","name":"Centro Cultural de Bel\u00e9m Foundation","description":"","publisher":{"@id":"https:\/\/www.ccb.pt\/#organization"},"potentialAction":[{"@type":"SearchAction","target":{"@type":"EntryPoint","urlTemplate":"https:\/\/www.ccb.pt\/?s={search_term_string}"},"query-input":"required name=search_term_string"}],"inLanguage":"en-US"},{"@type":"Organization","@id":"https:\/\/www.ccb.pt\/#organization","name":"Centro Cultural de Bel\u00e9m Foundation","url":"https:\/\/www.ccb.pt\/","logo":{"@type":"ImageObject","inLanguage":"en-US","@id":"https:\/\/www.ccb.pt\/#\/schema\/logo\/image\/","url":"https:\/\/www.ccb.pt\/wp-content\/uploads\/2022\/05\/1_ccb.png","contentUrl":"https:\/\/www.ccb.pt\/wp-content\/uploads\/2022\/05\/1_ccb.png","width":126,"height":100,"caption":"Centro Cultural de Bel\u00e9m Foundation"},"image":{"@id":"https:\/\/www.ccb.pt\/#\/schema\/logo\/image\/"},"sameAs":["https:\/\/twitter.com\/macccb_museu"]}]}},"_links":{"self":[{"href":"https:\/\/www.ccb.pt\/en\/wp-json\/wp\/v2\/tribe_events\/190598"}],"collection":[{"href":"https:\/\/www.ccb.pt\/en\/wp-json\/wp\/v2\/tribe_events"}],"about":[{"href":"https:\/\/www.ccb.pt\/en\/wp-json\/wp\/v2\/types\/tribe_events"}],"author":[{"embeddable":true,"href":"https:\/\/www.ccb.pt\/en\/wp-json\/wp\/v2\/users\/6"}],"replies":[{"embeddable":true,"href":"https:\/\/www.ccb.pt\/en\/wp-json\/wp\/v2\/comments?post=190598"}],"version-history":[{"count":5,"href":"https:\/\/www.ccb.pt\/en\/wp-json\/wp\/v2\/tribe_events\/190598\/revisions"}],"predecessor-version":[{"id":203827,"href":"https:\/\/www.ccb.pt\/en\/wp-json\/wp\/v2\/tribe_events\/190598\/revisions\/203827"}],"wp:featuredmedia":[{"embeddable":true,"href":"https:\/\/www.ccb.pt\/en\/wp-json\/wp\/v2\/media\/183933"}],"wp:attachment":[{"href":"https:\/\/www.ccb.pt\/en\/wp-json\/wp\/v2\/media?parent=190598"}],"wp:term":[{"taxonomy":"tribe_events_cat","embeddable":true,"href":"https:\/\/www.ccb.pt\/en\/wp-json\/wp\/v2\/tribe_events_cat?post=190598"},{"taxonomy":"tags_tema","embeddable":true,"href":"https:\/\/www.ccb.pt\/en\/wp-json\/wp\/v2\/tags_tema?post=190598"},{"taxonomy":"idades","embeddable":true,"href":"https:\/\/www.ccb.pt\/en\/wp-json\/wp\/v2\/idades?post=190598"},{"taxonomy":"tipos","embeddable":true,"href":"https:\/\/www.ccb.pt\/en\/wp-json\/wp\/v2\/tipos?post=190598"},{"taxonomy":"temas","embeddable":true,"href":"https:\/\/www.ccb.pt\/en\/wp-json\/wp\/v2\/temas?post=190598"},{"taxonomy":"categorias_hubspot","embeddable":true,"href":"https:\/\/www.ccb.pt\/en\/wp-json\/wp\/v2\/categorias_hubspot?post=190598"}],"curies":[{"name":"wp","href":"https:\/\/api.w.org\/{rel}","templated":true}]}}

<!-- This site is optimized with the Yoast SEO plugin v22.3 - https://yoast.com/wordpress/plugins/seo/ -->
<title>Venezia - Centro Cultural de Belém Foundation</title>
<meta name="description" content="O ensemble Concerto de&#039; Cavalieri apresenta o concerto Venezia, uma celebração da rica tradição musical veneziana." />
<meta name="robots" content="index, follow, max-snippet:-1, max-image-preview:large, max-video-preview:-1" />
<link rel="canonical" href="https://www.ccb.pt/en/evento/venezia/" />
<meta property="og:locale" content="en_US" />
<meta property="og:type" content="article" />
<meta property="og:title" content="Concerto de&#039; Cavalieri | Venezia - CCB" />
<meta property="og:description" content="O ensemble Concerto de&#039; Cavalieri apresenta o concerto Venezia, uma celebração da rica tradição musical veneziana." />
<meta property="og:url" content="https://www.ccb.pt/en/evento/venezia/" />
<meta property="og:site_name" content="Centro Cultural de Belém Foundation" />
<meta property="article:modified_time" content="2024-11-18T11:59:02+00:00" />
<meta property="og:image" content="https://www.ccb.pt/wp-content/uploads/2024/07/1200X630_ConcertodeCavalieri_CyrilleGuir-scaled.jpg" />
	<meta property="og:image:width" content="2560" />
	<meta property="og:image:height" content="1345" />
	<meta property="og:image:type" content="image/jpeg" />
<meta name="twitter:card" content="summary_large_image" />
<meta name="twitter:site" content="@macccb_museu" />
<meta name="twitter:label1" content="Est. reading time" />
	<meta name="twitter:data1" content="1 minute" />
<script type="application/ld+json" class="yoast-schema-graph">{"@context":"https://schema.org","@graph":[{"@type":"WebPage","@id":"https://www.ccb.pt/en/evento/venezia/","url":"https://www.ccb.pt/en/evento/venezia/","name":"Venezia - Centro Cultural de Belém Foundation","isPartOf":{"@id":"https://www.ccb.pt/#website"},"primaryImageOfPage":{"@id":"https://www.ccb.pt/en/evento/venezia/#primaryimage"},"image":{"@id":"https://www.ccb.pt/en/evento/venezia/#primaryimage"},"thumbnailUrl":"https://www.ccb.pt/wp-content/uploads/2024/07/2000x940_ConcertodeCavalieri_CyrilleGuir-scaled.jpg","datePublished":"2024-09-06T09:49:14+00:00","dateModified":"2024-11-18T11:59:02+00:00","description":"O ensemble Concerto de' Cavalieri apresenta o concerto Venezia, uma celebração da rica tradição musical veneziana.","breadcrumb":{"@id":"https://www.ccb.pt/en/evento/venezia/#breadcrumb"},"inLanguage":"en-US","potentialAction":[{"@type":"ReadAction","target":["https://www.ccb.pt/en/evento/venezia/"]}]},{"@type":"ImageObject","inLanguage":"en-US","@id":"https://www.ccb.pt/en/evento/venezia/#primaryimage","url":"https://www.ccb.pt/wp-content/uploads/2024/07/2000x940_ConcertodeCavalieri_CyrilleGuir-scaled.jpg","contentUrl":"https://www.ccb.pt/wp-content/uploads/2024/07/2000x940_ConcertodeCavalieri_CyrilleGuir-scaled.jpg","width":2560,"height":1203,"caption":"(c)"},{"@type":"BreadcrumbList","@id":"https://www.ccb.pt/en/evento/venezia/#breadcrumb","itemListElement":[{"@type":"ListItem","position":1,"name":"Home","item":"https://www.ccb.pt/en/"},{"@type":"ListItem","position":2,"name":"Eventos","item":"https://www.ccb.pt/eventos/"},{"@type":"ListItem","position":3,"name":"Venezia"}]},{"@type":"WebSite","@id":"https://www.ccb.pt/#website","url":"https://www.ccb.pt/","name":"Centro Cultural de Belém Foundation","description":"","publisher":{"@id":"https://www.ccb.pt/#organization"},"potentialAction":[{"@type":"SearchAction","target":{"@type":"EntryPoint","urlTemplate":"https://www.ccb.pt/?s={search_term_string}"},"query-input":"required name=search_term_string"}],"inLanguage":"en-US"},{"@type":"Organization","@id":"https://www.ccb.pt/#organization","name":"Centro Cultural de Belém Foundation","url":"https://www.ccb.pt/","logo":{"@type":"ImageObject","inLanguage":"en-US","@id":"https://www.ccb.pt/#/schema/logo/image/","url":"https://www.ccb.pt/wp-content/uploads/2022/05/1_ccb.png","contentUrl":"https://www.ccb.pt/wp-content/uploads/2022/05/1_ccb.png","width":126,"height":100,"caption":"Centro Cultural de Belém Foundation"},"image":{"@id":"https://www.ccb.pt/#/schema/logo/image/"},"sameAs":["https://twitter.com/macccb_museu"]}]}</script>
<!-- / Yoast SEO plugin. -->

Venezia - Centro Cultural de Belém Foundation

O ensemble Concerto de' Cavalieri apresenta o concerto Venezia, uma celebração da rica tradição musical veneziana.

Centro Cultural de Belém Foundation
