    {"id":186150,"date":"2024-09-09T12:05:45","date_gmt":"2024-09-09T11:05:45","guid":{"rendered":"https:\/\/www.ccb.pt\/?post_type=tribe_events&#038;p=186150"},"modified":"2024-09-10T10:06:59","modified_gmt":"2024-09-10T09:06:59","slug":"not-far-from-paradise","status":"publish","type":"tribe_events","link":"https:\/\/www.ccb.pt\/en\/evento\/not-far-from-paradise\/","title":{"rendered":"Not Far From Paradise"},"content":{"rendered":"<p>Eduardo Cardinho, vibraphonist from Porto, presents <em>Not Far From Paradise, <\/em>released via Fresh Sound in 2024. The project highlights his unique voice on the vibraphone and collaborations with young Portuguese jazz talents such as Jos\u00e9 Diogo Martins, Jo\u00e3o Mort\u00e1gua, Diogo Alexandre, Frederico Heliodoro, and Iuri Oliveira, exploring new compositions with synthesizers and saxophone.<\/p>\n","protected":false},"excerpt":{"rendered":"<p>Eduardo Cardinho, vibraphonist from Porto, presents Not Far From Paradise, released via Fresh Sound in 2024. The project highlights his unique voice on the vibraphone and collaborations with young Portuguese jazz talents such as Jos\u00e9 Diogo Martins, Jo\u00e3o Mort\u00e1gua, Diogo Alexandre, Frederico Heliodoro, and Iuri Oliveira, exploring new compositions with synthesizers and saxophone.<\/p>\n","protected":false},"author":6,"featured_media":184216,"comment_status":"closed","ping_status":"closed","template":"","meta":{"_relevanssi_hide_post":"","_relevanssi_pin_for_all":"on","_relevanssi_pin_keywords":"","_relevanssi_unpin_keywords":"","_relevanssi_related_keywords":"","_relevanssi_related_include_ids":"","_relevanssi_related_exclude_ids":"","_relevanssi_related_no_append":"","_relevanssi_related_not_related":"","_relevanssi_related_posts":"","_relevanssi_noindex_reason":""},"tribe_events_cat":[598,590,23],"tags_tema":[],"idades":[392],"tipos":[],"temas":[],"categorias_hubspot":[],"acf":[],"yoast_head":"<!-- This site is optimized with the Yoast SEO plugin v22.3 - https:\/\/yoast.com\/wordpress\/plugins\/seo\/ -->\n<title>Not Far From Paradise - Centro Cultural de Bel\u00e9m Foundation<\/title>\n<meta name=\"description\" content=\"O vibrafonista e compositor\u00a0residente no Porto, apresenta o seu mais recente projeto, Not Far From Paradise.\" \/>\n<meta name=\"robots\" content=\"index, follow, max-snippet:-1, max-image-preview:large, max-video-preview:-1\" \/>\n<link rel=\"canonical\" href=\"https:\/\/www.ccb.pt\/en\/evento\/not-far-from-paradise\/\" \/>\n<meta property=\"og:locale\" content=\"en_US\" \/>\n<meta property=\"og:type\" content=\"article\" \/>\n<meta property=\"og:title\" content=\"Eduardo Cardinho | Not Far From Paradise - CCB\" \/>\n<meta property=\"og:description\" content=\"O vibrafonista e compositor\u00a0residente no Porto, apresenta o seu mais recente projeto, Not Far From Paradise.\" \/>\n<meta property=\"og:url\" content=\"https:\/\/www.ccb.pt\/en\/evento\/not-far-from-paradise\/\" \/>\n<meta property=\"og:site_name\" content=\"Centro Cultural de Bel\u00e9m Foundation\" \/>\n<meta property=\"article:modified_time\" content=\"2024-09-10T09:06:59+00:00\" \/>\n<meta property=\"og:image\" content=\"https:\/\/www.ccb.pt\/wp-content\/uploads\/2024\/07\/1200x630_Eduardo_Cardinho_Sebas_Ferreira_II.jpg\" \/>\n\t<meta property=\"og:image:width\" content=\"1844\" \/>\n\t<meta property=\"og:image:height\" content=\"968\" \/>\n\t<meta property=\"og:image:type\" content=\"image\/jpeg\" \/>\n<meta name=\"twitter:card\" content=\"summary_large_image\" \/>\n<meta name=\"twitter:site\" content=\"@macccb_museu\" \/>\n<meta name=\"twitter:label1\" content=\"Est. reading time\" \/>\n\t<meta name=\"twitter:data1\" content=\"1 minute\" \/>\n<script type=\"application\/ld+json\" class=\"yoast-schema-graph\">{\"@context\":\"https:\/\/schema.org\",\"@graph\":[{\"@type\":\"WebPage\",\"@id\":\"https:\/\/www.ccb.pt\/en\/evento\/not-far-from-paradise\/\",\"url\":\"https:\/\/www.ccb.pt\/en\/evento\/not-far-from-paradise\/\",\"name\":\"Not Far From Paradise - Centro Cultural de Bel\u00e9m Foundation\",\"isPartOf\":{\"@id\":\"https:\/\/www.ccb.pt\/#website\"},\"primaryImageOfPage\":{\"@id\":\"https:\/\/www.ccb.pt\/en\/evento\/not-far-from-paradise\/#primaryimage\"},\"image\":{\"@id\":\"https:\/\/www.ccb.pt\/en\/evento\/not-far-from-paradise\/#primaryimage\"},\"thumbnailUrl\":\"https:\/\/www.ccb.pt\/wp-content\/uploads\/2024\/07\/2000x940_Eduardo_Cardinho_Sebas_Ferreira_II.jpg\",\"datePublished\":\"2024-09-09T11:05:45+00:00\",\"dateModified\":\"2024-09-10T09:06:59+00:00\",\"description\":\"O vibrafonista e compositor\u00a0residente no Porto, apresenta o seu mais recente projeto, Not Far From Paradise.\",\"breadcrumb\":{\"@id\":\"https:\/\/www.ccb.pt\/en\/evento\/not-far-from-paradise\/#breadcrumb\"},\"inLanguage\":\"en-US\",\"potentialAction\":[{\"@type\":\"ReadAction\",\"target\":[\"https:\/\/www.ccb.pt\/en\/evento\/not-far-from-paradise\/\"]}]},{\"@type\":\"ImageObject\",\"inLanguage\":\"en-US\",\"@id\":\"https:\/\/www.ccb.pt\/en\/evento\/not-far-from-paradise\/#primaryimage\",\"url\":\"https:\/\/www.ccb.pt\/wp-content\/uploads\/2024\/07\/2000x940_Eduardo_Cardinho_Sebas_Ferreira_II.jpg\",\"contentUrl\":\"https:\/\/www.ccb.pt\/wp-content\/uploads\/2024\/07\/2000x940_Eduardo_Cardinho_Sebas_Ferreira_II.jpg\",\"width\":2000,\"height\":940,\"caption\":\"(c)\"},{\"@type\":\"BreadcrumbList\",\"@id\":\"https:\/\/www.ccb.pt\/en\/evento\/not-far-from-paradise\/#breadcrumb\",\"itemListElement\":[{\"@type\":\"ListItem\",\"position\":1,\"name\":\"Home\",\"item\":\"https:\/\/www.ccb.pt\/en\/\"},{\"@type\":\"ListItem\",\"position\":2,\"name\":\"Eventos\",\"item\":\"https:\/\/www.ccb.pt\/eventos\/\"},{\"@type\":\"ListItem\",\"position\":3,\"name\":\"Not Far From Paradise\"}]},{\"@type\":\"WebSite\",\"@id\":\"https:\/\/www.ccb.pt\/#website\",\"url\":\"https:\/\/www.ccb.pt\/\",\"name\":\"Centro Cultural de Bel\u00e9m Foundation\",\"description\":\"\",\"publisher\":{\"@id\":\"https:\/\/www.ccb.pt\/#organization\"},\"potentialAction\":[{\"@type\":\"SearchAction\",\"target\":{\"@type\":\"EntryPoint\",\"urlTemplate\":\"https:\/\/www.ccb.pt\/?s={search_term_string}\"},\"query-input\":\"required name=search_term_string\"}],\"inLanguage\":\"en-US\"},{\"@type\":\"Organization\",\"@id\":\"https:\/\/www.ccb.pt\/#organization\",\"name\":\"Centro Cultural de Bel\u00e9m Foundation\",\"url\":\"https:\/\/www.ccb.pt\/\",\"logo\":{\"@type\":\"ImageObject\",\"inLanguage\":\"en-US\",\"@id\":\"https:\/\/www.ccb.pt\/#\/schema\/logo\/image\/\",\"url\":\"https:\/\/www.ccb.pt\/wp-content\/uploads\/2022\/05\/1_ccb.png\",\"contentUrl\":\"https:\/\/www.ccb.pt\/wp-content\/uploads\/2022\/05\/1_ccb.png\",\"width\":126,\"height\":100,\"caption\":\"Centro Cultural de Bel\u00e9m Foundation\"},\"image\":{\"@id\":\"https:\/\/www.ccb.pt\/#\/schema\/logo\/image\/\"},\"sameAs\":[\"https:\/\/twitter.com\/macccb_museu\"]}]}<\/script>\n<!-- \/ Yoast SEO plugin. -->","yoast_head_json":{"title":"Not Far From Paradise - Centro Cultural de Bel\u00e9m Foundation","description":"O vibrafonista e compositor\u00a0residente no Porto, apresenta o seu mais recente projeto, Not Far From Paradise.","robots":{"index":"index","follow":"follow","max-snippet":"max-snippet:-1","max-image-preview":"max-image-preview:large","max-video-preview":"max-video-preview:-1"},"canonical":"https:\/\/www.ccb.pt\/en\/evento\/not-far-from-paradise\/","og_locale":"en_US","og_type":"article","og_title":"Eduardo Cardinho | Not Far From Paradise - CCB","og_description":"O vibrafonista e compositor\u00a0residente no Porto, apresenta o seu mais recente projeto, Not Far From Paradise.","og_url":"https:\/\/www.ccb.pt\/en\/evento\/not-far-from-paradise\/","og_site_name":"Centro Cultural de Bel\u00e9m Foundation","article_modified_time":"2024-09-10T09:06:59+00:00","og_image":[{"width":1844,"height":968,"url":"https:\/\/www.ccb.pt\/wp-content\/uploads\/2024\/07\/1200x630_Eduardo_Cardinho_Sebas_Ferreira_II.jpg","type":"image\/jpeg"}],"twitter_card":"summary_large_image","twitter_site":"@macccb_museu","twitter_misc":{"Est. reading time":"1 minute"},"schema":{"@context":"https:\/\/schema.org","@graph":[{"@type":"WebPage","@id":"https:\/\/www.ccb.pt\/en\/evento\/not-far-from-paradise\/","url":"https:\/\/www.ccb.pt\/en\/evento\/not-far-from-paradise\/","name":"Not Far From Paradise - Centro Cultural de Bel\u00e9m Foundation","isPartOf":{"@id":"https:\/\/www.ccb.pt\/#website"},"primaryImageOfPage":{"@id":"https:\/\/www.ccb.pt\/en\/evento\/not-far-from-paradise\/#primaryimage"},"image":{"@id":"https:\/\/www.ccb.pt\/en\/evento\/not-far-from-paradise\/#primaryimage"},"thumbnailUrl":"https:\/\/www.ccb.pt\/wp-content\/uploads\/2024\/07\/2000x940_Eduardo_Cardinho_Sebas_Ferreira_II.jpg","datePublished":"2024-09-09T11:05:45+00:00","dateModified":"2024-09-10T09:06:59+00:00","description":"O vibrafonista e compositor\u00a0residente no Porto, apresenta o seu mais recente projeto, Not Far From Paradise.","breadcrumb":{"@id":"https:\/\/www.ccb.pt\/en\/evento\/not-far-from-paradise\/#breadcrumb"},"inLanguage":"en-US","potentialAction":[{"@type":"ReadAction","target":["https:\/\/www.ccb.pt\/en\/evento\/not-far-from-paradise\/"]}]},{"@type":"ImageObject","inLanguage":"en-US","@id":"https:\/\/www.ccb.pt\/en\/evento\/not-far-from-paradise\/#primaryimage","url":"https:\/\/www.ccb.pt\/wp-content\/uploads\/2024\/07\/2000x940_Eduardo_Cardinho_Sebas_Ferreira_II.jpg","contentUrl":"https:\/\/www.ccb.pt\/wp-content\/uploads\/2024\/07\/2000x940_Eduardo_Cardinho_Sebas_Ferreira_II.jpg","width":2000,"height":940,"caption":"(c)"},{"@type":"BreadcrumbList","@id":"https:\/\/www.ccb.pt\/en\/evento\/not-far-from-paradise\/#breadcrumb","itemListElement":[{"@type":"ListItem","position":1,"name":"Home","item":"https:\/\/www.ccb.pt\/en\/"},{"@type":"ListItem","position":2,"name":"Eventos","item":"https:\/\/www.ccb.pt\/eventos\/"},{"@type":"ListItem","position":3,"name":"Not Far From Paradise"}]},{"@type":"WebSite","@id":"https:\/\/www.ccb.pt\/#website","url":"https:\/\/www.ccb.pt\/","name":"Centro Cultural de Bel\u00e9m Foundation","description":"","publisher":{"@id":"https:\/\/www.ccb.pt\/#organization"},"potentialAction":[{"@type":"SearchAction","target":{"@type":"EntryPoint","urlTemplate":"https:\/\/www.ccb.pt\/?s={search_term_string}"},"query-input":"required name=search_term_string"}],"inLanguage":"en-US"},{"@type":"Organization","@id":"https:\/\/www.ccb.pt\/#organization","name":"Centro Cultural de Bel\u00e9m Foundation","url":"https:\/\/www.ccb.pt\/","logo":{"@type":"ImageObject","inLanguage":"en-US","@id":"https:\/\/www.ccb.pt\/#\/schema\/logo\/image\/","url":"https:\/\/www.ccb.pt\/wp-content\/uploads\/2022\/05\/1_ccb.png","contentUrl":"https:\/\/www.ccb.pt\/wp-content\/uploads\/2022\/05\/1_ccb.png","width":126,"height":100,"caption":"Centro Cultural de Bel\u00e9m Foundation"},"image":{"@id":"https:\/\/www.ccb.pt\/#\/schema\/logo\/image\/"},"sameAs":["https:\/\/twitter.com\/macccb_museu"]}]}},"_links":{"self":[{"href":"https:\/\/www.ccb.pt\/en\/wp-json\/wp\/v2\/tribe_events\/186150"}],"collection":[{"href":"https:\/\/www.ccb.pt\/en\/wp-json\/wp\/v2\/tribe_events"}],"about":[{"href":"https:\/\/www.ccb.pt\/en\/wp-json\/wp\/v2\/types\/tribe_events"}],"author":[{"embeddable":true,"href":"https:\/\/www.ccb.pt\/en\/wp-json\/wp\/v2\/users\/6"}],"replies":[{"embeddable":true,"href":"https:\/\/www.ccb.pt\/en\/wp-json\/wp\/v2\/comments?post=186150"}],"version-history":[{"count":4,"href":"https:\/\/www.ccb.pt\/en\/wp-json\/wp\/v2\/tribe_events\/186150\/revisions"}],"predecessor-version":[{"id":190698,"href":"https:\/\/www.ccb.pt\/en\/wp-json\/wp\/v2\/tribe_events\/186150\/revisions\/190698"}],"wp:featuredmedia":[{"embeddable":true,"href":"https:\/\/www.ccb.pt\/en\/wp-json\/wp\/v2\/media\/184216"}],"wp:attachment":[{"href":"https:\/\/www.ccb.pt\/en\/wp-json\/wp\/v2\/media?parent=186150"}],"wp:term":[{"taxonomy":"tribe_events_cat","embeddable":true,"href":"https:\/\/www.ccb.pt\/en\/wp-json\/wp\/v2\/tribe_events_cat?post=186150"},{"taxonomy":"tags_tema","embeddable":true,"href":"https:\/\/www.ccb.pt\/en\/wp-json\/wp\/v2\/tags_tema?post=186150"},{"taxonomy":"idades","embeddable":true,"href":"https:\/\/www.ccb.pt\/en\/wp-json\/wp\/v2\/idades?post=186150"},{"taxonomy":"tipos","embeddable":true,"href":"https:\/\/www.ccb.pt\/en\/wp-json\/wp\/v2\/tipos?post=186150"},{"taxonomy":"temas","embeddable":true,"href":"https:\/\/www.ccb.pt\/en\/wp-json\/wp\/v2\/temas?post=186150"},{"taxonomy":"categorias_hubspot","embeddable":true,"href":"https:\/\/www.ccb.pt\/en\/wp-json\/wp\/v2\/categorias_hubspot?post=186150"}],"curies":[{"name":"wp","href":"https:\/\/api.w.org\/{rel}","templated":true}]}}

<p>Eduardo Cardinho, vibraphonist from Porto, presents <em>Not Far From Paradise, </em>released via Fresh Sound in 2024. The project highlights his unique voice on the vibraphone and collaborations with young Portuguese jazz talents such as José Diogo Martins, João Mortágua, Diogo Alexandre, Frederico Heliodoro, and Iuri Oliveira, exploring new compositions with synthesizers and saxophone.</p>

<p>Eduardo Cardinho, vibraphonist from Porto, presents Not Far From Paradise, released via Fresh Sound in 2024. The project highlights his unique voice on the vibraphone and collaborations with young Portuguese jazz talents such as José Diogo Martins, João Mortágua, Diogo Alexandre, Frederico Heliodoro, and Iuri Oliveira, exploring new compositions with synthesizers and saxophone.</p>

<!-- This site is optimized with the Yoast SEO plugin v22.3 - https://yoast.com/wordpress/plugins/seo/ -->
<title>Not Far From Paradise - Centro Cultural de Belém Foundation</title>
<meta name="description" content="O vibrafonista e compositor residente no Porto, apresenta o seu mais recente projeto, Not Far From Paradise." />
<meta name="robots" content="index, follow, max-snippet:-1, max-image-preview:large, max-video-preview:-1" />
<link rel="canonical" href="https://www.ccb.pt/en/evento/not-far-from-paradise/" />
<meta property="og:locale" content="en_US" />
<meta property="og:type" content="article" />
<meta property="og:title" content="Eduardo Cardinho | Not Far From Paradise - CCB" />
<meta property="og:description" content="O vibrafonista e compositor residente no Porto, apresenta o seu mais recente projeto, Not Far From Paradise." />
<meta property="og:url" content="https://www.ccb.pt/en/evento/not-far-from-paradise/" />
<meta property="og:site_name" content="Centro Cultural de Belém Foundation" />
<meta property="article:modified_time" content="2024-09-10T09:06:59+00:00" />
<meta property="og:image" content="https://www.ccb.pt/wp-content/uploads/2024/07/1200x630_Eduardo_Cardinho_Sebas_Ferreira_II.jpg" />
	<meta property="og:image:width" content="1844" />
	<meta property="og:image:height" content="968" />
	<meta property="og:image:type" content="image/jpeg" />
<meta name="twitter:card" content="summary_large_image" />
<meta name="twitter:site" content="@macccb_museu" />
<meta name="twitter:label1" content="Est. reading time" />
	<meta name="twitter:data1" content="1 minute" />
<script type="application/ld+json" class="yoast-schema-graph">{"@context":"https://schema.org","@graph":[{"@type":"WebPage","@id":"https://www.ccb.pt/en/evento/not-far-from-paradise/","url":"https://www.ccb.pt/en/evento/not-far-from-paradise/","name":"Not Far From Paradise - Centro Cultural de Belém Foundation","isPartOf":{"@id":"https://www.ccb.pt/#website"},"primaryImageOfPage":{"@id":"https://www.ccb.pt/en/evento/not-far-from-paradise/#primaryimage"},"image":{"@id":"https://www.ccb.pt/en/evento/not-far-from-paradise/#primaryimage"},"thumbnailUrl":"https://www.ccb.pt/wp-content/uploads/2024/07/2000x940_Eduardo_Cardinho_Sebas_Ferreira_II.jpg","datePublished":"2024-09-09T11:05:45+00:00","dateModified":"2024-09-10T09:06:59+00:00","description":"O vibrafonista e compositor residente no Porto, apresenta o seu mais recente projeto, Not Far From Paradise.","breadcrumb":{"@id":"https://www.ccb.pt/en/evento/not-far-from-paradise/#breadcrumb"},"inLanguage":"en-US","potentialAction":[{"@type":"ReadAction","target":["https://www.ccb.pt/en/evento/not-far-from-paradise/"]}]},{"@type":"ImageObject","inLanguage":"en-US","@id":"https://www.ccb.pt/en/evento/not-far-from-paradise/#primaryimage","url":"https://www.ccb.pt/wp-content/uploads/2024/07/2000x940_Eduardo_Cardinho_Sebas_Ferreira_II.jpg","contentUrl":"https://www.ccb.pt/wp-content/uploads/2024/07/2000x940_Eduardo_Cardinho_Sebas_Ferreira_II.jpg","width":2000,"height":940,"caption":"(c)"},{"@type":"BreadcrumbList","@id":"https://www.ccb.pt/en/evento/not-far-from-paradise/#breadcrumb","itemListElement":[{"@type":"ListItem","position":1,"name":"Home","item":"https://www.ccb.pt/en/"},{"@type":"ListItem","position":2,"name":"Eventos","item":"https://www.ccb.pt/eventos/"},{"@type":"ListItem","position":3,"name":"Not Far From Paradise"}]},{"@type":"WebSite","@id":"https://www.ccb.pt/#website","url":"https://www.ccb.pt/","name":"Centro Cultural de Belém Foundation","description":"","publisher":{"@id":"https://www.ccb.pt/#organization"},"potentialAction":[{"@type":"SearchAction","target":{"@type":"EntryPoint","urlTemplate":"https://www.ccb.pt/?s={search_term_string}"},"query-input":"required name=search_term_string"}],"inLanguage":"en-US"},{"@type":"Organization","@id":"https://www.ccb.pt/#organization","name":"Centro Cultural de Belém Foundation","url":"https://www.ccb.pt/","logo":{"@type":"ImageObject","inLanguage":"en-US","@id":"https://www.ccb.pt/#/schema/logo/image/","url":"https://www.ccb.pt/wp-content/uploads/2022/05/1_ccb.png","contentUrl":"https://www.ccb.pt/wp-content/uploads/2022/05/1_ccb.png","width":126,"height":100,"caption":"Centro Cultural de Belém Foundation"},"image":{"@id":"https://www.ccb.pt/#/schema/logo/image/"},"sameAs":["https://twitter.com/macccb_museu"]}]}</script>
<!-- / Yoast SEO plugin. -->

Not Far From Paradise - Centro Cultural de Belém Foundation

Centro Cultural de Belém Foundation
