    {"id":186147,"date":"2024-09-09T11:20:22","date_gmt":"2024-09-09T10:20:22","guid":{"rendered":"https:\/\/www.ccb.pt\/?post_type=tribe_events&#038;p=186147"},"modified":"2024-09-09T11:20:22","modified_gmt":"2024-09-09T10:20:22","slug":"sara-paixao","status":"publish","type":"tribe_events","link":"https:\/\/www.ccb.pt\/en\/evento\/sara-paixao\/","title":{"rendered":"Sara Paix\u00e3o"},"content":{"rendered":"<p>Sara Paix\u00e3o presents her debut album, a Museu do Fado Discos edition. The album revisits traditional Fado themes and songs by Vin\u00edcius de Moraes, Toz\u00e9 Brito and Matias Dam\u00e1sio, with new poetic creations. Fado is her starting and ending point, guided by her voice and singular style.<\/p>\n","protected":false},"excerpt":{"rendered":"<p>Sara Paix\u00e3o presents her debut album, a Museu do Fado Discos edition. The album revisits traditional Fado themes and songs by Vin\u00edcius de Moraes, Toz\u00e9 Brito and Matias Dam\u00e1sio, with new poetic creations. Fado is her starting and ending point, guided by her voice and singular style.<\/p>\n","protected":false},"author":6,"featured_media":183877,"comment_status":"closed","ping_status":"closed","template":"","meta":{"_relevanssi_hide_post":"","_relevanssi_pin_for_all":"on","_relevanssi_pin_keywords":"","_relevanssi_unpin_keywords":"","_relevanssi_related_keywords":"","_relevanssi_related_include_ids":"","_relevanssi_related_exclude_ids":"","_relevanssi_related_no_append":"","_relevanssi_related_not_related":"","_relevanssi_related_posts":"","_relevanssi_noindex_reason":""},"tribe_events_cat":[588,590,23],"tags_tema":[],"idades":[392],"tipos":[],"temas":[],"categorias_hubspot":[],"acf":[],"yoast_head":"<!-- This site is optimized with the Yoast SEO plugin v22.3 - https:\/\/yoast.com\/wordpress\/plugins\/seo\/ -->\n<title>Sara Paix\u00e3o - Centro Cultural de Bel\u00e9m Foundation<\/title>\n<meta name=\"description\" content=\"Sara Paix\u00e3o apresenta o seu disco de estreia, uma edi\u00e7\u00e3o Museu do Fado Discos, no Pequeno Audit\u00f3rio do CCB.\" \/>\n<meta name=\"robots\" content=\"index, follow, max-snippet:-1, max-image-preview:large, max-video-preview:-1\" \/>\n<link rel=\"canonical\" href=\"https:\/\/www.ccb.pt\/en\/evento\/sara-paixao\/\" \/>\n<meta property=\"og:locale\" content=\"en_US\" \/>\n<meta property=\"og:type\" content=\"article\" \/>\n<meta property=\"og:title\" content=\"Sara Paix\u00e3o - Centro Cultural de Bel\u00e9m\" \/>\n<meta property=\"og:description\" content=\"Sara Paix\u00e3o apresenta o seu disco de estreia, uma edi\u00e7\u00e3o Museu do Fado Discos, no Pequeno Audit\u00f3rio do CCB.\" \/>\n<meta property=\"og:url\" content=\"https:\/\/www.ccb.pt\/en\/evento\/sara-paixao\/\" \/>\n<meta property=\"og:site_name\" content=\"Centro Cultural de Bel\u00e9m Foundation\" \/>\n<meta property=\"og:image\" content=\"https:\/\/www.ccb.pt\/wp-content\/uploads\/2024\/07\/1200x630_SaraPaixao_facebook_LuisCarvalhal.jpg\" \/>\n\t<meta property=\"og:image:width\" content=\"1200\" \/>\n\t<meta property=\"og:image:height\" content=\"630\" \/>\n\t<meta property=\"og:image:type\" content=\"image\/jpeg\" \/>\n<meta name=\"twitter:card\" content=\"summary_large_image\" \/>\n<meta name=\"twitter:site\" content=\"@macccb_museu\" \/>\n<meta name=\"twitter:label1\" content=\"Est. reading time\" \/>\n\t<meta name=\"twitter:data1\" content=\"1 minute\" \/>\n<script type=\"application\/ld+json\" class=\"yoast-schema-graph\">{\"@context\":\"https:\/\/schema.org\",\"@graph\":[{\"@type\":\"WebPage\",\"@id\":\"https:\/\/www.ccb.pt\/en\/evento\/sara-paixao\/\",\"url\":\"https:\/\/www.ccb.pt\/en\/evento\/sara-paixao\/\",\"name\":\"Sara Paix\u00e3o - Centro Cultural de Bel\u00e9m Foundation\",\"isPartOf\":{\"@id\":\"https:\/\/www.ccb.pt\/#website\"},\"primaryImageOfPage\":{\"@id\":\"https:\/\/www.ccb.pt\/en\/evento\/sara-paixao\/#primaryimage\"},\"image\":{\"@id\":\"https:\/\/www.ccb.pt\/en\/evento\/sara-paixao\/#primaryimage\"},\"thumbnailUrl\":\"https:\/\/www.ccb.pt\/wp-content\/uploads\/2024\/07\/2000x940_SaraPaixao_site_LuisCarvalhal.jpg\",\"datePublished\":\"2024-09-09T10:20:22+00:00\",\"dateModified\":\"2024-09-09T10:20:22+00:00\",\"description\":\"Sara Paix\u00e3o apresenta o seu disco de estreia, uma edi\u00e7\u00e3o Museu do Fado Discos, no Pequeno Audit\u00f3rio do CCB.\",\"breadcrumb\":{\"@id\":\"https:\/\/www.ccb.pt\/en\/evento\/sara-paixao\/#breadcrumb\"},\"inLanguage\":\"en-US\",\"potentialAction\":[{\"@type\":\"ReadAction\",\"target\":[\"https:\/\/www.ccb.pt\/en\/evento\/sara-paixao\/\"]}]},{\"@type\":\"ImageObject\",\"inLanguage\":\"en-US\",\"@id\":\"https:\/\/www.ccb.pt\/en\/evento\/sara-paixao\/#primaryimage\",\"url\":\"https:\/\/www.ccb.pt\/wp-content\/uploads\/2024\/07\/2000x940_SaraPaixao_site_LuisCarvalhal.jpg\",\"contentUrl\":\"https:\/\/www.ccb.pt\/wp-content\/uploads\/2024\/07\/2000x940_SaraPaixao_site_LuisCarvalhal.jpg\",\"width\":2000,\"height\":940,\"caption\":\"Sara Paix\u00e3o (c) Lu\u00eds Carvalhal\"},{\"@type\":\"BreadcrumbList\",\"@id\":\"https:\/\/www.ccb.pt\/en\/evento\/sara-paixao\/#breadcrumb\",\"itemListElement\":[{\"@type\":\"ListItem\",\"position\":1,\"name\":\"Home\",\"item\":\"https:\/\/www.ccb.pt\/en\/\"},{\"@type\":\"ListItem\",\"position\":2,\"name\":\"Eventos\",\"item\":\"https:\/\/www.ccb.pt\/eventos\/\"},{\"@type\":\"ListItem\",\"position\":3,\"name\":\"Sara Paix\u00e3o\"}]},{\"@type\":\"WebSite\",\"@id\":\"https:\/\/www.ccb.pt\/#website\",\"url\":\"https:\/\/www.ccb.pt\/\",\"name\":\"Centro Cultural de Bel\u00e9m Foundation\",\"description\":\"\",\"publisher\":{\"@id\":\"https:\/\/www.ccb.pt\/#organization\"},\"potentialAction\":[{\"@type\":\"SearchAction\",\"target\":{\"@type\":\"EntryPoint\",\"urlTemplate\":\"https:\/\/www.ccb.pt\/?s={search_term_string}\"},\"query-input\":\"required name=search_term_string\"}],\"inLanguage\":\"en-US\"},{\"@type\":\"Organization\",\"@id\":\"https:\/\/www.ccb.pt\/#organization\",\"name\":\"Centro Cultural de Bel\u00e9m Foundation\",\"url\":\"https:\/\/www.ccb.pt\/\",\"logo\":{\"@type\":\"ImageObject\",\"inLanguage\":\"en-US\",\"@id\":\"https:\/\/www.ccb.pt\/#\/schema\/logo\/image\/\",\"url\":\"https:\/\/www.ccb.pt\/wp-content\/uploads\/2022\/05\/1_ccb.png\",\"contentUrl\":\"https:\/\/www.ccb.pt\/wp-content\/uploads\/2022\/05\/1_ccb.png\",\"width\":126,\"height\":100,\"caption\":\"Centro Cultural de Bel\u00e9m Foundation\"},\"image\":{\"@id\":\"https:\/\/www.ccb.pt\/#\/schema\/logo\/image\/\"},\"sameAs\":[\"https:\/\/twitter.com\/macccb_museu\"]}]}<\/script>\n<!-- \/ Yoast SEO plugin. -->","yoast_head_json":{"title":"Sara Paix\u00e3o - Centro Cultural de Bel\u00e9m Foundation","description":"Sara Paix\u00e3o apresenta o seu disco de estreia, uma edi\u00e7\u00e3o Museu do Fado Discos, no Pequeno Audit\u00f3rio do CCB.","robots":{"index":"index","follow":"follow","max-snippet":"max-snippet:-1","max-image-preview":"max-image-preview:large","max-video-preview":"max-video-preview:-1"},"canonical":"https:\/\/www.ccb.pt\/en\/evento\/sara-paixao\/","og_locale":"en_US","og_type":"article","og_title":"Sara Paix\u00e3o - Centro Cultural de Bel\u00e9m","og_description":"Sara Paix\u00e3o apresenta o seu disco de estreia, uma edi\u00e7\u00e3o Museu do Fado Discos, no Pequeno Audit\u00f3rio do CCB.","og_url":"https:\/\/www.ccb.pt\/en\/evento\/sara-paixao\/","og_site_name":"Centro Cultural de Bel\u00e9m Foundation","og_image":[{"width":1200,"height":630,"url":"https:\/\/www.ccb.pt\/wp-content\/uploads\/2024\/07\/1200x630_SaraPaixao_facebook_LuisCarvalhal.jpg","type":"image\/jpeg"}],"twitter_card":"summary_large_image","twitter_site":"@macccb_museu","twitter_misc":{"Est. reading time":"1 minute"},"schema":{"@context":"https:\/\/schema.org","@graph":[{"@type":"WebPage","@id":"https:\/\/www.ccb.pt\/en\/evento\/sara-paixao\/","url":"https:\/\/www.ccb.pt\/en\/evento\/sara-paixao\/","name":"Sara Paix\u00e3o - Centro Cultural de Bel\u00e9m Foundation","isPartOf":{"@id":"https:\/\/www.ccb.pt\/#website"},"primaryImageOfPage":{"@id":"https:\/\/www.ccb.pt\/en\/evento\/sara-paixao\/#primaryimage"},"image":{"@id":"https:\/\/www.ccb.pt\/en\/evento\/sara-paixao\/#primaryimage"},"thumbnailUrl":"https:\/\/www.ccb.pt\/wp-content\/uploads\/2024\/07\/2000x940_SaraPaixao_site_LuisCarvalhal.jpg","datePublished":"2024-09-09T10:20:22+00:00","dateModified":"2024-09-09T10:20:22+00:00","description":"Sara Paix\u00e3o apresenta o seu disco de estreia, uma edi\u00e7\u00e3o Museu do Fado Discos, no Pequeno Audit\u00f3rio do CCB.","breadcrumb":{"@id":"https:\/\/www.ccb.pt\/en\/evento\/sara-paixao\/#breadcrumb"},"inLanguage":"en-US","potentialAction":[{"@type":"ReadAction","target":["https:\/\/www.ccb.pt\/en\/evento\/sara-paixao\/"]}]},{"@type":"ImageObject","inLanguage":"en-US","@id":"https:\/\/www.ccb.pt\/en\/evento\/sara-paixao\/#primaryimage","url":"https:\/\/www.ccb.pt\/wp-content\/uploads\/2024\/07\/2000x940_SaraPaixao_site_LuisCarvalhal.jpg","contentUrl":"https:\/\/www.ccb.pt\/wp-content\/uploads\/2024\/07\/2000x940_SaraPaixao_site_LuisCarvalhal.jpg","width":2000,"height":940,"caption":"Sara Paix\u00e3o (c) Lu\u00eds Carvalhal"},{"@type":"BreadcrumbList","@id":"https:\/\/www.ccb.pt\/en\/evento\/sara-paixao\/#breadcrumb","itemListElement":[{"@type":"ListItem","position":1,"name":"Home","item":"https:\/\/www.ccb.pt\/en\/"},{"@type":"ListItem","position":2,"name":"Eventos","item":"https:\/\/www.ccb.pt\/eventos\/"},{"@type":"ListItem","position":3,"name":"Sara Paix\u00e3o"}]},{"@type":"WebSite","@id":"https:\/\/www.ccb.pt\/#website","url":"https:\/\/www.ccb.pt\/","name":"Centro Cultural de Bel\u00e9m Foundation","description":"","publisher":{"@id":"https:\/\/www.ccb.pt\/#organization"},"potentialAction":[{"@type":"SearchAction","target":{"@type":"EntryPoint","urlTemplate":"https:\/\/www.ccb.pt\/?s={search_term_string}"},"query-input":"required name=search_term_string"}],"inLanguage":"en-US"},{"@type":"Organization","@id":"https:\/\/www.ccb.pt\/#organization","name":"Centro Cultural de Bel\u00e9m Foundation","url":"https:\/\/www.ccb.pt\/","logo":{"@type":"ImageObject","inLanguage":"en-US","@id":"https:\/\/www.ccb.pt\/#\/schema\/logo\/image\/","url":"https:\/\/www.ccb.pt\/wp-content\/uploads\/2022\/05\/1_ccb.png","contentUrl":"https:\/\/www.ccb.pt\/wp-content\/uploads\/2022\/05\/1_ccb.png","width":126,"height":100,"caption":"Centro Cultural de Bel\u00e9m Foundation"},"image":{"@id":"https:\/\/www.ccb.pt\/#\/schema\/logo\/image\/"},"sameAs":["https:\/\/twitter.com\/macccb_museu"]}]}},"_links":{"self":[{"href":"https:\/\/www.ccb.pt\/en\/wp-json\/wp\/v2\/tribe_events\/186147"}],"collection":[{"href":"https:\/\/www.ccb.pt\/en\/wp-json\/wp\/v2\/tribe_events"}],"about":[{"href":"https:\/\/www.ccb.pt\/en\/wp-json\/wp\/v2\/types\/tribe_events"}],"author":[{"embeddable":true,"href":"https:\/\/www.ccb.pt\/en\/wp-json\/wp\/v2\/users\/6"}],"replies":[{"embeddable":true,"href":"https:\/\/www.ccb.pt\/en\/wp-json\/wp\/v2\/comments?post=186147"}],"version-history":[{"count":2,"href":"https:\/\/www.ccb.pt\/en\/wp-json\/wp\/v2\/tribe_events\/186147\/revisions"}],"predecessor-version":[{"id":186149,"href":"https:\/\/www.ccb.pt\/en\/wp-json\/wp\/v2\/tribe_events\/186147\/revisions\/186149"}],"wp:featuredmedia":[{"embeddable":true,"href":"https:\/\/www.ccb.pt\/en\/wp-json\/wp\/v2\/media\/183877"}],"wp:attachment":[{"href":"https:\/\/www.ccb.pt\/en\/wp-json\/wp\/v2\/media?parent=186147"}],"wp:term":[{"taxonomy":"tribe_events_cat","embeddable":true,"href":"https:\/\/www.ccb.pt\/en\/wp-json\/wp\/v2\/tribe_events_cat?post=186147"},{"taxonomy":"tags_tema","embeddable":true,"href":"https:\/\/www.ccb.pt\/en\/wp-json\/wp\/v2\/tags_tema?post=186147"},{"taxonomy":"idades","embeddable":true,"href":"https:\/\/www.ccb.pt\/en\/wp-json\/wp\/v2\/idades?post=186147"},{"taxonomy":"tipos","embeddable":true,"href":"https:\/\/www.ccb.pt\/en\/wp-json\/wp\/v2\/tipos?post=186147"},{"taxonomy":"temas","embeddable":true,"href":"https:\/\/www.ccb.pt\/en\/wp-json\/wp\/v2\/temas?post=186147"},{"taxonomy":"categorias_hubspot","embeddable":true,"href":"https:\/\/www.ccb.pt\/en\/wp-json\/wp\/v2\/categorias_hubspot?post=186147"}],"curies":[{"name":"wp","href":"https:\/\/api.w.org\/{rel}","templated":true}]}}

Sara Paixão

<p>Sara Paixão presents her debut album, a Museu do Fado Discos edition. The album revisits traditional Fado themes and songs by Vinícius de Moraes, Tozé Brito and Matias Damásio, with new poetic creations. Fado is her starting and ending point, guided by her voice and singular style.</p>

<!-- This site is optimized with the Yoast SEO plugin v22.3 - https://yoast.com/wordpress/plugins/seo/ -->
<title>Sara Paixão - Centro Cultural de Belém Foundation</title>
<meta name="description" content="Sara Paixão apresenta o seu disco de estreia, uma edição Museu do Fado Discos, no Pequeno Auditório do CCB." />
<meta name="robots" content="index, follow, max-snippet:-1, max-image-preview:large, max-video-preview:-1" />
<link rel="canonical" href="https://www.ccb.pt/en/evento/sara-paixao/" />
<meta property="og:locale" content="en_US" />
<meta property="og:type" content="article" />
<meta property="og:title" content="Sara Paixão - Centro Cultural de Belém" />
<meta property="og:description" content="Sara Paixão apresenta o seu disco de estreia, uma edição Museu do Fado Discos, no Pequeno Auditório do CCB." />
<meta property="og:url" content="https://www.ccb.pt/en/evento/sara-paixao/" />
<meta property="og:site_name" content="Centro Cultural de Belém Foundation" />
<meta property="og:image" content="https://www.ccb.pt/wp-content/uploads/2024/07/1200x630_SaraPaixao_facebook_LuisCarvalhal.jpg" />
	<meta property="og:image:width" content="1200" />
	<meta property="og:image:height" content="630" />
	<meta property="og:image:type" content="image/jpeg" />
<meta name="twitter:card" content="summary_large_image" />
<meta name="twitter:site" content="@macccb_museu" />
<meta name="twitter:label1" content="Est. reading time" />
	<meta name="twitter:data1" content="1 minute" />
<script type="application/ld+json" class="yoast-schema-graph">{"@context":"https://schema.org","@graph":[{"@type":"WebPage","@id":"https://www.ccb.pt/en/evento/sara-paixao/","url":"https://www.ccb.pt/en/evento/sara-paixao/","name":"Sara Paixão - Centro Cultural de Belém Foundation","isPartOf":{"@id":"https://www.ccb.pt/#website"},"primaryImageOfPage":{"@id":"https://www.ccb.pt/en/evento/sara-paixao/#primaryimage"},"image":{"@id":"https://www.ccb.pt/en/evento/sara-paixao/#primaryimage"},"thumbnailUrl":"https://www.ccb.pt/wp-content/uploads/2024/07/2000x940_SaraPaixao_site_LuisCarvalhal.jpg","datePublished":"2024-09-09T10:20:22+00:00","dateModified":"2024-09-09T10:20:22+00:00","description":"Sara Paixão apresenta o seu disco de estreia, uma edição Museu do Fado Discos, no Pequeno Auditório do CCB.","breadcrumb":{"@id":"https://www.ccb.pt/en/evento/sara-paixao/#breadcrumb"},"inLanguage":"en-US","potentialAction":[{"@type":"ReadAction","target":["https://www.ccb.pt/en/evento/sara-paixao/"]}]},{"@type":"ImageObject","inLanguage":"en-US","@id":"https://www.ccb.pt/en/evento/sara-paixao/#primaryimage","url":"https://www.ccb.pt/wp-content/uploads/2024/07/2000x940_SaraPaixao_site_LuisCarvalhal.jpg","contentUrl":"https://www.ccb.pt/wp-content/uploads/2024/07/2000x940_SaraPaixao_site_LuisCarvalhal.jpg","width":2000,"height":940,"caption":"Sara Paixão (c) Luís Carvalhal"},{"@type":"BreadcrumbList","@id":"https://www.ccb.pt/en/evento/sara-paixao/#breadcrumb","itemListElement":[{"@type":"ListItem","position":1,"name":"Home","item":"https://www.ccb.pt/en/"},{"@type":"ListItem","position":2,"name":"Eventos","item":"https://www.ccb.pt/eventos/"},{"@type":"ListItem","position":3,"name":"Sara Paixão"}]},{"@type":"WebSite","@id":"https://www.ccb.pt/#website","url":"https://www.ccb.pt/","name":"Centro Cultural de Belém Foundation","description":"","publisher":{"@id":"https://www.ccb.pt/#organization"},"potentialAction":[{"@type":"SearchAction","target":{"@type":"EntryPoint","urlTemplate":"https://www.ccb.pt/?s={search_term_string}"},"query-input":"required name=search_term_string"}],"inLanguage":"en-US"},{"@type":"Organization","@id":"https://www.ccb.pt/#organization","name":"Centro Cultural de Belém Foundation","url":"https://www.ccb.pt/","logo":{"@type":"ImageObject","inLanguage":"en-US","@id":"https://www.ccb.pt/#/schema/logo/image/","url":"https://www.ccb.pt/wp-content/uploads/2022/05/1_ccb.png","contentUrl":"https://www.ccb.pt/wp-content/uploads/2022/05/1_ccb.png","width":126,"height":100,"caption":"Centro Cultural de Belém Foundation"},"image":{"@id":"https://www.ccb.pt/#/schema/logo/image/"},"sameAs":["https://twitter.com/macccb_museu"]}]}</script>
<!-- / Yoast SEO plugin. -->

Sara Paixão - Centro Cultural de Belém Foundation

Sara Paixão apresenta o seu disco de estreia, uma edição Museu do Fado Discos, no Pequeno Auditório do CCB.

Sara Paixão - Centro Cultural de Belém

Centro Cultural de Belém Foundation

Sara Paixão (c) Luís Carvalhal
