    {"id":164519,"date":"2023-06-14T16:37:02","date_gmt":"2023-06-14T15:37:02","guid":{"rendered":"https:\/\/www.ccb.pt\/evento\/objeto-corpo-e-espaco\/"},"modified":"2026-02-23T11:15:07","modified_gmt":"2026-02-23T11:15:07","slug":"object-body-and-space","status":"publish","type":"tribe_events","link":"https:\/\/www.ccb.pt\/en\/evento\/object-body-and-space\/","title":{"rendered":"Object, Body, and Space"},"content":{"rendered":"<p>Avant-garde art has always sought to rethink the artistic object, its creative processes, and its relationship with the viewer. From the 1960s onwards, the second wave of the 20th-century avant-garde in Europe, the United States, and Latin America retraced this path. Artists rethought sculpture without regard for the base and in direct dialogue with architectural space; they abandoned painting or reduced it to a minimum in chromatic and formal terms, as if reducing it to its essential elements; or, quite the opposite, they cleaved to everyday life and focused on the individual or collective body, using photography as a means of fixing life and action, movement, and their relationship with the world.<\/p>\n<p>The exhibition, which includes works from the Berardo Collection, the Holma\/Ellipse Collection, the Teixeira de Freitas Collection, and CACE, follows a path that starts from artistic movements born during the 1960s (namely Minimalism, <em>Arte Povera<\/em> and Conceptualism) to focus on the connection between the individual proposals of the artists, who are progressively less grouped into artistic movements.<br \/>\nThere are, however, some recognisable threads. On the one hand, there is a broadening of the geographical and cultural origins of the different artistic proposals, in a process that is both globalisation and diversification. On the other, the conflicts inherent in recognising the rights of minorities and the political commitment of many artists gains significant expression.The installation of the exhibition, which will periodically be subject to readjustments and new juxtapositions, favours dialogue between works that are often formally divergent, but which have links in the issues they address: strangeness, criticism of racial and colonial domination, the fading of the object in the presence of the word or text, memory, the body, and sexuality. In this non-chronological journey, each room poses questions, interrogations, and relationships, in a journey that is also a challenge to the viewer.<\/p>\n<p>The works selected from the collections on display at the Museum, namely the Berardo Collection, propose a visit along this path and its subsequent developments, while also looking to other geographies and latitudes with different declinations of the same critical concerns from other cultural contexts.<\/p>\n<p>&nbsp;<\/p>\n<p>&nbsp;<\/p>\n<p>&nbsp;<\/p>\n","protected":false},"excerpt":{"rendered":"<p>Avant-garde art has always sought to rethink the artistic object, its creative processes, and its relationship with the viewer. From the 1960s onwards, the second wave of the 20th-century avant-garde in Europe, the United States, and Latin America retraced this path. Artists rethought sculpture without regard for the base and in direct dialogue with architectural [&hellip;]<\/p>\n","protected":false},"author":951,"featured_media":138773,"comment_status":"closed","ping_status":"closed","template":"","meta":{"_relevanssi_hide_post":"","_relevanssi_pin_for_all":"","_relevanssi_pin_keywords":"","_relevanssi_unpin_keywords":"","_relevanssi_related_keywords":"","_relevanssi_related_include_ids":"","_relevanssi_related_exclude_ids":"","_relevanssi_related_no_append":"","_relevanssi_related_not_related":"","_relevanssi_related_posts":"","_relevanssi_noindex_reason":""},"tribe_events_cat":[400,565],"tags_tema":[],"idades":[397],"tipos":[],"temas":[],"categorias_hubspot":[],"acf":[],"yoast_head":"<!-- This site is optimized with the Yoast SEO plugin v22.3 - https:\/\/yoast.com\/wordpress\/plugins\/seo\/ -->\n<title>Object, Body, and Space - Centro Cultural de Bel\u00e9m Foundation<\/title>\n<meta name=\"description\" content=\"Avant-garde art has always sought to rethink the artistic object, its creative processes, and its relationship with the viewer.\" \/>\n<meta name=\"robots\" content=\"index, follow, max-snippet:-1, max-image-preview:large, max-video-preview:-1\" \/>\n<link rel=\"canonical\" href=\"https:\/\/www.ccb.pt\/en\/evento\/object-body-and-space\/\" \/>\n<meta property=\"og:locale\" content=\"en_US\" \/>\n<meta property=\"og:type\" content=\"article\" \/>\n<meta property=\"og:title\" content=\"Objeto, Corpo e Espa\u00e7o\" \/>\n<meta property=\"og:description\" content=\"A revis\u00e3o dos g\u00e9neros art\u00edsticos a partir da d\u00e9cada de 1960.\" \/>\n<meta property=\"og:url\" content=\"https:\/\/www.ccb.pt\/en\/evento\/object-body-and-space\/\" \/>\n<meta property=\"og:site_name\" content=\"Centro Cultural de Bel\u00e9m Foundation\" \/>\n<meta property=\"article:modified_time\" content=\"2026-02-23T11:15:07+00:00\" \/>\n<meta property=\"og:image\" content=\"https:\/\/www.ccb.pt\/wp-content\/uploads\/2023\/10\/SOBRE-MACCCB-e1698398674986.jpg\" \/>\n\t<meta property=\"og:image:width\" content=\"2000\" \/>\n\t<meta property=\"og:image:height\" content=\"1025\" \/>\n\t<meta property=\"og:image:type\" content=\"image\/jpeg\" \/>\n<meta name=\"twitter:card\" content=\"summary_large_image\" \/>\n<meta name=\"twitter:site\" content=\"@macccb_museu\" \/>\n<meta name=\"twitter:label1\" content=\"Est. reading time\" \/>\n\t<meta name=\"twitter:data1\" content=\"3 minutes\" \/>\n<script type=\"application\/ld+json\" class=\"yoast-schema-graph\">{\"@context\":\"https:\/\/schema.org\",\"@graph\":[{\"@type\":\"WebPage\",\"@id\":\"https:\/\/www.ccb.pt\/en\/evento\/object-body-and-space\/\",\"url\":\"https:\/\/www.ccb.pt\/en\/evento\/object-body-and-space\/\",\"name\":\"Object, Body, and Space - Centro Cultural de Bel\u00e9m Foundation\",\"isPartOf\":{\"@id\":\"https:\/\/www.ccb.pt\/#website\"},\"primaryImageOfPage\":{\"@id\":\"https:\/\/www.ccb.pt\/en\/evento\/object-body-and-space\/#primaryimage\"},\"image\":{\"@id\":\"https:\/\/www.ccb.pt\/en\/evento\/object-body-and-space\/#primaryimage\"},\"thumbnailUrl\":\"https:\/\/www.ccb.pt\/wp-content\/uploads\/2023\/06\/Objeto-Corpo-e-Espaco-Credito-Antonio-Jorge-Silva-MAC-CCB-e1698235235393.jpg\",\"datePublished\":\"2023-06-14T15:37:02+00:00\",\"dateModified\":\"2026-02-23T11:15:07+00:00\",\"description\":\"Avant-garde art has always sought to rethink the artistic object, its creative processes, and its relationship with the viewer.\",\"breadcrumb\":{\"@id\":\"https:\/\/www.ccb.pt\/en\/evento\/object-body-and-space\/#breadcrumb\"},\"inLanguage\":\"en-US\",\"potentialAction\":[{\"@type\":\"ReadAction\",\"target\":[\"https:\/\/www.ccb.pt\/en\/evento\/object-body-and-space\/\"]}]},{\"@type\":\"ImageObject\",\"inLanguage\":\"en-US\",\"@id\":\"https:\/\/www.ccb.pt\/en\/evento\/object-body-and-space\/#primaryimage\",\"url\":\"https:\/\/www.ccb.pt\/wp-content\/uploads\/2023\/06\/Objeto-Corpo-e-Espaco-Credito-Antonio-Jorge-Silva-MAC-CCB-e1698235235393.jpg\",\"contentUrl\":\"https:\/\/www.ccb.pt\/wp-content\/uploads\/2023\/06\/Objeto-Corpo-e-Espaco-Credito-Antonio-Jorge-Silva-MAC-CCB-e1698235235393.jpg\",\"width\":2000,\"height\":1333,\"caption\":\"(c)\"},{\"@type\":\"BreadcrumbList\",\"@id\":\"https:\/\/www.ccb.pt\/en\/evento\/object-body-and-space\/#breadcrumb\",\"itemListElement\":[{\"@type\":\"ListItem\",\"position\":1,\"name\":\"Home\",\"item\":\"https:\/\/www.ccb.pt\/en\/\"},{\"@type\":\"ListItem\",\"position\":2,\"name\":\"Eventos\",\"item\":\"https:\/\/www.ccb.pt\/eventos\/\"},{\"@type\":\"ListItem\",\"position\":3,\"name\":\"Object, Body, and Space\"}]},{\"@type\":\"WebSite\",\"@id\":\"https:\/\/www.ccb.pt\/#website\",\"url\":\"https:\/\/www.ccb.pt\/\",\"name\":\"Centro Cultural de Bel\u00e9m Foundation\",\"description\":\"\",\"publisher\":{\"@id\":\"https:\/\/www.ccb.pt\/#organization\"},\"potentialAction\":[{\"@type\":\"SearchAction\",\"target\":{\"@type\":\"EntryPoint\",\"urlTemplate\":\"https:\/\/www.ccb.pt\/?s={search_term_string}\"},\"query-input\":\"required name=search_term_string\"}],\"inLanguage\":\"en-US\"},{\"@type\":\"Organization\",\"@id\":\"https:\/\/www.ccb.pt\/#organization\",\"name\":\"Centro Cultural de Bel\u00e9m Foundation\",\"url\":\"https:\/\/www.ccb.pt\/\",\"logo\":{\"@type\":\"ImageObject\",\"inLanguage\":\"en-US\",\"@id\":\"https:\/\/www.ccb.pt\/#\/schema\/logo\/image\/\",\"url\":\"https:\/\/www.ccb.pt\/wp-content\/uploads\/2022\/05\/1_ccb.png\",\"contentUrl\":\"https:\/\/www.ccb.pt\/wp-content\/uploads\/2022\/05\/1_ccb.png\",\"width\":126,\"height\":100,\"caption\":\"Centro Cultural de Bel\u00e9m Foundation\"},\"image\":{\"@id\":\"https:\/\/www.ccb.pt\/#\/schema\/logo\/image\/\"},\"sameAs\":[\"https:\/\/twitter.com\/macccb_museu\"]}]}<\/script>\n<!-- \/ Yoast SEO plugin. -->","yoast_head_json":{"title":"Object, Body, and Space - Centro Cultural de Bel\u00e9m Foundation","description":"Avant-garde art has always sought to rethink the artistic object, its creative processes, and its relationship with the viewer.","robots":{"index":"index","follow":"follow","max-snippet":"max-snippet:-1","max-image-preview":"max-image-preview:large","max-video-preview":"max-video-preview:-1"},"canonical":"https:\/\/www.ccb.pt\/en\/evento\/object-body-and-space\/","og_locale":"en_US","og_type":"article","og_title":"Objeto, Corpo e Espa\u00e7o","og_description":"A revis\u00e3o dos g\u00e9neros art\u00edsticos a partir da d\u00e9cada de 1960.","og_url":"https:\/\/www.ccb.pt\/en\/evento\/object-body-and-space\/","og_site_name":"Centro Cultural de Bel\u00e9m Foundation","article_modified_time":"2026-02-23T11:15:07+00:00","og_image":[{"width":2000,"height":1025,"url":"https:\/\/www.ccb.pt\/wp-content\/uploads\/2023\/10\/SOBRE-MACCCB-e1698398674986.jpg","type":"image\/jpeg"}],"twitter_card":"summary_large_image","twitter_site":"@macccb_museu","twitter_misc":{"Est. reading time":"3 minutes"},"schema":{"@context":"https:\/\/schema.org","@graph":[{"@type":"WebPage","@id":"https:\/\/www.ccb.pt\/en\/evento\/object-body-and-space\/","url":"https:\/\/www.ccb.pt\/en\/evento\/object-body-and-space\/","name":"Object, Body, and Space - Centro Cultural de Bel\u00e9m Foundation","isPartOf":{"@id":"https:\/\/www.ccb.pt\/#website"},"primaryImageOfPage":{"@id":"https:\/\/www.ccb.pt\/en\/evento\/object-body-and-space\/#primaryimage"},"image":{"@id":"https:\/\/www.ccb.pt\/en\/evento\/object-body-and-space\/#primaryimage"},"thumbnailUrl":"https:\/\/www.ccb.pt\/wp-content\/uploads\/2023\/06\/Objeto-Corpo-e-Espaco-Credito-Antonio-Jorge-Silva-MAC-CCB-e1698235235393.jpg","datePublished":"2023-06-14T15:37:02+00:00","dateModified":"2026-02-23T11:15:07+00:00","description":"Avant-garde art has always sought to rethink the artistic object, its creative processes, and its relationship with the viewer.","breadcrumb":{"@id":"https:\/\/www.ccb.pt\/en\/evento\/object-body-and-space\/#breadcrumb"},"inLanguage":"en-US","potentialAction":[{"@type":"ReadAction","target":["https:\/\/www.ccb.pt\/en\/evento\/object-body-and-space\/"]}]},{"@type":"ImageObject","inLanguage":"en-US","@id":"https:\/\/www.ccb.pt\/en\/evento\/object-body-and-space\/#primaryimage","url":"https:\/\/www.ccb.pt\/wp-content\/uploads\/2023\/06\/Objeto-Corpo-e-Espaco-Credito-Antonio-Jorge-Silva-MAC-CCB-e1698235235393.jpg","contentUrl":"https:\/\/www.ccb.pt\/wp-content\/uploads\/2023\/06\/Objeto-Corpo-e-Espaco-Credito-Antonio-Jorge-Silva-MAC-CCB-e1698235235393.jpg","width":2000,"height":1333,"caption":"(c)"},{"@type":"BreadcrumbList","@id":"https:\/\/www.ccb.pt\/en\/evento\/object-body-and-space\/#breadcrumb","itemListElement":[{"@type":"ListItem","position":1,"name":"Home","item":"https:\/\/www.ccb.pt\/en\/"},{"@type":"ListItem","position":2,"name":"Eventos","item":"https:\/\/www.ccb.pt\/eventos\/"},{"@type":"ListItem","position":3,"name":"Object, Body, and Space"}]},{"@type":"WebSite","@id":"https:\/\/www.ccb.pt\/#website","url":"https:\/\/www.ccb.pt\/","name":"Centro Cultural de Bel\u00e9m Foundation","description":"","publisher":{"@id":"https:\/\/www.ccb.pt\/#organization"},"potentialAction":[{"@type":"SearchAction","target":{"@type":"EntryPoint","urlTemplate":"https:\/\/www.ccb.pt\/?s={search_term_string}"},"query-input":"required name=search_term_string"}],"inLanguage":"en-US"},{"@type":"Organization","@id":"https:\/\/www.ccb.pt\/#organization","name":"Centro Cultural de Bel\u00e9m Foundation","url":"https:\/\/www.ccb.pt\/","logo":{"@type":"ImageObject","inLanguage":"en-US","@id":"https:\/\/www.ccb.pt\/#\/schema\/logo\/image\/","url":"https:\/\/www.ccb.pt\/wp-content\/uploads\/2022\/05\/1_ccb.png","contentUrl":"https:\/\/www.ccb.pt\/wp-content\/uploads\/2022\/05\/1_ccb.png","width":126,"height":100,"caption":"Centro Cultural de Bel\u00e9m Foundation"},"image":{"@id":"https:\/\/www.ccb.pt\/#\/schema\/logo\/image\/"},"sameAs":["https:\/\/twitter.com\/macccb_museu"]}]}},"_links":{"self":[{"href":"https:\/\/www.ccb.pt\/en\/wp-json\/wp\/v2\/tribe_events\/164519"}],"collection":[{"href":"https:\/\/www.ccb.pt\/en\/wp-json\/wp\/v2\/tribe_events"}],"about":[{"href":"https:\/\/www.ccb.pt\/en\/wp-json\/wp\/v2\/types\/tribe_events"}],"author":[{"embeddable":true,"href":"https:\/\/www.ccb.pt\/en\/wp-json\/wp\/v2\/users\/951"}],"replies":[{"embeddable":true,"href":"https:\/\/www.ccb.pt\/en\/wp-json\/wp\/v2\/comments?post=164519"}],"version-history":[{"count":27,"href":"https:\/\/www.ccb.pt\/en\/wp-json\/wp\/v2\/tribe_events\/164519\/revisions"}],"predecessor-version":[{"id":272345,"href":"https:\/\/www.ccb.pt\/en\/wp-json\/wp\/v2\/tribe_events\/164519\/revisions\/272345"}],"wp:featuredmedia":[{"embeddable":true,"href":"https:\/\/www.ccb.pt\/en\/wp-json\/wp\/v2\/media\/138773"}],"wp:attachment":[{"href":"https:\/\/www.ccb.pt\/en\/wp-json\/wp\/v2\/media?parent=164519"}],"wp:term":[{"taxonomy":"tribe_events_cat","embeddable":true,"href":"https:\/\/www.ccb.pt\/en\/wp-json\/wp\/v2\/tribe_events_cat?post=164519"},{"taxonomy":"tags_tema","embeddable":true,"href":"https:\/\/www.ccb.pt\/en\/wp-json\/wp\/v2\/tags_tema?post=164519"},{"taxonomy":"idades","embeddable":true,"href":"https:\/\/www.ccb.pt\/en\/wp-json\/wp\/v2\/idades?post=164519"},{"taxonomy":"tipos","embeddable":true,"href":"https:\/\/www.ccb.pt\/en\/wp-json\/wp\/v2\/tipos?post=164519"},{"taxonomy":"temas","embeddable":true,"href":"https:\/\/www.ccb.pt\/en\/wp-json\/wp\/v2\/temas?post=164519"},{"taxonomy":"categorias_hubspot","embeddable":true,"href":"https:\/\/www.ccb.pt\/en\/wp-json\/wp\/v2\/categorias_hubspot?post=164519"}],"curies":[{"name":"wp","href":"https:\/\/api.w.org\/{rel}","templated":true}]}}

<!-- This site is optimized with the Yoast SEO plugin v22.3 - https://yoast.com/wordpress/plugins/seo/ -->
<title>Object, Body, and Space - Centro Cultural de Belém Foundation</title>
<meta name="description" content="Avant-garde art has always sought to rethink the artistic object, its creative processes, and its relationship with the viewer." />
<meta name="robots" content="index, follow, max-snippet:-1, max-image-preview:large, max-video-preview:-1" />
<link rel="canonical" href="https://www.ccb.pt/en/evento/object-body-and-space/" />
<meta property="og:locale" content="en_US" />
<meta property="og:type" content="article" />
<meta property="og:title" content="Objeto, Corpo e Espaço" />
<meta property="og:description" content="A revisão dos géneros artísticos a partir da década de 1960." />
<meta property="og:url" content="https://www.ccb.pt/en/evento/object-body-and-space/" />
<meta property="og:site_name" content="Centro Cultural de Belém Foundation" />
<meta property="article:modified_time" content="2026-02-23T11:15:07+00:00" />
<meta property="og:image" content="https://www.ccb.pt/wp-content/uploads/2023/10/SOBRE-MACCCB-e1698398674986.jpg" />
	<meta property="og:image:width" content="2000" />
	<meta property="og:image:height" content="1025" />
	<meta property="og:image:type" content="image/jpeg" />
<meta name="twitter:card" content="summary_large_image" />
<meta name="twitter:site" content="@macccb_museu" />
<meta name="twitter:label1" content="Est. reading time" />
	<meta name="twitter:data1" content="3 minutes" />
<script type="application/ld+json" class="yoast-schema-graph">{"@context":"https://schema.org","@graph":[{"@type":"WebPage","@id":"https://www.ccb.pt/en/evento/object-body-and-space/","url":"https://www.ccb.pt/en/evento/object-body-and-space/","name":"Object, Body, and Space - Centro Cultural de Belém Foundation","isPartOf":{"@id":"https://www.ccb.pt/#website"},"primaryImageOfPage":{"@id":"https://www.ccb.pt/en/evento/object-body-and-space/#primaryimage"},"image":{"@id":"https://www.ccb.pt/en/evento/object-body-and-space/#primaryimage"},"thumbnailUrl":"https://www.ccb.pt/wp-content/uploads/2023/06/Objeto-Corpo-e-Espaco-Credito-Antonio-Jorge-Silva-MAC-CCB-e1698235235393.jpg","datePublished":"2023-06-14T15:37:02+00:00","dateModified":"2026-02-23T11:15:07+00:00","description":"Avant-garde art has always sought to rethink the artistic object, its creative processes, and its relationship with the viewer.","breadcrumb":{"@id":"https://www.ccb.pt/en/evento/object-body-and-space/#breadcrumb"},"inLanguage":"en-US","potentialAction":[{"@type":"ReadAction","target":["https://www.ccb.pt/en/evento/object-body-and-space/"]}]},{"@type":"ImageObject","inLanguage":"en-US","@id":"https://www.ccb.pt/en/evento/object-body-and-space/#primaryimage","url":"https://www.ccb.pt/wp-content/uploads/2023/06/Objeto-Corpo-e-Espaco-Credito-Antonio-Jorge-Silva-MAC-CCB-e1698235235393.jpg","contentUrl":"https://www.ccb.pt/wp-content/uploads/2023/06/Objeto-Corpo-e-Espaco-Credito-Antonio-Jorge-Silva-MAC-CCB-e1698235235393.jpg","width":2000,"height":1333,"caption":"(c)"},{"@type":"BreadcrumbList","@id":"https://www.ccb.pt/en/evento/object-body-and-space/#breadcrumb","itemListElement":[{"@type":"ListItem","position":1,"name":"Home","item":"https://www.ccb.pt/en/"},{"@type":"ListItem","position":2,"name":"Eventos","item":"https://www.ccb.pt/eventos/"},{"@type":"ListItem","position":3,"name":"Object, Body, and Space"}]},{"@type":"WebSite","@id":"https://www.ccb.pt/#website","url":"https://www.ccb.pt/","name":"Centro Cultural de Belém Foundation","description":"","publisher":{"@id":"https://www.ccb.pt/#organization"},"potentialAction":[{"@type":"SearchAction","target":{"@type":"EntryPoint","urlTemplate":"https://www.ccb.pt/?s={search_term_string}"},"query-input":"required name=search_term_string"}],"inLanguage":"en-US"},{"@type":"Organization","@id":"https://www.ccb.pt/#organization","name":"Centro Cultural de Belém Foundation","url":"https://www.ccb.pt/","logo":{"@type":"ImageObject","inLanguage":"en-US","@id":"https://www.ccb.pt/#/schema/logo/image/","url":"https://www.ccb.pt/wp-content/uploads/2022/05/1_ccb.png","contentUrl":"https://www.ccb.pt/wp-content/uploads/2022/05/1_ccb.png","width":126,"height":100,"caption":"Centro Cultural de Belém Foundation"},"image":{"@id":"https://www.ccb.pt/#/schema/logo/image/"},"sameAs":["https://twitter.com/macccb_museu"]}]}</script>
<!-- / Yoast SEO plugin. -->

Object, Body, and Space - Centro Cultural de Belém Foundation

Objeto, Corpo e Espaço

A revisão dos géneros artísticos a partir da década de 1960.

Centro Cultural de Belém Foundation
