    {"id":148589,"date":"2023-06-22T10:02:19","date_gmt":"2023-06-22T09:02:19","guid":{"rendered":"https:\/\/www.ccb.pt\/evento\/atravessar-o-fogopiano-2-0\/"},"modified":"2024-03-04T15:25:23","modified_gmt":"2024-03-04T15:25:23","slug":"atravessar-o-fogopiano-2-0","status":"publish","type":"tribe_events","link":"https:\/\/www.ccb.pt\/en\/evento\/atravessar-o-fogopiano-2-0\/","title":{"rendered":"<i>Piano 2.0<\/i>"},"content":{"rendered":"<p>How many musicians are there who one day are recording Bach&#8217;s suites and the next doing a three-hour set in a nightclub? Probably, just Francesco Tristano. The pianist, improviser and wizard of dance floor languages brings to Lisbon his 2.0 vision for what a piano recital can be, enriched by an arsenal of synthesizers, effects pedals and tools for sequencing live music.<\/p>\n","protected":false},"excerpt":{"rendered":"<p>How many musicians are there who one day are recording Bach&#8217;s suites and the next doing a three-hour set in a nightclub? Probably, just Francesco Tristano. The pianist, improviser and wizard of dance floor languages brings to Lisbon his 2.0 vision for what a piano recital can be, enriched by an arsenal of synthesizers, effects [&hellip;]<\/p>\n","protected":false},"author":6,"featured_media":123649,"comment_status":"closed","ping_status":"closed","template":"","meta":{"_relevanssi_hide_post":"","_relevanssi_pin_for_all":"","_relevanssi_pin_keywords":"","_relevanssi_unpin_keywords":"","_relevanssi_related_keywords":"","_relevanssi_related_include_ids":"","_relevanssi_related_exclude_ids":"","_relevanssi_related_no_append":"","_relevanssi_related_not_related":"","_relevanssi_related_posts":"","_relevanssi_noindex_reason":""},"tribe_events_cat":[590,23],"tags_tema":[],"idades":[392],"tipos":[],"temas":[],"categorias_hubspot":[],"acf":[],"yoast_head":"<!-- This site is optimized with the Yoast SEO plugin v22.3 - https:\/\/yoast.com\/wordpress\/plugins\/seo\/ -->\n<title>Piano 2.0 - Centro Cultural de Bel\u00e9m Foundation<\/title>\n<meta name=\"description\" content=\"Francesco Tristano traz uma abordagem ao recital de piano, juntando instrumentos eletr\u00f4nicos e sequenciadores para uma experi\u00eancia \u00fanica.\" \/>\n<meta name=\"robots\" content=\"index, follow, max-snippet:-1, max-image-preview:large, max-video-preview:-1\" \/>\n<link rel=\"canonical\" href=\"https:\/\/www.ccb.pt\/en\/evento\/atravessar-o-fogopiano-2-0\/\" \/>\n<meta property=\"og:locale\" content=\"en_US\" \/>\n<meta property=\"og:type\" content=\"article\" \/>\n<meta property=\"og:title\" content=\"Piano 2.0 - Centro Cultural de Bel\u00e9m Foundation\" \/>\n<meta property=\"og:description\" content=\"Francesco Tristano traz uma abordagem ao recital de piano, juntando instrumentos eletr\u00f4nicos e sequenciadores para uma experi\u00eancia \u00fanica.\" \/>\n<meta property=\"og:url\" content=\"https:\/\/www.ccb.pt\/en\/evento\/atravessar-o-fogopiano-2-0\/\" \/>\n<meta property=\"og:site_name\" content=\"Centro Cultural de Bel\u00e9m Foundation\" \/>\n<meta property=\"article:modified_time\" content=\"2024-03-04T15:25:23+00:00\" \/>\n<meta property=\"og:image\" content=\"https:\/\/www.ccb.pt\/wp-content\/uploads\/2023\/06\/\uf021-EdgarsFoto_1045-e1687287341742.jpg\" \/>\n\t<meta property=\"og:image:width\" content=\"2048\" \/>\n\t<meta property=\"og:image:height\" content=\"1105\" \/>\n\t<meta property=\"og:image:type\" content=\"image\/jpeg\" \/>\n<meta name=\"twitter:card\" content=\"summary_large_image\" \/>\n<meta name=\"twitter:site\" content=\"@macccb_museu\" \/>\n<meta name=\"twitter:label1\" content=\"Est. reading time\" \/>\n\t<meta name=\"twitter:data1\" content=\"1 minute\" \/>\n<script type=\"application\/ld+json\" class=\"yoast-schema-graph\">{\"@context\":\"https:\/\/schema.org\",\"@graph\":[{\"@type\":\"WebPage\",\"@id\":\"https:\/\/www.ccb.pt\/en\/evento\/atravessar-o-fogopiano-2-0\/\",\"url\":\"https:\/\/www.ccb.pt\/en\/evento\/atravessar-o-fogopiano-2-0\/\",\"name\":\"Piano 2.0 - Centro Cultural de Bel\u00e9m Foundation\",\"isPartOf\":{\"@id\":\"https:\/\/www.ccb.pt\/#website\"},\"primaryImageOfPage\":{\"@id\":\"https:\/\/www.ccb.pt\/en\/evento\/atravessar-o-fogopiano-2-0\/#primaryimage\"},\"image\":{\"@id\":\"https:\/\/www.ccb.pt\/en\/evento\/atravessar-o-fogopiano-2-0\/#primaryimage\"},\"thumbnailUrl\":\"https:\/\/www.ccb.pt\/wp-content\/uploads\/2023\/06\/\uf021-EdgarsFoto_1045-e1687287341742.jpg\",\"datePublished\":\"2023-06-22T09:02:19+00:00\",\"dateModified\":\"2024-03-04T15:25:23+00:00\",\"description\":\"Francesco Tristano traz uma abordagem ao recital de piano, juntando instrumentos eletr\u00f4nicos e sequenciadores para uma experi\u00eancia \u00fanica.\",\"breadcrumb\":{\"@id\":\"https:\/\/www.ccb.pt\/en\/evento\/atravessar-o-fogopiano-2-0\/#breadcrumb\"},\"inLanguage\":\"en-US\",\"potentialAction\":[{\"@type\":\"ReadAction\",\"target\":[\"https:\/\/www.ccb.pt\/en\/evento\/atravessar-o-fogopiano-2-0\/\"]}]},{\"@type\":\"ImageObject\",\"inLanguage\":\"en-US\",\"@id\":\"https:\/\/www.ccb.pt\/en\/evento\/atravessar-o-fogopiano-2-0\/#primaryimage\",\"url\":\"https:\/\/www.ccb.pt\/wp-content\/uploads\/2023\/06\/\uf021-EdgarsFoto_1045-e1687287341742.jpg\",\"contentUrl\":\"https:\/\/www.ccb.pt\/wp-content\/uploads\/2023\/06\/\uf021-EdgarsFoto_1045-e1687287341742.jpg\",\"width\":2048,\"height\":1363,\"caption\":\"Francesco Tristano no CCB\"},{\"@type\":\"BreadcrumbList\",\"@id\":\"https:\/\/www.ccb.pt\/en\/evento\/atravessar-o-fogopiano-2-0\/#breadcrumb\",\"itemListElement\":[{\"@type\":\"ListItem\",\"position\":1,\"name\":\"Home\",\"item\":\"https:\/\/www.ccb.pt\/en\/\"},{\"@type\":\"ListItem\",\"position\":2,\"name\":\"Eventos\",\"item\":\"https:\/\/www.ccb.pt\/eventos\/\"},{\"@type\":\"ListItem\",\"position\":3,\"name\":\"Piano 2.0\"}]},{\"@type\":\"WebSite\",\"@id\":\"https:\/\/www.ccb.pt\/#website\",\"url\":\"https:\/\/www.ccb.pt\/\",\"name\":\"Centro Cultural de Bel\u00e9m Foundation\",\"description\":\"\",\"publisher\":{\"@id\":\"https:\/\/www.ccb.pt\/#organization\"},\"potentialAction\":[{\"@type\":\"SearchAction\",\"target\":{\"@type\":\"EntryPoint\",\"urlTemplate\":\"https:\/\/www.ccb.pt\/?s={search_term_string}\"},\"query-input\":\"required name=search_term_string\"}],\"inLanguage\":\"en-US\"},{\"@type\":\"Organization\",\"@id\":\"https:\/\/www.ccb.pt\/#organization\",\"name\":\"Centro Cultural de Bel\u00e9m Foundation\",\"url\":\"https:\/\/www.ccb.pt\/\",\"logo\":{\"@type\":\"ImageObject\",\"inLanguage\":\"en-US\",\"@id\":\"https:\/\/www.ccb.pt\/#\/schema\/logo\/image\/\",\"url\":\"https:\/\/www.ccb.pt\/wp-content\/uploads\/2022\/05\/1_ccb.png\",\"contentUrl\":\"https:\/\/www.ccb.pt\/wp-content\/uploads\/2022\/05\/1_ccb.png\",\"width\":126,\"height\":100,\"caption\":\"Centro Cultural de Bel\u00e9m Foundation\"},\"image\":{\"@id\":\"https:\/\/www.ccb.pt\/#\/schema\/logo\/image\/\"},\"sameAs\":[\"https:\/\/twitter.com\/macccb_museu\"]}]}<\/script>\n<!-- \/ Yoast SEO plugin. -->","yoast_head_json":{"title":"Piano 2.0 - Centro Cultural de Bel\u00e9m Foundation","description":"Francesco Tristano traz uma abordagem ao recital de piano, juntando instrumentos eletr\u00f4nicos e sequenciadores para uma experi\u00eancia \u00fanica.","robots":{"index":"index","follow":"follow","max-snippet":"max-snippet:-1","max-image-preview":"max-image-preview:large","max-video-preview":"max-video-preview:-1"},"canonical":"https:\/\/www.ccb.pt\/en\/evento\/atravessar-o-fogopiano-2-0\/","og_locale":"en_US","og_type":"article","og_title":"Piano 2.0 - Centro Cultural de Bel\u00e9m Foundation","og_description":"Francesco Tristano traz uma abordagem ao recital de piano, juntando instrumentos eletr\u00f4nicos e sequenciadores para uma experi\u00eancia \u00fanica.","og_url":"https:\/\/www.ccb.pt\/en\/evento\/atravessar-o-fogopiano-2-0\/","og_site_name":"Centro Cultural de Bel\u00e9m Foundation","article_modified_time":"2024-03-04T15:25:23+00:00","og_image":[{"width":2048,"height":1105,"url":"https:\/\/www.ccb.pt\/wp-content\/uploads\/2023\/06\/\uf021-EdgarsFoto_1045-e1687287341742.jpg","type":"image\/jpeg"}],"twitter_card":"summary_large_image","twitter_site":"@macccb_museu","twitter_misc":{"Est. reading time":"1 minute"},"schema":{"@context":"https:\/\/schema.org","@graph":[{"@type":"WebPage","@id":"https:\/\/www.ccb.pt\/en\/evento\/atravessar-o-fogopiano-2-0\/","url":"https:\/\/www.ccb.pt\/en\/evento\/atravessar-o-fogopiano-2-0\/","name":"Piano 2.0 - Centro Cultural de Bel\u00e9m Foundation","isPartOf":{"@id":"https:\/\/www.ccb.pt\/#website"},"primaryImageOfPage":{"@id":"https:\/\/www.ccb.pt\/en\/evento\/atravessar-o-fogopiano-2-0\/#primaryimage"},"image":{"@id":"https:\/\/www.ccb.pt\/en\/evento\/atravessar-o-fogopiano-2-0\/#primaryimage"},"thumbnailUrl":"https:\/\/www.ccb.pt\/wp-content\/uploads\/2023\/06\/\uf021-EdgarsFoto_1045-e1687287341742.jpg","datePublished":"2023-06-22T09:02:19+00:00","dateModified":"2024-03-04T15:25:23+00:00","description":"Francesco Tristano traz uma abordagem ao recital de piano, juntando instrumentos eletr\u00f4nicos e sequenciadores para uma experi\u00eancia \u00fanica.","breadcrumb":{"@id":"https:\/\/www.ccb.pt\/en\/evento\/atravessar-o-fogopiano-2-0\/#breadcrumb"},"inLanguage":"en-US","potentialAction":[{"@type":"ReadAction","target":["https:\/\/www.ccb.pt\/en\/evento\/atravessar-o-fogopiano-2-0\/"]}]},{"@type":"ImageObject","inLanguage":"en-US","@id":"https:\/\/www.ccb.pt\/en\/evento\/atravessar-o-fogopiano-2-0\/#primaryimage","url":"https:\/\/www.ccb.pt\/wp-content\/uploads\/2023\/06\/\uf021-EdgarsFoto_1045-e1687287341742.jpg","contentUrl":"https:\/\/www.ccb.pt\/wp-content\/uploads\/2023\/06\/\uf021-EdgarsFoto_1045-e1687287341742.jpg","width":2048,"height":1363,"caption":"Francesco Tristano no CCB"},{"@type":"BreadcrumbList","@id":"https:\/\/www.ccb.pt\/en\/evento\/atravessar-o-fogopiano-2-0\/#breadcrumb","itemListElement":[{"@type":"ListItem","position":1,"name":"Home","item":"https:\/\/www.ccb.pt\/en\/"},{"@type":"ListItem","position":2,"name":"Eventos","item":"https:\/\/www.ccb.pt\/eventos\/"},{"@type":"ListItem","position":3,"name":"Piano 2.0"}]},{"@type":"WebSite","@id":"https:\/\/www.ccb.pt\/#website","url":"https:\/\/www.ccb.pt\/","name":"Centro Cultural de Bel\u00e9m Foundation","description":"","publisher":{"@id":"https:\/\/www.ccb.pt\/#organization"},"potentialAction":[{"@type":"SearchAction","target":{"@type":"EntryPoint","urlTemplate":"https:\/\/www.ccb.pt\/?s={search_term_string}"},"query-input":"required name=search_term_string"}],"inLanguage":"en-US"},{"@type":"Organization","@id":"https:\/\/www.ccb.pt\/#organization","name":"Centro Cultural de Bel\u00e9m Foundation","url":"https:\/\/www.ccb.pt\/","logo":{"@type":"ImageObject","inLanguage":"en-US","@id":"https:\/\/www.ccb.pt\/#\/schema\/logo\/image\/","url":"https:\/\/www.ccb.pt\/wp-content\/uploads\/2022\/05\/1_ccb.png","contentUrl":"https:\/\/www.ccb.pt\/wp-content\/uploads\/2022\/05\/1_ccb.png","width":126,"height":100,"caption":"Centro Cultural de Bel\u00e9m Foundation"},"image":{"@id":"https:\/\/www.ccb.pt\/#\/schema\/logo\/image\/"},"sameAs":["https:\/\/twitter.com\/macccb_museu"]}]}},"_links":{"self":[{"href":"https:\/\/www.ccb.pt\/en\/wp-json\/wp\/v2\/tribe_events\/148589"}],"collection":[{"href":"https:\/\/www.ccb.pt\/en\/wp-json\/wp\/v2\/tribe_events"}],"about":[{"href":"https:\/\/www.ccb.pt\/en\/wp-json\/wp\/v2\/types\/tribe_events"}],"author":[{"embeddable":true,"href":"https:\/\/www.ccb.pt\/en\/wp-json\/wp\/v2\/users\/6"}],"replies":[{"embeddable":true,"href":"https:\/\/www.ccb.pt\/en\/wp-json\/wp\/v2\/comments?post=148589"}],"version-history":[{"count":5,"href":"https:\/\/www.ccb.pt\/en\/wp-json\/wp\/v2\/tribe_events\/148589\/revisions"}],"predecessor-version":[{"id":160791,"href":"https:\/\/www.ccb.pt\/en\/wp-json\/wp\/v2\/tribe_events\/148589\/revisions\/160791"}],"wp:featuredmedia":[{"embeddable":true,"href":"https:\/\/www.ccb.pt\/en\/wp-json\/wp\/v2\/media\/123649"}],"wp:attachment":[{"href":"https:\/\/www.ccb.pt\/en\/wp-json\/wp\/v2\/media?parent=148589"}],"wp:term":[{"taxonomy":"tribe_events_cat","embeddable":true,"href":"https:\/\/www.ccb.pt\/en\/wp-json\/wp\/v2\/tribe_events_cat?post=148589"},{"taxonomy":"tags_tema","embeddable":true,"href":"https:\/\/www.ccb.pt\/en\/wp-json\/wp\/v2\/tags_tema?post=148589"},{"taxonomy":"idades","embeddable":true,"href":"https:\/\/www.ccb.pt\/en\/wp-json\/wp\/v2\/idades?post=148589"},{"taxonomy":"tipos","embeddable":true,"href":"https:\/\/www.ccb.pt\/en\/wp-json\/wp\/v2\/tipos?post=148589"},{"taxonomy":"temas","embeddable":true,"href":"https:\/\/www.ccb.pt\/en\/wp-json\/wp\/v2\/temas?post=148589"},{"taxonomy":"categorias_hubspot","embeddable":true,"href":"https:\/\/www.ccb.pt\/en\/wp-json\/wp\/v2\/categorias_hubspot?post=148589"}],"curies":[{"name":"wp","href":"https:\/\/api.w.org\/{rel}","templated":true}]}}

<!-- This site is optimized with the Yoast SEO plugin v22.3 - https://yoast.com/wordpress/plugins/seo/ -->
<title>Piano 2.0 - Centro Cultural de Belém Foundation</title>
<meta name="description" content="Francesco Tristano traz uma abordagem ao recital de piano, juntando instrumentos eletrônicos e sequenciadores para uma experiência única." />
<meta name="robots" content="index, follow, max-snippet:-1, max-image-preview:large, max-video-preview:-1" />
<link rel="canonical" href="https://www.ccb.pt/en/evento/atravessar-o-fogopiano-2-0/" />
<meta property="og:locale" content="en_US" />
<meta property="og:type" content="article" />
<meta property="og:title" content="Piano 2.0 - Centro Cultural de Belém Foundation" />
<meta property="og:description" content="Francesco Tristano traz uma abordagem ao recital de piano, juntando instrumentos eletrônicos e sequenciadores para uma experiência única." />
<meta property="og:url" content="https://www.ccb.pt/en/evento/atravessar-o-fogopiano-2-0/" />
<meta property="og:site_name" content="Centro Cultural de Belém Foundation" />
<meta property="article:modified_time" content="2024-03-04T15:25:23+00:00" />
<meta property="og:image" content="https://www.ccb.pt/wp-content/uploads/2023/06/-EdgarsFoto_1045-e1687287341742.jpg" />
	<meta property="og:image:width" content="2048" />
	<meta property="og:image:height" content="1105" />
	<meta property="og:image:type" content="image/jpeg" />
<meta name="twitter:card" content="summary_large_image" />
<meta name="twitter:site" content="@macccb_museu" />
<meta name="twitter:label1" content="Est. reading time" />
	<meta name="twitter:data1" content="1 minute" />
<script type="application/ld+json" class="yoast-schema-graph">{"@context":"https://schema.org","@graph":[{"@type":"WebPage","@id":"https://www.ccb.pt/en/evento/atravessar-o-fogopiano-2-0/","url":"https://www.ccb.pt/en/evento/atravessar-o-fogopiano-2-0/","name":"Piano 2.0 - Centro Cultural de Belém Foundation","isPartOf":{"@id":"https://www.ccb.pt/#website"},"primaryImageOfPage":{"@id":"https://www.ccb.pt/en/evento/atravessar-o-fogopiano-2-0/#primaryimage"},"image":{"@id":"https://www.ccb.pt/en/evento/atravessar-o-fogopiano-2-0/#primaryimage"},"thumbnailUrl":"https://www.ccb.pt/wp-content/uploads/2023/06/-EdgarsFoto_1045-e1687287341742.jpg","datePublished":"2023-06-22T09:02:19+00:00","dateModified":"2024-03-04T15:25:23+00:00","description":"Francesco Tristano traz uma abordagem ao recital de piano, juntando instrumentos eletrônicos e sequenciadores para uma experiência única.","breadcrumb":{"@id":"https://www.ccb.pt/en/evento/atravessar-o-fogopiano-2-0/#breadcrumb"},"inLanguage":"en-US","potentialAction":[{"@type":"ReadAction","target":["https://www.ccb.pt/en/evento/atravessar-o-fogopiano-2-0/"]}]},{"@type":"ImageObject","inLanguage":"en-US","@id":"https://www.ccb.pt/en/evento/atravessar-o-fogopiano-2-0/#primaryimage","url":"https://www.ccb.pt/wp-content/uploads/2023/06/-EdgarsFoto_1045-e1687287341742.jpg","contentUrl":"https://www.ccb.pt/wp-content/uploads/2023/06/-EdgarsFoto_1045-e1687287341742.jpg","width":2048,"height":1363,"caption":"Francesco Tristano no CCB"},{"@type":"BreadcrumbList","@id":"https://www.ccb.pt/en/evento/atravessar-o-fogopiano-2-0/#breadcrumb","itemListElement":[{"@type":"ListItem","position":1,"name":"Home","item":"https://www.ccb.pt/en/"},{"@type":"ListItem","position":2,"name":"Eventos","item":"https://www.ccb.pt/eventos/"},{"@type":"ListItem","position":3,"name":"Piano 2.0"}]},{"@type":"WebSite","@id":"https://www.ccb.pt/#website","url":"https://www.ccb.pt/","name":"Centro Cultural de Belém Foundation","description":"","publisher":{"@id":"https://www.ccb.pt/#organization"},"potentialAction":[{"@type":"SearchAction","target":{"@type":"EntryPoint","urlTemplate":"https://www.ccb.pt/?s={search_term_string}"},"query-input":"required name=search_term_string"}],"inLanguage":"en-US"},{"@type":"Organization","@id":"https://www.ccb.pt/#organization","name":"Centro Cultural de Belém Foundation","url":"https://www.ccb.pt/","logo":{"@type":"ImageObject","inLanguage":"en-US","@id":"https://www.ccb.pt/#/schema/logo/image/","url":"https://www.ccb.pt/wp-content/uploads/2022/05/1_ccb.png","contentUrl":"https://www.ccb.pt/wp-content/uploads/2022/05/1_ccb.png","width":126,"height":100,"caption":"Centro Cultural de Belém Foundation"},"image":{"@id":"https://www.ccb.pt/#/schema/logo/image/"},"sameAs":["https://twitter.com/macccb_museu"]}]}</script>
<!-- / Yoast SEO plugin. -->

Piano 2.0 - Centro Cultural de Belém Foundation

Francesco Tristano traz uma abordagem ao recital de piano, juntando instrumentos eletrônicos e sequenciadores para uma experiência única.

Centro Cultural de Belém Foundation
