    {"id":146883,"date":"2023-06-23T11:53:03","date_gmt":"2023-06-23T10:53:03","guid":{"rendered":"https:\/\/www.ccb.pt\/evento\/is-this-the-real-life\/"},"modified":"2023-12-27T10:23:26","modified_gmt":"2023-12-27T10:23:26","slug":"is-this-the-real-life","status":"publish","type":"tribe_events","link":"https:\/\/www.ccb.pt\/en\/evento\/is-this-the-real-life\/","title":{"rendered":"<i>Is This the Real Life<\/i>"},"content":{"rendered":"<p><strong>For reasons beyond the control of the Bel\u00e9m Cultural Center, the Attacca Quartet concert, scheduled for February 24th, was cancelled. We inform you that the the Quartet was replaced by the group Plus-Minus Ensemble at the same time and on the same date. Previously purchased tickets are valid for the new group. Tickets valid for the concert must go to the local depot of purchase to receive a refund or contact the CCB Box Office via email at <a href=\"mailto:bilheteiraccb@ccb.pt\">bilheteiraccb@ccb.pt<\/a> or telephone number 213 612 627 (call to the Portuguese fixed network).<\/strong><\/p>\n<p>&nbsp;<\/p>\n<p>&nbsp;<\/p>\n<p>If there are times when contemporary music is suitable for falling asleep, Attacca Quartet&#8217;s album <em>REAL LIFE<\/em> promises the opposite. It&#8217;s upbeat music of our time and pulls you towards an imaginary dance floor.<\/p>\n<p>The acclaimed New York quartet, which knows no barriers and already has a Grammy in its pocket, comes to Lisbon to make new friends and show how it&#8217;s done.<\/p>\n<p>&nbsp;<\/p>\n","protected":false},"excerpt":{"rendered":"<p>For reasons beyond the control of the Bel\u00e9m Cultural Center, the Attacca Quartet concert, scheduled for February 24th, was cancelled. We inform you that the the Quartet was replaced by the group Plus-Minus Ensemble at the same time and on the same date. Previously purchased tickets are valid for the new group. Tickets valid for [&hellip;]<\/p>\n","protected":false},"author":6,"featured_media":123503,"comment_status":"closed","ping_status":"closed","template":"","meta":{"_relevanssi_hide_post":"","_relevanssi_pin_for_all":"","_relevanssi_pin_keywords":"","_relevanssi_unpin_keywords":"","_relevanssi_related_keywords":"","_relevanssi_related_include_ids":"","_relevanssi_related_exclude_ids":"","_relevanssi_related_no_append":"","_relevanssi_related_not_related":"","_relevanssi_related_posts":"","_relevanssi_noindex_reason":""},"tribe_events_cat":[590,23],"tags_tema":[],"idades":[392],"tipos":[],"temas":[],"categorias_hubspot":[],"acf":[],"yoast_head":"<!-- This site is optimized with the Yoast SEO plugin v22.3 - https:\/\/yoast.com\/wordpress\/plugins\/seo\/ -->\n<title>Is This the Real Life - Centro Cultural de Bel\u00e9m Foundation<\/title>\n<meta name=\"description\" content=\"J\u00e1 com um Grammy Attacca Quartet vem ao CCB trazer m\u00fasica contempor\u00e2nea para dan\u00e7ar e encantar o p\u00fablico em Lisboa. Saiba mais aqui!\" \/>\n<meta name=\"robots\" content=\"index, follow, max-snippet:-1, max-image-preview:large, max-video-preview:-1\" \/>\n<link rel=\"canonical\" href=\"https:\/\/www.ccb.pt\/en\/evento\/is-this-the-real-life\/\" \/>\n<meta property=\"og:locale\" content=\"en_US\" \/>\n<meta property=\"og:type\" content=\"article\" \/>\n<meta property=\"og:title\" content=\"Is This the Real Life - Centro Cultural de Bel\u00e9m Foundation\" \/>\n<meta property=\"og:description\" content=\"J\u00e1 com um Grammy Attacca Quartet vem ao CCB trazer m\u00fasica contempor\u00e2nea para dan\u00e7ar e encantar o p\u00fablico em Lisboa. Saiba mais aqui!\" \/>\n<meta property=\"og:url\" content=\"https:\/\/www.ccb.pt\/en\/evento\/is-this-the-real-life\/\" \/>\n<meta property=\"og:site_name\" content=\"Centro Cultural de Bel\u00e9m Foundation\" \/>\n<meta property=\"article:modified_time\" content=\"2023-12-27T10:23:26+00:00\" \/>\n<meta property=\"og:image\" content=\"https:\/\/www.ccb.pt\/wp-content\/uploads\/2023\/06\/\uf021-Wide-frame.-Attacca.-Photo-credit-David-Goddard-1-scaled.jpg\" \/>\n\t<meta property=\"og:image:width\" content=\"2560\" \/>\n\t<meta property=\"og:image:height\" content=\"1707\" \/>\n\t<meta property=\"og:image:type\" content=\"image\/jpeg\" \/>\n<meta name=\"twitter:card\" content=\"summary_large_image\" \/>\n<meta name=\"twitter:site\" content=\"@macccb_museu\" \/>\n<meta name=\"twitter:label1\" content=\"Est. reading time\" \/>\n\t<meta name=\"twitter:data1\" content=\"1 minute\" \/>\n<script type=\"application\/ld+json\" class=\"yoast-schema-graph\">{\"@context\":\"https:\/\/schema.org\",\"@graph\":[{\"@type\":\"WebPage\",\"@id\":\"https:\/\/www.ccb.pt\/en\/evento\/is-this-the-real-life\/\",\"url\":\"https:\/\/www.ccb.pt\/en\/evento\/is-this-the-real-life\/\",\"name\":\"Is This the Real Life - Centro Cultural de Bel\u00e9m Foundation\",\"isPartOf\":{\"@id\":\"https:\/\/www.ccb.pt\/#website\"},\"primaryImageOfPage\":{\"@id\":\"https:\/\/www.ccb.pt\/en\/evento\/is-this-the-real-life\/#primaryimage\"},\"image\":{\"@id\":\"https:\/\/www.ccb.pt\/en\/evento\/is-this-the-real-life\/#primaryimage\"},\"thumbnailUrl\":\"https:\/\/www.ccb.pt\/wp-content\/uploads\/2023\/06\/\uf021-Wide-frame.-Attacca.-Photo-credit-David-Goddard-1-scaled.jpg\",\"datePublished\":\"2023-06-23T10:53:03+00:00\",\"dateModified\":\"2023-12-27T10:23:26+00:00\",\"description\":\"J\u00e1 com um Grammy Attacca Quartet vem ao CCB trazer m\u00fasica contempor\u00e2nea para dan\u00e7ar e encantar o p\u00fablico em Lisboa. Saiba mais aqui!\",\"breadcrumb\":{\"@id\":\"https:\/\/www.ccb.pt\/en\/evento\/is-this-the-real-life\/#breadcrumb\"},\"inLanguage\":\"en-US\",\"potentialAction\":[{\"@type\":\"ReadAction\",\"target\":[\"https:\/\/www.ccb.pt\/en\/evento\/is-this-the-real-life\/\"]}]},{\"@type\":\"ImageObject\",\"inLanguage\":\"en-US\",\"@id\":\"https:\/\/www.ccb.pt\/en\/evento\/is-this-the-real-life\/#primaryimage\",\"url\":\"https:\/\/www.ccb.pt\/wp-content\/uploads\/2023\/06\/\uf021-Wide-frame.-Attacca.-Photo-credit-David-Goddard-1-scaled.jpg\",\"contentUrl\":\"https:\/\/www.ccb.pt\/wp-content\/uploads\/2023\/06\/\uf021-Wide-frame.-Attacca.-Photo-credit-David-Goddard-1-scaled.jpg\",\"width\":2560,\"height\":1707,\"caption\":\"(c) David Goddard\"},{\"@type\":\"BreadcrumbList\",\"@id\":\"https:\/\/www.ccb.pt\/en\/evento\/is-this-the-real-life\/#breadcrumb\",\"itemListElement\":[{\"@type\":\"ListItem\",\"position\":1,\"name\":\"Home\",\"item\":\"https:\/\/www.ccb.pt\/en\/\"},{\"@type\":\"ListItem\",\"position\":2,\"name\":\"Eventos\",\"item\":\"https:\/\/www.ccb.pt\/eventos\/\"},{\"@type\":\"ListItem\",\"position\":3,\"name\":\"Is This the Real Life\"}]},{\"@type\":\"WebSite\",\"@id\":\"https:\/\/www.ccb.pt\/#website\",\"url\":\"https:\/\/www.ccb.pt\/\",\"name\":\"Centro Cultural de Bel\u00e9m Foundation\",\"description\":\"\",\"publisher\":{\"@id\":\"https:\/\/www.ccb.pt\/#organization\"},\"potentialAction\":[{\"@type\":\"SearchAction\",\"target\":{\"@type\":\"EntryPoint\",\"urlTemplate\":\"https:\/\/www.ccb.pt\/?s={search_term_string}\"},\"query-input\":\"required name=search_term_string\"}],\"inLanguage\":\"en-US\"},{\"@type\":\"Organization\",\"@id\":\"https:\/\/www.ccb.pt\/#organization\",\"name\":\"Centro Cultural de Bel\u00e9m Foundation\",\"url\":\"https:\/\/www.ccb.pt\/\",\"logo\":{\"@type\":\"ImageObject\",\"inLanguage\":\"en-US\",\"@id\":\"https:\/\/www.ccb.pt\/#\/schema\/logo\/image\/\",\"url\":\"https:\/\/www.ccb.pt\/wp-content\/uploads\/2022\/05\/1_ccb.png\",\"contentUrl\":\"https:\/\/www.ccb.pt\/wp-content\/uploads\/2022\/05\/1_ccb.png\",\"width\":126,\"height\":100,\"caption\":\"Centro Cultural de Bel\u00e9m Foundation\"},\"image\":{\"@id\":\"https:\/\/www.ccb.pt\/#\/schema\/logo\/image\/\"},\"sameAs\":[\"https:\/\/twitter.com\/macccb_museu\"]}]}<\/script>\n<!-- \/ Yoast SEO plugin. -->","yoast_head_json":{"title":"Is This the Real Life - Centro Cultural de Bel\u00e9m Foundation","description":"J\u00e1 com um Grammy Attacca Quartet vem ao CCB trazer m\u00fasica contempor\u00e2nea para dan\u00e7ar e encantar o p\u00fablico em Lisboa. Saiba mais aqui!","robots":{"index":"index","follow":"follow","max-snippet":"max-snippet:-1","max-image-preview":"max-image-preview:large","max-video-preview":"max-video-preview:-1"},"canonical":"https:\/\/www.ccb.pt\/en\/evento\/is-this-the-real-life\/","og_locale":"en_US","og_type":"article","og_title":"Is This the Real Life - Centro Cultural de Bel\u00e9m Foundation","og_description":"J\u00e1 com um Grammy Attacca Quartet vem ao CCB trazer m\u00fasica contempor\u00e2nea para dan\u00e7ar e encantar o p\u00fablico em Lisboa. Saiba mais aqui!","og_url":"https:\/\/www.ccb.pt\/en\/evento\/is-this-the-real-life\/","og_site_name":"Centro Cultural de Bel\u00e9m Foundation","article_modified_time":"2023-12-27T10:23:26+00:00","og_image":[{"width":2560,"height":1707,"url":"https:\/\/www.ccb.pt\/wp-content\/uploads\/2023\/06\/\uf021-Wide-frame.-Attacca.-Photo-credit-David-Goddard-1-scaled.jpg","type":"image\/jpeg"}],"twitter_card":"summary_large_image","twitter_site":"@macccb_museu","twitter_misc":{"Est. reading time":"1 minute"},"schema":{"@context":"https:\/\/schema.org","@graph":[{"@type":"WebPage","@id":"https:\/\/www.ccb.pt\/en\/evento\/is-this-the-real-life\/","url":"https:\/\/www.ccb.pt\/en\/evento\/is-this-the-real-life\/","name":"Is This the Real Life - Centro Cultural de Bel\u00e9m Foundation","isPartOf":{"@id":"https:\/\/www.ccb.pt\/#website"},"primaryImageOfPage":{"@id":"https:\/\/www.ccb.pt\/en\/evento\/is-this-the-real-life\/#primaryimage"},"image":{"@id":"https:\/\/www.ccb.pt\/en\/evento\/is-this-the-real-life\/#primaryimage"},"thumbnailUrl":"https:\/\/www.ccb.pt\/wp-content\/uploads\/2023\/06\/\uf021-Wide-frame.-Attacca.-Photo-credit-David-Goddard-1-scaled.jpg","datePublished":"2023-06-23T10:53:03+00:00","dateModified":"2023-12-27T10:23:26+00:00","description":"J\u00e1 com um Grammy Attacca Quartet vem ao CCB trazer m\u00fasica contempor\u00e2nea para dan\u00e7ar e encantar o p\u00fablico em Lisboa. Saiba mais aqui!","breadcrumb":{"@id":"https:\/\/www.ccb.pt\/en\/evento\/is-this-the-real-life\/#breadcrumb"},"inLanguage":"en-US","potentialAction":[{"@type":"ReadAction","target":["https:\/\/www.ccb.pt\/en\/evento\/is-this-the-real-life\/"]}]},{"@type":"ImageObject","inLanguage":"en-US","@id":"https:\/\/www.ccb.pt\/en\/evento\/is-this-the-real-life\/#primaryimage","url":"https:\/\/www.ccb.pt\/wp-content\/uploads\/2023\/06\/\uf021-Wide-frame.-Attacca.-Photo-credit-David-Goddard-1-scaled.jpg","contentUrl":"https:\/\/www.ccb.pt\/wp-content\/uploads\/2023\/06\/\uf021-Wide-frame.-Attacca.-Photo-credit-David-Goddard-1-scaled.jpg","width":2560,"height":1707,"caption":"(c) David Goddard"},{"@type":"BreadcrumbList","@id":"https:\/\/www.ccb.pt\/en\/evento\/is-this-the-real-life\/#breadcrumb","itemListElement":[{"@type":"ListItem","position":1,"name":"Home","item":"https:\/\/www.ccb.pt\/en\/"},{"@type":"ListItem","position":2,"name":"Eventos","item":"https:\/\/www.ccb.pt\/eventos\/"},{"@type":"ListItem","position":3,"name":"Is This the Real Life"}]},{"@type":"WebSite","@id":"https:\/\/www.ccb.pt\/#website","url":"https:\/\/www.ccb.pt\/","name":"Centro Cultural de Bel\u00e9m Foundation","description":"","publisher":{"@id":"https:\/\/www.ccb.pt\/#organization"},"potentialAction":[{"@type":"SearchAction","target":{"@type":"EntryPoint","urlTemplate":"https:\/\/www.ccb.pt\/?s={search_term_string}"},"query-input":"required name=search_term_string"}],"inLanguage":"en-US"},{"@type":"Organization","@id":"https:\/\/www.ccb.pt\/#organization","name":"Centro Cultural de Bel\u00e9m Foundation","url":"https:\/\/www.ccb.pt\/","logo":{"@type":"ImageObject","inLanguage":"en-US","@id":"https:\/\/www.ccb.pt\/#\/schema\/logo\/image\/","url":"https:\/\/www.ccb.pt\/wp-content\/uploads\/2022\/05\/1_ccb.png","contentUrl":"https:\/\/www.ccb.pt\/wp-content\/uploads\/2022\/05\/1_ccb.png","width":126,"height":100,"caption":"Centro Cultural de Bel\u00e9m Foundation"},"image":{"@id":"https:\/\/www.ccb.pt\/#\/schema\/logo\/image\/"},"sameAs":["https:\/\/twitter.com\/macccb_museu"]}]}},"_links":{"self":[{"href":"https:\/\/www.ccb.pt\/en\/wp-json\/wp\/v2\/tribe_events\/146883"}],"collection":[{"href":"https:\/\/www.ccb.pt\/en\/wp-json\/wp\/v2\/tribe_events"}],"about":[{"href":"https:\/\/www.ccb.pt\/en\/wp-json\/wp\/v2\/types\/tribe_events"}],"author":[{"embeddable":true,"href":"https:\/\/www.ccb.pt\/en\/wp-json\/wp\/v2\/users\/6"}],"replies":[{"embeddable":true,"href":"https:\/\/www.ccb.pt\/en\/wp-json\/wp\/v2\/comments?post=146883"}],"version-history":[{"count":3,"href":"https:\/\/www.ccb.pt\/en\/wp-json\/wp\/v2\/tribe_events\/146883\/revisions"}],"predecessor-version":[{"id":148569,"href":"https:\/\/www.ccb.pt\/en\/wp-json\/wp\/v2\/tribe_events\/146883\/revisions\/148569"}],"wp:featuredmedia":[{"embeddable":true,"href":"https:\/\/www.ccb.pt\/en\/wp-json\/wp\/v2\/media\/123503"}],"wp:attachment":[{"href":"https:\/\/www.ccb.pt\/en\/wp-json\/wp\/v2\/media?parent=146883"}],"wp:term":[{"taxonomy":"tribe_events_cat","embeddable":true,"href":"https:\/\/www.ccb.pt\/en\/wp-json\/wp\/v2\/tribe_events_cat?post=146883"},{"taxonomy":"tags_tema","embeddable":true,"href":"https:\/\/www.ccb.pt\/en\/wp-json\/wp\/v2\/tags_tema?post=146883"},{"taxonomy":"idades","embeddable":true,"href":"https:\/\/www.ccb.pt\/en\/wp-json\/wp\/v2\/idades?post=146883"},{"taxonomy":"tipos","embeddable":true,"href":"https:\/\/www.ccb.pt\/en\/wp-json\/wp\/v2\/tipos?post=146883"},{"taxonomy":"temas","embeddable":true,"href":"https:\/\/www.ccb.pt\/en\/wp-json\/wp\/v2\/temas?post=146883"},{"taxonomy":"categorias_hubspot","embeddable":true,"href":"https:\/\/www.ccb.pt\/en\/wp-json\/wp\/v2\/categorias_hubspot?post=146883"}],"curies":[{"name":"wp","href":"https:\/\/api.w.org\/{rel}","templated":true}]}}

<p><strong>For reasons beyond the control of the Belém Cultural Center, the Attacca Quartet concert, scheduled for February 24th, was cancelled. We inform you that the the Quartet was replaced by the group Plus-Minus Ensemble at the same time and on the same date. Previously purchased tickets are valid for the new group. Tickets valid for the concert must go to the local depot of purchase to receive a refund or contact the CCB Box Office via email at <a href="mailto:bilheteiraccb@ccb.pt">bilheteiraccb@ccb.pt</a> or telephone number 213 612 627 (call to the Portuguese fixed network).</strong></p>
<p>&nbsp;</p>
<p>&nbsp;</p>
<p>If there are times when contemporary music is suitable for falling asleep, Attacca Quartet&#8217;s album <em>REAL LIFE</em> promises the opposite. It&#8217;s upbeat music of our time and pulls you towards an imaginary dance floor.</p>
<p>The acclaimed New York quartet, which knows no barriers and already has a Grammy in its pocket, comes to Lisbon to make new friends and show how it&#8217;s done.</p>
<p>&nbsp;</p>

<p>For reasons beyond the control of the Belém Cultural Center, the Attacca Quartet concert, scheduled for February 24th, was cancelled. We inform you that the the Quartet was replaced by the group Plus-Minus Ensemble at the same time and on the same date. Previously purchased tickets are valid for the new group. Tickets valid for [&hellip;]</p>

<!-- This site is optimized with the Yoast SEO plugin v22.3 - https://yoast.com/wordpress/plugins/seo/ -->
<title>Is This the Real Life - Centro Cultural de Belém Foundation</title>
<meta name="description" content="Já com um Grammy Attacca Quartet vem ao CCB trazer música contemporânea para dançar e encantar o público em Lisboa. Saiba mais aqui!" />
<meta name="robots" content="index, follow, max-snippet:-1, max-image-preview:large, max-video-preview:-1" />
<link rel="canonical" href="https://www.ccb.pt/en/evento/is-this-the-real-life/" />
<meta property="og:locale" content="en_US" />
<meta property="og:type" content="article" />
<meta property="og:title" content="Is This the Real Life - Centro Cultural de Belém Foundation" />
<meta property="og:description" content="Já com um Grammy Attacca Quartet vem ao CCB trazer música contemporânea para dançar e encantar o público em Lisboa. Saiba mais aqui!" />
<meta property="og:url" content="https://www.ccb.pt/en/evento/is-this-the-real-life/" />
<meta property="og:site_name" content="Centro Cultural de Belém Foundation" />
<meta property="article:modified_time" content="2023-12-27T10:23:26+00:00" />
<meta property="og:image" content="https://www.ccb.pt/wp-content/uploads/2023/06/-Wide-frame.-Attacca.-Photo-credit-David-Goddard-1-scaled.jpg" />
	<meta property="og:image:width" content="2560" />
	<meta property="og:image:height" content="1707" />
	<meta property="og:image:type" content="image/jpeg" />
<meta name="twitter:card" content="summary_large_image" />
<meta name="twitter:site" content="@macccb_museu" />
<meta name="twitter:label1" content="Est. reading time" />
	<meta name="twitter:data1" content="1 minute" />
<script type="application/ld+json" class="yoast-schema-graph">{"@context":"https://schema.org","@graph":[{"@type":"WebPage","@id":"https://www.ccb.pt/en/evento/is-this-the-real-life/","url":"https://www.ccb.pt/en/evento/is-this-the-real-life/","name":"Is This the Real Life - Centro Cultural de Belém Foundation","isPartOf":{"@id":"https://www.ccb.pt/#website"},"primaryImageOfPage":{"@id":"https://www.ccb.pt/en/evento/is-this-the-real-life/#primaryimage"},"image":{"@id":"https://www.ccb.pt/en/evento/is-this-the-real-life/#primaryimage"},"thumbnailUrl":"https://www.ccb.pt/wp-content/uploads/2023/06/-Wide-frame.-Attacca.-Photo-credit-David-Goddard-1-scaled.jpg","datePublished":"2023-06-23T10:53:03+00:00","dateModified":"2023-12-27T10:23:26+00:00","description":"Já com um Grammy Attacca Quartet vem ao CCB trazer música contemporânea para dançar e encantar o público em Lisboa. Saiba mais aqui!","breadcrumb":{"@id":"https://www.ccb.pt/en/evento/is-this-the-real-life/#breadcrumb"},"inLanguage":"en-US","potentialAction":[{"@type":"ReadAction","target":["https://www.ccb.pt/en/evento/is-this-the-real-life/"]}]},{"@type":"ImageObject","inLanguage":"en-US","@id":"https://www.ccb.pt/en/evento/is-this-the-real-life/#primaryimage","url":"https://www.ccb.pt/wp-content/uploads/2023/06/-Wide-frame.-Attacca.-Photo-credit-David-Goddard-1-scaled.jpg","contentUrl":"https://www.ccb.pt/wp-content/uploads/2023/06/-Wide-frame.-Attacca.-Photo-credit-David-Goddard-1-scaled.jpg","width":2560,"height":1707,"caption":"(c) David Goddard"},{"@type":"BreadcrumbList","@id":"https://www.ccb.pt/en/evento/is-this-the-real-life/#breadcrumb","itemListElement":[{"@type":"ListItem","position":1,"name":"Home","item":"https://www.ccb.pt/en/"},{"@type":"ListItem","position":2,"name":"Eventos","item":"https://www.ccb.pt/eventos/"},{"@type":"ListItem","position":3,"name":"Is This the Real Life"}]},{"@type":"WebSite","@id":"https://www.ccb.pt/#website","url":"https://www.ccb.pt/","name":"Centro Cultural de Belém Foundation","description":"","publisher":{"@id":"https://www.ccb.pt/#organization"},"potentialAction":[{"@type":"SearchAction","target":{"@type":"EntryPoint","urlTemplate":"https://www.ccb.pt/?s={search_term_string}"},"query-input":"required name=search_term_string"}],"inLanguage":"en-US"},{"@type":"Organization","@id":"https://www.ccb.pt/#organization","name":"Centro Cultural de Belém Foundation","url":"https://www.ccb.pt/","logo":{"@type":"ImageObject","inLanguage":"en-US","@id":"https://www.ccb.pt/#/schema/logo/image/","url":"https://www.ccb.pt/wp-content/uploads/2022/05/1_ccb.png","contentUrl":"https://www.ccb.pt/wp-content/uploads/2022/05/1_ccb.png","width":126,"height":100,"caption":"Centro Cultural de Belém Foundation"},"image":{"@id":"https://www.ccb.pt/#/schema/logo/image/"},"sameAs":["https://twitter.com/macccb_museu"]}]}</script>
<!-- / Yoast SEO plugin. -->

Is This the Real Life - Centro Cultural de Belém Foundation

Já com um Grammy Attacca Quartet vem ao CCB trazer música contemporânea para dançar e encantar o público em Lisboa. Saiba mais aqui!

Centro Cultural de Belém Foundation
