    {"id":144162,"date":"2023-06-22T09:59:13","date_gmt":"2023-06-22T08:59:13","guid":{"rendered":"https:\/\/www.ccb.pt\/evento\/atravessar-o-fogomirror-image\/"},"modified":"2023-12-22T15:49:50","modified_gmt":"2023-12-22T15:49:50","slug":"atravessar-o-fogomirror-image","status":"publish","type":"tribe_events","link":"https:\/\/www.ccb.pt\/en\/evento\/atravessar-o-fogomirror-image\/","title":{"rendered":"<i>Mirror Image<\/i>"},"content":{"rendered":"<p>Echo Collective defines themselves by bringing the public into a sound atmosphere in which any barriers between those who listen and those who play are blurred, as well as the genres, aesthetics and languages navigated.<\/p>\n<p>In a close environment, the ensemble from Belgium will propose the concept of 4D sound, working on timbral fluidity between the different instruments, always played by just two instrumentalists.\u00a0Mirror Image\u00a0is an immersive sound experience conceived in 2023 by the duo. Brussels, Amsterdam and London received presentations of this project.<\/p>\n","protected":false},"excerpt":{"rendered":"<p>Echo Collective defines themselves by bringing the public into a sound atmosphere in which any barriers between those who listen and those who play are blurred, as well as the genres, aesthetics and languages navigated. In a close environment, the ensemble from Belgium will propose the concept of 4D sound, working on timbral fluidity between [&hellip;]<\/p>\n","protected":false},"author":6,"featured_media":145414,"comment_status":"closed","ping_status":"closed","template":"","meta":{"_relevanssi_hide_post":"","_relevanssi_pin_for_all":"","_relevanssi_pin_keywords":"","_relevanssi_unpin_keywords":"","_relevanssi_related_keywords":"","_relevanssi_related_include_ids":"","_relevanssi_related_exclude_ids":"","_relevanssi_related_no_append":"","_relevanssi_related_not_related":"","_relevanssi_related_posts":"","_relevanssi_noindex_reason":""},"tribe_events_cat":[590,23],"tags_tema":[],"idades":[392],"tipos":[],"temas":[],"categorias_hubspot":[],"acf":[],"yoast_head":"<!-- This site is optimized with the Yoast SEO plugin v22.3 - https:\/\/yoast.com\/wordpress\/plugins\/seo\/ -->\n<title>Mirror Image - Centro Cultural de Bel\u00e9m Foundation<\/title>\n<meta name=\"description\" content=\"Echo Collective cria uma atmosfera sonora imersiva, que transcende g\u00e9neros e barreiras, com o conceito inovador do som 4D. Imperd\u00edvel!\" \/>\n<meta name=\"robots\" content=\"index, follow, max-snippet:-1, max-image-preview:large, max-video-preview:-1\" \/>\n<link rel=\"canonical\" href=\"https:\/\/www.ccb.pt\/en\/evento\/atravessar-o-fogomirror-image\/\" \/>\n<meta property=\"og:locale\" content=\"en_US\" \/>\n<meta property=\"og:type\" content=\"article\" \/>\n<meta property=\"og:title\" content=\"Mirror Image - Centro Cultural de Bel\u00e9m Foundation\" \/>\n<meta property=\"og:description\" content=\"Echo Collective cria uma atmosfera sonora imersiva, que transcende g\u00e9neros e barreiras, com o conceito inovador do som 4D. Imperd\u00edvel!\" \/>\n<meta property=\"og:url\" content=\"https:\/\/www.ccb.pt\/en\/evento\/atravessar-o-fogomirror-image\/\" \/>\n<meta property=\"og:site_name\" content=\"Centro Cultural de Bel\u00e9m Foundation\" \/>\n<meta property=\"article:modified_time\" content=\"2023-12-22T15:49:50+00:00\" \/>\n<meta property=\"og:image\" content=\"https:\/\/www.ccb.pt\/wp-content\/uploads\/2023\/06\/08_echo_newok-11-\u220f-Julie-Calbert-The-See-Within-scaled.jpg\" \/>\n\t<meta property=\"og:image:width\" content=\"2560\" \/>\n\t<meta property=\"og:image:height\" content=\"1707\" \/>\n\t<meta property=\"og:image:type\" content=\"image\/jpeg\" \/>\n<meta name=\"twitter:card\" content=\"summary_large_image\" \/>\n<meta name=\"twitter:site\" content=\"@macccb_museu\" \/>\n<script type=\"application\/ld+json\" class=\"yoast-schema-graph\">{\"@context\":\"https:\/\/schema.org\",\"@graph\":[{\"@type\":\"WebPage\",\"@id\":\"https:\/\/www.ccb.pt\/en\/evento\/atravessar-o-fogomirror-image\/\",\"url\":\"https:\/\/www.ccb.pt\/en\/evento\/atravessar-o-fogomirror-image\/\",\"name\":\"Mirror Image - Centro Cultural de Bel\u00e9m Foundation\",\"isPartOf\":{\"@id\":\"https:\/\/www.ccb.pt\/#website\"},\"primaryImageOfPage\":{\"@id\":\"https:\/\/www.ccb.pt\/en\/evento\/atravessar-o-fogomirror-image\/#primaryimage\"},\"image\":{\"@id\":\"https:\/\/www.ccb.pt\/en\/evento\/atravessar-o-fogomirror-image\/#primaryimage\"},\"thumbnailUrl\":\"https:\/\/www.ccb.pt\/wp-content\/uploads\/2023\/06\/EchoCollective_2023DannyWillems_EchoC2-1566-copy-2-e1701102393498.jpg\",\"datePublished\":\"2023-06-22T08:59:13+00:00\",\"dateModified\":\"2023-12-22T15:49:50+00:00\",\"description\":\"Echo Collective cria uma atmosfera sonora imersiva, que transcende g\u00e9neros e barreiras, com o conceito inovador do som 4D. Imperd\u00edvel!\",\"breadcrumb\":{\"@id\":\"https:\/\/www.ccb.pt\/en\/evento\/atravessar-o-fogomirror-image\/#breadcrumb\"},\"inLanguage\":\"en-US\",\"potentialAction\":[{\"@type\":\"ReadAction\",\"target\":[\"https:\/\/www.ccb.pt\/en\/evento\/atravessar-o-fogomirror-image\/\"]}]},{\"@type\":\"ImageObject\",\"inLanguage\":\"en-US\",\"@id\":\"https:\/\/www.ccb.pt\/en\/evento\/atravessar-o-fogomirror-image\/#primaryimage\",\"url\":\"https:\/\/www.ccb.pt\/wp-content\/uploads\/2023\/06\/EchoCollective_2023DannyWillems_EchoC2-1566-copy-2-e1701102393498.jpg\",\"contentUrl\":\"https:\/\/www.ccb.pt\/wp-content\/uploads\/2023\/06\/EchoCollective_2023DannyWillems_EchoC2-1566-copy-2-e1701102393498.jpg\",\"width\":1162,\"height\":821,\"caption\":\"(c) Danny Willems\"},{\"@type\":\"BreadcrumbList\",\"@id\":\"https:\/\/www.ccb.pt\/en\/evento\/atravessar-o-fogomirror-image\/#breadcrumb\",\"itemListElement\":[{\"@type\":\"ListItem\",\"position\":1,\"name\":\"Home\",\"item\":\"https:\/\/www.ccb.pt\/en\/\"},{\"@type\":\"ListItem\",\"position\":2,\"name\":\"Eventos\",\"item\":\"https:\/\/www.ccb.pt\/eventos\/\"},{\"@type\":\"ListItem\",\"position\":3,\"name\":\"Mirror Image\"}]},{\"@type\":\"WebSite\",\"@id\":\"https:\/\/www.ccb.pt\/#website\",\"url\":\"https:\/\/www.ccb.pt\/\",\"name\":\"Centro Cultural de Bel\u00e9m Foundation\",\"description\":\"\",\"publisher\":{\"@id\":\"https:\/\/www.ccb.pt\/#organization\"},\"potentialAction\":[{\"@type\":\"SearchAction\",\"target\":{\"@type\":\"EntryPoint\",\"urlTemplate\":\"https:\/\/www.ccb.pt\/?s={search_term_string}\"},\"query-input\":\"required name=search_term_string\"}],\"inLanguage\":\"en-US\"},{\"@type\":\"Organization\",\"@id\":\"https:\/\/www.ccb.pt\/#organization\",\"name\":\"Centro Cultural de Bel\u00e9m Foundation\",\"url\":\"https:\/\/www.ccb.pt\/\",\"logo\":{\"@type\":\"ImageObject\",\"inLanguage\":\"en-US\",\"@id\":\"https:\/\/www.ccb.pt\/#\/schema\/logo\/image\/\",\"url\":\"https:\/\/www.ccb.pt\/wp-content\/uploads\/2022\/05\/1_ccb.png\",\"contentUrl\":\"https:\/\/www.ccb.pt\/wp-content\/uploads\/2022\/05\/1_ccb.png\",\"width\":126,\"height\":100,\"caption\":\"Centro Cultural de Bel\u00e9m Foundation\"},\"image\":{\"@id\":\"https:\/\/www.ccb.pt\/#\/schema\/logo\/image\/\"},\"sameAs\":[\"https:\/\/twitter.com\/macccb_museu\"]}]}<\/script>\n<!-- \/ Yoast SEO plugin. -->","yoast_head_json":{"title":"Mirror Image - Centro Cultural de Bel\u00e9m Foundation","description":"Echo Collective cria uma atmosfera sonora imersiva, que transcende g\u00e9neros e barreiras, com o conceito inovador do som 4D. Imperd\u00edvel!","robots":{"index":"index","follow":"follow","max-snippet":"max-snippet:-1","max-image-preview":"max-image-preview:large","max-video-preview":"max-video-preview:-1"},"canonical":"https:\/\/www.ccb.pt\/en\/evento\/atravessar-o-fogomirror-image\/","og_locale":"en_US","og_type":"article","og_title":"Mirror Image - Centro Cultural de Bel\u00e9m Foundation","og_description":"Echo Collective cria uma atmosfera sonora imersiva, que transcende g\u00e9neros e barreiras, com o conceito inovador do som 4D. Imperd\u00edvel!","og_url":"https:\/\/www.ccb.pt\/en\/evento\/atravessar-o-fogomirror-image\/","og_site_name":"Centro Cultural de Bel\u00e9m Foundation","article_modified_time":"2023-12-22T15:49:50+00:00","og_image":[{"width":2560,"height":1707,"url":"https:\/\/www.ccb.pt\/wp-content\/uploads\/2023\/06\/08_echo_newok-11-\u220f-Julie-Calbert-The-See-Within-scaled.jpg","type":"image\/jpeg"}],"twitter_card":"summary_large_image","twitter_site":"@macccb_museu","schema":{"@context":"https:\/\/schema.org","@graph":[{"@type":"WebPage","@id":"https:\/\/www.ccb.pt\/en\/evento\/atravessar-o-fogomirror-image\/","url":"https:\/\/www.ccb.pt\/en\/evento\/atravessar-o-fogomirror-image\/","name":"Mirror Image - Centro Cultural de Bel\u00e9m Foundation","isPartOf":{"@id":"https:\/\/www.ccb.pt\/#website"},"primaryImageOfPage":{"@id":"https:\/\/www.ccb.pt\/en\/evento\/atravessar-o-fogomirror-image\/#primaryimage"},"image":{"@id":"https:\/\/www.ccb.pt\/en\/evento\/atravessar-o-fogomirror-image\/#primaryimage"},"thumbnailUrl":"https:\/\/www.ccb.pt\/wp-content\/uploads\/2023\/06\/EchoCollective_2023DannyWillems_EchoC2-1566-copy-2-e1701102393498.jpg","datePublished":"2023-06-22T08:59:13+00:00","dateModified":"2023-12-22T15:49:50+00:00","description":"Echo Collective cria uma atmosfera sonora imersiva, que transcende g\u00e9neros e barreiras, com o conceito inovador do som 4D. Imperd\u00edvel!","breadcrumb":{"@id":"https:\/\/www.ccb.pt\/en\/evento\/atravessar-o-fogomirror-image\/#breadcrumb"},"inLanguage":"en-US","potentialAction":[{"@type":"ReadAction","target":["https:\/\/www.ccb.pt\/en\/evento\/atravessar-o-fogomirror-image\/"]}]},{"@type":"ImageObject","inLanguage":"en-US","@id":"https:\/\/www.ccb.pt\/en\/evento\/atravessar-o-fogomirror-image\/#primaryimage","url":"https:\/\/www.ccb.pt\/wp-content\/uploads\/2023\/06\/EchoCollective_2023DannyWillems_EchoC2-1566-copy-2-e1701102393498.jpg","contentUrl":"https:\/\/www.ccb.pt\/wp-content\/uploads\/2023\/06\/EchoCollective_2023DannyWillems_EchoC2-1566-copy-2-e1701102393498.jpg","width":1162,"height":821,"caption":"(c) Danny Willems"},{"@type":"BreadcrumbList","@id":"https:\/\/www.ccb.pt\/en\/evento\/atravessar-o-fogomirror-image\/#breadcrumb","itemListElement":[{"@type":"ListItem","position":1,"name":"Home","item":"https:\/\/www.ccb.pt\/en\/"},{"@type":"ListItem","position":2,"name":"Eventos","item":"https:\/\/www.ccb.pt\/eventos\/"},{"@type":"ListItem","position":3,"name":"Mirror Image"}]},{"@type":"WebSite","@id":"https:\/\/www.ccb.pt\/#website","url":"https:\/\/www.ccb.pt\/","name":"Centro Cultural de Bel\u00e9m Foundation","description":"","publisher":{"@id":"https:\/\/www.ccb.pt\/#organization"},"potentialAction":[{"@type":"SearchAction","target":{"@type":"EntryPoint","urlTemplate":"https:\/\/www.ccb.pt\/?s={search_term_string}"},"query-input":"required name=search_term_string"}],"inLanguage":"en-US"},{"@type":"Organization","@id":"https:\/\/www.ccb.pt\/#organization","name":"Centro Cultural de Bel\u00e9m Foundation","url":"https:\/\/www.ccb.pt\/","logo":{"@type":"ImageObject","inLanguage":"en-US","@id":"https:\/\/www.ccb.pt\/#\/schema\/logo\/image\/","url":"https:\/\/www.ccb.pt\/wp-content\/uploads\/2022\/05\/1_ccb.png","contentUrl":"https:\/\/www.ccb.pt\/wp-content\/uploads\/2022\/05\/1_ccb.png","width":126,"height":100,"caption":"Centro Cultural de Bel\u00e9m Foundation"},"image":{"@id":"https:\/\/www.ccb.pt\/#\/schema\/logo\/image\/"},"sameAs":["https:\/\/twitter.com\/macccb_museu"]}]}},"_links":{"self":[{"href":"https:\/\/www.ccb.pt\/en\/wp-json\/wp\/v2\/tribe_events\/144162"}],"collection":[{"href":"https:\/\/www.ccb.pt\/en\/wp-json\/wp\/v2\/tribe_events"}],"about":[{"href":"https:\/\/www.ccb.pt\/en\/wp-json\/wp\/v2\/types\/tribe_events"}],"author":[{"embeddable":true,"href":"https:\/\/www.ccb.pt\/en\/wp-json\/wp\/v2\/users\/6"}],"replies":[{"embeddable":true,"href":"https:\/\/www.ccb.pt\/en\/wp-json\/wp\/v2\/comments?post=144162"}],"version-history":[{"count":8,"href":"https:\/\/www.ccb.pt\/en\/wp-json\/wp\/v2\/tribe_events\/144162\/revisions"}],"predecessor-version":[{"id":148405,"href":"https:\/\/www.ccb.pt\/en\/wp-json\/wp\/v2\/tribe_events\/144162\/revisions\/148405"}],"wp:featuredmedia":[{"embeddable":true,"href":"https:\/\/www.ccb.pt\/en\/wp-json\/wp\/v2\/media\/145414"}],"wp:attachment":[{"href":"https:\/\/www.ccb.pt\/en\/wp-json\/wp\/v2\/media?parent=144162"}],"wp:term":[{"taxonomy":"tribe_events_cat","embeddable":true,"href":"https:\/\/www.ccb.pt\/en\/wp-json\/wp\/v2\/tribe_events_cat?post=144162"},{"taxonomy":"tags_tema","embeddable":true,"href":"https:\/\/www.ccb.pt\/en\/wp-json\/wp\/v2\/tags_tema?post=144162"},{"taxonomy":"idades","embeddable":true,"href":"https:\/\/www.ccb.pt\/en\/wp-json\/wp\/v2\/idades?post=144162"},{"taxonomy":"tipos","embeddable":true,"href":"https:\/\/www.ccb.pt\/en\/wp-json\/wp\/v2\/tipos?post=144162"},{"taxonomy":"temas","embeddable":true,"href":"https:\/\/www.ccb.pt\/en\/wp-json\/wp\/v2\/temas?post=144162"},{"taxonomy":"categorias_hubspot","embeddable":true,"href":"https:\/\/www.ccb.pt\/en\/wp-json\/wp\/v2\/categorias_hubspot?post=144162"}],"curies":[{"name":"wp","href":"https:\/\/api.w.org\/{rel}","templated":true}]}}

<!-- This site is optimized with the Yoast SEO plugin v22.3 - https://yoast.com/wordpress/plugins/seo/ -->
<title>Mirror Image - Centro Cultural de Belém Foundation</title>
<meta name="description" content="Echo Collective cria uma atmosfera sonora imersiva, que transcende géneros e barreiras, com o conceito inovador do som 4D. Imperdível!" />
<meta name="robots" content="index, follow, max-snippet:-1, max-image-preview:large, max-video-preview:-1" />
<link rel="canonical" href="https://www.ccb.pt/en/evento/atravessar-o-fogomirror-image/" />
<meta property="og:locale" content="en_US" />
<meta property="og:type" content="article" />
<meta property="og:title" content="Mirror Image - Centro Cultural de Belém Foundation" />
<meta property="og:description" content="Echo Collective cria uma atmosfera sonora imersiva, que transcende géneros e barreiras, com o conceito inovador do som 4D. Imperdível!" />
<meta property="og:url" content="https://www.ccb.pt/en/evento/atravessar-o-fogomirror-image/" />
<meta property="og:site_name" content="Centro Cultural de Belém Foundation" />
<meta property="article:modified_time" content="2023-12-22T15:49:50+00:00" />
<meta property="og:image" content="https://www.ccb.pt/wp-content/uploads/2023/06/08_echo_newok-11-∏-Julie-Calbert-The-See-Within-scaled.jpg" />
	<meta property="og:image:width" content="2560" />
	<meta property="og:image:height" content="1707" />
	<meta property="og:image:type" content="image/jpeg" />
<meta name="twitter:card" content="summary_large_image" />
<meta name="twitter:site" content="@macccb_museu" />
<script type="application/ld+json" class="yoast-schema-graph">{"@context":"https://schema.org","@graph":[{"@type":"WebPage","@id":"https://www.ccb.pt/en/evento/atravessar-o-fogomirror-image/","url":"https://www.ccb.pt/en/evento/atravessar-o-fogomirror-image/","name":"Mirror Image - Centro Cultural de Belém Foundation","isPartOf":{"@id":"https://www.ccb.pt/#website"},"primaryImageOfPage":{"@id":"https://www.ccb.pt/en/evento/atravessar-o-fogomirror-image/#primaryimage"},"image":{"@id":"https://www.ccb.pt/en/evento/atravessar-o-fogomirror-image/#primaryimage"},"thumbnailUrl":"https://www.ccb.pt/wp-content/uploads/2023/06/EchoCollective_2023DannyWillems_EchoC2-1566-copy-2-e1701102393498.jpg","datePublished":"2023-06-22T08:59:13+00:00","dateModified":"2023-12-22T15:49:50+00:00","description":"Echo Collective cria uma atmosfera sonora imersiva, que transcende géneros e barreiras, com o conceito inovador do som 4D. Imperdível!","breadcrumb":{"@id":"https://www.ccb.pt/en/evento/atravessar-o-fogomirror-image/#breadcrumb"},"inLanguage":"en-US","potentialAction":[{"@type":"ReadAction","target":["https://www.ccb.pt/en/evento/atravessar-o-fogomirror-image/"]}]},{"@type":"ImageObject","inLanguage":"en-US","@id":"https://www.ccb.pt/en/evento/atravessar-o-fogomirror-image/#primaryimage","url":"https://www.ccb.pt/wp-content/uploads/2023/06/EchoCollective_2023DannyWillems_EchoC2-1566-copy-2-e1701102393498.jpg","contentUrl":"https://www.ccb.pt/wp-content/uploads/2023/06/EchoCollective_2023DannyWillems_EchoC2-1566-copy-2-e1701102393498.jpg","width":1162,"height":821,"caption":"(c) Danny Willems"},{"@type":"BreadcrumbList","@id":"https://www.ccb.pt/en/evento/atravessar-o-fogomirror-image/#breadcrumb","itemListElement":[{"@type":"ListItem","position":1,"name":"Home","item":"https://www.ccb.pt/en/"},{"@type":"ListItem","position":2,"name":"Eventos","item":"https://www.ccb.pt/eventos/"},{"@type":"ListItem","position":3,"name":"Mirror Image"}]},{"@type":"WebSite","@id":"https://www.ccb.pt/#website","url":"https://www.ccb.pt/","name":"Centro Cultural de Belém Foundation","description":"","publisher":{"@id":"https://www.ccb.pt/#organization"},"potentialAction":[{"@type":"SearchAction","target":{"@type":"EntryPoint","urlTemplate":"https://www.ccb.pt/?s={search_term_string}"},"query-input":"required name=search_term_string"}],"inLanguage":"en-US"},{"@type":"Organization","@id":"https://www.ccb.pt/#organization","name":"Centro Cultural de Belém Foundation","url":"https://www.ccb.pt/","logo":{"@type":"ImageObject","inLanguage":"en-US","@id":"https://www.ccb.pt/#/schema/logo/image/","url":"https://www.ccb.pt/wp-content/uploads/2022/05/1_ccb.png","contentUrl":"https://www.ccb.pt/wp-content/uploads/2022/05/1_ccb.png","width":126,"height":100,"caption":"Centro Cultural de Belém Foundation"},"image":{"@id":"https://www.ccb.pt/#/schema/logo/image/"},"sameAs":["https://twitter.com/macccb_museu"]}]}</script>
<!-- / Yoast SEO plugin. -->

Mirror Image - Centro Cultural de Belém Foundation

Echo Collective cria uma atmosfera sonora imersiva, que transcende géneros e barreiras, com o conceito inovador do som 4D. Imperdível!

Centro Cultural de Belém Foundation
