    {"id":135551,"date":"2023-07-24T14:26:40","date_gmt":"2023-07-24T13:26:40","guid":{"rendered":"https:\/\/www.ccb.pt\/evento\/tom-das-cores\/"},"modified":"2023-10-13T15:12:17","modified_gmt":"2023-10-13T14:12:17","slug":"tom-das-cores","status":"publish","type":"tribe_events","link":"https:\/\/www.ccb.pt\/en\/evento\/tom-das-cores\/2023-10-20\/","title":{"rendered":"<i>TONE THE COLORS <\/i>"},"content":{"rendered":"<p>Choose your favorite audio channel and find yourself in a universe where movement, sound, space and words blend into a resounding mix.<\/p>\n<p>Words and sounds send you through space. How far are you from the other dancers and do you dare to get close?<\/p>\n<p>Speed up and slow down, move together and then solo again. Will the sounds make your body twist and swing abnormally? There is only one way to find out&#8230;<\/p>\n","protected":false},"excerpt":{"rendered":"<p>Choose your favorite audio channel and find yourself in a universe where movement, sound, space and words blend into a resounding mix. Words and sounds send you through space. How far are you from the other dancers and do you dare to get close? Speed up and slow down, move together and then solo again. [&hellip;]<\/p>\n","protected":false},"author":6,"featured_media":127418,"comment_status":"closed","ping_status":"closed","template":"","meta":{"_relevanssi_hide_post":"","_relevanssi_pin_for_all":"","_relevanssi_pin_keywords":"","_relevanssi_unpin_keywords":"","_relevanssi_related_keywords":"","_relevanssi_related_include_ids":"","_relevanssi_related_exclude_ids":"","_relevanssi_related_no_append":"","_relevanssi_related_not_related":"","_relevanssi_related_posts":"","_relevanssi_noindex_reason":""},"tribe_events_cat":[404,23,402],"tags_tema":[],"idades":[575,392],"tipos":[],"temas":[],"categorias_hubspot":[],"acf":[],"yoast_head":"<!-- This site is optimized with the Yoast SEO plugin v22.3 - https:\/\/yoast.com\/wordpress\/plugins\/seo\/ -->\n<title>TONE THE COLORS  - Centro Cultural de Bel\u00e9m Foundation<\/title>\n<meta name=\"description\" content=\"Escolha o seu canal de \u00e1udio favorito e mergulhe num universo onde o movimento, o som, o espa\u00e7o e as palavras se interla\u00e7am numa mistura ressonante.\" \/>\n<meta name=\"robots\" content=\"index, follow, max-snippet:-1, max-image-preview:large, max-video-preview:-1\" \/>\n<link rel=\"canonical\" href=\"https:\/\/www.ccb.pt\/en\/evento\/tom-das-cores\/2023-10-20\/\" \/>\n<meta property=\"og:locale\" content=\"en_US\" \/>\n<meta property=\"og:type\" content=\"article\" \/>\n<meta property=\"og:title\" content=\"TONE THE COLORS  - Centro Cultural de Bel\u00e9m Foundation\" \/>\n<meta property=\"og:description\" content=\"Escolha o seu canal de \u00e1udio favorito e mergulhe num universo onde o movimento, o som, o espa\u00e7o e as palavras se interla\u00e7am numa mistura ressonante.\" \/>\n<meta property=\"og:url\" content=\"https:\/\/www.ccb.pt\/en\/evento\/tom-das-cores\/2023-10-20\/\" \/>\n<meta property=\"og:site_name\" content=\"Centro Cultural de Bel\u00e9m Foundation\" \/>\n<meta property=\"article:modified_time\" content=\"2023-10-13T14:12:17+00:00\" \/>\n<meta property=\"og:image\" content=\"https:\/\/www.ccb.pt\/wp-content\/uploads\/2023\/07\/FACEBOOK_Tone-the-Colors_Tom-das-Cores.jpg\" \/>\n\t<meta property=\"og:image:width\" content=\"1200\" \/>\n\t<meta property=\"og:image:height\" content=\"628\" \/>\n\t<meta property=\"og:image:type\" content=\"image\/jpeg\" \/>\n<meta name=\"twitter:card\" content=\"summary_large_image\" \/>\n<meta name=\"twitter:site\" content=\"@macccb_museu\" \/>\n<meta name=\"twitter:label1\" content=\"Est. reading time\" \/>\n\t<meta name=\"twitter:data1\" content=\"1 minute\" \/>\n<script type=\"application\/ld+json\" class=\"yoast-schema-graph\">{\"@context\":\"https:\/\/schema.org\",\"@graph\":[{\"@type\":\"WebPage\",\"@id\":\"https:\/\/www.ccb.pt\/en\/evento\/tom-das-cores\/2023-10-20\/\",\"url\":\"https:\/\/www.ccb.pt\/en\/evento\/tom-das-cores\/2023-10-20\/\",\"name\":\"TONE THE COLORS - Centro Cultural de Bel\u00e9m Foundation\",\"isPartOf\":{\"@id\":\"https:\/\/www.ccb.pt\/#website\"},\"primaryImageOfPage\":{\"@id\":\"https:\/\/www.ccb.pt\/en\/evento\/tom-das-cores\/2023-10-20\/#primaryimage\"},\"image\":{\"@id\":\"https:\/\/www.ccb.pt\/en\/evento\/tom-das-cores\/2023-10-20\/#primaryimage\"},\"thumbnailUrl\":\"https:\/\/www.ccb.pt\/wp-content\/uploads\/2023\/07\/FACEBOOK_Tone-the-Colors_Tom-das-Cores.jpg\",\"datePublished\":\"2023-07-24T13:26:40+00:00\",\"dateModified\":\"2023-10-13T14:12:17+00:00\",\"description\":\"Escolha o seu canal de \u00e1udio favorito e mergulhe num universo onde o movimento, o som, o espa\u00e7o e as palavras se interla\u00e7am numa mistura ressonante.\",\"breadcrumb\":{\"@id\":\"https:\/\/www.ccb.pt\/en\/evento\/tom-das-cores\/2023-10-20\/#breadcrumb\"},\"inLanguage\":\"en-US\",\"potentialAction\":[{\"@type\":\"ReadAction\",\"target\":[\"https:\/\/www.ccb.pt\/en\/evento\/tom-das-cores\/2023-10-20\/\"]}]},{\"@type\":\"ImageObject\",\"inLanguage\":\"en-US\",\"@id\":\"https:\/\/www.ccb.pt\/en\/evento\/tom-das-cores\/2023-10-20\/#primaryimage\",\"url\":\"https:\/\/www.ccb.pt\/wp-content\/uploads\/2023\/07\/FACEBOOK_Tone-the-Colors_Tom-das-Cores.jpg\",\"contentUrl\":\"https:\/\/www.ccb.pt\/wp-content\/uploads\/2023\/07\/FACEBOOK_Tone-the-Colors_Tom-das-Cores.jpg\",\"width\":1200,\"height\":628,\"caption\":\"imagem de tela com v\u00e1rios quadrados de v\u00e1rias cores\"},{\"@type\":\"BreadcrumbList\",\"@id\":\"https:\/\/www.ccb.pt\/en\/evento\/tom-das-cores\/2023-10-20\/#breadcrumb\",\"itemListElement\":[{\"@type\":\"ListItem\",\"position\":1,\"name\":\"Home\",\"item\":\"https:\/\/www.ccb.pt\/en\/\"},{\"@type\":\"ListItem\",\"position\":2,\"name\":\"Eventos\",\"item\":\"https:\/\/www.ccb.pt\/eventos\/\"},{\"@type\":\"ListItem\",\"position\":3,\"name\":\"TONE THE COLORS\"}]},{\"@type\":\"WebSite\",\"@id\":\"https:\/\/www.ccb.pt\/#website\",\"url\":\"https:\/\/www.ccb.pt\/\",\"name\":\"Centro Cultural de Bel\u00e9m Foundation\",\"description\":\"\",\"publisher\":{\"@id\":\"https:\/\/www.ccb.pt\/#organization\"},\"potentialAction\":[{\"@type\":\"SearchAction\",\"target\":{\"@type\":\"EntryPoint\",\"urlTemplate\":\"https:\/\/www.ccb.pt\/?s={search_term_string}\"},\"query-input\":\"required name=search_term_string\"}],\"inLanguage\":\"en-US\"},{\"@type\":\"Organization\",\"@id\":\"https:\/\/www.ccb.pt\/#organization\",\"name\":\"Centro Cultural de Bel\u00e9m Foundation\",\"url\":\"https:\/\/www.ccb.pt\/\",\"logo\":{\"@type\":\"ImageObject\",\"inLanguage\":\"en-US\",\"@id\":\"https:\/\/www.ccb.pt\/#\/schema\/logo\/image\/\",\"url\":\"https:\/\/www.ccb.pt\/wp-content\/uploads\/2022\/05\/1_ccb.png\",\"contentUrl\":\"https:\/\/www.ccb.pt\/wp-content\/uploads\/2022\/05\/1_ccb.png\",\"width\":126,\"height\":100,\"caption\":\"Centro Cultural de Bel\u00e9m Foundation\"},\"image\":{\"@id\":\"https:\/\/www.ccb.pt\/#\/schema\/logo\/image\/\"},\"sameAs\":[\"https:\/\/twitter.com\/macccb_museu\"]}]}<\/script>\n<!-- \/ Yoast SEO plugin. -->","yoast_head_json":{"title":"TONE THE COLORS  - Centro Cultural de Bel\u00e9m Foundation","description":"Escolha o seu canal de \u00e1udio favorito e mergulhe num universo onde o movimento, o som, o espa\u00e7o e as palavras se interla\u00e7am numa mistura ressonante.","robots":{"index":"index","follow":"follow","max-snippet":"max-snippet:-1","max-image-preview":"max-image-preview:large","max-video-preview":"max-video-preview:-1"},"canonical":"https:\/\/www.ccb.pt\/en\/evento\/tom-das-cores\/2023-10-20\/","og_locale":"en_US","og_type":"article","og_title":"TONE THE COLORS  - Centro Cultural de Bel\u00e9m Foundation","og_description":"Escolha o seu canal de \u00e1udio favorito e mergulhe num universo onde o movimento, o som, o espa\u00e7o e as palavras se interla\u00e7am numa mistura ressonante.","og_url":"https:\/\/www.ccb.pt\/en\/evento\/tom-das-cores\/2023-10-20\/","og_site_name":"Centro Cultural de Bel\u00e9m Foundation","article_modified_time":"2023-10-13T14:12:17+00:00","og_image":[{"width":1200,"height":628,"url":"https:\/\/www.ccb.pt\/wp-content\/uploads\/2023\/07\/FACEBOOK_Tone-the-Colors_Tom-das-Cores.jpg","type":"image\/jpeg"}],"twitter_card":"summary_large_image","twitter_site":"@macccb_museu","twitter_misc":{"Est. reading time":"1 minute"},"schema":{"@context":"https:\/\/schema.org","@graph":[{"@type":"WebPage","@id":"https:\/\/www.ccb.pt\/en\/evento\/tom-das-cores\/2023-10-20\/","url":"https:\/\/www.ccb.pt\/en\/evento\/tom-das-cores\/2023-10-20\/","name":"TONE THE COLORS - Centro Cultural de Bel\u00e9m Foundation","isPartOf":{"@id":"https:\/\/www.ccb.pt\/#website"},"primaryImageOfPage":{"@id":"https:\/\/www.ccb.pt\/en\/evento\/tom-das-cores\/2023-10-20\/#primaryimage"},"image":{"@id":"https:\/\/www.ccb.pt\/en\/evento\/tom-das-cores\/2023-10-20\/#primaryimage"},"thumbnailUrl":"https:\/\/www.ccb.pt\/wp-content\/uploads\/2023\/07\/FACEBOOK_Tone-the-Colors_Tom-das-Cores.jpg","datePublished":"2023-07-24T13:26:40+00:00","dateModified":"2023-10-13T14:12:17+00:00","description":"Escolha o seu canal de \u00e1udio favorito e mergulhe num universo onde o movimento, o som, o espa\u00e7o e as palavras se interla\u00e7am numa mistura ressonante.","breadcrumb":{"@id":"https:\/\/www.ccb.pt\/en\/evento\/tom-das-cores\/2023-10-20\/#breadcrumb"},"inLanguage":"en-US","potentialAction":[{"@type":"ReadAction","target":["https:\/\/www.ccb.pt\/en\/evento\/tom-das-cores\/2023-10-20\/"]}]},{"@type":"ImageObject","inLanguage":"en-US","@id":"https:\/\/www.ccb.pt\/en\/evento\/tom-das-cores\/2023-10-20\/#primaryimage","url":"https:\/\/www.ccb.pt\/wp-content\/uploads\/2023\/07\/FACEBOOK_Tone-the-Colors_Tom-das-Cores.jpg","contentUrl":"https:\/\/www.ccb.pt\/wp-content\/uploads\/2023\/07\/FACEBOOK_Tone-the-Colors_Tom-das-Cores.jpg","width":1200,"height":628,"caption":"imagem de tela com v\u00e1rios quadrados de v\u00e1rias cores"},{"@type":"BreadcrumbList","@id":"https:\/\/www.ccb.pt\/en\/evento\/tom-das-cores\/2023-10-20\/#breadcrumb","itemListElement":[{"@type":"ListItem","position":1,"name":"Home","item":"https:\/\/www.ccb.pt\/en\/"},{"@type":"ListItem","position":2,"name":"Eventos","item":"https:\/\/www.ccb.pt\/eventos\/"},{"@type":"ListItem","position":3,"name":"TONE THE COLORS"}]},{"@type":"WebSite","@id":"https:\/\/www.ccb.pt\/#website","url":"https:\/\/www.ccb.pt\/","name":"Centro Cultural de Bel\u00e9m Foundation","description":"","publisher":{"@id":"https:\/\/www.ccb.pt\/#organization"},"potentialAction":[{"@type":"SearchAction","target":{"@type":"EntryPoint","urlTemplate":"https:\/\/www.ccb.pt\/?s={search_term_string}"},"query-input":"required name=search_term_string"}],"inLanguage":"en-US"},{"@type":"Organization","@id":"https:\/\/www.ccb.pt\/#organization","name":"Centro Cultural de Bel\u00e9m Foundation","url":"https:\/\/www.ccb.pt\/","logo":{"@type":"ImageObject","inLanguage":"en-US","@id":"https:\/\/www.ccb.pt\/#\/schema\/logo\/image\/","url":"https:\/\/www.ccb.pt\/wp-content\/uploads\/2022\/05\/1_ccb.png","contentUrl":"https:\/\/www.ccb.pt\/wp-content\/uploads\/2022\/05\/1_ccb.png","width":126,"height":100,"caption":"Centro Cultural de Bel\u00e9m Foundation"},"image":{"@id":"https:\/\/www.ccb.pt\/#\/schema\/logo\/image\/"},"sameAs":["https:\/\/twitter.com\/macccb_museu"]}]}},"_links":{"self":[{"href":"https:\/\/www.ccb.pt\/en\/wp-json\/wp\/v2\/tribe_events\/135551"}],"collection":[{"href":"https:\/\/www.ccb.pt\/en\/wp-json\/wp\/v2\/tribe_events"}],"about":[{"href":"https:\/\/www.ccb.pt\/en\/wp-json\/wp\/v2\/types\/tribe_events"}],"author":[{"embeddable":true,"href":"https:\/\/www.ccb.pt\/en\/wp-json\/wp\/v2\/users\/6"}],"replies":[{"embeddable":true,"href":"https:\/\/www.ccb.pt\/en\/wp-json\/wp\/v2\/comments?post=135551"}],"version-history":[{"count":2,"href":"https:\/\/www.ccb.pt\/en\/wp-json\/wp\/v2\/tribe_events\/135551\/revisions"}],"predecessor-version":[{"id":135553,"href":"https:\/\/www.ccb.pt\/en\/wp-json\/wp\/v2\/tribe_events\/135551\/revisions\/135553"}],"wp:featuredmedia":[{"embeddable":true,"href":"https:\/\/www.ccb.pt\/en\/wp-json\/wp\/v2\/media\/127418"}],"wp:attachment":[{"href":"https:\/\/www.ccb.pt\/en\/wp-json\/wp\/v2\/media?parent=135551"}],"wp:term":[{"taxonomy":"tribe_events_cat","embeddable":true,"href":"https:\/\/www.ccb.pt\/en\/wp-json\/wp\/v2\/tribe_events_cat?post=135551"},{"taxonomy":"tags_tema","embeddable":true,"href":"https:\/\/www.ccb.pt\/en\/wp-json\/wp\/v2\/tags_tema?post=135551"},{"taxonomy":"idades","embeddable":true,"href":"https:\/\/www.ccb.pt\/en\/wp-json\/wp\/v2\/idades?post=135551"},{"taxonomy":"tipos","embeddable":true,"href":"https:\/\/www.ccb.pt\/en\/wp-json\/wp\/v2\/tipos?post=135551"},{"taxonomy":"temas","embeddable":true,"href":"https:\/\/www.ccb.pt\/en\/wp-json\/wp\/v2\/temas?post=135551"},{"taxonomy":"categorias_hubspot","embeddable":true,"href":"https:\/\/www.ccb.pt\/en\/wp-json\/wp\/v2\/categorias_hubspot?post=135551"}],"curies":[{"name":"wp","href":"https:\/\/api.w.org\/{rel}","templated":true}]}}

<!-- This site is optimized with the Yoast SEO plugin v22.3 - https://yoast.com/wordpress/plugins/seo/ -->
<title>TONE THE COLORS  - Centro Cultural de Belém Foundation</title>
<meta name="description" content="Escolha o seu canal de áudio favorito e mergulhe num universo onde o movimento, o som, o espaço e as palavras se interlaçam numa mistura ressonante." />
<meta name="robots" content="index, follow, max-snippet:-1, max-image-preview:large, max-video-preview:-1" />
<link rel="canonical" href="https://www.ccb.pt/en/evento/tom-das-cores/2023-10-20/" />
<meta property="og:locale" content="en_US" />
<meta property="og:type" content="article" />
<meta property="og:title" content="TONE THE COLORS  - Centro Cultural de Belém Foundation" />
<meta property="og:description" content="Escolha o seu canal de áudio favorito e mergulhe num universo onde o movimento, o som, o espaço e as palavras se interlaçam numa mistura ressonante." />
<meta property="og:url" content="https://www.ccb.pt/en/evento/tom-das-cores/2023-10-20/" />
<meta property="og:site_name" content="Centro Cultural de Belém Foundation" />
<meta property="article:modified_time" content="2023-10-13T14:12:17+00:00" />
<meta property="og:image" content="https://www.ccb.pt/wp-content/uploads/2023/07/FACEBOOK_Tone-the-Colors_Tom-das-Cores.jpg" />
	<meta property="og:image:width" content="1200" />
	<meta property="og:image:height" content="628" />
	<meta property="og:image:type" content="image/jpeg" />
<meta name="twitter:card" content="summary_large_image" />
<meta name="twitter:site" content="@macccb_museu" />
<meta name="twitter:label1" content="Est. reading time" />
	<meta name="twitter:data1" content="1 minute" />
<script type="application/ld+json" class="yoast-schema-graph">{"@context":"https://schema.org","@graph":[{"@type":"WebPage","@id":"https://www.ccb.pt/en/evento/tom-das-cores/2023-10-20/","url":"https://www.ccb.pt/en/evento/tom-das-cores/2023-10-20/","name":"TONE THE COLORS - Centro Cultural de Belém Foundation","isPartOf":{"@id":"https://www.ccb.pt/#website"},"primaryImageOfPage":{"@id":"https://www.ccb.pt/en/evento/tom-das-cores/2023-10-20/#primaryimage"},"image":{"@id":"https://www.ccb.pt/en/evento/tom-das-cores/2023-10-20/#primaryimage"},"thumbnailUrl":"https://www.ccb.pt/wp-content/uploads/2023/07/FACEBOOK_Tone-the-Colors_Tom-das-Cores.jpg","datePublished":"2023-07-24T13:26:40+00:00","dateModified":"2023-10-13T14:12:17+00:00","description":"Escolha o seu canal de áudio favorito e mergulhe num universo onde o movimento, o som, o espaço e as palavras se interlaçam numa mistura ressonante.","breadcrumb":{"@id":"https://www.ccb.pt/en/evento/tom-das-cores/2023-10-20/#breadcrumb"},"inLanguage":"en-US","potentialAction":[{"@type":"ReadAction","target":["https://www.ccb.pt/en/evento/tom-das-cores/2023-10-20/"]}]},{"@type":"ImageObject","inLanguage":"en-US","@id":"https://www.ccb.pt/en/evento/tom-das-cores/2023-10-20/#primaryimage","url":"https://www.ccb.pt/wp-content/uploads/2023/07/FACEBOOK_Tone-the-Colors_Tom-das-Cores.jpg","contentUrl":"https://www.ccb.pt/wp-content/uploads/2023/07/FACEBOOK_Tone-the-Colors_Tom-das-Cores.jpg","width":1200,"height":628,"caption":"imagem de tela com vários quadrados de várias cores"},{"@type":"BreadcrumbList","@id":"https://www.ccb.pt/en/evento/tom-das-cores/2023-10-20/#breadcrumb","itemListElement":[{"@type":"ListItem","position":1,"name":"Home","item":"https://www.ccb.pt/en/"},{"@type":"ListItem","position":2,"name":"Eventos","item":"https://www.ccb.pt/eventos/"},{"@type":"ListItem","position":3,"name":"TONE THE COLORS"}]},{"@type":"WebSite","@id":"https://www.ccb.pt/#website","url":"https://www.ccb.pt/","name":"Centro Cultural de Belém Foundation","description":"","publisher":{"@id":"https://www.ccb.pt/#organization"},"potentialAction":[{"@type":"SearchAction","target":{"@type":"EntryPoint","urlTemplate":"https://www.ccb.pt/?s={search_term_string}"},"query-input":"required name=search_term_string"}],"inLanguage":"en-US"},{"@type":"Organization","@id":"https://www.ccb.pt/#organization","name":"Centro Cultural de Belém Foundation","url":"https://www.ccb.pt/","logo":{"@type":"ImageObject","inLanguage":"en-US","@id":"https://www.ccb.pt/#/schema/logo/image/","url":"https://www.ccb.pt/wp-content/uploads/2022/05/1_ccb.png","contentUrl":"https://www.ccb.pt/wp-content/uploads/2022/05/1_ccb.png","width":126,"height":100,"caption":"Centro Cultural de Belém Foundation"},"image":{"@id":"https://www.ccb.pt/#/schema/logo/image/"},"sameAs":["https://twitter.com/macccb_museu"]}]}</script>
<!-- / Yoast SEO plugin. -->

TONE THE COLORS  - Centro Cultural de Belém Foundation

Escolha o seu canal de áudio favorito e mergulhe num universo onde o movimento, o som, o espaço e as palavras se interlaçam numa mistura ressonante.

Centro Cultural de Belém Foundation

TONE THE COLORS - Centro Cultural de Belém Foundation

imagem de tela com vários quadrados de várias cores
