    {"id":135540,"date":"2023-06-22T16:20:01","date_gmt":"2023-06-22T15:20:01","guid":{"rendered":"https:\/\/www.ccb.pt\/evento\/jangada-uma-peca-de-embalar\/"},"modified":"2023-10-13T15:03:41","modified_gmt":"2023-10-13T14:03:41","slug":"jangada-uma-peca-de-embalar","status":"publish","type":"tribe_events","link":"https:\/\/www.ccb.pt\/en\/evento\/jangada-uma-peca-de-embalar\/2023-10-20\/","title":{"rendered":"RAFT (a lulling piece) | JANGADA (uma pe\u00e7a de embalar)"},"content":{"rendered":"<p>The <strong><em>Raft (a lulling piece<\/em><\/strong>) is a concert performed in theater through a scenographic-instrumental device that is, at the same time, a large percussion instrument or a mirrored surface where the audience and a cellist are reflected during the show.<\/p>\n<p>This device brings the figure of the \u201caudience\u201d, experienced here as a large Raft, to the center of musical dramaturgy, plastically exploring the \u201cdistance between performer and spectator\u201d as a \u201cliquid and unstable\u201d territory.<\/p>\n<p>Sound, space, light, architecture, and conventions in the relationship between performers and spectators are articulated in a small space where the public survives the immersion, floating.<\/p>\n","protected":false},"excerpt":{"rendered":"<p>The Raft (a lulling piece) is a concert performed in theater through a scenographic-instrumental device that is, at the same time, a large percussion instrument or a mirrored surface where the audience and a cellist are reflected during the show. This device brings the figure of the \u201caudience\u201d, experienced here as a large Raft, to [&hellip;]<\/p>\n","protected":false},"author":6,"featured_media":122790,"comment_status":"closed","ping_status":"closed","template":"","meta":{"_relevanssi_hide_post":"","_relevanssi_pin_for_all":"","_relevanssi_pin_keywords":"","_relevanssi_unpin_keywords":"","_relevanssi_related_keywords":"","_relevanssi_related_include_ids":"","_relevanssi_related_exclude_ids":"","_relevanssi_related_no_append":"","_relevanssi_related_not_related":"","_relevanssi_related_posts":"","_relevanssi_noindex_reason":"Yoast SEO Relevanssi index exclude"},"tribe_events_cat":[404,23,402],"tags_tema":[],"idades":[575],"tipos":[],"temas":[],"categorias_hubspot":[],"acf":[],"yoast_head":"<!-- This site is optimized with the Yoast SEO plugin v22.3 - https:\/\/yoast.com\/wordpress\/plugins\/seo\/ -->\n<title>RAFT (a lulling piece) | JANGADA (uma pe\u00e7a de embalar) - Centro Cultural de Bel\u00e9m Foundation<\/title>\n<meta name=\"description\" content=\"O CCB recebe na F\u00e1brica das Artes o concerto Jangada (uma pe\u00e7a de embalar), inserida no Festival Big Bang 2023. Conhe\u00e7a aqui e compre j\u00e1 os seus bilhetes!\" \/>\n<meta name=\"robots\" content=\"noindex, follow\" \/>\n<meta property=\"og:locale\" content=\"en_US\" \/>\n<meta property=\"og:type\" content=\"article\" \/>\n<meta property=\"og:title\" content=\"RAFT (a lulling piece) | JANGADA (uma pe\u00e7a de embalar) - Centro Cultural de Bel\u00e9m Foundation\" \/>\n<meta property=\"og:description\" content=\"O CCB recebe na F\u00e1brica das Artes o concerto Jangada (uma pe\u00e7a de embalar), inserida no Festival Big Bang 2023. Conhe\u00e7a aqui e compre j\u00e1 os seus bilhetes!\" \/>\n<meta property=\"og:url\" content=\"https:\/\/www.ccb.pt\/en\/evento\/jangada-uma-peca-de-embalar\/2023-10-20\/\" \/>\n<meta property=\"og:site_name\" content=\"Centro Cultural de Bel\u00e9m Foundation\" \/>\n<meta property=\"article:modified_time\" content=\"2023-10-13T14:03:41+00:00\" \/>\n<meta property=\"og:image\" content=\"https:\/\/www.ccb.pt\/wp-content\/uploads\/2023\/06\/JANGADA-uma-peca-de-embalar_desenho\u00a9Ricardo-Jacinto-scaled.jpg\" \/>\n\t<meta property=\"og:image:width\" content=\"2560\" \/>\n\t<meta property=\"og:image:height\" content=\"1920\" \/>\n\t<meta property=\"og:image:type\" content=\"image\/jpeg\" \/>\n<meta name=\"twitter:card\" content=\"summary_large_image\" \/>\n<meta name=\"twitter:site\" content=\"@macccb_museu\" \/>\n<meta name=\"twitter:label1\" content=\"Est. reading time\" \/>\n\t<meta name=\"twitter:data1\" content=\"1 minute\" \/>\n<script type=\"application\/ld+json\" class=\"yoast-schema-graph\">{\"@context\":\"https:\/\/schema.org\",\"@graph\":[{\"@type\":\"WebPage\",\"@id\":\"https:\/\/www.ccb.pt\/en\/evento\/jangada-uma-peca-de-embalar\/2023-10-20\/\",\"url\":\"https:\/\/www.ccb.pt\/en\/evento\/jangada-uma-peca-de-embalar\/2023-10-20\/\",\"name\":\"RAFT (a lulling piece) | JANGADA (uma pe\u00e7a de embalar) - Centro Cultural de Bel\u00e9m Foundation\",\"isPartOf\":{\"@id\":\"https:\/\/www.ccb.pt\/#website\"},\"primaryImageOfPage\":{\"@id\":\"https:\/\/www.ccb.pt\/en\/evento\/jangada-uma-peca-de-embalar\/2023-10-20\/#primaryimage\"},\"image\":{\"@id\":\"https:\/\/www.ccb.pt\/en\/evento\/jangada-uma-peca-de-embalar\/2023-10-20\/#primaryimage\"},\"thumbnailUrl\":\"https:\/\/www.ccb.pt\/wp-content\/uploads\/2023\/06\/JANGADA-uma-peca-de-embalar_desenho\u00a9Ricardo-Jacinto-scaled.jpg\",\"datePublished\":\"2023-06-22T15:20:01+00:00\",\"dateModified\":\"2023-10-13T14:03:41+00:00\",\"description\":\"O CCB recebe na F\u00e1brica das Artes o concerto Jangada (uma pe\u00e7a de embalar), inserida no Festival Big Bang 2023. Conhe\u00e7a aqui e compre j\u00e1 os seus bilhetes!\",\"breadcrumb\":{\"@id\":\"https:\/\/www.ccb.pt\/en\/evento\/jangada-uma-peca-de-embalar\/2023-10-20\/#breadcrumb\"},\"inLanguage\":\"en-US\",\"potentialAction\":[{\"@type\":\"ReadAction\",\"target\":[\"https:\/\/www.ccb.pt\/en\/evento\/jangada-uma-peca-de-embalar\/2023-10-20\/\"]}]},{\"@type\":\"ImageObject\",\"inLanguage\":\"en-US\",\"@id\":\"https:\/\/www.ccb.pt\/en\/evento\/jangada-uma-peca-de-embalar\/2023-10-20\/#primaryimage\",\"url\":\"https:\/\/www.ccb.pt\/wp-content\/uploads\/2023\/06\/JANGADA-uma-peca-de-embalar_desenho\u00a9Ricardo-Jacinto-scaled.jpg\",\"contentUrl\":\"https:\/\/www.ccb.pt\/wp-content\/uploads\/2023\/06\/JANGADA-uma-peca-de-embalar_desenho\u00a9Ricardo-Jacinto-scaled.jpg\",\"width\":2560,\"height\":1920,\"caption\":\"desenho\u00a9Ricardo Jacinto\"},{\"@type\":\"BreadcrumbList\",\"@id\":\"https:\/\/www.ccb.pt\/en\/evento\/jangada-uma-peca-de-embalar\/2023-10-20\/#breadcrumb\",\"itemListElement\":[{\"@type\":\"ListItem\",\"position\":1,\"name\":\"Home\",\"item\":\"https:\/\/www.ccb.pt\/en\/\"},{\"@type\":\"ListItem\",\"position\":2,\"name\":\"Eventos\",\"item\":\"https:\/\/www.ccb.pt\/eventos\/\"},{\"@type\":\"ListItem\",\"position\":3,\"name\":\"RAFT (a lulling piece) | JANGADA (uma pe\u00e7a de embalar)\"}]},{\"@type\":\"WebSite\",\"@id\":\"https:\/\/www.ccb.pt\/#website\",\"url\":\"https:\/\/www.ccb.pt\/\",\"name\":\"Centro Cultural de Bel\u00e9m Foundation\",\"description\":\"\",\"publisher\":{\"@id\":\"https:\/\/www.ccb.pt\/#organization\"},\"potentialAction\":[{\"@type\":\"SearchAction\",\"target\":{\"@type\":\"EntryPoint\",\"urlTemplate\":\"https:\/\/www.ccb.pt\/?s={search_term_string}\"},\"query-input\":\"required name=search_term_string\"}],\"inLanguage\":\"en-US\"},{\"@type\":\"Organization\",\"@id\":\"https:\/\/www.ccb.pt\/#organization\",\"name\":\"Centro Cultural de Bel\u00e9m Foundation\",\"url\":\"https:\/\/www.ccb.pt\/\",\"logo\":{\"@type\":\"ImageObject\",\"inLanguage\":\"en-US\",\"@id\":\"https:\/\/www.ccb.pt\/#\/schema\/logo\/image\/\",\"url\":\"https:\/\/www.ccb.pt\/wp-content\/uploads\/2022\/05\/1_ccb.png\",\"contentUrl\":\"https:\/\/www.ccb.pt\/wp-content\/uploads\/2022\/05\/1_ccb.png\",\"width\":126,\"height\":100,\"caption\":\"Centro Cultural de Bel\u00e9m Foundation\"},\"image\":{\"@id\":\"https:\/\/www.ccb.pt\/#\/schema\/logo\/image\/\"},\"sameAs\":[\"https:\/\/twitter.com\/macccb_museu\"]}]}<\/script>\n<!-- \/ Yoast SEO plugin. -->","yoast_head_json":{"title":"RAFT (a lulling piece) | JANGADA (uma pe\u00e7a de embalar) - Centro Cultural de Bel\u00e9m Foundation","description":"O CCB recebe na F\u00e1brica das Artes o concerto Jangada (uma pe\u00e7a de embalar), inserida no Festival Big Bang 2023. Conhe\u00e7a aqui e compre j\u00e1 os seus bilhetes!","robots":{"index":"noindex","follow":"follow"},"og_locale":"en_US","og_type":"article","og_title":"RAFT (a lulling piece) | JANGADA (uma pe\u00e7a de embalar) - Centro Cultural de Bel\u00e9m Foundation","og_description":"O CCB recebe na F\u00e1brica das Artes o concerto Jangada (uma pe\u00e7a de embalar), inserida no Festival Big Bang 2023. Conhe\u00e7a aqui e compre j\u00e1 os seus bilhetes!","og_url":"https:\/\/www.ccb.pt\/en\/evento\/jangada-uma-peca-de-embalar\/2023-10-20\/","og_site_name":"Centro Cultural de Bel\u00e9m Foundation","article_modified_time":"2023-10-13T14:03:41+00:00","og_image":[{"width":2560,"height":1920,"url":"https:\/\/www.ccb.pt\/wp-content\/uploads\/2023\/06\/JANGADA-uma-peca-de-embalar_desenho\u00a9Ricardo-Jacinto-scaled.jpg","type":"image\/jpeg"}],"twitter_card":"summary_large_image","twitter_site":"@macccb_museu","twitter_misc":{"Est. reading time":"1 minute"},"schema":{"@context":"https:\/\/schema.org","@graph":[{"@type":"WebPage","@id":"https:\/\/www.ccb.pt\/en\/evento\/jangada-uma-peca-de-embalar\/2023-10-20\/","url":"https:\/\/www.ccb.pt\/en\/evento\/jangada-uma-peca-de-embalar\/2023-10-20\/","name":"RAFT (a lulling piece) | JANGADA (uma pe\u00e7a de embalar) - Centro Cultural de Bel\u00e9m Foundation","isPartOf":{"@id":"https:\/\/www.ccb.pt\/#website"},"primaryImageOfPage":{"@id":"https:\/\/www.ccb.pt\/en\/evento\/jangada-uma-peca-de-embalar\/2023-10-20\/#primaryimage"},"image":{"@id":"https:\/\/www.ccb.pt\/en\/evento\/jangada-uma-peca-de-embalar\/2023-10-20\/#primaryimage"},"thumbnailUrl":"https:\/\/www.ccb.pt\/wp-content\/uploads\/2023\/06\/JANGADA-uma-peca-de-embalar_desenho\u00a9Ricardo-Jacinto-scaled.jpg","datePublished":"2023-06-22T15:20:01+00:00","dateModified":"2023-10-13T14:03:41+00:00","description":"O CCB recebe na F\u00e1brica das Artes o concerto Jangada (uma pe\u00e7a de embalar), inserida no Festival Big Bang 2023. Conhe\u00e7a aqui e compre j\u00e1 os seus bilhetes!","breadcrumb":{"@id":"https:\/\/www.ccb.pt\/en\/evento\/jangada-uma-peca-de-embalar\/2023-10-20\/#breadcrumb"},"inLanguage":"en-US","potentialAction":[{"@type":"ReadAction","target":["https:\/\/www.ccb.pt\/en\/evento\/jangada-uma-peca-de-embalar\/2023-10-20\/"]}]},{"@type":"ImageObject","inLanguage":"en-US","@id":"https:\/\/www.ccb.pt\/en\/evento\/jangada-uma-peca-de-embalar\/2023-10-20\/#primaryimage","url":"https:\/\/www.ccb.pt\/wp-content\/uploads\/2023\/06\/JANGADA-uma-peca-de-embalar_desenho\u00a9Ricardo-Jacinto-scaled.jpg","contentUrl":"https:\/\/www.ccb.pt\/wp-content\/uploads\/2023\/06\/JANGADA-uma-peca-de-embalar_desenho\u00a9Ricardo-Jacinto-scaled.jpg","width":2560,"height":1920,"caption":"desenho\u00a9Ricardo Jacinto"},{"@type":"BreadcrumbList","@id":"https:\/\/www.ccb.pt\/en\/evento\/jangada-uma-peca-de-embalar\/2023-10-20\/#breadcrumb","itemListElement":[{"@type":"ListItem","position":1,"name":"Home","item":"https:\/\/www.ccb.pt\/en\/"},{"@type":"ListItem","position":2,"name":"Eventos","item":"https:\/\/www.ccb.pt\/eventos\/"},{"@type":"ListItem","position":3,"name":"RAFT (a lulling piece) | JANGADA (uma pe\u00e7a de embalar)"}]},{"@type":"WebSite","@id":"https:\/\/www.ccb.pt\/#website","url":"https:\/\/www.ccb.pt\/","name":"Centro Cultural de Bel\u00e9m Foundation","description":"","publisher":{"@id":"https:\/\/www.ccb.pt\/#organization"},"potentialAction":[{"@type":"SearchAction","target":{"@type":"EntryPoint","urlTemplate":"https:\/\/www.ccb.pt\/?s={search_term_string}"},"query-input":"required name=search_term_string"}],"inLanguage":"en-US"},{"@type":"Organization","@id":"https:\/\/www.ccb.pt\/#organization","name":"Centro Cultural de Bel\u00e9m Foundation","url":"https:\/\/www.ccb.pt\/","logo":{"@type":"ImageObject","inLanguage":"en-US","@id":"https:\/\/www.ccb.pt\/#\/schema\/logo\/image\/","url":"https:\/\/www.ccb.pt\/wp-content\/uploads\/2022\/05\/1_ccb.png","contentUrl":"https:\/\/www.ccb.pt\/wp-content\/uploads\/2022\/05\/1_ccb.png","width":126,"height":100,"caption":"Centro Cultural de Bel\u00e9m Foundation"},"image":{"@id":"https:\/\/www.ccb.pt\/#\/schema\/logo\/image\/"},"sameAs":["https:\/\/twitter.com\/macccb_museu"]}]}},"_links":{"self":[{"href":"https:\/\/www.ccb.pt\/en\/wp-json\/wp\/v2\/tribe_events\/135540"}],"collection":[{"href":"https:\/\/www.ccb.pt\/en\/wp-json\/wp\/v2\/tribe_events"}],"about":[{"href":"https:\/\/www.ccb.pt\/en\/wp-json\/wp\/v2\/types\/tribe_events"}],"author":[{"embeddable":true,"href":"https:\/\/www.ccb.pt\/en\/wp-json\/wp\/v2\/users\/6"}],"replies":[{"embeddable":true,"href":"https:\/\/www.ccb.pt\/en\/wp-json\/wp\/v2\/comments?post=135540"}],"version-history":[{"count":2,"href":"https:\/\/www.ccb.pt\/en\/wp-json\/wp\/v2\/tribe_events\/135540\/revisions"}],"predecessor-version":[{"id":135542,"href":"https:\/\/www.ccb.pt\/en\/wp-json\/wp\/v2\/tribe_events\/135540\/revisions\/135542"}],"wp:featuredmedia":[{"embeddable":true,"href":"https:\/\/www.ccb.pt\/en\/wp-json\/wp\/v2\/media\/122790"}],"wp:attachment":[{"href":"https:\/\/www.ccb.pt\/en\/wp-json\/wp\/v2\/media?parent=135540"}],"wp:term":[{"taxonomy":"tribe_events_cat","embeddable":true,"href":"https:\/\/www.ccb.pt\/en\/wp-json\/wp\/v2\/tribe_events_cat?post=135540"},{"taxonomy":"tags_tema","embeddable":true,"href":"https:\/\/www.ccb.pt\/en\/wp-json\/wp\/v2\/tags_tema?post=135540"},{"taxonomy":"idades","embeddable":true,"href":"https:\/\/www.ccb.pt\/en\/wp-json\/wp\/v2\/idades?post=135540"},{"taxonomy":"tipos","embeddable":true,"href":"https:\/\/www.ccb.pt\/en\/wp-json\/wp\/v2\/tipos?post=135540"},{"taxonomy":"temas","embeddable":true,"href":"https:\/\/www.ccb.pt\/en\/wp-json\/wp\/v2\/temas?post=135540"},{"taxonomy":"categorias_hubspot","embeddable":true,"href":"https:\/\/www.ccb.pt\/en\/wp-json\/wp\/v2\/categorias_hubspot?post=135540"}],"curies":[{"name":"wp","href":"https:\/\/api.w.org\/{rel}","templated":true}]}}

RAFT (a lulling piece) | JANGADA (uma peça de embalar)

<!-- This site is optimized with the Yoast SEO plugin v22.3 - https://yoast.com/wordpress/plugins/seo/ -->
<title>RAFT (a lulling piece) | JANGADA (uma peça de embalar) - Centro Cultural de Belém Foundation</title>
<meta name="description" content="O CCB recebe na Fábrica das Artes o concerto Jangada (uma peça de embalar), inserida no Festival Big Bang 2023. Conheça aqui e compre já os seus bilhetes!" />
<meta name="robots" content="noindex, follow" />
<meta property="og:locale" content="en_US" />
<meta property="og:type" content="article" />
<meta property="og:title" content="RAFT (a lulling piece) | JANGADA (uma peça de embalar) - Centro Cultural de Belém Foundation" />
<meta property="og:description" content="O CCB recebe na Fábrica das Artes o concerto Jangada (uma peça de embalar), inserida no Festival Big Bang 2023. Conheça aqui e compre já os seus bilhetes!" />
<meta property="og:url" content="https://www.ccb.pt/en/evento/jangada-uma-peca-de-embalar/2023-10-20/" />
<meta property="og:site_name" content="Centro Cultural de Belém Foundation" />
<meta property="article:modified_time" content="2023-10-13T14:03:41+00:00" />
<meta property="og:image" content="https://www.ccb.pt/wp-content/uploads/2023/06/JANGADA-uma-peca-de-embalar_desenho©Ricardo-Jacinto-scaled.jpg" />
	<meta property="og:image:width" content="2560" />
	<meta property="og:image:height" content="1920" />
	<meta property="og:image:type" content="image/jpeg" />
<meta name="twitter:card" content="summary_large_image" />
<meta name="twitter:site" content="@macccb_museu" />
<meta name="twitter:label1" content="Est. reading time" />
	<meta name="twitter:data1" content="1 minute" />
<script type="application/ld+json" class="yoast-schema-graph">{"@context":"https://schema.org","@graph":[{"@type":"WebPage","@id":"https://www.ccb.pt/en/evento/jangada-uma-peca-de-embalar/2023-10-20/","url":"https://www.ccb.pt/en/evento/jangada-uma-peca-de-embalar/2023-10-20/","name":"RAFT (a lulling piece) | JANGADA (uma peça de embalar) - Centro Cultural de Belém Foundation","isPartOf":{"@id":"https://www.ccb.pt/#website"},"primaryImageOfPage":{"@id":"https://www.ccb.pt/en/evento/jangada-uma-peca-de-embalar/2023-10-20/#primaryimage"},"image":{"@id":"https://www.ccb.pt/en/evento/jangada-uma-peca-de-embalar/2023-10-20/#primaryimage"},"thumbnailUrl":"https://www.ccb.pt/wp-content/uploads/2023/06/JANGADA-uma-peca-de-embalar_desenho©Ricardo-Jacinto-scaled.jpg","datePublished":"2023-06-22T15:20:01+00:00","dateModified":"2023-10-13T14:03:41+00:00","description":"O CCB recebe na Fábrica das Artes o concerto Jangada (uma peça de embalar), inserida no Festival Big Bang 2023. Conheça aqui e compre já os seus bilhetes!","breadcrumb":{"@id":"https://www.ccb.pt/en/evento/jangada-uma-peca-de-embalar/2023-10-20/#breadcrumb"},"inLanguage":"en-US","potentialAction":[{"@type":"ReadAction","target":["https://www.ccb.pt/en/evento/jangada-uma-peca-de-embalar/2023-10-20/"]}]},{"@type":"ImageObject","inLanguage":"en-US","@id":"https://www.ccb.pt/en/evento/jangada-uma-peca-de-embalar/2023-10-20/#primaryimage","url":"https://www.ccb.pt/wp-content/uploads/2023/06/JANGADA-uma-peca-de-embalar_desenho©Ricardo-Jacinto-scaled.jpg","contentUrl":"https://www.ccb.pt/wp-content/uploads/2023/06/JANGADA-uma-peca-de-embalar_desenho©Ricardo-Jacinto-scaled.jpg","width":2560,"height":1920,"caption":"desenho©Ricardo Jacinto"},{"@type":"BreadcrumbList","@id":"https://www.ccb.pt/en/evento/jangada-uma-peca-de-embalar/2023-10-20/#breadcrumb","itemListElement":[{"@type":"ListItem","position":1,"name":"Home","item":"https://www.ccb.pt/en/"},{"@type":"ListItem","position":2,"name":"Eventos","item":"https://www.ccb.pt/eventos/"},{"@type":"ListItem","position":3,"name":"RAFT (a lulling piece) | JANGADA (uma peça de embalar)"}]},{"@type":"WebSite","@id":"https://www.ccb.pt/#website","url":"https://www.ccb.pt/","name":"Centro Cultural de Belém Foundation","description":"","publisher":{"@id":"https://www.ccb.pt/#organization"},"potentialAction":[{"@type":"SearchAction","target":{"@type":"EntryPoint","urlTemplate":"https://www.ccb.pt/?s={search_term_string}"},"query-input":"required name=search_term_string"}],"inLanguage":"en-US"},{"@type":"Organization","@id":"https://www.ccb.pt/#organization","name":"Centro Cultural de Belém Foundation","url":"https://www.ccb.pt/","logo":{"@type":"ImageObject","inLanguage":"en-US","@id":"https://www.ccb.pt/#/schema/logo/image/","url":"https://www.ccb.pt/wp-content/uploads/2022/05/1_ccb.png","contentUrl":"https://www.ccb.pt/wp-content/uploads/2022/05/1_ccb.png","width":126,"height":100,"caption":"Centro Cultural de Belém Foundation"},"image":{"@id":"https://www.ccb.pt/#/schema/logo/image/"},"sameAs":["https://twitter.com/macccb_museu"]}]}</script>
<!-- / Yoast SEO plugin. -->

RAFT (a lulling piece) | JANGADA (uma peça de embalar) - Centro Cultural de Belém Foundation

O CCB recebe na Fábrica das Artes o concerto Jangada (uma peça de embalar), inserida no Festival Big Bang 2023. Conheça aqui e compre já os seus bilhetes!

Centro Cultural de Belém Foundation
