    {"id":130596,"date":"2023-08-01T12:39:08","date_gmt":"2023-08-01T11:39:08","guid":{"rendered":"https:\/\/www.ccb.pt\/evento\/fidelio-de-beethoven-2\/"},"modified":"2024-01-22T12:23:13","modified_gmt":"2024-01-22T12:23:13","slug":"fidelio-de-beethoven-2","status":"publish","type":"tribe_events","link":"https:\/\/www.ccb.pt\/en\/evento\/fidelio-de-beethoven-2\/2024-01-21\/","title":{"rendered":"<i>Fidelio<\/i> by Beethoven"},"content":{"rendered":"<p><em>Fidelio<\/em> was Beethoven&#8217;s only opera and took on several versions \u2013 the final one, which we will listen, was staged in 1814 in Vienna. It is an opera with spoken dialogues, which mirrors the wave of liberation that swept Europe after the French Revolution. It tells the story of Leonore&#8217;s love and heroism, who disguises herself as Fidelio in order to free her husband Florestan (imprisoned for political reasons). In the end, justice and love prevail.<\/p>\n<p>&nbsp;<\/p>\n","protected":false},"excerpt":{"rendered":"<p>Fidelio was Beethoven&#8217;s only opera and took on several versions \u2013 the final one, which we will listen, was staged in 1814 in Vienna. It is an opera with spoken dialogues, which mirrors the wave of liberation that swept Europe after the French Revolution. It tells the story of Leonore&#8217;s love and heroism, who disguises [&hellip;]<\/p>\n","protected":false},"author":6,"featured_media":130822,"comment_status":"closed","ping_status":"closed","template":"","meta":{"_relevanssi_hide_post":"","_relevanssi_pin_for_all":"","_relevanssi_pin_keywords":"","_relevanssi_unpin_keywords":"","_relevanssi_related_keywords":"","_relevanssi_related_include_ids":"","_relevanssi_related_exclude_ids":"","_relevanssi_related_no_append":"","_relevanssi_related_not_related":"","_relevanssi_related_posts":"","_relevanssi_noindex_reason":""},"tribe_events_cat":[586,23],"tags_tema":[],"idades":[393,392],"tipos":[],"temas":[],"categorias_hubspot":[],"acf":[],"yoast_head":"<!-- This site is optimized with the Yoast SEO plugin v22.3 - https:\/\/yoast.com\/wordpress\/plugins\/seo\/ -->\n<title>Fidelio by Beethoven - Centro Cultural de Bel\u00e9m Foundation<\/title>\n<meta name=\"description\" content=\"Fidelio foi a \u00fanica \u00f3pera de Beethoven e assumiu v\u00e1rias vers\u00f5es. \u00c9 uma \u00f3pera com di\u00e1logos falados.\" \/>\n<meta name=\"robots\" content=\"index, follow, max-snippet:-1, max-image-preview:large, max-video-preview:-1\" \/>\n<link rel=\"canonical\" href=\"https:\/\/www.ccb.pt\/en\/evento\/fidelio-de-beethoven-2\/2024-01-21\/\" \/>\n<meta property=\"og:locale\" content=\"en_US\" \/>\n<meta property=\"og:type\" content=\"article\" \/>\n<meta property=\"og:title\" content=\"Fidelio by Beethoven - Centro Cultural de Bel\u00e9m Foundation\" \/>\n<meta property=\"og:description\" content=\"Fidelio foi a \u00fanica \u00f3pera de Beethoven e assumiu v\u00e1rias vers\u00f5es. \u00c9 uma \u00f3pera com di\u00e1logos falados.\" \/>\n<meta property=\"og:url\" content=\"https:\/\/www.ccb.pt\/en\/evento\/fidelio-de-beethoven-2\/2024-01-21\/\" \/>\n<meta property=\"og:site_name\" content=\"Centro Cultural de Bel\u00e9m Foundation\" \/>\n<meta property=\"article:modified_time\" content=\"2024-01-22T12:23:13+00:00\" \/>\n<meta property=\"og:image\" content=\"https:\/\/www.ccb.pt\/wp-content\/uploads\/2023\/07\/FACEBOOK_OSP_2\u00a9Bruno-Simao.jpg\" \/>\n\t<meta property=\"og:image:width\" content=\"1200\" \/>\n\t<meta property=\"og:image:height\" content=\"628\" \/>\n\t<meta property=\"og:image:type\" content=\"image\/jpeg\" \/>\n<meta name=\"twitter:card\" content=\"summary_large_image\" \/>\n<meta name=\"twitter:site\" content=\"@macccb_museu\" \/>\n<meta name=\"twitter:label1\" content=\"Est. reading time\" \/>\n\t<meta name=\"twitter:data1\" content=\"1 minute\" \/>\n<script type=\"application\/ld+json\" class=\"yoast-schema-graph\">{\"@context\":\"https:\/\/schema.org\",\"@graph\":[{\"@type\":\"WebPage\",\"@id\":\"https:\/\/www.ccb.pt\/en\/evento\/fidelio-de-beethoven-2\/2024-01-21\/\",\"url\":\"https:\/\/www.ccb.pt\/en\/evento\/fidelio-de-beethoven-2\/2024-01-21\/\",\"name\":\"Fidelio by Beethoven - Centro Cultural de Bel\u00e9m Foundation\",\"isPartOf\":{\"@id\":\"https:\/\/www.ccb.pt\/#website\"},\"primaryImageOfPage\":{\"@id\":\"https:\/\/www.ccb.pt\/en\/evento\/fidelio-de-beethoven-2\/2024-01-21\/#primaryimage\"},\"image\":{\"@id\":\"https:\/\/www.ccb.pt\/en\/evento\/fidelio-de-beethoven-2\/2024-01-21\/#primaryimage\"},\"thumbnailUrl\":\"https:\/\/www.ccb.pt\/wp-content\/uploads\/2023\/08\/SITE_Fidelio_c_Arno-Declair.jpg\",\"datePublished\":\"2023-08-01T11:39:08+00:00\",\"dateModified\":\"2024-01-22T12:23:13+00:00\",\"description\":\"Fidelio foi a \u00fanica \u00f3pera de Beethoven e assumiu v\u00e1rias vers\u00f5es. \u00c9 uma \u00f3pera com di\u00e1logos falados.\",\"breadcrumb\":{\"@id\":\"https:\/\/www.ccb.pt\/en\/evento\/fidelio-de-beethoven-2\/2024-01-21\/#breadcrumb\"},\"inLanguage\":\"en-US\",\"potentialAction\":[{\"@type\":\"ReadAction\",\"target\":[\"https:\/\/www.ccb.pt\/en\/evento\/fidelio-de-beethoven-2\/2024-01-21\/\"]}]},{\"@type\":\"ImageObject\",\"inLanguage\":\"en-US\",\"@id\":\"https:\/\/www.ccb.pt\/en\/evento\/fidelio-de-beethoven-2\/2024-01-21\/#primaryimage\",\"url\":\"https:\/\/www.ccb.pt\/wp-content\/uploads\/2023\/08\/SITE_Fidelio_c_Arno-Declair.jpg\",\"contentUrl\":\"https:\/\/www.ccb.pt\/wp-content\/uploads\/2023\/08\/SITE_Fidelio_c_Arno-Declair.jpg\",\"width\":1300,\"height\":618,\"caption\":\"\u00a9 Arno Declair\"},{\"@type\":\"BreadcrumbList\",\"@id\":\"https:\/\/www.ccb.pt\/en\/evento\/fidelio-de-beethoven-2\/2024-01-21\/#breadcrumb\",\"itemListElement\":[{\"@type\":\"ListItem\",\"position\":1,\"name\":\"Home\",\"item\":\"https:\/\/www.ccb.pt\/en\/\"},{\"@type\":\"ListItem\",\"position\":2,\"name\":\"Eventos\",\"item\":\"https:\/\/www.ccb.pt\/eventos\/\"},{\"@type\":\"ListItem\",\"position\":3,\"name\":\"Fidelio by Beethoven\"}]},{\"@type\":\"WebSite\",\"@id\":\"https:\/\/www.ccb.pt\/#website\",\"url\":\"https:\/\/www.ccb.pt\/\",\"name\":\"Centro Cultural de Bel\u00e9m Foundation\",\"description\":\"\",\"publisher\":{\"@id\":\"https:\/\/www.ccb.pt\/#organization\"},\"potentialAction\":[{\"@type\":\"SearchAction\",\"target\":{\"@type\":\"EntryPoint\",\"urlTemplate\":\"https:\/\/www.ccb.pt\/?s={search_term_string}\"},\"query-input\":\"required name=search_term_string\"}],\"inLanguage\":\"en-US\"},{\"@type\":\"Organization\",\"@id\":\"https:\/\/www.ccb.pt\/#organization\",\"name\":\"Centro Cultural de Bel\u00e9m Foundation\",\"url\":\"https:\/\/www.ccb.pt\/\",\"logo\":{\"@type\":\"ImageObject\",\"inLanguage\":\"en-US\",\"@id\":\"https:\/\/www.ccb.pt\/#\/schema\/logo\/image\/\",\"url\":\"https:\/\/www.ccb.pt\/wp-content\/uploads\/2022\/05\/1_ccb.png\",\"contentUrl\":\"https:\/\/www.ccb.pt\/wp-content\/uploads\/2022\/05\/1_ccb.png\",\"width\":126,\"height\":100,\"caption\":\"Centro Cultural de Bel\u00e9m Foundation\"},\"image\":{\"@id\":\"https:\/\/www.ccb.pt\/#\/schema\/logo\/image\/\"},\"sameAs\":[\"https:\/\/twitter.com\/macccb_museu\"]}]}<\/script>\n<!-- \/ Yoast SEO plugin. -->","yoast_head_json":{"title":"Fidelio by Beethoven - Centro Cultural de Bel\u00e9m Foundation","description":"Fidelio foi a \u00fanica \u00f3pera de Beethoven e assumiu v\u00e1rias vers\u00f5es. \u00c9 uma \u00f3pera com di\u00e1logos falados.","robots":{"index":"index","follow":"follow","max-snippet":"max-snippet:-1","max-image-preview":"max-image-preview:large","max-video-preview":"max-video-preview:-1"},"canonical":"https:\/\/www.ccb.pt\/en\/evento\/fidelio-de-beethoven-2\/2024-01-21\/","og_locale":"en_US","og_type":"article","og_title":"Fidelio by Beethoven - Centro Cultural de Bel\u00e9m Foundation","og_description":"Fidelio foi a \u00fanica \u00f3pera de Beethoven e assumiu v\u00e1rias vers\u00f5es. \u00c9 uma \u00f3pera com di\u00e1logos falados.","og_url":"https:\/\/www.ccb.pt\/en\/evento\/fidelio-de-beethoven-2\/2024-01-21\/","og_site_name":"Centro Cultural de Bel\u00e9m Foundation","article_modified_time":"2024-01-22T12:23:13+00:00","og_image":[{"width":1200,"height":628,"url":"https:\/\/www.ccb.pt\/wp-content\/uploads\/2023\/07\/FACEBOOK_OSP_2\u00a9Bruno-Simao.jpg","type":"image\/jpeg"}],"twitter_card":"summary_large_image","twitter_site":"@macccb_museu","twitter_misc":{"Est. reading time":"1 minute"},"schema":{"@context":"https:\/\/schema.org","@graph":[{"@type":"WebPage","@id":"https:\/\/www.ccb.pt\/en\/evento\/fidelio-de-beethoven-2\/2024-01-21\/","url":"https:\/\/www.ccb.pt\/en\/evento\/fidelio-de-beethoven-2\/2024-01-21\/","name":"Fidelio by Beethoven - Centro Cultural de Bel\u00e9m Foundation","isPartOf":{"@id":"https:\/\/www.ccb.pt\/#website"},"primaryImageOfPage":{"@id":"https:\/\/www.ccb.pt\/en\/evento\/fidelio-de-beethoven-2\/2024-01-21\/#primaryimage"},"image":{"@id":"https:\/\/www.ccb.pt\/en\/evento\/fidelio-de-beethoven-2\/2024-01-21\/#primaryimage"},"thumbnailUrl":"https:\/\/www.ccb.pt\/wp-content\/uploads\/2023\/08\/SITE_Fidelio_c_Arno-Declair.jpg","datePublished":"2023-08-01T11:39:08+00:00","dateModified":"2024-01-22T12:23:13+00:00","description":"Fidelio foi a \u00fanica \u00f3pera de Beethoven e assumiu v\u00e1rias vers\u00f5es. \u00c9 uma \u00f3pera com di\u00e1logos falados.","breadcrumb":{"@id":"https:\/\/www.ccb.pt\/en\/evento\/fidelio-de-beethoven-2\/2024-01-21\/#breadcrumb"},"inLanguage":"en-US","potentialAction":[{"@type":"ReadAction","target":["https:\/\/www.ccb.pt\/en\/evento\/fidelio-de-beethoven-2\/2024-01-21\/"]}]},{"@type":"ImageObject","inLanguage":"en-US","@id":"https:\/\/www.ccb.pt\/en\/evento\/fidelio-de-beethoven-2\/2024-01-21\/#primaryimage","url":"https:\/\/www.ccb.pt\/wp-content\/uploads\/2023\/08\/SITE_Fidelio_c_Arno-Declair.jpg","contentUrl":"https:\/\/www.ccb.pt\/wp-content\/uploads\/2023\/08\/SITE_Fidelio_c_Arno-Declair.jpg","width":1300,"height":618,"caption":"\u00a9 Arno Declair"},{"@type":"BreadcrumbList","@id":"https:\/\/www.ccb.pt\/en\/evento\/fidelio-de-beethoven-2\/2024-01-21\/#breadcrumb","itemListElement":[{"@type":"ListItem","position":1,"name":"Home","item":"https:\/\/www.ccb.pt\/en\/"},{"@type":"ListItem","position":2,"name":"Eventos","item":"https:\/\/www.ccb.pt\/eventos\/"},{"@type":"ListItem","position":3,"name":"Fidelio by Beethoven"}]},{"@type":"WebSite","@id":"https:\/\/www.ccb.pt\/#website","url":"https:\/\/www.ccb.pt\/","name":"Centro Cultural de Bel\u00e9m Foundation","description":"","publisher":{"@id":"https:\/\/www.ccb.pt\/#organization"},"potentialAction":[{"@type":"SearchAction","target":{"@type":"EntryPoint","urlTemplate":"https:\/\/www.ccb.pt\/?s={search_term_string}"},"query-input":"required name=search_term_string"}],"inLanguage":"en-US"},{"@type":"Organization","@id":"https:\/\/www.ccb.pt\/#organization","name":"Centro Cultural de Bel\u00e9m Foundation","url":"https:\/\/www.ccb.pt\/","logo":{"@type":"ImageObject","inLanguage":"en-US","@id":"https:\/\/www.ccb.pt\/#\/schema\/logo\/image\/","url":"https:\/\/www.ccb.pt\/wp-content\/uploads\/2022\/05\/1_ccb.png","contentUrl":"https:\/\/www.ccb.pt\/wp-content\/uploads\/2022\/05\/1_ccb.png","width":126,"height":100,"caption":"Centro Cultural de Bel\u00e9m Foundation"},"image":{"@id":"https:\/\/www.ccb.pt\/#\/schema\/logo\/image\/"},"sameAs":["https:\/\/twitter.com\/macccb_museu"]}]}},"_links":{"self":[{"href":"https:\/\/www.ccb.pt\/en\/wp-json\/wp\/v2\/tribe_events\/130596"}],"collection":[{"href":"https:\/\/www.ccb.pt\/en\/wp-json\/wp\/v2\/tribe_events"}],"about":[{"href":"https:\/\/www.ccb.pt\/en\/wp-json\/wp\/v2\/types\/tribe_events"}],"author":[{"embeddable":true,"href":"https:\/\/www.ccb.pt\/en\/wp-json\/wp\/v2\/users\/6"}],"replies":[{"embeddable":true,"href":"https:\/\/www.ccb.pt\/en\/wp-json\/wp\/v2\/comments?post=130596"}],"version-history":[{"count":11,"href":"https:\/\/www.ccb.pt\/en\/wp-json\/wp\/v2\/tribe_events\/130596\/revisions"}],"predecessor-version":[{"id":151778,"href":"https:\/\/www.ccb.pt\/en\/wp-json\/wp\/v2\/tribe_events\/130596\/revisions\/151778"}],"wp:featuredmedia":[{"embeddable":true,"href":"https:\/\/www.ccb.pt\/en\/wp-json\/wp\/v2\/media\/130822"}],"wp:attachment":[{"href":"https:\/\/www.ccb.pt\/en\/wp-json\/wp\/v2\/media?parent=130596"}],"wp:term":[{"taxonomy":"tribe_events_cat","embeddable":true,"href":"https:\/\/www.ccb.pt\/en\/wp-json\/wp\/v2\/tribe_events_cat?post=130596"},{"taxonomy":"tags_tema","embeddable":true,"href":"https:\/\/www.ccb.pt\/en\/wp-json\/wp\/v2\/tags_tema?post=130596"},{"taxonomy":"idades","embeddable":true,"href":"https:\/\/www.ccb.pt\/en\/wp-json\/wp\/v2\/idades?post=130596"},{"taxonomy":"tipos","embeddable":true,"href":"https:\/\/www.ccb.pt\/en\/wp-json\/wp\/v2\/tipos?post=130596"},{"taxonomy":"temas","embeddable":true,"href":"https:\/\/www.ccb.pt\/en\/wp-json\/wp\/v2\/temas?post=130596"},{"taxonomy":"categorias_hubspot","embeddable":true,"href":"https:\/\/www.ccb.pt\/en\/wp-json\/wp\/v2\/categorias_hubspot?post=130596"}],"curies":[{"name":"wp","href":"https:\/\/api.w.org\/{rel}","templated":true}]}}

<!-- This site is optimized with the Yoast SEO plugin v22.3 - https://yoast.com/wordpress/plugins/seo/ -->
<title>Fidelio by Beethoven - Centro Cultural de Belém Foundation</title>
<meta name="description" content="Fidelio foi a única ópera de Beethoven e assumiu várias versões. É uma ópera com diálogos falados." />
<meta name="robots" content="index, follow, max-snippet:-1, max-image-preview:large, max-video-preview:-1" />
<link rel="canonical" href="https://www.ccb.pt/en/evento/fidelio-de-beethoven-2/2024-01-21/" />
<meta property="og:locale" content="en_US" />
<meta property="og:type" content="article" />
<meta property="og:title" content="Fidelio by Beethoven - Centro Cultural de Belém Foundation" />
<meta property="og:description" content="Fidelio foi a única ópera de Beethoven e assumiu várias versões. É uma ópera com diálogos falados." />
<meta property="og:url" content="https://www.ccb.pt/en/evento/fidelio-de-beethoven-2/2024-01-21/" />
<meta property="og:site_name" content="Centro Cultural de Belém Foundation" />
<meta property="article:modified_time" content="2024-01-22T12:23:13+00:00" />
<meta property="og:image" content="https://www.ccb.pt/wp-content/uploads/2023/07/FACEBOOK_OSP_2©Bruno-Simao.jpg" />
	<meta property="og:image:width" content="1200" />
	<meta property="og:image:height" content="628" />
	<meta property="og:image:type" content="image/jpeg" />
<meta name="twitter:card" content="summary_large_image" />
<meta name="twitter:site" content="@macccb_museu" />
<meta name="twitter:label1" content="Est. reading time" />
	<meta name="twitter:data1" content="1 minute" />
<script type="application/ld+json" class="yoast-schema-graph">{"@context":"https://schema.org","@graph":[{"@type":"WebPage","@id":"https://www.ccb.pt/en/evento/fidelio-de-beethoven-2/2024-01-21/","url":"https://www.ccb.pt/en/evento/fidelio-de-beethoven-2/2024-01-21/","name":"Fidelio by Beethoven - Centro Cultural de Belém Foundation","isPartOf":{"@id":"https://www.ccb.pt/#website"},"primaryImageOfPage":{"@id":"https://www.ccb.pt/en/evento/fidelio-de-beethoven-2/2024-01-21/#primaryimage"},"image":{"@id":"https://www.ccb.pt/en/evento/fidelio-de-beethoven-2/2024-01-21/#primaryimage"},"thumbnailUrl":"https://www.ccb.pt/wp-content/uploads/2023/08/SITE_Fidelio_c_Arno-Declair.jpg","datePublished":"2023-08-01T11:39:08+00:00","dateModified":"2024-01-22T12:23:13+00:00","description":"Fidelio foi a única ópera de Beethoven e assumiu várias versões. É uma ópera com diálogos falados.","breadcrumb":{"@id":"https://www.ccb.pt/en/evento/fidelio-de-beethoven-2/2024-01-21/#breadcrumb"},"inLanguage":"en-US","potentialAction":[{"@type":"ReadAction","target":["https://www.ccb.pt/en/evento/fidelio-de-beethoven-2/2024-01-21/"]}]},{"@type":"ImageObject","inLanguage":"en-US","@id":"https://www.ccb.pt/en/evento/fidelio-de-beethoven-2/2024-01-21/#primaryimage","url":"https://www.ccb.pt/wp-content/uploads/2023/08/SITE_Fidelio_c_Arno-Declair.jpg","contentUrl":"https://www.ccb.pt/wp-content/uploads/2023/08/SITE_Fidelio_c_Arno-Declair.jpg","width":1300,"height":618,"caption":"© Arno Declair"},{"@type":"BreadcrumbList","@id":"https://www.ccb.pt/en/evento/fidelio-de-beethoven-2/2024-01-21/#breadcrumb","itemListElement":[{"@type":"ListItem","position":1,"name":"Home","item":"https://www.ccb.pt/en/"},{"@type":"ListItem","position":2,"name":"Eventos","item":"https://www.ccb.pt/eventos/"},{"@type":"ListItem","position":3,"name":"Fidelio by Beethoven"}]},{"@type":"WebSite","@id":"https://www.ccb.pt/#website","url":"https://www.ccb.pt/","name":"Centro Cultural de Belém Foundation","description":"","publisher":{"@id":"https://www.ccb.pt/#organization"},"potentialAction":[{"@type":"SearchAction","target":{"@type":"EntryPoint","urlTemplate":"https://www.ccb.pt/?s={search_term_string}"},"query-input":"required name=search_term_string"}],"inLanguage":"en-US"},{"@type":"Organization","@id":"https://www.ccb.pt/#organization","name":"Centro Cultural de Belém Foundation","url":"https://www.ccb.pt/","logo":{"@type":"ImageObject","inLanguage":"en-US","@id":"https://www.ccb.pt/#/schema/logo/image/","url":"https://www.ccb.pt/wp-content/uploads/2022/05/1_ccb.png","contentUrl":"https://www.ccb.pt/wp-content/uploads/2022/05/1_ccb.png","width":126,"height":100,"caption":"Centro Cultural de Belém Foundation"},"image":{"@id":"https://www.ccb.pt/#/schema/logo/image/"},"sameAs":["https://twitter.com/macccb_museu"]}]}</script>
<!-- / Yoast SEO plugin. -->

Fidelio by Beethoven - Centro Cultural de Belém Foundation

Fidelio foi a única ópera de Beethoven e assumiu várias versões. É uma ópera com diálogos falados.

Centro Cultural de Belém Foundation
