    {"id":128014,"date":"2023-06-22T10:19:20","date_gmt":"2023-06-22T09:19:20","guid":{"rendered":"https:\/\/www.ccb.pt\/evento\/verbum\/"},"modified":"2023-09-28T13:21:43","modified_gmt":"2023-09-28T12:21:43","slug":"verbum","status":"publish","type":"tribe_events","link":"https:\/\/www.ccb.pt\/en\/evento\/verbum\/","title":{"rendered":"<i>Verbum<\/i>"},"content":{"rendered":"<p><em>VERBUM<\/em> is a program that explores European composers&#8217; approach to poetic text in the 19th and 20th centuries. During the concert, the audience will be able to listen to Cycles of Songs by Johannes Brahms, Maurice Ravel, Joly Braga Santos, Eric Whitacre, and John Rutter, which interconnect in the search for harmonizing melodies, some of which are popular.<\/p>\n<p><strong>Concert commented by Alexandre Delgado.<\/strong><\/p>\n","protected":false},"excerpt":{"rendered":"<p>VERBUM is a program that explores European composers&#8217; approach to poetic text in the 19th and 20th centuries. During the concert, the audience will be able to listen to Cycles of Songs by Johannes Brahms, Maurice Ravel, Joly Braga Santos, Eric Whitacre, and John Rutter, which interconnect in the search for harmonizing melodies, some of [&hellip;]<\/p>\n","protected":false},"author":6,"featured_media":122391,"comment_status":"closed","ping_status":"closed","template":"","meta":{"_relevanssi_hide_post":"","_relevanssi_pin_for_all":"","_relevanssi_pin_keywords":"","_relevanssi_unpin_keywords":"","_relevanssi_related_keywords":"","_relevanssi_related_include_ids":"","_relevanssi_related_exclude_ids":"","_relevanssi_related_no_append":"","_relevanssi_related_not_related":"","_relevanssi_related_posts":"","_relevanssi_noindex_reason":""},"tribe_events_cat":[590,23],"tags_tema":[],"idades":[392],"tipos":[],"temas":[],"categorias_hubspot":[],"acf":[],"yoast_head":"<!-- This site is optimized with the Yoast SEO plugin v22.3 - https:\/\/yoast.com\/wordpress\/plugins\/seo\/ -->\n<title>Verbum - Centro Cultural de Bel\u00e9m Foundation<\/title>\n<meta name=\"description\" content=\"Programa VERBUM explora compositores europeus nos s\u00e9culos XIX e XX, incluindo estreia em Portugal de m\u00fasica coral com texto criado por IA.\" \/>\n<meta name=\"robots\" content=\"index, follow, max-snippet:-1, max-image-preview:large, max-video-preview:-1\" \/>\n<link rel=\"canonical\" href=\"https:\/\/www.ccb.pt\/en\/evento\/verbum\/\" \/>\n<meta property=\"og:locale\" content=\"en_US\" \/>\n<meta property=\"og:type\" content=\"article\" \/>\n<meta property=\"og:title\" content=\"Verbum - Centro Cultural de Bel\u00e9m Foundation\" \/>\n<meta property=\"og:description\" content=\"Programa VERBUM explora compositores europeus nos s\u00e9culos XIX e XX, incluindo estreia em Portugal de m\u00fasica coral com texto criado por IA.\" \/>\n<meta property=\"og:url\" content=\"https:\/\/www.ccb.pt\/en\/evento\/verbum\/\" \/>\n<meta property=\"og:site_name\" content=\"Centro Cultural de Bel\u00e9m Foundation\" \/>\n<meta property=\"article:modified_time\" content=\"2023-09-28T12:21:43+00:00\" \/>\n<meta property=\"og:image\" content=\"https:\/\/www.ccb.pt\/wp-content\/uploads\/2023\/05\/SITE_-Vocal-Ensemble.jpg\" \/>\n\t<meta property=\"og:image:width\" content=\"1300\" \/>\n\t<meta property=\"og:image:height\" content=\"618\" \/>\n\t<meta property=\"og:image:type\" content=\"image\/jpeg\" \/>\n<meta name=\"twitter:card\" content=\"summary_large_image\" \/>\n<meta name=\"twitter:site\" content=\"@macccb_museu\" \/>\n<meta name=\"twitter:label1\" content=\"Est. reading time\" \/>\n\t<meta name=\"twitter:data1\" content=\"1 minute\" \/>\n<script type=\"application\/ld+json\" class=\"yoast-schema-graph\">{\"@context\":\"https:\/\/schema.org\",\"@graph\":[{\"@type\":\"WebPage\",\"@id\":\"https:\/\/www.ccb.pt\/en\/evento\/verbum\/\",\"url\":\"https:\/\/www.ccb.pt\/en\/evento\/verbum\/\",\"name\":\"Verbum - Centro Cultural de Bel\u00e9m Foundation\",\"isPartOf\":{\"@id\":\"https:\/\/www.ccb.pt\/#website\"},\"primaryImageOfPage\":{\"@id\":\"https:\/\/www.ccb.pt\/en\/evento\/verbum\/#primaryimage\"},\"image\":{\"@id\":\"https:\/\/www.ccb.pt\/en\/evento\/verbum\/#primaryimage\"},\"thumbnailUrl\":\"https:\/\/www.ccb.pt\/wp-content\/uploads\/2023\/05\/SITE_-Vocal-Ensemble.jpg\",\"datePublished\":\"2023-06-22T09:19:20+00:00\",\"dateModified\":\"2023-09-28T12:21:43+00:00\",\"description\":\"Programa VERBUM explora compositores europeus nos s\u00e9culos XIX e XX, incluindo estreia em Portugal de m\u00fasica coral com texto criado por IA.\",\"breadcrumb\":{\"@id\":\"https:\/\/www.ccb.pt\/en\/evento\/verbum\/#breadcrumb\"},\"inLanguage\":\"en-US\",\"potentialAction\":[{\"@type\":\"ReadAction\",\"target\":[\"https:\/\/www.ccb.pt\/en\/evento\/verbum\/\"]}]},{\"@type\":\"ImageObject\",\"inLanguage\":\"en-US\",\"@id\":\"https:\/\/www.ccb.pt\/en\/evento\/verbum\/#primaryimage\",\"url\":\"https:\/\/www.ccb.pt\/wp-content\/uploads\/2023\/05\/SITE_-Vocal-Ensemble.jpg\",\"contentUrl\":\"https:\/\/www.ccb.pt\/wp-content\/uploads\/2023\/05\/SITE_-Vocal-Ensemble.jpg\",\"width\":1300,\"height\":618,\"caption\":\"Vocal Ensemble no CCB\"},{\"@type\":\"BreadcrumbList\",\"@id\":\"https:\/\/www.ccb.pt\/en\/evento\/verbum\/#breadcrumb\",\"itemListElement\":[{\"@type\":\"ListItem\",\"position\":1,\"name\":\"Home\",\"item\":\"https:\/\/www.ccb.pt\/en\/\"},{\"@type\":\"ListItem\",\"position\":2,\"name\":\"Eventos\",\"item\":\"https:\/\/www.ccb.pt\/eventos\/\"},{\"@type\":\"ListItem\",\"position\":3,\"name\":\"Verbum\"}]},{\"@type\":\"WebSite\",\"@id\":\"https:\/\/www.ccb.pt\/#website\",\"url\":\"https:\/\/www.ccb.pt\/\",\"name\":\"Centro Cultural de Bel\u00e9m Foundation\",\"description\":\"\",\"publisher\":{\"@id\":\"https:\/\/www.ccb.pt\/#organization\"},\"potentialAction\":[{\"@type\":\"SearchAction\",\"target\":{\"@type\":\"EntryPoint\",\"urlTemplate\":\"https:\/\/www.ccb.pt\/?s={search_term_string}\"},\"query-input\":\"required name=search_term_string\"}],\"inLanguage\":\"en-US\"},{\"@type\":\"Organization\",\"@id\":\"https:\/\/www.ccb.pt\/#organization\",\"name\":\"Centro Cultural de Bel\u00e9m Foundation\",\"url\":\"https:\/\/www.ccb.pt\/\",\"logo\":{\"@type\":\"ImageObject\",\"inLanguage\":\"en-US\",\"@id\":\"https:\/\/www.ccb.pt\/#\/schema\/logo\/image\/\",\"url\":\"https:\/\/www.ccb.pt\/wp-content\/uploads\/2022\/05\/1_ccb.png\",\"contentUrl\":\"https:\/\/www.ccb.pt\/wp-content\/uploads\/2022\/05\/1_ccb.png\",\"width\":126,\"height\":100,\"caption\":\"Centro Cultural de Bel\u00e9m Foundation\"},\"image\":{\"@id\":\"https:\/\/www.ccb.pt\/#\/schema\/logo\/image\/\"},\"sameAs\":[\"https:\/\/twitter.com\/macccb_museu\"]}]}<\/script>\n<!-- \/ Yoast SEO plugin. -->","yoast_head_json":{"title":"Verbum - Centro Cultural de Bel\u00e9m Foundation","description":"Programa VERBUM explora compositores europeus nos s\u00e9culos XIX e XX, incluindo estreia em Portugal de m\u00fasica coral com texto criado por IA.","robots":{"index":"index","follow":"follow","max-snippet":"max-snippet:-1","max-image-preview":"max-image-preview:large","max-video-preview":"max-video-preview:-1"},"canonical":"https:\/\/www.ccb.pt\/en\/evento\/verbum\/","og_locale":"en_US","og_type":"article","og_title":"Verbum - Centro Cultural de Bel\u00e9m Foundation","og_description":"Programa VERBUM explora compositores europeus nos s\u00e9culos XIX e XX, incluindo estreia em Portugal de m\u00fasica coral com texto criado por IA.","og_url":"https:\/\/www.ccb.pt\/en\/evento\/verbum\/","og_site_name":"Centro Cultural de Bel\u00e9m Foundation","article_modified_time":"2023-09-28T12:21:43+00:00","og_image":[{"width":1300,"height":618,"url":"https:\/\/www.ccb.pt\/wp-content\/uploads\/2023\/05\/SITE_-Vocal-Ensemble.jpg","type":"image\/jpeg"}],"twitter_card":"summary_large_image","twitter_site":"@macccb_museu","twitter_misc":{"Est. reading time":"1 minute"},"schema":{"@context":"https:\/\/schema.org","@graph":[{"@type":"WebPage","@id":"https:\/\/www.ccb.pt\/en\/evento\/verbum\/","url":"https:\/\/www.ccb.pt\/en\/evento\/verbum\/","name":"Verbum - Centro Cultural de Bel\u00e9m Foundation","isPartOf":{"@id":"https:\/\/www.ccb.pt\/#website"},"primaryImageOfPage":{"@id":"https:\/\/www.ccb.pt\/en\/evento\/verbum\/#primaryimage"},"image":{"@id":"https:\/\/www.ccb.pt\/en\/evento\/verbum\/#primaryimage"},"thumbnailUrl":"https:\/\/www.ccb.pt\/wp-content\/uploads\/2023\/05\/SITE_-Vocal-Ensemble.jpg","datePublished":"2023-06-22T09:19:20+00:00","dateModified":"2023-09-28T12:21:43+00:00","description":"Programa VERBUM explora compositores europeus nos s\u00e9culos XIX e XX, incluindo estreia em Portugal de m\u00fasica coral com texto criado por IA.","breadcrumb":{"@id":"https:\/\/www.ccb.pt\/en\/evento\/verbum\/#breadcrumb"},"inLanguage":"en-US","potentialAction":[{"@type":"ReadAction","target":["https:\/\/www.ccb.pt\/en\/evento\/verbum\/"]}]},{"@type":"ImageObject","inLanguage":"en-US","@id":"https:\/\/www.ccb.pt\/en\/evento\/verbum\/#primaryimage","url":"https:\/\/www.ccb.pt\/wp-content\/uploads\/2023\/05\/SITE_-Vocal-Ensemble.jpg","contentUrl":"https:\/\/www.ccb.pt\/wp-content\/uploads\/2023\/05\/SITE_-Vocal-Ensemble.jpg","width":1300,"height":618,"caption":"Vocal Ensemble no CCB"},{"@type":"BreadcrumbList","@id":"https:\/\/www.ccb.pt\/en\/evento\/verbum\/#breadcrumb","itemListElement":[{"@type":"ListItem","position":1,"name":"Home","item":"https:\/\/www.ccb.pt\/en\/"},{"@type":"ListItem","position":2,"name":"Eventos","item":"https:\/\/www.ccb.pt\/eventos\/"},{"@type":"ListItem","position":3,"name":"Verbum"}]},{"@type":"WebSite","@id":"https:\/\/www.ccb.pt\/#website","url":"https:\/\/www.ccb.pt\/","name":"Centro Cultural de Bel\u00e9m Foundation","description":"","publisher":{"@id":"https:\/\/www.ccb.pt\/#organization"},"potentialAction":[{"@type":"SearchAction","target":{"@type":"EntryPoint","urlTemplate":"https:\/\/www.ccb.pt\/?s={search_term_string}"},"query-input":"required name=search_term_string"}],"inLanguage":"en-US"},{"@type":"Organization","@id":"https:\/\/www.ccb.pt\/#organization","name":"Centro Cultural de Bel\u00e9m Foundation","url":"https:\/\/www.ccb.pt\/","logo":{"@type":"ImageObject","inLanguage":"en-US","@id":"https:\/\/www.ccb.pt\/#\/schema\/logo\/image\/","url":"https:\/\/www.ccb.pt\/wp-content\/uploads\/2022\/05\/1_ccb.png","contentUrl":"https:\/\/www.ccb.pt\/wp-content\/uploads\/2022\/05\/1_ccb.png","width":126,"height":100,"caption":"Centro Cultural de Bel\u00e9m Foundation"},"image":{"@id":"https:\/\/www.ccb.pt\/#\/schema\/logo\/image\/"},"sameAs":["https:\/\/twitter.com\/macccb_museu"]}]}},"_links":{"self":[{"href":"https:\/\/www.ccb.pt\/en\/wp-json\/wp\/v2\/tribe_events\/128014"}],"collection":[{"href":"https:\/\/www.ccb.pt\/en\/wp-json\/wp\/v2\/tribe_events"}],"about":[{"href":"https:\/\/www.ccb.pt\/en\/wp-json\/wp\/v2\/types\/tribe_events"}],"author":[{"embeddable":true,"href":"https:\/\/www.ccb.pt\/en\/wp-json\/wp\/v2\/users\/6"}],"replies":[{"embeddable":true,"href":"https:\/\/www.ccb.pt\/en\/wp-json\/wp\/v2\/comments?post=128014"}],"version-history":[{"count":4,"href":"https:\/\/www.ccb.pt\/en\/wp-json\/wp\/v2\/tribe_events\/128014\/revisions"}],"predecessor-version":[{"id":132245,"href":"https:\/\/www.ccb.pt\/en\/wp-json\/wp\/v2\/tribe_events\/128014\/revisions\/132245"}],"wp:featuredmedia":[{"embeddable":true,"href":"https:\/\/www.ccb.pt\/en\/wp-json\/wp\/v2\/media\/122391"}],"wp:attachment":[{"href":"https:\/\/www.ccb.pt\/en\/wp-json\/wp\/v2\/media?parent=128014"}],"wp:term":[{"taxonomy":"tribe_events_cat","embeddable":true,"href":"https:\/\/www.ccb.pt\/en\/wp-json\/wp\/v2\/tribe_events_cat?post=128014"},{"taxonomy":"tags_tema","embeddable":true,"href":"https:\/\/www.ccb.pt\/en\/wp-json\/wp\/v2\/tags_tema?post=128014"},{"taxonomy":"idades","embeddable":true,"href":"https:\/\/www.ccb.pt\/en\/wp-json\/wp\/v2\/idades?post=128014"},{"taxonomy":"tipos","embeddable":true,"href":"https:\/\/www.ccb.pt\/en\/wp-json\/wp\/v2\/tipos?post=128014"},{"taxonomy":"temas","embeddable":true,"href":"https:\/\/www.ccb.pt\/en\/wp-json\/wp\/v2\/temas?post=128014"},{"taxonomy":"categorias_hubspot","embeddable":true,"href":"https:\/\/www.ccb.pt\/en\/wp-json\/wp\/v2\/categorias_hubspot?post=128014"}],"curies":[{"name":"wp","href":"https:\/\/api.w.org\/{rel}","templated":true}]}}

<!-- This site is optimized with the Yoast SEO plugin v22.3 - https://yoast.com/wordpress/plugins/seo/ -->
<title>Verbum - Centro Cultural de Belém Foundation</title>
<meta name="description" content="Programa VERBUM explora compositores europeus nos séculos XIX e XX, incluindo estreia em Portugal de música coral com texto criado por IA." />
<meta name="robots" content="index, follow, max-snippet:-1, max-image-preview:large, max-video-preview:-1" />
<link rel="canonical" href="https://www.ccb.pt/en/evento/verbum/" />
<meta property="og:locale" content="en_US" />
<meta property="og:type" content="article" />
<meta property="og:title" content="Verbum - Centro Cultural de Belém Foundation" />
<meta property="og:description" content="Programa VERBUM explora compositores europeus nos séculos XIX e XX, incluindo estreia em Portugal de música coral com texto criado por IA." />
<meta property="og:url" content="https://www.ccb.pt/en/evento/verbum/" />
<meta property="og:site_name" content="Centro Cultural de Belém Foundation" />
<meta property="article:modified_time" content="2023-09-28T12:21:43+00:00" />
<meta property="og:image" content="https://www.ccb.pt/wp-content/uploads/2023/05/SITE_-Vocal-Ensemble.jpg" />
	<meta property="og:image:width" content="1300" />
	<meta property="og:image:height" content="618" />
	<meta property="og:image:type" content="image/jpeg" />
<meta name="twitter:card" content="summary_large_image" />
<meta name="twitter:site" content="@macccb_museu" />
<meta name="twitter:label1" content="Est. reading time" />
	<meta name="twitter:data1" content="1 minute" />
<script type="application/ld+json" class="yoast-schema-graph">{"@context":"https://schema.org","@graph":[{"@type":"WebPage","@id":"https://www.ccb.pt/en/evento/verbum/","url":"https://www.ccb.pt/en/evento/verbum/","name":"Verbum - Centro Cultural de Belém Foundation","isPartOf":{"@id":"https://www.ccb.pt/#website"},"primaryImageOfPage":{"@id":"https://www.ccb.pt/en/evento/verbum/#primaryimage"},"image":{"@id":"https://www.ccb.pt/en/evento/verbum/#primaryimage"},"thumbnailUrl":"https://www.ccb.pt/wp-content/uploads/2023/05/SITE_-Vocal-Ensemble.jpg","datePublished":"2023-06-22T09:19:20+00:00","dateModified":"2023-09-28T12:21:43+00:00","description":"Programa VERBUM explora compositores europeus nos séculos XIX e XX, incluindo estreia em Portugal de música coral com texto criado por IA.","breadcrumb":{"@id":"https://www.ccb.pt/en/evento/verbum/#breadcrumb"},"inLanguage":"en-US","potentialAction":[{"@type":"ReadAction","target":["https://www.ccb.pt/en/evento/verbum/"]}]},{"@type":"ImageObject","inLanguage":"en-US","@id":"https://www.ccb.pt/en/evento/verbum/#primaryimage","url":"https://www.ccb.pt/wp-content/uploads/2023/05/SITE_-Vocal-Ensemble.jpg","contentUrl":"https://www.ccb.pt/wp-content/uploads/2023/05/SITE_-Vocal-Ensemble.jpg","width":1300,"height":618,"caption":"Vocal Ensemble no CCB"},{"@type":"BreadcrumbList","@id":"https://www.ccb.pt/en/evento/verbum/#breadcrumb","itemListElement":[{"@type":"ListItem","position":1,"name":"Home","item":"https://www.ccb.pt/en/"},{"@type":"ListItem","position":2,"name":"Eventos","item":"https://www.ccb.pt/eventos/"},{"@type":"ListItem","position":3,"name":"Verbum"}]},{"@type":"WebSite","@id":"https://www.ccb.pt/#website","url":"https://www.ccb.pt/","name":"Centro Cultural de Belém Foundation","description":"","publisher":{"@id":"https://www.ccb.pt/#organization"},"potentialAction":[{"@type":"SearchAction","target":{"@type":"EntryPoint","urlTemplate":"https://www.ccb.pt/?s={search_term_string}"},"query-input":"required name=search_term_string"}],"inLanguage":"en-US"},{"@type":"Organization","@id":"https://www.ccb.pt/#organization","name":"Centro Cultural de Belém Foundation","url":"https://www.ccb.pt/","logo":{"@type":"ImageObject","inLanguage":"en-US","@id":"https://www.ccb.pt/#/schema/logo/image/","url":"https://www.ccb.pt/wp-content/uploads/2022/05/1_ccb.png","contentUrl":"https://www.ccb.pt/wp-content/uploads/2022/05/1_ccb.png","width":126,"height":100,"caption":"Centro Cultural de Belém Foundation"},"image":{"@id":"https://www.ccb.pt/#/schema/logo/image/"},"sameAs":["https://twitter.com/macccb_museu"]}]}</script>
<!-- / Yoast SEO plugin. -->

Verbum - Centro Cultural de Belém Foundation

Programa VERBUM explora compositores europeus nos séculos XIX e XX, incluindo estreia em Portugal de música coral com texto criado por IA.

Centro Cultural de Belém Foundation
