    {"id":128011,"date":"2023-06-22T16:55:40","date_gmt":"2023-06-22T15:55:40","guid":{"rendered":"https:\/\/www.ccb.pt\/evento\/bela-ensemble\/"},"modified":"2023-11-14T10:03:02","modified_gmt":"2023-11-14T10:03:02","slug":"bela-ensemble","status":"publish","type":"tribe_events","link":"https:\/\/www.ccb.pt\/en\/evento\/bela-ensemble\/","title":{"rendered":"Bela Ensemble"},"content":{"rendered":"<p>The Bela Ensemble bet on a careful mix of rhythms and balances from other latitudes besides fado, with influence from world music such as flamenco, Afro-Latin music from Cuba and Peru, samba with Brazilian roots, rock, metal, and progressive music.<\/p>\n<p>&nbsp;<\/p>\n<p>&nbsp;<\/p>\n<p>&nbsp;<\/p>\n","protected":false},"excerpt":{"rendered":"<p>The Bela Ensemble bet on a careful mix of rhythms and balances from other latitudes besides fado, with influence from world music such as flamenco, Afro-Latin music from Cuba and Peru, samba with Brazilian roots, rock, metal, and progressive music. &nbsp; &nbsp; &nbsp;<\/p>\n","protected":false},"author":6,"featured_media":142197,"comment_status":"closed","ping_status":"closed","template":"","meta":{"_relevanssi_hide_post":"","_relevanssi_pin_for_all":"","_relevanssi_pin_keywords":"","_relevanssi_unpin_keywords":"","_relevanssi_related_keywords":"","_relevanssi_related_include_ids":"","_relevanssi_related_exclude_ids":"","_relevanssi_related_no_append":"","_relevanssi_related_not_related":"","_relevanssi_related_posts":"","_relevanssi_noindex_reason":""},"tribe_events_cat":[588,590,23],"tags_tema":[],"idades":[],"tipos":[],"temas":[],"categorias_hubspot":[],"acf":[],"yoast_head":"<!-- This site is optimized with the Yoast SEO plugin v22.3 - https:\/\/yoast.com\/wordpress\/plugins\/seo\/ -->\n<title>Bela Ensemble - Centro Cultural de Bel\u00e9m Foundation<\/title>\n<meta name=\"description\" content=\"No CCB pode encontrar, Fado, a arte que une poesia e m\u00fasica. Com Bela Ensemble a apresentar a sua m\u00fasica progressiva.\" \/>\n<meta name=\"robots\" content=\"index, follow, max-snippet:-1, max-image-preview:large, max-video-preview:-1\" \/>\n<link rel=\"canonical\" href=\"https:\/\/www.ccb.pt\/en\/evento\/bela-ensemble\/\" \/>\n<meta property=\"og:locale\" content=\"en_US\" \/>\n<meta property=\"og:type\" content=\"article\" \/>\n<meta property=\"og:title\" content=\"Bela Ensemble - Centro Cultural de Bel\u00e9m Foundation\" \/>\n<meta property=\"og:description\" content=\"No CCB pode encontrar, Fado, a arte que une poesia e m\u00fasica. Com Bela Ensemble a apresentar a sua m\u00fasica progressiva.\" \/>\n<meta property=\"og:url\" content=\"https:\/\/www.ccb.pt\/en\/evento\/bela-ensemble\/\" \/>\n<meta property=\"og:site_name\" content=\"Centro Cultural de Bel\u00e9m Foundation\" \/>\n<meta property=\"article:modified_time\" content=\"2023-11-14T10:03:02+00:00\" \/>\n<meta property=\"og:image\" content=\"https:\/\/www.ccb.pt\/wp-content\/uploads\/2023\/06\/SITE_3-Bela-Ensemble-cClaudio-Alves-e-Carla-Mota.jpg\" \/>\n\t<meta property=\"og:image:width\" content=\"1300\" \/>\n\t<meta property=\"og:image:height\" content=\"618\" \/>\n\t<meta property=\"og:image:type\" content=\"image\/jpeg\" \/>\n<meta name=\"twitter:card\" content=\"summary_large_image\" \/>\n<meta name=\"twitter:site\" content=\"@macccb_museu\" \/>\n<meta name=\"twitter:label1\" content=\"Est. reading time\" \/>\n\t<meta name=\"twitter:data1\" content=\"1 minute\" \/>\n<script type=\"application\/ld+json\" class=\"yoast-schema-graph\">{\"@context\":\"https:\/\/schema.org\",\"@graph\":[{\"@type\":\"WebPage\",\"@id\":\"https:\/\/www.ccb.pt\/en\/evento\/bela-ensemble\/\",\"url\":\"https:\/\/www.ccb.pt\/en\/evento\/bela-ensemble\/\",\"name\":\"Bela Ensemble - Centro Cultural de Bel\u00e9m Foundation\",\"isPartOf\":{\"@id\":\"https:\/\/www.ccb.pt\/#website\"},\"primaryImageOfPage\":{\"@id\":\"https:\/\/www.ccb.pt\/en\/evento\/bela-ensemble\/#primaryimage\"},\"image\":{\"@id\":\"https:\/\/www.ccb.pt\/en\/evento\/bela-ensemble\/#primaryimage\"},\"thumbnailUrl\":\"https:\/\/www.ccb.pt\/wp-content\/uploads\/2023\/06\/Bela-43-sem-Ana\u00a9-Claudio-Alves-e-Carla-Mota-scaled-e1699008419794.jpg\",\"datePublished\":\"2023-06-22T15:55:40+00:00\",\"dateModified\":\"2023-11-14T10:03:02+00:00\",\"description\":\"No CCB pode encontrar, Fado, a arte que une poesia e m\u00fasica. Com Bela Ensemble a apresentar a sua m\u00fasica progressiva.\",\"breadcrumb\":{\"@id\":\"https:\/\/www.ccb.pt\/en\/evento\/bela-ensemble\/#breadcrumb\"},\"inLanguage\":\"en-US\",\"potentialAction\":[{\"@type\":\"ReadAction\",\"target\":[\"https:\/\/www.ccb.pt\/en\/evento\/bela-ensemble\/\"]}]},{\"@type\":\"ImageObject\",\"inLanguage\":\"en-US\",\"@id\":\"https:\/\/www.ccb.pt\/en\/evento\/bela-ensemble\/#primaryimage\",\"url\":\"https:\/\/www.ccb.pt\/wp-content\/uploads\/2023\/06\/Bela-43-sem-Ana\u00a9-Claudio-Alves-e-Carla-Mota-scaled-e1699008419794.jpg\",\"contentUrl\":\"https:\/\/www.ccb.pt\/wp-content\/uploads\/2023\/06\/Bela-43-sem-Ana\u00a9-Claudio-Alves-e-Carla-Mota-scaled-e1699008419794.jpg\",\"width\":2560,\"height\":1707,\"caption\":\"\u00a9 Cl\u00e1udio Alves e Carla Mota\"},{\"@type\":\"BreadcrumbList\",\"@id\":\"https:\/\/www.ccb.pt\/en\/evento\/bela-ensemble\/#breadcrumb\",\"itemListElement\":[{\"@type\":\"ListItem\",\"position\":1,\"name\":\"Home\",\"item\":\"https:\/\/www.ccb.pt\/en\/\"},{\"@type\":\"ListItem\",\"position\":2,\"name\":\"Eventos\",\"item\":\"https:\/\/www.ccb.pt\/eventos\/\"},{\"@type\":\"ListItem\",\"position\":3,\"name\":\"Bela Ensemble\"}]},{\"@type\":\"WebSite\",\"@id\":\"https:\/\/www.ccb.pt\/#website\",\"url\":\"https:\/\/www.ccb.pt\/\",\"name\":\"Centro Cultural de Bel\u00e9m Foundation\",\"description\":\"\",\"publisher\":{\"@id\":\"https:\/\/www.ccb.pt\/#organization\"},\"potentialAction\":[{\"@type\":\"SearchAction\",\"target\":{\"@type\":\"EntryPoint\",\"urlTemplate\":\"https:\/\/www.ccb.pt\/?s={search_term_string}\"},\"query-input\":\"required name=search_term_string\"}],\"inLanguage\":\"en-US\"},{\"@type\":\"Organization\",\"@id\":\"https:\/\/www.ccb.pt\/#organization\",\"name\":\"Centro Cultural de Bel\u00e9m Foundation\",\"url\":\"https:\/\/www.ccb.pt\/\",\"logo\":{\"@type\":\"ImageObject\",\"inLanguage\":\"en-US\",\"@id\":\"https:\/\/www.ccb.pt\/#\/schema\/logo\/image\/\",\"url\":\"https:\/\/www.ccb.pt\/wp-content\/uploads\/2022\/05\/1_ccb.png\",\"contentUrl\":\"https:\/\/www.ccb.pt\/wp-content\/uploads\/2022\/05\/1_ccb.png\",\"width\":126,\"height\":100,\"caption\":\"Centro Cultural de Bel\u00e9m Foundation\"},\"image\":{\"@id\":\"https:\/\/www.ccb.pt\/#\/schema\/logo\/image\/\"},\"sameAs\":[\"https:\/\/twitter.com\/macccb_museu\"]}]}<\/script>\n<!-- \/ Yoast SEO plugin. -->","yoast_head_json":{"title":"Bela Ensemble - Centro Cultural de Bel\u00e9m Foundation","description":"No CCB pode encontrar, Fado, a arte que une poesia e m\u00fasica. Com Bela Ensemble a apresentar a sua m\u00fasica progressiva.","robots":{"index":"index","follow":"follow","max-snippet":"max-snippet:-1","max-image-preview":"max-image-preview:large","max-video-preview":"max-video-preview:-1"},"canonical":"https:\/\/www.ccb.pt\/en\/evento\/bela-ensemble\/","og_locale":"en_US","og_type":"article","og_title":"Bela Ensemble - Centro Cultural de Bel\u00e9m Foundation","og_description":"No CCB pode encontrar, Fado, a arte que une poesia e m\u00fasica. Com Bela Ensemble a apresentar a sua m\u00fasica progressiva.","og_url":"https:\/\/www.ccb.pt\/en\/evento\/bela-ensemble\/","og_site_name":"Centro Cultural de Bel\u00e9m Foundation","article_modified_time":"2023-11-14T10:03:02+00:00","og_image":[{"width":1300,"height":618,"url":"https:\/\/www.ccb.pt\/wp-content\/uploads\/2023\/06\/SITE_3-Bela-Ensemble-cClaudio-Alves-e-Carla-Mota.jpg","type":"image\/jpeg"}],"twitter_card":"summary_large_image","twitter_site":"@macccb_museu","twitter_misc":{"Est. reading time":"1 minute"},"schema":{"@context":"https:\/\/schema.org","@graph":[{"@type":"WebPage","@id":"https:\/\/www.ccb.pt\/en\/evento\/bela-ensemble\/","url":"https:\/\/www.ccb.pt\/en\/evento\/bela-ensemble\/","name":"Bela Ensemble - Centro Cultural de Bel\u00e9m Foundation","isPartOf":{"@id":"https:\/\/www.ccb.pt\/#website"},"primaryImageOfPage":{"@id":"https:\/\/www.ccb.pt\/en\/evento\/bela-ensemble\/#primaryimage"},"image":{"@id":"https:\/\/www.ccb.pt\/en\/evento\/bela-ensemble\/#primaryimage"},"thumbnailUrl":"https:\/\/www.ccb.pt\/wp-content\/uploads\/2023\/06\/Bela-43-sem-Ana\u00a9-Claudio-Alves-e-Carla-Mota-scaled-e1699008419794.jpg","datePublished":"2023-06-22T15:55:40+00:00","dateModified":"2023-11-14T10:03:02+00:00","description":"No CCB pode encontrar, Fado, a arte que une poesia e m\u00fasica. Com Bela Ensemble a apresentar a sua m\u00fasica progressiva.","breadcrumb":{"@id":"https:\/\/www.ccb.pt\/en\/evento\/bela-ensemble\/#breadcrumb"},"inLanguage":"en-US","potentialAction":[{"@type":"ReadAction","target":["https:\/\/www.ccb.pt\/en\/evento\/bela-ensemble\/"]}]},{"@type":"ImageObject","inLanguage":"en-US","@id":"https:\/\/www.ccb.pt\/en\/evento\/bela-ensemble\/#primaryimage","url":"https:\/\/www.ccb.pt\/wp-content\/uploads\/2023\/06\/Bela-43-sem-Ana\u00a9-Claudio-Alves-e-Carla-Mota-scaled-e1699008419794.jpg","contentUrl":"https:\/\/www.ccb.pt\/wp-content\/uploads\/2023\/06\/Bela-43-sem-Ana\u00a9-Claudio-Alves-e-Carla-Mota-scaled-e1699008419794.jpg","width":2560,"height":1707,"caption":"\u00a9 Cl\u00e1udio Alves e Carla Mota"},{"@type":"BreadcrumbList","@id":"https:\/\/www.ccb.pt\/en\/evento\/bela-ensemble\/#breadcrumb","itemListElement":[{"@type":"ListItem","position":1,"name":"Home","item":"https:\/\/www.ccb.pt\/en\/"},{"@type":"ListItem","position":2,"name":"Eventos","item":"https:\/\/www.ccb.pt\/eventos\/"},{"@type":"ListItem","position":3,"name":"Bela Ensemble"}]},{"@type":"WebSite","@id":"https:\/\/www.ccb.pt\/#website","url":"https:\/\/www.ccb.pt\/","name":"Centro Cultural de Bel\u00e9m Foundation","description":"","publisher":{"@id":"https:\/\/www.ccb.pt\/#organization"},"potentialAction":[{"@type":"SearchAction","target":{"@type":"EntryPoint","urlTemplate":"https:\/\/www.ccb.pt\/?s={search_term_string}"},"query-input":"required name=search_term_string"}],"inLanguage":"en-US"},{"@type":"Organization","@id":"https:\/\/www.ccb.pt\/#organization","name":"Centro Cultural de Bel\u00e9m Foundation","url":"https:\/\/www.ccb.pt\/","logo":{"@type":"ImageObject","inLanguage":"en-US","@id":"https:\/\/www.ccb.pt\/#\/schema\/logo\/image\/","url":"https:\/\/www.ccb.pt\/wp-content\/uploads\/2022\/05\/1_ccb.png","contentUrl":"https:\/\/www.ccb.pt\/wp-content\/uploads\/2022\/05\/1_ccb.png","width":126,"height":100,"caption":"Centro Cultural de Bel\u00e9m Foundation"},"image":{"@id":"https:\/\/www.ccb.pt\/#\/schema\/logo\/image\/"},"sameAs":["https:\/\/twitter.com\/macccb_museu"]}]}},"_links":{"self":[{"href":"https:\/\/www.ccb.pt\/en\/wp-json\/wp\/v2\/tribe_events\/128011"}],"collection":[{"href":"https:\/\/www.ccb.pt\/en\/wp-json\/wp\/v2\/tribe_events"}],"about":[{"href":"https:\/\/www.ccb.pt\/en\/wp-json\/wp\/v2\/types\/tribe_events"}],"author":[{"embeddable":true,"href":"https:\/\/www.ccb.pt\/en\/wp-json\/wp\/v2\/users\/6"}],"replies":[{"embeddable":true,"href":"https:\/\/www.ccb.pt\/en\/wp-json\/wp\/v2\/comments?post=128011"}],"version-history":[{"count":6,"href":"https:\/\/www.ccb.pt\/en\/wp-json\/wp\/v2\/tribe_events\/128011\/revisions"}],"predecessor-version":[{"id":143370,"href":"https:\/\/www.ccb.pt\/en\/wp-json\/wp\/v2\/tribe_events\/128011\/revisions\/143370"}],"wp:featuredmedia":[{"embeddable":true,"href":"https:\/\/www.ccb.pt\/en\/wp-json\/wp\/v2\/media\/142197"}],"wp:attachment":[{"href":"https:\/\/www.ccb.pt\/en\/wp-json\/wp\/v2\/media?parent=128011"}],"wp:term":[{"taxonomy":"tribe_events_cat","embeddable":true,"href":"https:\/\/www.ccb.pt\/en\/wp-json\/wp\/v2\/tribe_events_cat?post=128011"},{"taxonomy":"tags_tema","embeddable":true,"href":"https:\/\/www.ccb.pt\/en\/wp-json\/wp\/v2\/tags_tema?post=128011"},{"taxonomy":"idades","embeddable":true,"href":"https:\/\/www.ccb.pt\/en\/wp-json\/wp\/v2\/idades?post=128011"},{"taxonomy":"tipos","embeddable":true,"href":"https:\/\/www.ccb.pt\/en\/wp-json\/wp\/v2\/tipos?post=128011"},{"taxonomy":"temas","embeddable":true,"href":"https:\/\/www.ccb.pt\/en\/wp-json\/wp\/v2\/temas?post=128011"},{"taxonomy":"categorias_hubspot","embeddable":true,"href":"https:\/\/www.ccb.pt\/en\/wp-json\/wp\/v2\/categorias_hubspot?post=128011"}],"curies":[{"name":"wp","href":"https:\/\/api.w.org\/{rel}","templated":true}]}}

<!-- This site is optimized with the Yoast SEO plugin v22.3 - https://yoast.com/wordpress/plugins/seo/ -->
<title>Bela Ensemble - Centro Cultural de Belém Foundation</title>
<meta name="description" content="No CCB pode encontrar, Fado, a arte que une poesia e música. Com Bela Ensemble a apresentar a sua música progressiva." />
<meta name="robots" content="index, follow, max-snippet:-1, max-image-preview:large, max-video-preview:-1" />
<link rel="canonical" href="https://www.ccb.pt/en/evento/bela-ensemble/" />
<meta property="og:locale" content="en_US" />
<meta property="og:type" content="article" />
<meta property="og:title" content="Bela Ensemble - Centro Cultural de Belém Foundation" />
<meta property="og:description" content="No CCB pode encontrar, Fado, a arte que une poesia e música. Com Bela Ensemble a apresentar a sua música progressiva." />
<meta property="og:url" content="https://www.ccb.pt/en/evento/bela-ensemble/" />
<meta property="og:site_name" content="Centro Cultural de Belém Foundation" />
<meta property="article:modified_time" content="2023-11-14T10:03:02+00:00" />
<meta property="og:image" content="https://www.ccb.pt/wp-content/uploads/2023/06/SITE_3-Bela-Ensemble-cClaudio-Alves-e-Carla-Mota.jpg" />
	<meta property="og:image:width" content="1300" />
	<meta property="og:image:height" content="618" />
	<meta property="og:image:type" content="image/jpeg" />
<meta name="twitter:card" content="summary_large_image" />
<meta name="twitter:site" content="@macccb_museu" />
<meta name="twitter:label1" content="Est. reading time" />
	<meta name="twitter:data1" content="1 minute" />
<script type="application/ld+json" class="yoast-schema-graph">{"@context":"https://schema.org","@graph":[{"@type":"WebPage","@id":"https://www.ccb.pt/en/evento/bela-ensemble/","url":"https://www.ccb.pt/en/evento/bela-ensemble/","name":"Bela Ensemble - Centro Cultural de Belém Foundation","isPartOf":{"@id":"https://www.ccb.pt/#website"},"primaryImageOfPage":{"@id":"https://www.ccb.pt/en/evento/bela-ensemble/#primaryimage"},"image":{"@id":"https://www.ccb.pt/en/evento/bela-ensemble/#primaryimage"},"thumbnailUrl":"https://www.ccb.pt/wp-content/uploads/2023/06/Bela-43-sem-Ana©-Claudio-Alves-e-Carla-Mota-scaled-e1699008419794.jpg","datePublished":"2023-06-22T15:55:40+00:00","dateModified":"2023-11-14T10:03:02+00:00","description":"No CCB pode encontrar, Fado, a arte que une poesia e música. Com Bela Ensemble a apresentar a sua música progressiva.","breadcrumb":{"@id":"https://www.ccb.pt/en/evento/bela-ensemble/#breadcrumb"},"inLanguage":"en-US","potentialAction":[{"@type":"ReadAction","target":["https://www.ccb.pt/en/evento/bela-ensemble/"]}]},{"@type":"ImageObject","inLanguage":"en-US","@id":"https://www.ccb.pt/en/evento/bela-ensemble/#primaryimage","url":"https://www.ccb.pt/wp-content/uploads/2023/06/Bela-43-sem-Ana©-Claudio-Alves-e-Carla-Mota-scaled-e1699008419794.jpg","contentUrl":"https://www.ccb.pt/wp-content/uploads/2023/06/Bela-43-sem-Ana©-Claudio-Alves-e-Carla-Mota-scaled-e1699008419794.jpg","width":2560,"height":1707,"caption":"© Cláudio Alves e Carla Mota"},{"@type":"BreadcrumbList","@id":"https://www.ccb.pt/en/evento/bela-ensemble/#breadcrumb","itemListElement":[{"@type":"ListItem","position":1,"name":"Home","item":"https://www.ccb.pt/en/"},{"@type":"ListItem","position":2,"name":"Eventos","item":"https://www.ccb.pt/eventos/"},{"@type":"ListItem","position":3,"name":"Bela Ensemble"}]},{"@type":"WebSite","@id":"https://www.ccb.pt/#website","url":"https://www.ccb.pt/","name":"Centro Cultural de Belém Foundation","description":"","publisher":{"@id":"https://www.ccb.pt/#organization"},"potentialAction":[{"@type":"SearchAction","target":{"@type":"EntryPoint","urlTemplate":"https://www.ccb.pt/?s={search_term_string}"},"query-input":"required name=search_term_string"}],"inLanguage":"en-US"},{"@type":"Organization","@id":"https://www.ccb.pt/#organization","name":"Centro Cultural de Belém Foundation","url":"https://www.ccb.pt/","logo":{"@type":"ImageObject","inLanguage":"en-US","@id":"https://www.ccb.pt/#/schema/logo/image/","url":"https://www.ccb.pt/wp-content/uploads/2022/05/1_ccb.png","contentUrl":"https://www.ccb.pt/wp-content/uploads/2022/05/1_ccb.png","width":126,"height":100,"caption":"Centro Cultural de Belém Foundation"},"image":{"@id":"https://www.ccb.pt/#/schema/logo/image/"},"sameAs":["https://twitter.com/macccb_museu"]}]}</script>
<!-- / Yoast SEO plugin. -->

Bela Ensemble - Centro Cultural de Belém Foundation

No CCB pode encontrar, Fado, a arte que une poesia e música. Com Bela Ensemble a apresentar a sua música progressiva.

Centro Cultural de Belém Foundation

© Cláudio Alves e Carla Mota
