    {"id":127909,"date":"2023-06-22T10:00:06","date_gmt":"2023-06-22T09:00:06","guid":{"rendered":"https:\/\/www.ccb.pt\/evento\/antonio-chainho\/"},"modified":"2023-11-03T11:23:08","modified_gmt":"2023-11-03T11:23:08","slug":"antonio-chainho","status":"publish","type":"tribe_events","link":"https:\/\/www.ccb.pt\/en\/evento\/antonio-chainho\/","title":{"rendered":"Ant\u00f3nio Chainho"},"content":{"rendered":"<p>Ant\u00f3nio Chainho presents his new album, <em>O Abra\u00e7o da Guitarra<\/em>, a tribute work to great fado composers and guitarists such as Raul Nery, Armandinho, Jaime Santos, and Jos\u00e9 Nunes. This concert features Ciro Bertini on acoustic bass and accordion, Tiago Oliveira on fado guitar, the string quartet Naked Lunch, and some of the guests featured on the album.<\/p>\n<p>&nbsp;<\/p>\n<p><strong>ACCESSIBILITY<\/strong><\/p>\n<p><strong>With Portuguese Sign Language<\/strong><\/p>\n","protected":false},"excerpt":{"rendered":"<p>Ant\u00f3nio Chainho presents his new album, O Abra\u00e7o da Guitarra, a tribute work to great fado composers and guitarists such as Raul Nery, Armandinho, Jaime Santos, and Jos\u00e9 Nunes. This concert features Ciro Bertini on acoustic bass and accordion, Tiago Oliveira on fado guitar, the string quartet Naked Lunch, and some of the guests featured [&hellip;]<\/p>\n","protected":false},"author":6,"featured_media":124273,"comment_status":"closed","ping_status":"closed","template":"","meta":{"_relevanssi_hide_post":"","_relevanssi_pin_for_all":"","_relevanssi_pin_keywords":"","_relevanssi_unpin_keywords":"","_relevanssi_related_keywords":"","_relevanssi_related_include_ids":"","_relevanssi_related_exclude_ids":"","_relevanssi_related_no_append":"","_relevanssi_related_not_related":"","_relevanssi_related_posts":"","_relevanssi_noindex_reason":""},"tribe_events_cat":[588,590,23],"tags_tema":[],"idades":[392],"tipos":[],"temas":[],"categorias_hubspot":[],"acf":[],"yoast_head":"<!-- This site is optimized with the Yoast SEO plugin v22.3 - https:\/\/yoast.com\/wordpress\/plugins\/seo\/ -->\n<title>Ant\u00f3nio Chainho - Centro Cultural de Bel\u00e9m Foundation<\/title>\n<meta name=\"description\" content=\"No CCB pode encontrar, Fado, a arte que une poesia e m\u00fasica. Com Ant\u00f3nio Chainho a apresentar o seu novo disco &quot;O Abra\u00e7o da Guitarra&quot;.\" \/>\n<meta name=\"robots\" content=\"index, follow, max-snippet:-1, max-image-preview:large, max-video-preview:-1\" \/>\n<link rel=\"canonical\" href=\"https:\/\/www.ccb.pt\/en\/evento\/antonio-chainho\/\" \/>\n<meta property=\"og:locale\" content=\"en_US\" \/>\n<meta property=\"og:type\" content=\"article\" \/>\n<meta property=\"og:title\" content=\"Ant\u00f3nio Chainho - Centro Cultural de Bel\u00e9m Foundation\" \/>\n<meta property=\"og:description\" content=\"No CCB pode encontrar, Fado, a arte que une poesia e m\u00fasica. Com Ant\u00f3nio Chainho a apresentar o seu novo disco &quot;O Abra\u00e7o da Guitarra&quot;.\" \/>\n<meta property=\"og:url\" content=\"https:\/\/www.ccb.pt\/en\/evento\/antonio-chainho\/\" \/>\n<meta property=\"og:site_name\" content=\"Centro Cultural de Bel\u00e9m Foundation\" \/>\n<meta property=\"article:modified_time\" content=\"2023-11-03T11:23:08+00:00\" \/>\n<meta property=\"og:image\" content=\"https:\/\/www.ccb.pt\/wp-content\/uploads\/2023\/06\/SITE_2-Antonio-Chainho-cRita-Carmo-e1687340222617.jpg\" \/>\n\t<meta property=\"og:image:width\" content=\"1300\" \/>\n\t<meta property=\"og:image:height\" content=\"536\" \/>\n\t<meta property=\"og:image:type\" content=\"image\/jpeg\" \/>\n<meta name=\"twitter:card\" content=\"summary_large_image\" \/>\n<meta name=\"twitter:site\" content=\"@macccb_museu\" \/>\n<meta name=\"twitter:label1\" content=\"Est. reading time\" \/>\n\t<meta name=\"twitter:data1\" content=\"1 minute\" \/>\n<script type=\"application\/ld+json\" class=\"yoast-schema-graph\">{\"@context\":\"https:\/\/schema.org\",\"@graph\":[{\"@type\":\"WebPage\",\"@id\":\"https:\/\/www.ccb.pt\/en\/evento\/antonio-chainho\/\",\"url\":\"https:\/\/www.ccb.pt\/en\/evento\/antonio-chainho\/\",\"name\":\"Ant\u00f3nio Chainho - Centro Cultural de Bel\u00e9m Foundation\",\"isPartOf\":{\"@id\":\"https:\/\/www.ccb.pt\/#website\"},\"primaryImageOfPage\":{\"@id\":\"https:\/\/www.ccb.pt\/en\/evento\/antonio-chainho\/#primaryimage\"},\"image\":{\"@id\":\"https:\/\/www.ccb.pt\/en\/evento\/antonio-chainho\/#primaryimage\"},\"thumbnailUrl\":\"https:\/\/www.ccb.pt\/wp-content\/uploads\/2023\/06\/SITE_2-Antonio-Chainho-cRita-Carmo-e1687340222617.jpg\",\"datePublished\":\"2023-06-22T09:00:06+00:00\",\"dateModified\":\"2023-11-03T11:23:08+00:00\",\"description\":\"No CCB pode encontrar, Fado, a arte que une poesia e m\u00fasica. Com Ant\u00f3nio Chainho a apresentar o seu novo disco \\\"O Abra\u00e7o da Guitarra\\\".\",\"breadcrumb\":{\"@id\":\"https:\/\/www.ccb.pt\/en\/evento\/antonio-chainho\/#breadcrumb\"},\"inLanguage\":\"en-US\",\"potentialAction\":[{\"@type\":\"ReadAction\",\"target\":[\"https:\/\/www.ccb.pt\/en\/evento\/antonio-chainho\/\"]}]},{\"@type\":\"ImageObject\",\"inLanguage\":\"en-US\",\"@id\":\"https:\/\/www.ccb.pt\/en\/evento\/antonio-chainho\/#primaryimage\",\"url\":\"https:\/\/www.ccb.pt\/wp-content\/uploads\/2023\/06\/SITE_2-Antonio-Chainho-cRita-Carmo-e1687340222617.jpg\",\"contentUrl\":\"https:\/\/www.ccb.pt\/wp-content\/uploads\/2023\/06\/SITE_2-Antonio-Chainho-cRita-Carmo-e1687340222617.jpg\",\"width\":1300,\"height\":618,\"caption\":\"(c)Rita Carmo\"},{\"@type\":\"BreadcrumbList\",\"@id\":\"https:\/\/www.ccb.pt\/en\/evento\/antonio-chainho\/#breadcrumb\",\"itemListElement\":[{\"@type\":\"ListItem\",\"position\":1,\"name\":\"Home\",\"item\":\"https:\/\/www.ccb.pt\/en\/\"},{\"@type\":\"ListItem\",\"position\":2,\"name\":\"Eventos\",\"item\":\"https:\/\/www.ccb.pt\/eventos\/\"},{\"@type\":\"ListItem\",\"position\":3,\"name\":\"Ant\u00f3nio Chainho\"}]},{\"@type\":\"WebSite\",\"@id\":\"https:\/\/www.ccb.pt\/#website\",\"url\":\"https:\/\/www.ccb.pt\/\",\"name\":\"Centro Cultural de Bel\u00e9m Foundation\",\"description\":\"\",\"publisher\":{\"@id\":\"https:\/\/www.ccb.pt\/#organization\"},\"potentialAction\":[{\"@type\":\"SearchAction\",\"target\":{\"@type\":\"EntryPoint\",\"urlTemplate\":\"https:\/\/www.ccb.pt\/?s={search_term_string}\"},\"query-input\":\"required name=search_term_string\"}],\"inLanguage\":\"en-US\"},{\"@type\":\"Organization\",\"@id\":\"https:\/\/www.ccb.pt\/#organization\",\"name\":\"Centro Cultural de Bel\u00e9m Foundation\",\"url\":\"https:\/\/www.ccb.pt\/\",\"logo\":{\"@type\":\"ImageObject\",\"inLanguage\":\"en-US\",\"@id\":\"https:\/\/www.ccb.pt\/#\/schema\/logo\/image\/\",\"url\":\"https:\/\/www.ccb.pt\/wp-content\/uploads\/2022\/05\/1_ccb.png\",\"contentUrl\":\"https:\/\/www.ccb.pt\/wp-content\/uploads\/2022\/05\/1_ccb.png\",\"width\":126,\"height\":100,\"caption\":\"Centro Cultural de Bel\u00e9m Foundation\"},\"image\":{\"@id\":\"https:\/\/www.ccb.pt\/#\/schema\/logo\/image\/\"},\"sameAs\":[\"https:\/\/twitter.com\/macccb_museu\"]}]}<\/script>\n<!-- \/ Yoast SEO plugin. -->","yoast_head_json":{"title":"Ant\u00f3nio Chainho - Centro Cultural de Bel\u00e9m Foundation","description":"No CCB pode encontrar, Fado, a arte que une poesia e m\u00fasica. Com Ant\u00f3nio Chainho a apresentar o seu novo disco \"O Abra\u00e7o da Guitarra\".","robots":{"index":"index","follow":"follow","max-snippet":"max-snippet:-1","max-image-preview":"max-image-preview:large","max-video-preview":"max-video-preview:-1"},"canonical":"https:\/\/www.ccb.pt\/en\/evento\/antonio-chainho\/","og_locale":"en_US","og_type":"article","og_title":"Ant\u00f3nio Chainho - Centro Cultural de Bel\u00e9m Foundation","og_description":"No CCB pode encontrar, Fado, a arte que une poesia e m\u00fasica. Com Ant\u00f3nio Chainho a apresentar o seu novo disco \"O Abra\u00e7o da Guitarra\".","og_url":"https:\/\/www.ccb.pt\/en\/evento\/antonio-chainho\/","og_site_name":"Centro Cultural de Bel\u00e9m Foundation","article_modified_time":"2023-11-03T11:23:08+00:00","og_image":[{"width":1300,"height":536,"url":"https:\/\/www.ccb.pt\/wp-content\/uploads\/2023\/06\/SITE_2-Antonio-Chainho-cRita-Carmo-e1687340222617.jpg","type":"image\/jpeg"}],"twitter_card":"summary_large_image","twitter_site":"@macccb_museu","twitter_misc":{"Est. reading time":"1 minute"},"schema":{"@context":"https:\/\/schema.org","@graph":[{"@type":"WebPage","@id":"https:\/\/www.ccb.pt\/en\/evento\/antonio-chainho\/","url":"https:\/\/www.ccb.pt\/en\/evento\/antonio-chainho\/","name":"Ant\u00f3nio Chainho - Centro Cultural de Bel\u00e9m Foundation","isPartOf":{"@id":"https:\/\/www.ccb.pt\/#website"},"primaryImageOfPage":{"@id":"https:\/\/www.ccb.pt\/en\/evento\/antonio-chainho\/#primaryimage"},"image":{"@id":"https:\/\/www.ccb.pt\/en\/evento\/antonio-chainho\/#primaryimage"},"thumbnailUrl":"https:\/\/www.ccb.pt\/wp-content\/uploads\/2023\/06\/SITE_2-Antonio-Chainho-cRita-Carmo-e1687340222617.jpg","datePublished":"2023-06-22T09:00:06+00:00","dateModified":"2023-11-03T11:23:08+00:00","description":"No CCB pode encontrar, Fado, a arte que une poesia e m\u00fasica. Com Ant\u00f3nio Chainho a apresentar o seu novo disco \"O Abra\u00e7o da Guitarra\".","breadcrumb":{"@id":"https:\/\/www.ccb.pt\/en\/evento\/antonio-chainho\/#breadcrumb"},"inLanguage":"en-US","potentialAction":[{"@type":"ReadAction","target":["https:\/\/www.ccb.pt\/en\/evento\/antonio-chainho\/"]}]},{"@type":"ImageObject","inLanguage":"en-US","@id":"https:\/\/www.ccb.pt\/en\/evento\/antonio-chainho\/#primaryimage","url":"https:\/\/www.ccb.pt\/wp-content\/uploads\/2023\/06\/SITE_2-Antonio-Chainho-cRita-Carmo-e1687340222617.jpg","contentUrl":"https:\/\/www.ccb.pt\/wp-content\/uploads\/2023\/06\/SITE_2-Antonio-Chainho-cRita-Carmo-e1687340222617.jpg","width":1300,"height":618,"caption":"(c)Rita Carmo"},{"@type":"BreadcrumbList","@id":"https:\/\/www.ccb.pt\/en\/evento\/antonio-chainho\/#breadcrumb","itemListElement":[{"@type":"ListItem","position":1,"name":"Home","item":"https:\/\/www.ccb.pt\/en\/"},{"@type":"ListItem","position":2,"name":"Eventos","item":"https:\/\/www.ccb.pt\/eventos\/"},{"@type":"ListItem","position":3,"name":"Ant\u00f3nio Chainho"}]},{"@type":"WebSite","@id":"https:\/\/www.ccb.pt\/#website","url":"https:\/\/www.ccb.pt\/","name":"Centro Cultural de Bel\u00e9m Foundation","description":"","publisher":{"@id":"https:\/\/www.ccb.pt\/#organization"},"potentialAction":[{"@type":"SearchAction","target":{"@type":"EntryPoint","urlTemplate":"https:\/\/www.ccb.pt\/?s={search_term_string}"},"query-input":"required name=search_term_string"}],"inLanguage":"en-US"},{"@type":"Organization","@id":"https:\/\/www.ccb.pt\/#organization","name":"Centro Cultural de Bel\u00e9m Foundation","url":"https:\/\/www.ccb.pt\/","logo":{"@type":"ImageObject","inLanguage":"en-US","@id":"https:\/\/www.ccb.pt\/#\/schema\/logo\/image\/","url":"https:\/\/www.ccb.pt\/wp-content\/uploads\/2022\/05\/1_ccb.png","contentUrl":"https:\/\/www.ccb.pt\/wp-content\/uploads\/2022\/05\/1_ccb.png","width":126,"height":100,"caption":"Centro Cultural de Bel\u00e9m Foundation"},"image":{"@id":"https:\/\/www.ccb.pt\/#\/schema\/logo\/image\/"},"sameAs":["https:\/\/twitter.com\/macccb_museu"]}]}},"_links":{"self":[{"href":"https:\/\/www.ccb.pt\/en\/wp-json\/wp\/v2\/tribe_events\/127909"}],"collection":[{"href":"https:\/\/www.ccb.pt\/en\/wp-json\/wp\/v2\/tribe_events"}],"about":[{"href":"https:\/\/www.ccb.pt\/en\/wp-json\/wp\/v2\/types\/tribe_events"}],"author":[{"embeddable":true,"href":"https:\/\/www.ccb.pt\/en\/wp-json\/wp\/v2\/users\/6"}],"replies":[{"embeddable":true,"href":"https:\/\/www.ccb.pt\/en\/wp-json\/wp\/v2\/comments?post=127909"}],"version-history":[{"count":4,"href":"https:\/\/www.ccb.pt\/en\/wp-json\/wp\/v2\/tribe_events\/127909\/revisions"}],"predecessor-version":[{"id":142204,"href":"https:\/\/www.ccb.pt\/en\/wp-json\/wp\/v2\/tribe_events\/127909\/revisions\/142204"}],"wp:featuredmedia":[{"embeddable":true,"href":"https:\/\/www.ccb.pt\/en\/wp-json\/wp\/v2\/media\/124273"}],"wp:attachment":[{"href":"https:\/\/www.ccb.pt\/en\/wp-json\/wp\/v2\/media?parent=127909"}],"wp:term":[{"taxonomy":"tribe_events_cat","embeddable":true,"href":"https:\/\/www.ccb.pt\/en\/wp-json\/wp\/v2\/tribe_events_cat?post=127909"},{"taxonomy":"tags_tema","embeddable":true,"href":"https:\/\/www.ccb.pt\/en\/wp-json\/wp\/v2\/tags_tema?post=127909"},{"taxonomy":"idades","embeddable":true,"href":"https:\/\/www.ccb.pt\/en\/wp-json\/wp\/v2\/idades?post=127909"},{"taxonomy":"tipos","embeddable":true,"href":"https:\/\/www.ccb.pt\/en\/wp-json\/wp\/v2\/tipos?post=127909"},{"taxonomy":"temas","embeddable":true,"href":"https:\/\/www.ccb.pt\/en\/wp-json\/wp\/v2\/temas?post=127909"},{"taxonomy":"categorias_hubspot","embeddable":true,"href":"https:\/\/www.ccb.pt\/en\/wp-json\/wp\/v2\/categorias_hubspot?post=127909"}],"curies":[{"name":"wp","href":"https:\/\/api.w.org\/{rel}","templated":true}]}}

António Chainho

<p>António Chainho presents his new album, <em>O Abraço da Guitarra</em>, a tribute work to great fado composers and guitarists such as Raul Nery, Armandinho, Jaime Santos, and José Nunes. This concert features Ciro Bertini on acoustic bass and accordion, Tiago Oliveira on fado guitar, the string quartet Naked Lunch, and some of the guests featured on the album.</p>
<p>&nbsp;</p>
<p><strong>ACCESSIBILITY</strong></p>
<p><strong>With Portuguese Sign Language</strong></p>

<p>António Chainho presents his new album, O Abraço da Guitarra, a tribute work to great fado composers and guitarists such as Raul Nery, Armandinho, Jaime Santos, and José Nunes. This concert features Ciro Bertini on acoustic bass and accordion, Tiago Oliveira on fado guitar, the string quartet Naked Lunch, and some of the guests featured [&hellip;]</p>

<!-- This site is optimized with the Yoast SEO plugin v22.3 - https://yoast.com/wordpress/plugins/seo/ -->
<title>António Chainho - Centro Cultural de Belém Foundation</title>
<meta name="description" content="No CCB pode encontrar, Fado, a arte que une poesia e música. Com António Chainho a apresentar o seu novo disco &quot;O Abraço da Guitarra&quot;." />
<meta name="robots" content="index, follow, max-snippet:-1, max-image-preview:large, max-video-preview:-1" />
<link rel="canonical" href="https://www.ccb.pt/en/evento/antonio-chainho/" />
<meta property="og:locale" content="en_US" />
<meta property="og:type" content="article" />
<meta property="og:title" content="António Chainho - Centro Cultural de Belém Foundation" />
<meta property="og:description" content="No CCB pode encontrar, Fado, a arte que une poesia e música. Com António Chainho a apresentar o seu novo disco &quot;O Abraço da Guitarra&quot;." />
<meta property="og:url" content="https://www.ccb.pt/en/evento/antonio-chainho/" />
<meta property="og:site_name" content="Centro Cultural de Belém Foundation" />
<meta property="article:modified_time" content="2023-11-03T11:23:08+00:00" />
<meta property="og:image" content="https://www.ccb.pt/wp-content/uploads/2023/06/SITE_2-Antonio-Chainho-cRita-Carmo-e1687340222617.jpg" />
	<meta property="og:image:width" content="1300" />
	<meta property="og:image:height" content="536" />
	<meta property="og:image:type" content="image/jpeg" />
<meta name="twitter:card" content="summary_large_image" />
<meta name="twitter:site" content="@macccb_museu" />
<meta name="twitter:label1" content="Est. reading time" />
	<meta name="twitter:data1" content="1 minute" />
<script type="application/ld+json" class="yoast-schema-graph">{"@context":"https://schema.org","@graph":[{"@type":"WebPage","@id":"https://www.ccb.pt/en/evento/antonio-chainho/","url":"https://www.ccb.pt/en/evento/antonio-chainho/","name":"António Chainho - Centro Cultural de Belém Foundation","isPartOf":{"@id":"https://www.ccb.pt/#website"},"primaryImageOfPage":{"@id":"https://www.ccb.pt/en/evento/antonio-chainho/#primaryimage"},"image":{"@id":"https://www.ccb.pt/en/evento/antonio-chainho/#primaryimage"},"thumbnailUrl":"https://www.ccb.pt/wp-content/uploads/2023/06/SITE_2-Antonio-Chainho-cRita-Carmo-e1687340222617.jpg","datePublished":"2023-06-22T09:00:06+00:00","dateModified":"2023-11-03T11:23:08+00:00","description":"No CCB pode encontrar, Fado, a arte que une poesia e música. Com António Chainho a apresentar o seu novo disco \"O Abraço da Guitarra\".","breadcrumb":{"@id":"https://www.ccb.pt/en/evento/antonio-chainho/#breadcrumb"},"inLanguage":"en-US","potentialAction":[{"@type":"ReadAction","target":["https://www.ccb.pt/en/evento/antonio-chainho/"]}]},{"@type":"ImageObject","inLanguage":"en-US","@id":"https://www.ccb.pt/en/evento/antonio-chainho/#primaryimage","url":"https://www.ccb.pt/wp-content/uploads/2023/06/SITE_2-Antonio-Chainho-cRita-Carmo-e1687340222617.jpg","contentUrl":"https://www.ccb.pt/wp-content/uploads/2023/06/SITE_2-Antonio-Chainho-cRita-Carmo-e1687340222617.jpg","width":1300,"height":618,"caption":"(c)Rita Carmo"},{"@type":"BreadcrumbList","@id":"https://www.ccb.pt/en/evento/antonio-chainho/#breadcrumb","itemListElement":[{"@type":"ListItem","position":1,"name":"Home","item":"https://www.ccb.pt/en/"},{"@type":"ListItem","position":2,"name":"Eventos","item":"https://www.ccb.pt/eventos/"},{"@type":"ListItem","position":3,"name":"António Chainho"}]},{"@type":"WebSite","@id":"https://www.ccb.pt/#website","url":"https://www.ccb.pt/","name":"Centro Cultural de Belém Foundation","description":"","publisher":{"@id":"https://www.ccb.pt/#organization"},"potentialAction":[{"@type":"SearchAction","target":{"@type":"EntryPoint","urlTemplate":"https://www.ccb.pt/?s={search_term_string}"},"query-input":"required name=search_term_string"}],"inLanguage":"en-US"},{"@type":"Organization","@id":"https://www.ccb.pt/#organization","name":"Centro Cultural de Belém Foundation","url":"https://www.ccb.pt/","logo":{"@type":"ImageObject","inLanguage":"en-US","@id":"https://www.ccb.pt/#/schema/logo/image/","url":"https://www.ccb.pt/wp-content/uploads/2022/05/1_ccb.png","contentUrl":"https://www.ccb.pt/wp-content/uploads/2022/05/1_ccb.png","width":126,"height":100,"caption":"Centro Cultural de Belém Foundation"},"image":{"@id":"https://www.ccb.pt/#/schema/logo/image/"},"sameAs":["https://twitter.com/macccb_museu"]}]}</script>
<!-- / Yoast SEO plugin. -->

António Chainho - Centro Cultural de Belém Foundation

No CCB pode encontrar, Fado, a arte que une poesia e música. Com António Chainho a apresentar o seu novo disco "O Abraço da Guitarra".

Centro Cultural de Belém Foundation
