    {"id":127890,"date":"2023-06-22T10:00:21","date_gmt":"2023-06-22T09:00:21","guid":{"rendered":"https:\/\/www.ccb.pt\/evento\/centenarios\/"},"modified":"2023-08-03T10:14:01","modified_gmt":"2023-08-03T09:14:01","slug":"centenarios","status":"publish","type":"tribe_events","link":"https:\/\/www.ccb.pt\/en\/evento\/centenarios\/","title":{"rendered":"<i>Centen\u00e1rios<\/i>"},"content":{"rendered":"<p>In 1924, the French composer Gabriel Faur\u00e9 died, and the Portuguese composer Joly Braga Santos was born. In 2024, we celebrate these two centenaries, an ephemeral duo that Pangea Trio marks in a tribute concert to these two emblematic figures in the history of Western music.<\/p>\n<p><strong>Concert commented by Alexandre Delgado.<\/strong><\/p>\n","protected":false},"excerpt":{"rendered":"<p>In 1924, the French composer Gabriel Faur\u00e9 died, and the Portuguese composer Joly Braga Santos was born. In 2024, we celebrate these two centenaries, an ephemeral duo that Pangea Trio marks in a tribute concert to these two emblematic figures in the history of Western music. Concert commented by Alexandre Delgado.<\/p>\n","protected":false},"author":6,"featured_media":122384,"comment_status":"closed","ping_status":"closed","template":"","meta":{"_relevanssi_hide_post":"","_relevanssi_pin_for_all":"","_relevanssi_pin_keywords":"","_relevanssi_unpin_keywords":"","_relevanssi_related_keywords":"","_relevanssi_related_include_ids":"","_relevanssi_related_exclude_ids":"","_relevanssi_related_no_append":"","_relevanssi_related_not_related":"","_relevanssi_related_posts":"","_relevanssi_noindex_reason":""},"tribe_events_cat":[590,23],"tags_tema":[],"idades":[392],"tipos":[],"temas":[],"categorias_hubspot":[],"acf":[],"yoast_head":"<!-- This site is optimized with the Yoast SEO plugin v22.3 - https:\/\/yoast.com\/wordpress\/plugins\/seo\/ -->\n<title>Centen\u00e1rios - Centro Cultural de Bel\u00e9m Foundation<\/title>\n<meta name=\"description\" content=\"O Trio Pangea apresenta-se no CCB com um concerto de homenagem a duas figuras emblem\u00e1ticas da hist\u00f3ria da m\u00fasica ocidental. Saiba mais aqui!\" \/>\n<meta name=\"robots\" content=\"index, follow, max-snippet:-1, max-image-preview:large, max-video-preview:-1\" \/>\n<link rel=\"canonical\" href=\"https:\/\/www.ccb.pt\/en\/evento\/centenarios\/\" \/>\n<meta property=\"og:locale\" content=\"en_US\" \/>\n<meta property=\"og:type\" content=\"article\" \/>\n<meta property=\"og:title\" content=\"Centen\u00e1rios - Centro Cultural de Bel\u00e9m Foundation\" \/>\n<meta property=\"og:description\" content=\"O Trio Pangea apresenta-se no CCB com um concerto de homenagem a duas figuras emblem\u00e1ticas da hist\u00f3ria da m\u00fasica ocidental. Saiba mais aqui!\" \/>\n<meta property=\"og:url\" content=\"https:\/\/www.ccb.pt\/en\/evento\/centenarios\/\" \/>\n<meta property=\"og:site_name\" content=\"Centro Cultural de Bel\u00e9m Foundation\" \/>\n<meta property=\"article:modified_time\" content=\"2023-08-03T09:14:01+00:00\" \/>\n<meta property=\"og:image\" content=\"https:\/\/www.ccb.pt\/wp-content\/uploads\/2023\/05\/SITE_nTrio-Pangea-Photo-Luis-Nascimento4-e1685543002446.jpg\" \/>\n\t<meta property=\"og:image:width\" content=\"1300\" \/>\n\t<meta property=\"og:image:height\" content=\"552\" \/>\n\t<meta property=\"og:image:type\" content=\"image\/jpeg\" \/>\n<meta name=\"twitter:card\" content=\"summary_large_image\" \/>\n<meta name=\"twitter:site\" content=\"@macccb_museu\" \/>\n<meta name=\"twitter:label1\" content=\"Est. reading time\" \/>\n\t<meta name=\"twitter:data1\" content=\"1 minute\" \/>\n<script type=\"application\/ld+json\" class=\"yoast-schema-graph\">{\"@context\":\"https:\/\/schema.org\",\"@graph\":[{\"@type\":\"WebPage\",\"@id\":\"https:\/\/www.ccb.pt\/en\/evento\/centenarios\/\",\"url\":\"https:\/\/www.ccb.pt\/en\/evento\/centenarios\/\",\"name\":\"Centen\u00e1rios - Centro Cultural de Bel\u00e9m Foundation\",\"isPartOf\":{\"@id\":\"https:\/\/www.ccb.pt\/#website\"},\"primaryImageOfPage\":{\"@id\":\"https:\/\/www.ccb.pt\/en\/evento\/centenarios\/#primaryimage\"},\"image\":{\"@id\":\"https:\/\/www.ccb.pt\/en\/evento\/centenarios\/#primaryimage\"},\"thumbnailUrl\":\"https:\/\/www.ccb.pt\/wp-content\/uploads\/2023\/05\/SITE_nTrio-Pangea-Photo-Luis-Nascimento4-e1685543002446.jpg\",\"datePublished\":\"2023-06-22T09:00:21+00:00\",\"dateModified\":\"2023-08-03T09:14:01+00:00\",\"description\":\"O Trio Pangea apresenta-se no CCB com um concerto de homenagem a duas figuras emblem\u00e1ticas da hist\u00f3ria da m\u00fasica ocidental. Saiba mais aqui!\",\"breadcrumb\":{\"@id\":\"https:\/\/www.ccb.pt\/en\/evento\/centenarios\/#breadcrumb\"},\"inLanguage\":\"en-US\",\"potentialAction\":[{\"@type\":\"ReadAction\",\"target\":[\"https:\/\/www.ccb.pt\/en\/evento\/centenarios\/\"]}]},{\"@type\":\"ImageObject\",\"inLanguage\":\"en-US\",\"@id\":\"https:\/\/www.ccb.pt\/en\/evento\/centenarios\/#primaryimage\",\"url\":\"https:\/\/www.ccb.pt\/wp-content\/uploads\/2023\/05\/SITE_nTrio-Pangea-Photo-Luis-Nascimento4-e1685543002446.jpg\",\"contentUrl\":\"https:\/\/www.ccb.pt\/wp-content\/uploads\/2023\/05\/SITE_nTrio-Pangea-Photo-Luis-Nascimento4-e1685543002446.jpg\",\"width\":1300,\"height\":618,\"caption\":\"(c)Luis Nascimento\"},{\"@type\":\"BreadcrumbList\",\"@id\":\"https:\/\/www.ccb.pt\/en\/evento\/centenarios\/#breadcrumb\",\"itemListElement\":[{\"@type\":\"ListItem\",\"position\":1,\"name\":\"Home\",\"item\":\"https:\/\/www.ccb.pt\/en\/\"},{\"@type\":\"ListItem\",\"position\":2,\"name\":\"Eventos\",\"item\":\"https:\/\/www.ccb.pt\/eventos\/\"},{\"@type\":\"ListItem\",\"position\":3,\"name\":\"Centen\u00e1rios\"}]},{\"@type\":\"WebSite\",\"@id\":\"https:\/\/www.ccb.pt\/#website\",\"url\":\"https:\/\/www.ccb.pt\/\",\"name\":\"Centro Cultural de Bel\u00e9m Foundation\",\"description\":\"\",\"publisher\":{\"@id\":\"https:\/\/www.ccb.pt\/#organization\"},\"potentialAction\":[{\"@type\":\"SearchAction\",\"target\":{\"@type\":\"EntryPoint\",\"urlTemplate\":\"https:\/\/www.ccb.pt\/?s={search_term_string}\"},\"query-input\":\"required name=search_term_string\"}],\"inLanguage\":\"en-US\"},{\"@type\":\"Organization\",\"@id\":\"https:\/\/www.ccb.pt\/#organization\",\"name\":\"Centro Cultural de Bel\u00e9m Foundation\",\"url\":\"https:\/\/www.ccb.pt\/\",\"logo\":{\"@type\":\"ImageObject\",\"inLanguage\":\"en-US\",\"@id\":\"https:\/\/www.ccb.pt\/#\/schema\/logo\/image\/\",\"url\":\"https:\/\/www.ccb.pt\/wp-content\/uploads\/2022\/05\/1_ccb.png\",\"contentUrl\":\"https:\/\/www.ccb.pt\/wp-content\/uploads\/2022\/05\/1_ccb.png\",\"width\":126,\"height\":100,\"caption\":\"Centro Cultural de Bel\u00e9m Foundation\"},\"image\":{\"@id\":\"https:\/\/www.ccb.pt\/#\/schema\/logo\/image\/\"},\"sameAs\":[\"https:\/\/twitter.com\/macccb_museu\"]}]}<\/script>\n<!-- \/ Yoast SEO plugin. -->","yoast_head_json":{"title":"Centen\u00e1rios - Centro Cultural de Bel\u00e9m Foundation","description":"O Trio Pangea apresenta-se no CCB com um concerto de homenagem a duas figuras emblem\u00e1ticas da hist\u00f3ria da m\u00fasica ocidental. Saiba mais aqui!","robots":{"index":"index","follow":"follow","max-snippet":"max-snippet:-1","max-image-preview":"max-image-preview:large","max-video-preview":"max-video-preview:-1"},"canonical":"https:\/\/www.ccb.pt\/en\/evento\/centenarios\/","og_locale":"en_US","og_type":"article","og_title":"Centen\u00e1rios - Centro Cultural de Bel\u00e9m Foundation","og_description":"O Trio Pangea apresenta-se no CCB com um concerto de homenagem a duas figuras emblem\u00e1ticas da hist\u00f3ria da m\u00fasica ocidental. Saiba mais aqui!","og_url":"https:\/\/www.ccb.pt\/en\/evento\/centenarios\/","og_site_name":"Centro Cultural de Bel\u00e9m Foundation","article_modified_time":"2023-08-03T09:14:01+00:00","og_image":[{"width":1300,"height":552,"url":"https:\/\/www.ccb.pt\/wp-content\/uploads\/2023\/05\/SITE_nTrio-Pangea-Photo-Luis-Nascimento4-e1685543002446.jpg","type":"image\/jpeg"}],"twitter_card":"summary_large_image","twitter_site":"@macccb_museu","twitter_misc":{"Est. reading time":"1 minute"},"schema":{"@context":"https:\/\/schema.org","@graph":[{"@type":"WebPage","@id":"https:\/\/www.ccb.pt\/en\/evento\/centenarios\/","url":"https:\/\/www.ccb.pt\/en\/evento\/centenarios\/","name":"Centen\u00e1rios - Centro Cultural de Bel\u00e9m Foundation","isPartOf":{"@id":"https:\/\/www.ccb.pt\/#website"},"primaryImageOfPage":{"@id":"https:\/\/www.ccb.pt\/en\/evento\/centenarios\/#primaryimage"},"image":{"@id":"https:\/\/www.ccb.pt\/en\/evento\/centenarios\/#primaryimage"},"thumbnailUrl":"https:\/\/www.ccb.pt\/wp-content\/uploads\/2023\/05\/SITE_nTrio-Pangea-Photo-Luis-Nascimento4-e1685543002446.jpg","datePublished":"2023-06-22T09:00:21+00:00","dateModified":"2023-08-03T09:14:01+00:00","description":"O Trio Pangea apresenta-se no CCB com um concerto de homenagem a duas figuras emblem\u00e1ticas da hist\u00f3ria da m\u00fasica ocidental. Saiba mais aqui!","breadcrumb":{"@id":"https:\/\/www.ccb.pt\/en\/evento\/centenarios\/#breadcrumb"},"inLanguage":"en-US","potentialAction":[{"@type":"ReadAction","target":["https:\/\/www.ccb.pt\/en\/evento\/centenarios\/"]}]},{"@type":"ImageObject","inLanguage":"en-US","@id":"https:\/\/www.ccb.pt\/en\/evento\/centenarios\/#primaryimage","url":"https:\/\/www.ccb.pt\/wp-content\/uploads\/2023\/05\/SITE_nTrio-Pangea-Photo-Luis-Nascimento4-e1685543002446.jpg","contentUrl":"https:\/\/www.ccb.pt\/wp-content\/uploads\/2023\/05\/SITE_nTrio-Pangea-Photo-Luis-Nascimento4-e1685543002446.jpg","width":1300,"height":618,"caption":"(c)Luis Nascimento"},{"@type":"BreadcrumbList","@id":"https:\/\/www.ccb.pt\/en\/evento\/centenarios\/#breadcrumb","itemListElement":[{"@type":"ListItem","position":1,"name":"Home","item":"https:\/\/www.ccb.pt\/en\/"},{"@type":"ListItem","position":2,"name":"Eventos","item":"https:\/\/www.ccb.pt\/eventos\/"},{"@type":"ListItem","position":3,"name":"Centen\u00e1rios"}]},{"@type":"WebSite","@id":"https:\/\/www.ccb.pt\/#website","url":"https:\/\/www.ccb.pt\/","name":"Centro Cultural de Bel\u00e9m Foundation","description":"","publisher":{"@id":"https:\/\/www.ccb.pt\/#organization"},"potentialAction":[{"@type":"SearchAction","target":{"@type":"EntryPoint","urlTemplate":"https:\/\/www.ccb.pt\/?s={search_term_string}"},"query-input":"required name=search_term_string"}],"inLanguage":"en-US"},{"@type":"Organization","@id":"https:\/\/www.ccb.pt\/#organization","name":"Centro Cultural de Bel\u00e9m Foundation","url":"https:\/\/www.ccb.pt\/","logo":{"@type":"ImageObject","inLanguage":"en-US","@id":"https:\/\/www.ccb.pt\/#\/schema\/logo\/image\/","url":"https:\/\/www.ccb.pt\/wp-content\/uploads\/2022\/05\/1_ccb.png","contentUrl":"https:\/\/www.ccb.pt\/wp-content\/uploads\/2022\/05\/1_ccb.png","width":126,"height":100,"caption":"Centro Cultural de Bel\u00e9m Foundation"},"image":{"@id":"https:\/\/www.ccb.pt\/#\/schema\/logo\/image\/"},"sameAs":["https:\/\/twitter.com\/macccb_museu"]}]}},"_links":{"self":[{"href":"https:\/\/www.ccb.pt\/en\/wp-json\/wp\/v2\/tribe_events\/127890"}],"collection":[{"href":"https:\/\/www.ccb.pt\/en\/wp-json\/wp\/v2\/tribe_events"}],"about":[{"href":"https:\/\/www.ccb.pt\/en\/wp-json\/wp\/v2\/types\/tribe_events"}],"author":[{"embeddable":true,"href":"https:\/\/www.ccb.pt\/en\/wp-json\/wp\/v2\/users\/6"}],"replies":[{"embeddable":true,"href":"https:\/\/www.ccb.pt\/en\/wp-json\/wp\/v2\/comments?post=127890"}],"version-history":[{"count":3,"href":"https:\/\/www.ccb.pt\/en\/wp-json\/wp\/v2\/tribe_events\/127890\/revisions"}],"predecessor-version":[{"id":128059,"href":"https:\/\/www.ccb.pt\/en\/wp-json\/wp\/v2\/tribe_events\/127890\/revisions\/128059"}],"wp:featuredmedia":[{"embeddable":true,"href":"https:\/\/www.ccb.pt\/en\/wp-json\/wp\/v2\/media\/122384"}],"wp:attachment":[{"href":"https:\/\/www.ccb.pt\/en\/wp-json\/wp\/v2\/media?parent=127890"}],"wp:term":[{"taxonomy":"tribe_events_cat","embeddable":true,"href":"https:\/\/www.ccb.pt\/en\/wp-json\/wp\/v2\/tribe_events_cat?post=127890"},{"taxonomy":"tags_tema","embeddable":true,"href":"https:\/\/www.ccb.pt\/en\/wp-json\/wp\/v2\/tags_tema?post=127890"},{"taxonomy":"idades","embeddable":true,"href":"https:\/\/www.ccb.pt\/en\/wp-json\/wp\/v2\/idades?post=127890"},{"taxonomy":"tipos","embeddable":true,"href":"https:\/\/www.ccb.pt\/en\/wp-json\/wp\/v2\/tipos?post=127890"},{"taxonomy":"temas","embeddable":true,"href":"https:\/\/www.ccb.pt\/en\/wp-json\/wp\/v2\/temas?post=127890"},{"taxonomy":"categorias_hubspot","embeddable":true,"href":"https:\/\/www.ccb.pt\/en\/wp-json\/wp\/v2\/categorias_hubspot?post=127890"}],"curies":[{"name":"wp","href":"https:\/\/api.w.org\/{rel}","templated":true}]}}

<i>Centenários</i>

<p>In 1924, the French composer Gabriel Fauré died, and the Portuguese composer Joly Braga Santos was born. In 2024, we celebrate these two centenaries, an ephemeral duo that Pangea Trio marks in a tribute concert to these two emblematic figures in the history of Western music.</p>
<p><strong>Concert commented by Alexandre Delgado.</strong></p>

<p>In 1924, the French composer Gabriel Fauré died, and the Portuguese composer Joly Braga Santos was born. In 2024, we celebrate these two centenaries, an ephemeral duo that Pangea Trio marks in a tribute concert to these two emblematic figures in the history of Western music. Concert commented by Alexandre Delgado.</p>

<!-- This site is optimized with the Yoast SEO plugin v22.3 - https://yoast.com/wordpress/plugins/seo/ -->
<title>Centenários - Centro Cultural de Belém Foundation</title>
<meta name="description" content="O Trio Pangea apresenta-se no CCB com um concerto de homenagem a duas figuras emblemáticas da história da música ocidental. Saiba mais aqui!" />
<meta name="robots" content="index, follow, max-snippet:-1, max-image-preview:large, max-video-preview:-1" />
<link rel="canonical" href="https://www.ccb.pt/en/evento/centenarios/" />
<meta property="og:locale" content="en_US" />
<meta property="og:type" content="article" />
<meta property="og:title" content="Centenários - Centro Cultural de Belém Foundation" />
<meta property="og:description" content="O Trio Pangea apresenta-se no CCB com um concerto de homenagem a duas figuras emblemáticas da história da música ocidental. Saiba mais aqui!" />
<meta property="og:url" content="https://www.ccb.pt/en/evento/centenarios/" />
<meta property="og:site_name" content="Centro Cultural de Belém Foundation" />
<meta property="article:modified_time" content="2023-08-03T09:14:01+00:00" />
<meta property="og:image" content="https://www.ccb.pt/wp-content/uploads/2023/05/SITE_nTrio-Pangea-Photo-Luis-Nascimento4-e1685543002446.jpg" />
	<meta property="og:image:width" content="1300" />
	<meta property="og:image:height" content="552" />
	<meta property="og:image:type" content="image/jpeg" />
<meta name="twitter:card" content="summary_large_image" />
<meta name="twitter:site" content="@macccb_museu" />
<meta name="twitter:label1" content="Est. reading time" />
	<meta name="twitter:data1" content="1 minute" />
<script type="application/ld+json" class="yoast-schema-graph">{"@context":"https://schema.org","@graph":[{"@type":"WebPage","@id":"https://www.ccb.pt/en/evento/centenarios/","url":"https://www.ccb.pt/en/evento/centenarios/","name":"Centenários - Centro Cultural de Belém Foundation","isPartOf":{"@id":"https://www.ccb.pt/#website"},"primaryImageOfPage":{"@id":"https://www.ccb.pt/en/evento/centenarios/#primaryimage"},"image":{"@id":"https://www.ccb.pt/en/evento/centenarios/#primaryimage"},"thumbnailUrl":"https://www.ccb.pt/wp-content/uploads/2023/05/SITE_nTrio-Pangea-Photo-Luis-Nascimento4-e1685543002446.jpg","datePublished":"2023-06-22T09:00:21+00:00","dateModified":"2023-08-03T09:14:01+00:00","description":"O Trio Pangea apresenta-se no CCB com um concerto de homenagem a duas figuras emblemáticas da história da música ocidental. Saiba mais aqui!","breadcrumb":{"@id":"https://www.ccb.pt/en/evento/centenarios/#breadcrumb"},"inLanguage":"en-US","potentialAction":[{"@type":"ReadAction","target":["https://www.ccb.pt/en/evento/centenarios/"]}]},{"@type":"ImageObject","inLanguage":"en-US","@id":"https://www.ccb.pt/en/evento/centenarios/#primaryimage","url":"https://www.ccb.pt/wp-content/uploads/2023/05/SITE_nTrio-Pangea-Photo-Luis-Nascimento4-e1685543002446.jpg","contentUrl":"https://www.ccb.pt/wp-content/uploads/2023/05/SITE_nTrio-Pangea-Photo-Luis-Nascimento4-e1685543002446.jpg","width":1300,"height":618,"caption":"(c)Luis Nascimento"},{"@type":"BreadcrumbList","@id":"https://www.ccb.pt/en/evento/centenarios/#breadcrumb","itemListElement":[{"@type":"ListItem","position":1,"name":"Home","item":"https://www.ccb.pt/en/"},{"@type":"ListItem","position":2,"name":"Eventos","item":"https://www.ccb.pt/eventos/"},{"@type":"ListItem","position":3,"name":"Centenários"}]},{"@type":"WebSite","@id":"https://www.ccb.pt/#website","url":"https://www.ccb.pt/","name":"Centro Cultural de Belém Foundation","description":"","publisher":{"@id":"https://www.ccb.pt/#organization"},"potentialAction":[{"@type":"SearchAction","target":{"@type":"EntryPoint","urlTemplate":"https://www.ccb.pt/?s={search_term_string}"},"query-input":"required name=search_term_string"}],"inLanguage":"en-US"},{"@type":"Organization","@id":"https://www.ccb.pt/#organization","name":"Centro Cultural de Belém Foundation","url":"https://www.ccb.pt/","logo":{"@type":"ImageObject","inLanguage":"en-US","@id":"https://www.ccb.pt/#/schema/logo/image/","url":"https://www.ccb.pt/wp-content/uploads/2022/05/1_ccb.png","contentUrl":"https://www.ccb.pt/wp-content/uploads/2022/05/1_ccb.png","width":126,"height":100,"caption":"Centro Cultural de Belém Foundation"},"image":{"@id":"https://www.ccb.pt/#/schema/logo/image/"},"sameAs":["https://twitter.com/macccb_museu"]}]}</script>
<!-- / Yoast SEO plugin. -->

Centenários - Centro Cultural de Belém Foundation

O Trio Pangea apresenta-se no CCB com um concerto de homenagem a duas figuras emblemáticas da história da música ocidental. Saiba mais aqui!

Centro Cultural de Belém Foundation

Centenários
