    {"id":127278,"date":"2023-04-13T10:24:26","date_gmt":"2023-04-13T09:24:26","guid":{"rendered":"https:\/\/www.ccb.pt\/evento\/salvador-sobral-2\/"},"modified":"2023-07-21T14:49:31","modified_gmt":"2023-07-21T13:49:31","slug":"salvador-sobral-2","status":"publish","type":"tribe_events","link":"https:\/\/www.ccb.pt\/en\/evento\/salvador-sobral-2\/","title":{"rendered":"Salvador Sobral"},"content":{"rendered":"<p><em>TIMBRE<\/em> marks the long-awaited return of Salvador Sobral to record releases. The fourth studio album by the Portuguese musician consists of 11 originals, ten created in partnership with Leo Aldrey, who is also responsible for producing the album.<\/p>\n","protected":false},"excerpt":{"rendered":"<p>TIMBRE marks the long-awaited return of Salvador Sobral to record releases. The fourth studio album by the Portuguese musician consists of 11 originals, ten created in partnership with Leo Aldrey, who is also responsible for producing the album.<\/p>\n","protected":false},"author":6,"featured_media":117831,"comment_status":"closed","ping_status":"closed","template":"","meta":{"_relevanssi_hide_post":"","_relevanssi_pin_for_all":"","_relevanssi_pin_keywords":"","_relevanssi_unpin_keywords":"","_relevanssi_related_keywords":"","_relevanssi_related_include_ids":"","_relevanssi_related_exclude_ids":"","_relevanssi_related_no_append":"","_relevanssi_related_not_related":"","_relevanssi_related_posts":"","_relevanssi_noindex_reason":""},"tribe_events_cat":[590,23],"tags_tema":[],"idades":[392],"tipos":[],"temas":[],"categorias_hubspot":[],"acf":[],"yoast_head":"<!-- This site is optimized with the Yoast SEO plugin v22.3 - https:\/\/yoast.com\/wordpress\/plugins\/seo\/ -->\n<title>Salvador Sobral - Centro Cultural de Bel\u00e9m Foundation<\/title>\n<meta name=\"description\" content=\"Salvador Sobral apresenta o seu novo \u00e1lbum TIMBRE no CCB. Veja aqui as informa\u00e7\u00f5es sobre o espet\u00e1culo e compre j\u00e1 os seus bilhetes.\" \/>\n<meta name=\"robots\" content=\"index, follow, max-snippet:-1, max-image-preview:large, max-video-preview:-1\" \/>\n<link rel=\"canonical\" href=\"https:\/\/www.ccb.pt\/en\/evento\/salvador-sobral-2\/\" \/>\n<meta property=\"og:locale\" content=\"en_US\" \/>\n<meta property=\"og:type\" content=\"article\" \/>\n<meta property=\"og:title\" content=\"Salvador Sobral - Centro Cultural de Bel\u00e9m Foundation\" \/>\n<meta property=\"og:description\" content=\"Salvador Sobral apresenta o seu novo \u00e1lbum TIMBRE no CCB. Veja aqui as informa\u00e7\u00f5es sobre o espet\u00e1culo e compre j\u00e1 os seus bilhetes.\" \/>\n<meta property=\"og:url\" content=\"https:\/\/www.ccb.pt\/en\/evento\/salvador-sobral-2\/\" \/>\n<meta property=\"og:site_name\" content=\"Centro Cultural de Bel\u00e9m Foundation\" \/>\n<meta property=\"article:modified_time\" content=\"2023-07-21T13:49:31+00:00\" \/>\n<meta property=\"og:image\" content=\"https:\/\/www.ccb.pt\/wp-content\/uploads\/2023\/04\/CdM_TIMBRE_1920x1080-copy-e1681377431982.jpg\" \/>\n\t<meta property=\"og:image:width\" content=\"1920\" \/>\n\t<meta property=\"og:image:height\" content=\"892\" \/>\n\t<meta property=\"og:image:type\" content=\"image\/jpeg\" \/>\n<meta name=\"twitter:card\" content=\"summary_large_image\" \/>\n<meta name=\"twitter:site\" content=\"@macccb_museu\" \/>\n<meta name=\"twitter:label1\" content=\"Est. reading time\" \/>\n\t<meta name=\"twitter:data1\" content=\"1 minute\" \/>\n<script type=\"application\/ld+json\" class=\"yoast-schema-graph\">{\"@context\":\"https:\/\/schema.org\",\"@graph\":[{\"@type\":\"WebPage\",\"@id\":\"https:\/\/www.ccb.pt\/en\/evento\/salvador-sobral-2\/\",\"url\":\"https:\/\/www.ccb.pt\/en\/evento\/salvador-sobral-2\/\",\"name\":\"Salvador Sobral - Centro Cultural de Bel\u00e9m Foundation\",\"isPartOf\":{\"@id\":\"https:\/\/www.ccb.pt\/#website\"},\"primaryImageOfPage\":{\"@id\":\"https:\/\/www.ccb.pt\/en\/evento\/salvador-sobral-2\/#primaryimage\"},\"image\":{\"@id\":\"https:\/\/www.ccb.pt\/en\/evento\/salvador-sobral-2\/#primaryimage\"},\"thumbnailUrl\":\"https:\/\/www.ccb.pt\/wp-content\/uploads\/2023\/04\/CdM_TIMBRE_1920x1080-copy-e1681377431982.jpg\",\"datePublished\":\"2023-04-13T09:24:26+00:00\",\"dateModified\":\"2023-07-21T13:49:31+00:00\",\"description\":\"Salvador Sobral apresenta o seu novo \u00e1lbum TIMBRE no CCB. Veja aqui as informa\u00e7\u00f5es sobre o espet\u00e1culo e compre j\u00e1 os seus bilhetes.\",\"breadcrumb\":{\"@id\":\"https:\/\/www.ccb.pt\/en\/evento\/salvador-sobral-2\/#breadcrumb\"},\"inLanguage\":\"en-US\",\"potentialAction\":[{\"@type\":\"ReadAction\",\"target\":[\"https:\/\/www.ccb.pt\/en\/evento\/salvador-sobral-2\/\"]}]},{\"@type\":\"ImageObject\",\"inLanguage\":\"en-US\",\"@id\":\"https:\/\/www.ccb.pt\/en\/evento\/salvador-sobral-2\/#primaryimage\",\"url\":\"https:\/\/www.ccb.pt\/wp-content\/uploads\/2023\/04\/CdM_TIMBRE_1920x1080-copy-e1681377431982.jpg\",\"contentUrl\":\"https:\/\/www.ccb.pt\/wp-content\/uploads\/2023\/04\/CdM_TIMBRE_1920x1080-copy-e1681377431982.jpg\",\"width\":1920,\"height\":1080,\"caption\":\"salvador sobral\"},{\"@type\":\"BreadcrumbList\",\"@id\":\"https:\/\/www.ccb.pt\/en\/evento\/salvador-sobral-2\/#breadcrumb\",\"itemListElement\":[{\"@type\":\"ListItem\",\"position\":1,\"name\":\"Home\",\"item\":\"https:\/\/www.ccb.pt\/en\/\"},{\"@type\":\"ListItem\",\"position\":2,\"name\":\"Eventos\",\"item\":\"https:\/\/www.ccb.pt\/eventos\/\"},{\"@type\":\"ListItem\",\"position\":3,\"name\":\"Salvador Sobral\"}]},{\"@type\":\"WebSite\",\"@id\":\"https:\/\/www.ccb.pt\/#website\",\"url\":\"https:\/\/www.ccb.pt\/\",\"name\":\"Centro Cultural de Bel\u00e9m Foundation\",\"description\":\"\",\"publisher\":{\"@id\":\"https:\/\/www.ccb.pt\/#organization\"},\"potentialAction\":[{\"@type\":\"SearchAction\",\"target\":{\"@type\":\"EntryPoint\",\"urlTemplate\":\"https:\/\/www.ccb.pt\/?s={search_term_string}\"},\"query-input\":\"required name=search_term_string\"}],\"inLanguage\":\"en-US\"},{\"@type\":\"Organization\",\"@id\":\"https:\/\/www.ccb.pt\/#organization\",\"name\":\"Centro Cultural de Bel\u00e9m Foundation\",\"url\":\"https:\/\/www.ccb.pt\/\",\"logo\":{\"@type\":\"ImageObject\",\"inLanguage\":\"en-US\",\"@id\":\"https:\/\/www.ccb.pt\/#\/schema\/logo\/image\/\",\"url\":\"https:\/\/www.ccb.pt\/wp-content\/uploads\/2022\/05\/1_ccb.png\",\"contentUrl\":\"https:\/\/www.ccb.pt\/wp-content\/uploads\/2022\/05\/1_ccb.png\",\"width\":126,\"height\":100,\"caption\":\"Centro Cultural de Bel\u00e9m Foundation\"},\"image\":{\"@id\":\"https:\/\/www.ccb.pt\/#\/schema\/logo\/image\/\"},\"sameAs\":[\"https:\/\/twitter.com\/macccb_museu\"]}]}<\/script>\n<!-- \/ Yoast SEO plugin. -->","yoast_head_json":{"title":"Salvador Sobral - Centro Cultural de Bel\u00e9m Foundation","description":"Salvador Sobral apresenta o seu novo \u00e1lbum TIMBRE no CCB. Veja aqui as informa\u00e7\u00f5es sobre o espet\u00e1culo e compre j\u00e1 os seus bilhetes.","robots":{"index":"index","follow":"follow","max-snippet":"max-snippet:-1","max-image-preview":"max-image-preview:large","max-video-preview":"max-video-preview:-1"},"canonical":"https:\/\/www.ccb.pt\/en\/evento\/salvador-sobral-2\/","og_locale":"en_US","og_type":"article","og_title":"Salvador Sobral - Centro Cultural de Bel\u00e9m Foundation","og_description":"Salvador Sobral apresenta o seu novo \u00e1lbum TIMBRE no CCB. Veja aqui as informa\u00e7\u00f5es sobre o espet\u00e1culo e compre j\u00e1 os seus bilhetes.","og_url":"https:\/\/www.ccb.pt\/en\/evento\/salvador-sobral-2\/","og_site_name":"Centro Cultural de Bel\u00e9m Foundation","article_modified_time":"2023-07-21T13:49:31+00:00","og_image":[{"width":1920,"height":892,"url":"https:\/\/www.ccb.pt\/wp-content\/uploads\/2023\/04\/CdM_TIMBRE_1920x1080-copy-e1681377431982.jpg","type":"image\/jpeg"}],"twitter_card":"summary_large_image","twitter_site":"@macccb_museu","twitter_misc":{"Est. reading time":"1 minute"},"schema":{"@context":"https:\/\/schema.org","@graph":[{"@type":"WebPage","@id":"https:\/\/www.ccb.pt\/en\/evento\/salvador-sobral-2\/","url":"https:\/\/www.ccb.pt\/en\/evento\/salvador-sobral-2\/","name":"Salvador Sobral - Centro Cultural de Bel\u00e9m Foundation","isPartOf":{"@id":"https:\/\/www.ccb.pt\/#website"},"primaryImageOfPage":{"@id":"https:\/\/www.ccb.pt\/en\/evento\/salvador-sobral-2\/#primaryimage"},"image":{"@id":"https:\/\/www.ccb.pt\/en\/evento\/salvador-sobral-2\/#primaryimage"},"thumbnailUrl":"https:\/\/www.ccb.pt\/wp-content\/uploads\/2023\/04\/CdM_TIMBRE_1920x1080-copy-e1681377431982.jpg","datePublished":"2023-04-13T09:24:26+00:00","dateModified":"2023-07-21T13:49:31+00:00","description":"Salvador Sobral apresenta o seu novo \u00e1lbum TIMBRE no CCB. Veja aqui as informa\u00e7\u00f5es sobre o espet\u00e1culo e compre j\u00e1 os seus bilhetes.","breadcrumb":{"@id":"https:\/\/www.ccb.pt\/en\/evento\/salvador-sobral-2\/#breadcrumb"},"inLanguage":"en-US","potentialAction":[{"@type":"ReadAction","target":["https:\/\/www.ccb.pt\/en\/evento\/salvador-sobral-2\/"]}]},{"@type":"ImageObject","inLanguage":"en-US","@id":"https:\/\/www.ccb.pt\/en\/evento\/salvador-sobral-2\/#primaryimage","url":"https:\/\/www.ccb.pt\/wp-content\/uploads\/2023\/04\/CdM_TIMBRE_1920x1080-copy-e1681377431982.jpg","contentUrl":"https:\/\/www.ccb.pt\/wp-content\/uploads\/2023\/04\/CdM_TIMBRE_1920x1080-copy-e1681377431982.jpg","width":1920,"height":1080,"caption":"salvador sobral"},{"@type":"BreadcrumbList","@id":"https:\/\/www.ccb.pt\/en\/evento\/salvador-sobral-2\/#breadcrumb","itemListElement":[{"@type":"ListItem","position":1,"name":"Home","item":"https:\/\/www.ccb.pt\/en\/"},{"@type":"ListItem","position":2,"name":"Eventos","item":"https:\/\/www.ccb.pt\/eventos\/"},{"@type":"ListItem","position":3,"name":"Salvador Sobral"}]},{"@type":"WebSite","@id":"https:\/\/www.ccb.pt\/#website","url":"https:\/\/www.ccb.pt\/","name":"Centro Cultural de Bel\u00e9m Foundation","description":"","publisher":{"@id":"https:\/\/www.ccb.pt\/#organization"},"potentialAction":[{"@type":"SearchAction","target":{"@type":"EntryPoint","urlTemplate":"https:\/\/www.ccb.pt\/?s={search_term_string}"},"query-input":"required name=search_term_string"}],"inLanguage":"en-US"},{"@type":"Organization","@id":"https:\/\/www.ccb.pt\/#organization","name":"Centro Cultural de Bel\u00e9m Foundation","url":"https:\/\/www.ccb.pt\/","logo":{"@type":"ImageObject","inLanguage":"en-US","@id":"https:\/\/www.ccb.pt\/#\/schema\/logo\/image\/","url":"https:\/\/www.ccb.pt\/wp-content\/uploads\/2022\/05\/1_ccb.png","contentUrl":"https:\/\/www.ccb.pt\/wp-content\/uploads\/2022\/05\/1_ccb.png","width":126,"height":100,"caption":"Centro Cultural de Bel\u00e9m Foundation"},"image":{"@id":"https:\/\/www.ccb.pt\/#\/schema\/logo\/image\/"},"sameAs":["https:\/\/twitter.com\/macccb_museu"]}]}},"_links":{"self":[{"href":"https:\/\/www.ccb.pt\/en\/wp-json\/wp\/v2\/tribe_events\/127278"}],"collection":[{"href":"https:\/\/www.ccb.pt\/en\/wp-json\/wp\/v2\/tribe_events"}],"about":[{"href":"https:\/\/www.ccb.pt\/en\/wp-json\/wp\/v2\/types\/tribe_events"}],"author":[{"embeddable":true,"href":"https:\/\/www.ccb.pt\/en\/wp-json\/wp\/v2\/users\/6"}],"replies":[{"embeddable":true,"href":"https:\/\/www.ccb.pt\/en\/wp-json\/wp\/v2\/comments?post=127278"}],"version-history":[{"count":2,"href":"https:\/\/www.ccb.pt\/en\/wp-json\/wp\/v2\/tribe_events\/127278\/revisions"}],"predecessor-version":[{"id":127280,"href":"https:\/\/www.ccb.pt\/en\/wp-json\/wp\/v2\/tribe_events\/127278\/revisions\/127280"}],"wp:featuredmedia":[{"embeddable":true,"href":"https:\/\/www.ccb.pt\/en\/wp-json\/wp\/v2\/media\/117831"}],"wp:attachment":[{"href":"https:\/\/www.ccb.pt\/en\/wp-json\/wp\/v2\/media?parent=127278"}],"wp:term":[{"taxonomy":"tribe_events_cat","embeddable":true,"href":"https:\/\/www.ccb.pt\/en\/wp-json\/wp\/v2\/tribe_events_cat?post=127278"},{"taxonomy":"tags_tema","embeddable":true,"href":"https:\/\/www.ccb.pt\/en\/wp-json\/wp\/v2\/tags_tema?post=127278"},{"taxonomy":"idades","embeddable":true,"href":"https:\/\/www.ccb.pt\/en\/wp-json\/wp\/v2\/idades?post=127278"},{"taxonomy":"tipos","embeddable":true,"href":"https:\/\/www.ccb.pt\/en\/wp-json\/wp\/v2\/tipos?post=127278"},{"taxonomy":"temas","embeddable":true,"href":"https:\/\/www.ccb.pt\/en\/wp-json\/wp\/v2\/temas?post=127278"},{"taxonomy":"categorias_hubspot","embeddable":true,"href":"https:\/\/www.ccb.pt\/en\/wp-json\/wp\/v2\/categorias_hubspot?post=127278"}],"curies":[{"name":"wp","href":"https:\/\/api.w.org\/{rel}","templated":true}]}}

<!-- This site is optimized with the Yoast SEO plugin v22.3 - https://yoast.com/wordpress/plugins/seo/ -->
<title>Salvador Sobral - Centro Cultural de Belém Foundation</title>
<meta name="description" content="Salvador Sobral apresenta o seu novo álbum TIMBRE no CCB. Veja aqui as informações sobre o espetáculo e compre já os seus bilhetes." />
<meta name="robots" content="index, follow, max-snippet:-1, max-image-preview:large, max-video-preview:-1" />
<link rel="canonical" href="https://www.ccb.pt/en/evento/salvador-sobral-2/" />
<meta property="og:locale" content="en_US" />
<meta property="og:type" content="article" />
<meta property="og:title" content="Salvador Sobral - Centro Cultural de Belém Foundation" />
<meta property="og:description" content="Salvador Sobral apresenta o seu novo álbum TIMBRE no CCB. Veja aqui as informações sobre o espetáculo e compre já os seus bilhetes." />
<meta property="og:url" content="https://www.ccb.pt/en/evento/salvador-sobral-2/" />
<meta property="og:site_name" content="Centro Cultural de Belém Foundation" />
<meta property="article:modified_time" content="2023-07-21T13:49:31+00:00" />
<meta property="og:image" content="https://www.ccb.pt/wp-content/uploads/2023/04/CdM_TIMBRE_1920x1080-copy-e1681377431982.jpg" />
	<meta property="og:image:width" content="1920" />
	<meta property="og:image:height" content="892" />
	<meta property="og:image:type" content="image/jpeg" />
<meta name="twitter:card" content="summary_large_image" />
<meta name="twitter:site" content="@macccb_museu" />
<meta name="twitter:label1" content="Est. reading time" />
	<meta name="twitter:data1" content="1 minute" />
<script type="application/ld+json" class="yoast-schema-graph">{"@context":"https://schema.org","@graph":[{"@type":"WebPage","@id":"https://www.ccb.pt/en/evento/salvador-sobral-2/","url":"https://www.ccb.pt/en/evento/salvador-sobral-2/","name":"Salvador Sobral - Centro Cultural de Belém Foundation","isPartOf":{"@id":"https://www.ccb.pt/#website"},"primaryImageOfPage":{"@id":"https://www.ccb.pt/en/evento/salvador-sobral-2/#primaryimage"},"image":{"@id":"https://www.ccb.pt/en/evento/salvador-sobral-2/#primaryimage"},"thumbnailUrl":"https://www.ccb.pt/wp-content/uploads/2023/04/CdM_TIMBRE_1920x1080-copy-e1681377431982.jpg","datePublished":"2023-04-13T09:24:26+00:00","dateModified":"2023-07-21T13:49:31+00:00","description":"Salvador Sobral apresenta o seu novo álbum TIMBRE no CCB. Veja aqui as informações sobre o espetáculo e compre já os seus bilhetes.","breadcrumb":{"@id":"https://www.ccb.pt/en/evento/salvador-sobral-2/#breadcrumb"},"inLanguage":"en-US","potentialAction":[{"@type":"ReadAction","target":["https://www.ccb.pt/en/evento/salvador-sobral-2/"]}]},{"@type":"ImageObject","inLanguage":"en-US","@id":"https://www.ccb.pt/en/evento/salvador-sobral-2/#primaryimage","url":"https://www.ccb.pt/wp-content/uploads/2023/04/CdM_TIMBRE_1920x1080-copy-e1681377431982.jpg","contentUrl":"https://www.ccb.pt/wp-content/uploads/2023/04/CdM_TIMBRE_1920x1080-copy-e1681377431982.jpg","width":1920,"height":1080,"caption":"salvador sobral"},{"@type":"BreadcrumbList","@id":"https://www.ccb.pt/en/evento/salvador-sobral-2/#breadcrumb","itemListElement":[{"@type":"ListItem","position":1,"name":"Home","item":"https://www.ccb.pt/en/"},{"@type":"ListItem","position":2,"name":"Eventos","item":"https://www.ccb.pt/eventos/"},{"@type":"ListItem","position":3,"name":"Salvador Sobral"}]},{"@type":"WebSite","@id":"https://www.ccb.pt/#website","url":"https://www.ccb.pt/","name":"Centro Cultural de Belém Foundation","description":"","publisher":{"@id":"https://www.ccb.pt/#organization"},"potentialAction":[{"@type":"SearchAction","target":{"@type":"EntryPoint","urlTemplate":"https://www.ccb.pt/?s={search_term_string}"},"query-input":"required name=search_term_string"}],"inLanguage":"en-US"},{"@type":"Organization","@id":"https://www.ccb.pt/#organization","name":"Centro Cultural de Belém Foundation","url":"https://www.ccb.pt/","logo":{"@type":"ImageObject","inLanguage":"en-US","@id":"https://www.ccb.pt/#/schema/logo/image/","url":"https://www.ccb.pt/wp-content/uploads/2022/05/1_ccb.png","contentUrl":"https://www.ccb.pt/wp-content/uploads/2022/05/1_ccb.png","width":126,"height":100,"caption":"Centro Cultural de Belém Foundation"},"image":{"@id":"https://www.ccb.pt/#/schema/logo/image/"},"sameAs":["https://twitter.com/macccb_museu"]}]}</script>
<!-- / Yoast SEO plugin. -->

Salvador Sobral - Centro Cultural de Belém Foundation

Salvador Sobral apresenta o seu novo álbum TIMBRE no CCB. Veja aqui as informações sobre o espetáculo e compre já os seus bilhetes.

Centro Cultural de Belém Foundation
