    {"id":126834,"date":"2023-06-22T10:00:21","date_gmt":"2023-06-22T09:00:21","guid":{"rendered":"https:\/\/www.ccb.pt\/evento\/jonaslander-10-anos-3\/"},"modified":"2023-07-13T11:27:39","modified_gmt":"2023-07-13T10:27:39","slug":"jonaslander-10-anos-3","status":"publish","type":"tribe_events","link":"https:\/\/www.ccb.pt\/en\/evento\/jonaslander-10-anos-3\/","title":{"rendered":"Jonas&amp;Lander | 10 Years"},"content":{"rendered":"<p><em>Lento e Largo<\/em> creates a scenic environment based and influenced by the work of Hieronymous Bosch, where Jonas&amp;Lander introduce robotic and human performers to create a visual apocalypse. In an unreal landscape, both entities will socialize, dance, kiss, command and obey, as equals. Each performer is capable of performing actions impossible for other performers, so that the boundaries and specificities of each organism are explored. These robots will give muscle to an absurd universe by dressing and exposing organic materials such as skins, scales or horns inspired by Enrique Gomez de Molina&#8217;s outcast taxidermy.<\/p>\n<p><em>Lento e Largo<\/em> (\u00abslow and wide\u00bb) is a specific quality of classical music used to describe a certain time and atmosphere flooded with sadness. The breadth of this atmosphere influences the actions and choreography that can overflow from the stage to the confines of the Theater.<\/p>\n","protected":false},"excerpt":{"rendered":"<p>Lento e Largo creates a scenic environment based and influenced by the work of Hieronymous Bosch, where Jonas&amp;Lander introduce robotic and human performers to create a visual apocalypse. In an unreal landscape, both entities will socialize, dance, kiss, command and obey, as equals. Each performer is capable of performing actions impossible for other performers, so [&hellip;]<\/p>\n","protected":false},"author":6,"featured_media":123014,"comment_status":"closed","ping_status":"closed","template":"","meta":{"_relevanssi_hide_post":"","_relevanssi_pin_for_all":"","_relevanssi_pin_keywords":"","_relevanssi_unpin_keywords":"","_relevanssi_related_keywords":"","_relevanssi_related_include_ids":"","_relevanssi_related_exclude_ids":"","_relevanssi_related_no_append":"","_relevanssi_related_not_related":"","_relevanssi_related_posts":"","_relevanssi_noindex_reason":""},"tribe_events_cat":[596,23],"tags_tema":[],"idades":[],"tipos":[],"temas":[],"categorias_hubspot":[],"acf":[],"yoast_head":"<!-- This site is optimized with the Yoast SEO plugin v22.3 - https:\/\/yoast.com\/wordpress\/plugins\/seo\/ -->\n<title>Jonas&amp;Lander | 10 Years - Centro Cultural de Bel\u00e9m Foundation<\/title>\n<meta name=\"description\" content=\"Em &quot;Lento e Largo&quot; s\u00e3o explorados rob\u00f4s e humanos num ambiente surreal e apocal\u00edptico, criando a\u00e7\u00f5es imposs\u00edveis e fronteiras fluidas.\" \/>\n<meta name=\"robots\" content=\"index, follow, max-snippet:-1, max-image-preview:large, max-video-preview:-1\" \/>\n<link rel=\"canonical\" href=\"https:\/\/www.ccb.pt\/en\/evento\/jonaslander-10-anos-3\/\" \/>\n<meta property=\"og:locale\" content=\"en_US\" \/>\n<meta property=\"og:type\" content=\"article\" \/>\n<meta property=\"og:title\" content=\"Jonas&amp;Lander | 10 Years - Centro Cultural de Bel\u00e9m Foundation\" \/>\n<meta property=\"og:description\" content=\"Em &quot;Lento e Largo&quot; s\u00e3o explorados rob\u00f4s e humanos num ambiente surreal e apocal\u00edptico, criando a\u00e7\u00f5es imposs\u00edveis e fronteiras fluidas.\" \/>\n<meta property=\"og:url\" content=\"https:\/\/www.ccb.pt\/en\/evento\/jonaslander-10-anos-3\/\" \/>\n<meta property=\"og:site_name\" content=\"Centro Cultural de Bel\u00e9m Foundation\" \/>\n<meta property=\"article:modified_time\" content=\"2023-07-13T10:27:39+00:00\" \/>\n<meta property=\"og:image\" content=\"https:\/\/www.ccb.pt\/wp-content\/uploads\/2023\/06\/SITE_-LL-2-\u00a9Paulo-Pacheco.jpg\" \/>\n\t<meta property=\"og:image:width\" content=\"1300\" \/>\n\t<meta property=\"og:image:height\" content=\"618\" \/>\n\t<meta property=\"og:image:type\" content=\"image\/jpeg\" \/>\n<meta name=\"twitter:card\" content=\"summary_large_image\" \/>\n<meta name=\"twitter:site\" content=\"@macccb_museu\" \/>\n<meta name=\"twitter:label1\" content=\"Est. reading time\" \/>\n\t<meta name=\"twitter:data1\" content=\"1 minute\" \/>\n<script type=\"application\/ld+json\" class=\"yoast-schema-graph\">{\"@context\":\"https:\/\/schema.org\",\"@graph\":[{\"@type\":\"WebPage\",\"@id\":\"https:\/\/www.ccb.pt\/en\/evento\/jonaslander-10-anos-3\/\",\"url\":\"https:\/\/www.ccb.pt\/en\/evento\/jonaslander-10-anos-3\/\",\"name\":\"Jonas&amp;Lander | 10 Years - Centro Cultural de Bel\u00e9m Foundation\",\"isPartOf\":{\"@id\":\"https:\/\/www.ccb.pt\/#website\"},\"primaryImageOfPage\":{\"@id\":\"https:\/\/www.ccb.pt\/en\/evento\/jonaslander-10-anos-3\/#primaryimage\"},\"image\":{\"@id\":\"https:\/\/www.ccb.pt\/en\/evento\/jonaslander-10-anos-3\/#primaryimage\"},\"thumbnailUrl\":\"https:\/\/www.ccb.pt\/wp-content\/uploads\/2023\/06\/SITE_-LL-2-\u00a9Paulo-Pacheco.jpg\",\"datePublished\":\"2023-06-22T09:00:21+00:00\",\"dateModified\":\"2023-07-13T10:27:39+00:00\",\"description\":\"Em \\\"Lento e Largo\\\" s\u00e3o explorados rob\u00f4s e humanos num ambiente surreal e apocal\u00edptico, criando a\u00e7\u00f5es imposs\u00edveis e fronteiras fluidas.\",\"breadcrumb\":{\"@id\":\"https:\/\/www.ccb.pt\/en\/evento\/jonaslander-10-anos-3\/#breadcrumb\"},\"inLanguage\":\"en-US\",\"potentialAction\":[{\"@type\":\"ReadAction\",\"target\":[\"https:\/\/www.ccb.pt\/en\/evento\/jonaslander-10-anos-3\/\"]}]},{\"@type\":\"ImageObject\",\"inLanguage\":\"en-US\",\"@id\":\"https:\/\/www.ccb.pt\/en\/evento\/jonaslander-10-anos-3\/#primaryimage\",\"url\":\"https:\/\/www.ccb.pt\/wp-content\/uploads\/2023\/06\/SITE_-LL-2-\u00a9Paulo-Pacheco.jpg\",\"contentUrl\":\"https:\/\/www.ccb.pt\/wp-content\/uploads\/2023\/06\/SITE_-LL-2-\u00a9Paulo-Pacheco.jpg\",\"width\":1300,\"height\":618,\"caption\":\"\u00a9Paulo Pacheco\"},{\"@type\":\"BreadcrumbList\",\"@id\":\"https:\/\/www.ccb.pt\/en\/evento\/jonaslander-10-anos-3\/#breadcrumb\",\"itemListElement\":[{\"@type\":\"ListItem\",\"position\":1,\"name\":\"Home\",\"item\":\"https:\/\/www.ccb.pt\/en\/\"},{\"@type\":\"ListItem\",\"position\":2,\"name\":\"Eventos\",\"item\":\"https:\/\/www.ccb.pt\/eventos\/\"},{\"@type\":\"ListItem\",\"position\":3,\"name\":\"Jonas&amp;Lander | 10 Years\"}]},{\"@type\":\"WebSite\",\"@id\":\"https:\/\/www.ccb.pt\/#website\",\"url\":\"https:\/\/www.ccb.pt\/\",\"name\":\"Centro Cultural de Bel\u00e9m Foundation\",\"description\":\"\",\"publisher\":{\"@id\":\"https:\/\/www.ccb.pt\/#organization\"},\"potentialAction\":[{\"@type\":\"SearchAction\",\"target\":{\"@type\":\"EntryPoint\",\"urlTemplate\":\"https:\/\/www.ccb.pt\/?s={search_term_string}\"},\"query-input\":\"required name=search_term_string\"}],\"inLanguage\":\"en-US\"},{\"@type\":\"Organization\",\"@id\":\"https:\/\/www.ccb.pt\/#organization\",\"name\":\"Centro Cultural de Bel\u00e9m Foundation\",\"url\":\"https:\/\/www.ccb.pt\/\",\"logo\":{\"@type\":\"ImageObject\",\"inLanguage\":\"en-US\",\"@id\":\"https:\/\/www.ccb.pt\/#\/schema\/logo\/image\/\",\"url\":\"https:\/\/www.ccb.pt\/wp-content\/uploads\/2022\/05\/1_ccb.png\",\"contentUrl\":\"https:\/\/www.ccb.pt\/wp-content\/uploads\/2022\/05\/1_ccb.png\",\"width\":126,\"height\":100,\"caption\":\"Centro Cultural de Bel\u00e9m Foundation\"},\"image\":{\"@id\":\"https:\/\/www.ccb.pt\/#\/schema\/logo\/image\/\"},\"sameAs\":[\"https:\/\/twitter.com\/macccb_museu\"]}]}<\/script>\n<!-- \/ Yoast SEO plugin. -->","yoast_head_json":{"title":"Jonas&amp;Lander | 10 Years - Centro Cultural de Bel\u00e9m Foundation","description":"Em \"Lento e Largo\" s\u00e3o explorados rob\u00f4s e humanos num ambiente surreal e apocal\u00edptico, criando a\u00e7\u00f5es imposs\u00edveis e fronteiras fluidas.","robots":{"index":"index","follow":"follow","max-snippet":"max-snippet:-1","max-image-preview":"max-image-preview:large","max-video-preview":"max-video-preview:-1"},"canonical":"https:\/\/www.ccb.pt\/en\/evento\/jonaslander-10-anos-3\/","og_locale":"en_US","og_type":"article","og_title":"Jonas&amp;Lander | 10 Years - Centro Cultural de Bel\u00e9m Foundation","og_description":"Em \"Lento e Largo\" s\u00e3o explorados rob\u00f4s e humanos num ambiente surreal e apocal\u00edptico, criando a\u00e7\u00f5es imposs\u00edveis e fronteiras fluidas.","og_url":"https:\/\/www.ccb.pt\/en\/evento\/jonaslander-10-anos-3\/","og_site_name":"Centro Cultural de Bel\u00e9m Foundation","article_modified_time":"2023-07-13T10:27:39+00:00","og_image":[{"width":1300,"height":618,"url":"https:\/\/www.ccb.pt\/wp-content\/uploads\/2023\/06\/SITE_-LL-2-\u00a9Paulo-Pacheco.jpg","type":"image\/jpeg"}],"twitter_card":"summary_large_image","twitter_site":"@macccb_museu","twitter_misc":{"Est. reading time":"1 minute"},"schema":{"@context":"https:\/\/schema.org","@graph":[{"@type":"WebPage","@id":"https:\/\/www.ccb.pt\/en\/evento\/jonaslander-10-anos-3\/","url":"https:\/\/www.ccb.pt\/en\/evento\/jonaslander-10-anos-3\/","name":"Jonas&amp;Lander | 10 Years - Centro Cultural de Bel\u00e9m Foundation","isPartOf":{"@id":"https:\/\/www.ccb.pt\/#website"},"primaryImageOfPage":{"@id":"https:\/\/www.ccb.pt\/en\/evento\/jonaslander-10-anos-3\/#primaryimage"},"image":{"@id":"https:\/\/www.ccb.pt\/en\/evento\/jonaslander-10-anos-3\/#primaryimage"},"thumbnailUrl":"https:\/\/www.ccb.pt\/wp-content\/uploads\/2023\/06\/SITE_-LL-2-\u00a9Paulo-Pacheco.jpg","datePublished":"2023-06-22T09:00:21+00:00","dateModified":"2023-07-13T10:27:39+00:00","description":"Em \"Lento e Largo\" s\u00e3o explorados rob\u00f4s e humanos num ambiente surreal e apocal\u00edptico, criando a\u00e7\u00f5es imposs\u00edveis e fronteiras fluidas.","breadcrumb":{"@id":"https:\/\/www.ccb.pt\/en\/evento\/jonaslander-10-anos-3\/#breadcrumb"},"inLanguage":"en-US","potentialAction":[{"@type":"ReadAction","target":["https:\/\/www.ccb.pt\/en\/evento\/jonaslander-10-anos-3\/"]}]},{"@type":"ImageObject","inLanguage":"en-US","@id":"https:\/\/www.ccb.pt\/en\/evento\/jonaslander-10-anos-3\/#primaryimage","url":"https:\/\/www.ccb.pt\/wp-content\/uploads\/2023\/06\/SITE_-LL-2-\u00a9Paulo-Pacheco.jpg","contentUrl":"https:\/\/www.ccb.pt\/wp-content\/uploads\/2023\/06\/SITE_-LL-2-\u00a9Paulo-Pacheco.jpg","width":1300,"height":618,"caption":"\u00a9Paulo Pacheco"},{"@type":"BreadcrumbList","@id":"https:\/\/www.ccb.pt\/en\/evento\/jonaslander-10-anos-3\/#breadcrumb","itemListElement":[{"@type":"ListItem","position":1,"name":"Home","item":"https:\/\/www.ccb.pt\/en\/"},{"@type":"ListItem","position":2,"name":"Eventos","item":"https:\/\/www.ccb.pt\/eventos\/"},{"@type":"ListItem","position":3,"name":"Jonas&amp;Lander | 10 Years"}]},{"@type":"WebSite","@id":"https:\/\/www.ccb.pt\/#website","url":"https:\/\/www.ccb.pt\/","name":"Centro Cultural de Bel\u00e9m Foundation","description":"","publisher":{"@id":"https:\/\/www.ccb.pt\/#organization"},"potentialAction":[{"@type":"SearchAction","target":{"@type":"EntryPoint","urlTemplate":"https:\/\/www.ccb.pt\/?s={search_term_string}"},"query-input":"required name=search_term_string"}],"inLanguage":"en-US"},{"@type":"Organization","@id":"https:\/\/www.ccb.pt\/#organization","name":"Centro Cultural de Bel\u00e9m Foundation","url":"https:\/\/www.ccb.pt\/","logo":{"@type":"ImageObject","inLanguage":"en-US","@id":"https:\/\/www.ccb.pt\/#\/schema\/logo\/image\/","url":"https:\/\/www.ccb.pt\/wp-content\/uploads\/2022\/05\/1_ccb.png","contentUrl":"https:\/\/www.ccb.pt\/wp-content\/uploads\/2022\/05\/1_ccb.png","width":126,"height":100,"caption":"Centro Cultural de Bel\u00e9m Foundation"},"image":{"@id":"https:\/\/www.ccb.pt\/#\/schema\/logo\/image\/"},"sameAs":["https:\/\/twitter.com\/macccb_museu"]}]}},"_links":{"self":[{"href":"https:\/\/www.ccb.pt\/en\/wp-json\/wp\/v2\/tribe_events\/126834"}],"collection":[{"href":"https:\/\/www.ccb.pt\/en\/wp-json\/wp\/v2\/tribe_events"}],"about":[{"href":"https:\/\/www.ccb.pt\/en\/wp-json\/wp\/v2\/types\/tribe_events"}],"author":[{"embeddable":true,"href":"https:\/\/www.ccb.pt\/en\/wp-json\/wp\/v2\/users\/6"}],"replies":[{"embeddable":true,"href":"https:\/\/www.ccb.pt\/en\/wp-json\/wp\/v2\/comments?post=126834"}],"version-history":[{"count":3,"href":"https:\/\/www.ccb.pt\/en\/wp-json\/wp\/v2\/tribe_events\/126834\/revisions"}],"predecessor-version":[{"id":126837,"href":"https:\/\/www.ccb.pt\/en\/wp-json\/wp\/v2\/tribe_events\/126834\/revisions\/126837"}],"wp:featuredmedia":[{"embeddable":true,"href":"https:\/\/www.ccb.pt\/en\/wp-json\/wp\/v2\/media\/123014"}],"wp:attachment":[{"href":"https:\/\/www.ccb.pt\/en\/wp-json\/wp\/v2\/media?parent=126834"}],"wp:term":[{"taxonomy":"tribe_events_cat","embeddable":true,"href":"https:\/\/www.ccb.pt\/en\/wp-json\/wp\/v2\/tribe_events_cat?post=126834"},{"taxonomy":"tags_tema","embeddable":true,"href":"https:\/\/www.ccb.pt\/en\/wp-json\/wp\/v2\/tags_tema?post=126834"},{"taxonomy":"idades","embeddable":true,"href":"https:\/\/www.ccb.pt\/en\/wp-json\/wp\/v2\/idades?post=126834"},{"taxonomy":"tipos","embeddable":true,"href":"https:\/\/www.ccb.pt\/en\/wp-json\/wp\/v2\/tipos?post=126834"},{"taxonomy":"temas","embeddable":true,"href":"https:\/\/www.ccb.pt\/en\/wp-json\/wp\/v2\/temas?post=126834"},{"taxonomy":"categorias_hubspot","embeddable":true,"href":"https:\/\/www.ccb.pt\/en\/wp-json\/wp\/v2\/categorias_hubspot?post=126834"}],"curies":[{"name":"wp","href":"https:\/\/api.w.org\/{rel}","templated":true}]}}

<!-- This site is optimized with the Yoast SEO plugin v22.3 - https://yoast.com/wordpress/plugins/seo/ -->
<title>Jonas&amp;Lander | 10 Years - Centro Cultural de Belém Foundation</title>
<meta name="description" content="Em &quot;Lento e Largo&quot; são explorados robôs e humanos num ambiente surreal e apocalíptico, criando ações impossíveis e fronteiras fluidas." />
<meta name="robots" content="index, follow, max-snippet:-1, max-image-preview:large, max-video-preview:-1" />
<link rel="canonical" href="https://www.ccb.pt/en/evento/jonaslander-10-anos-3/" />
<meta property="og:locale" content="en_US" />
<meta property="og:type" content="article" />
<meta property="og:title" content="Jonas&amp;Lander | 10 Years - Centro Cultural de Belém Foundation" />
<meta property="og:description" content="Em &quot;Lento e Largo&quot; são explorados robôs e humanos num ambiente surreal e apocalíptico, criando ações impossíveis e fronteiras fluidas." />
<meta property="og:url" content="https://www.ccb.pt/en/evento/jonaslander-10-anos-3/" />
<meta property="og:site_name" content="Centro Cultural de Belém Foundation" />
<meta property="article:modified_time" content="2023-07-13T10:27:39+00:00" />
<meta property="og:image" content="https://www.ccb.pt/wp-content/uploads/2023/06/SITE_-LL-2-©Paulo-Pacheco.jpg" />
	<meta property="og:image:width" content="1300" />
	<meta property="og:image:height" content="618" />
	<meta property="og:image:type" content="image/jpeg" />
<meta name="twitter:card" content="summary_large_image" />
<meta name="twitter:site" content="@macccb_museu" />
<meta name="twitter:label1" content="Est. reading time" />
	<meta name="twitter:data1" content="1 minute" />
<script type="application/ld+json" class="yoast-schema-graph">{"@context":"https://schema.org","@graph":[{"@type":"WebPage","@id":"https://www.ccb.pt/en/evento/jonaslander-10-anos-3/","url":"https://www.ccb.pt/en/evento/jonaslander-10-anos-3/","name":"Jonas&amp;Lander | 10 Years - Centro Cultural de Belém Foundation","isPartOf":{"@id":"https://www.ccb.pt/#website"},"primaryImageOfPage":{"@id":"https://www.ccb.pt/en/evento/jonaslander-10-anos-3/#primaryimage"},"image":{"@id":"https://www.ccb.pt/en/evento/jonaslander-10-anos-3/#primaryimage"},"thumbnailUrl":"https://www.ccb.pt/wp-content/uploads/2023/06/SITE_-LL-2-©Paulo-Pacheco.jpg","datePublished":"2023-06-22T09:00:21+00:00","dateModified":"2023-07-13T10:27:39+00:00","description":"Em \"Lento e Largo\" são explorados robôs e humanos num ambiente surreal e apocalíptico, criando ações impossíveis e fronteiras fluidas.","breadcrumb":{"@id":"https://www.ccb.pt/en/evento/jonaslander-10-anos-3/#breadcrumb"},"inLanguage":"en-US","potentialAction":[{"@type":"ReadAction","target":["https://www.ccb.pt/en/evento/jonaslander-10-anos-3/"]}]},{"@type":"ImageObject","inLanguage":"en-US","@id":"https://www.ccb.pt/en/evento/jonaslander-10-anos-3/#primaryimage","url":"https://www.ccb.pt/wp-content/uploads/2023/06/SITE_-LL-2-©Paulo-Pacheco.jpg","contentUrl":"https://www.ccb.pt/wp-content/uploads/2023/06/SITE_-LL-2-©Paulo-Pacheco.jpg","width":1300,"height":618,"caption":"©Paulo Pacheco"},{"@type":"BreadcrumbList","@id":"https://www.ccb.pt/en/evento/jonaslander-10-anos-3/#breadcrumb","itemListElement":[{"@type":"ListItem","position":1,"name":"Home","item":"https://www.ccb.pt/en/"},{"@type":"ListItem","position":2,"name":"Eventos","item":"https://www.ccb.pt/eventos/"},{"@type":"ListItem","position":3,"name":"Jonas&amp;Lander | 10 Years"}]},{"@type":"WebSite","@id":"https://www.ccb.pt/#website","url":"https://www.ccb.pt/","name":"Centro Cultural de Belém Foundation","description":"","publisher":{"@id":"https://www.ccb.pt/#organization"},"potentialAction":[{"@type":"SearchAction","target":{"@type":"EntryPoint","urlTemplate":"https://www.ccb.pt/?s={search_term_string}"},"query-input":"required name=search_term_string"}],"inLanguage":"en-US"},{"@type":"Organization","@id":"https://www.ccb.pt/#organization","name":"Centro Cultural de Belém Foundation","url":"https://www.ccb.pt/","logo":{"@type":"ImageObject","inLanguage":"en-US","@id":"https://www.ccb.pt/#/schema/logo/image/","url":"https://www.ccb.pt/wp-content/uploads/2022/05/1_ccb.png","contentUrl":"https://www.ccb.pt/wp-content/uploads/2022/05/1_ccb.png","width":126,"height":100,"caption":"Centro Cultural de Belém Foundation"},"image":{"@id":"https://www.ccb.pt/#/schema/logo/image/"},"sameAs":["https://twitter.com/macccb_museu"]}]}</script>
<!-- / Yoast SEO plugin. -->

Jonas&amp;Lander | 10 Years - Centro Cultural de Belém Foundation

Em "Lento e Largo" são explorados robôs e humanos num ambiente surreal e apocalíptico, criando ações impossíveis e fronteiras fluidas.

Centro Cultural de Belém Foundation
