    {"id":126823,"date":"2023-06-22T10:00:23","date_gmt":"2023-06-22T09:00:23","guid":{"rendered":"https:\/\/www.ccb.pt\/evento\/jonaslander-10-anos\/"},"modified":"2023-07-13T11:13:20","modified_gmt":"2023-07-13T10:13:20","slug":"jonaslander-10-anos","status":"publish","type":"tribe_events","link":"https:\/\/www.ccb.pt\/en\/evento\/jonaslander-10-anos\/2023-09-22\/","title":{"rendered":"Jonas&amp;Lander | 10 Years"},"content":{"rendered":"<p><em>Cascas d\u2019OvO<\/em> was born from the need to explore a telepathic, superhuman communication as the maximum exponent of a couple&#8217;s relational connection. <em>Cascas d&#8217;OvO<\/em> offers the experience of a new dimension of dialogue, where social relationships and their forms of expression are reconsidered: the theater as a microcosm of society that submerges the audience in silence and in the music of bodies communicating.<\/p>\n","protected":false},"excerpt":{"rendered":"<p>Cascas d\u2019OvO was born from the need to explore a telepathic, superhuman communication as the maximum exponent of a couple&#8217;s relational connection. Cascas d&#8217;OvO offers the experience of a new dimension of dialogue, where social relationships and their forms of expression are reconsidered: the theater as a microcosm of society that submerges the audience in [&hellip;]<\/p>\n","protected":false},"author":6,"featured_media":123021,"comment_status":"closed","ping_status":"closed","template":"","meta":{"_relevanssi_hide_post":"","_relevanssi_pin_for_all":"","_relevanssi_pin_keywords":"","_relevanssi_unpin_keywords":"","_relevanssi_related_keywords":"","_relevanssi_related_include_ids":"","_relevanssi_related_exclude_ids":"","_relevanssi_related_no_append":"","_relevanssi_related_not_related":"","_relevanssi_related_posts":"","_relevanssi_noindex_reason":""},"tribe_events_cat":[596,23],"tags_tema":[],"idades":[],"tipos":[],"temas":[],"categorias_hubspot":[],"acf":[],"yoast_head":"<!-- This site is optimized with the Yoast SEO plugin v22.3 - https:\/\/yoast.com\/wordpress\/plugins\/seo\/ -->\n<title>Jonas&amp;Lander | 10 Years - Centro Cultural de Bel\u00e9m Foundation<\/title>\n<meta name=\"description\" content=\"&quot;Cascas d\u2019OvO&quot; \u00e9 uma pe\u00e7a que explora a comunica\u00e7\u00e3o telep\u00e1tica e rela\u00e7\u00f5es sociais, com uma nova dimens\u00e3o de di\u00e1logo atrav\u00e9s do corpo.\" \/>\n<meta name=\"robots\" content=\"index, follow, max-snippet:-1, max-image-preview:large, max-video-preview:-1\" \/>\n<link rel=\"canonical\" href=\"https:\/\/www.ccb.pt\/en\/evento\/jonaslander-10-anos\/2023-09-22\/\" \/>\n<meta property=\"og:locale\" content=\"en_US\" \/>\n<meta property=\"og:type\" content=\"article\" \/>\n<meta property=\"og:title\" content=\"Jonas&amp;Lander | 10 Years - Centro Cultural de Bel\u00e9m Foundation\" \/>\n<meta property=\"og:description\" content=\"&quot;Cascas d\u2019OvO&quot; \u00e9 uma pe\u00e7a que explora a comunica\u00e7\u00e3o telep\u00e1tica e rela\u00e7\u00f5es sociais, com uma nova dimens\u00e3o de di\u00e1logo atrav\u00e9s do corpo.\" \/>\n<meta property=\"og:url\" content=\"https:\/\/www.ccb.pt\/en\/evento\/jonaslander-10-anos\/2023-09-22\/\" \/>\n<meta property=\"og:site_name\" content=\"Centro Cultural de Bel\u00e9m Foundation\" \/>\n<meta property=\"article:modified_time\" content=\"2023-07-13T10:13:20+00:00\" \/>\n<meta property=\"og:image\" content=\"https:\/\/www.ccb.pt\/wp-content\/uploads\/2023\/06\/FNAC_-Cascas-dOvO-4-\u00a9Mariana-Lopes.jpg\" \/>\n\t<meta property=\"og:image:width\" content=\"1920\" \/>\n\t<meta property=\"og:image:height\" content=\"1080\" \/>\n\t<meta property=\"og:image:type\" content=\"image\/jpeg\" \/>\n<meta name=\"twitter:card\" content=\"summary_large_image\" \/>\n<meta name=\"twitter:site\" content=\"@macccb_museu\" \/>\n<meta name=\"twitter:label1\" content=\"Est. reading time\" \/>\n\t<meta name=\"twitter:data1\" content=\"1 minute\" \/>\n<script type=\"application\/ld+json\" class=\"yoast-schema-graph\">{\"@context\":\"https:\/\/schema.org\",\"@graph\":[{\"@type\":\"WebPage\",\"@id\":\"https:\/\/www.ccb.pt\/en\/evento\/jonaslander-10-anos\/2023-09-22\/\",\"url\":\"https:\/\/www.ccb.pt\/en\/evento\/jonaslander-10-anos\/2023-09-22\/\",\"name\":\"Jonas&amp;Lander | 10 Years - Centro Cultural de Bel\u00e9m Foundation\",\"isPartOf\":{\"@id\":\"https:\/\/www.ccb.pt\/#website\"},\"primaryImageOfPage\":{\"@id\":\"https:\/\/www.ccb.pt\/en\/evento\/jonaslander-10-anos\/2023-09-22\/#primaryimage\"},\"image\":{\"@id\":\"https:\/\/www.ccb.pt\/en\/evento\/jonaslander-10-anos\/2023-09-22\/#primaryimage\"},\"thumbnailUrl\":\"https:\/\/www.ccb.pt\/wp-content\/uploads\/2023\/06\/SITE_-Cascas-dOvO-4-\u00a9Mariana-Lopes-e1686148182531.jpg\",\"datePublished\":\"2023-06-22T09:00:23+00:00\",\"dateModified\":\"2023-07-13T10:13:20+00:00\",\"description\":\"\\\"Cascas d\u2019OvO\\\" \u00e9 uma pe\u00e7a que explora a comunica\u00e7\u00e3o telep\u00e1tica e rela\u00e7\u00f5es sociais, com uma nova dimens\u00e3o de di\u00e1logo atrav\u00e9s do corpo.\",\"breadcrumb\":{\"@id\":\"https:\/\/www.ccb.pt\/en\/evento\/jonaslander-10-anos\/2023-09-22\/#breadcrumb\"},\"inLanguage\":\"en-US\",\"potentialAction\":[{\"@type\":\"ReadAction\",\"target\":[\"https:\/\/www.ccb.pt\/en\/evento\/jonaslander-10-anos\/2023-09-22\/\"]}]},{\"@type\":\"ImageObject\",\"inLanguage\":\"en-US\",\"@id\":\"https:\/\/www.ccb.pt\/en\/evento\/jonaslander-10-anos\/2023-09-22\/#primaryimage\",\"url\":\"https:\/\/www.ccb.pt\/wp-content\/uploads\/2023\/06\/SITE_-Cascas-dOvO-4-\u00a9Mariana-Lopes-e1686148182531.jpg\",\"contentUrl\":\"https:\/\/www.ccb.pt\/wp-content\/uploads\/2023\/06\/SITE_-Cascas-dOvO-4-\u00a9Mariana-Lopes-e1686148182531.jpg\",\"width\":1300,\"height\":618,\"caption\":\"\u00a9Mariana Lopes\"},{\"@type\":\"BreadcrumbList\",\"@id\":\"https:\/\/www.ccb.pt\/en\/evento\/jonaslander-10-anos\/2023-09-22\/#breadcrumb\",\"itemListElement\":[{\"@type\":\"ListItem\",\"position\":1,\"name\":\"Home\",\"item\":\"https:\/\/www.ccb.pt\/en\/\"},{\"@type\":\"ListItem\",\"position\":2,\"name\":\"Eventos\",\"item\":\"https:\/\/www.ccb.pt\/eventos\/\"},{\"@type\":\"ListItem\",\"position\":3,\"name\":\"Jonas&amp;Lander | 10 Years\"}]},{\"@type\":\"WebSite\",\"@id\":\"https:\/\/www.ccb.pt\/#website\",\"url\":\"https:\/\/www.ccb.pt\/\",\"name\":\"Centro Cultural de Bel\u00e9m Foundation\",\"description\":\"\",\"publisher\":{\"@id\":\"https:\/\/www.ccb.pt\/#organization\"},\"potentialAction\":[{\"@type\":\"SearchAction\",\"target\":{\"@type\":\"EntryPoint\",\"urlTemplate\":\"https:\/\/www.ccb.pt\/?s={search_term_string}\"},\"query-input\":\"required name=search_term_string\"}],\"inLanguage\":\"en-US\"},{\"@type\":\"Organization\",\"@id\":\"https:\/\/www.ccb.pt\/#organization\",\"name\":\"Centro Cultural de Bel\u00e9m Foundation\",\"url\":\"https:\/\/www.ccb.pt\/\",\"logo\":{\"@type\":\"ImageObject\",\"inLanguage\":\"en-US\",\"@id\":\"https:\/\/www.ccb.pt\/#\/schema\/logo\/image\/\",\"url\":\"https:\/\/www.ccb.pt\/wp-content\/uploads\/2022\/05\/1_ccb.png\",\"contentUrl\":\"https:\/\/www.ccb.pt\/wp-content\/uploads\/2022\/05\/1_ccb.png\",\"width\":126,\"height\":100,\"caption\":\"Centro Cultural de Bel\u00e9m Foundation\"},\"image\":{\"@id\":\"https:\/\/www.ccb.pt\/#\/schema\/logo\/image\/\"},\"sameAs\":[\"https:\/\/twitter.com\/macccb_museu\"]}]}<\/script>\n<!-- \/ Yoast SEO plugin. -->","yoast_head_json":{"title":"Jonas&amp;Lander | 10 Years - Centro Cultural de Bel\u00e9m Foundation","description":"\"Cascas d\u2019OvO\" \u00e9 uma pe\u00e7a que explora a comunica\u00e7\u00e3o telep\u00e1tica e rela\u00e7\u00f5es sociais, com uma nova dimens\u00e3o de di\u00e1logo atrav\u00e9s do corpo.","robots":{"index":"index","follow":"follow","max-snippet":"max-snippet:-1","max-image-preview":"max-image-preview:large","max-video-preview":"max-video-preview:-1"},"canonical":"https:\/\/www.ccb.pt\/en\/evento\/jonaslander-10-anos\/2023-09-22\/","og_locale":"en_US","og_type":"article","og_title":"Jonas&amp;Lander | 10 Years - Centro Cultural de Bel\u00e9m Foundation","og_description":"\"Cascas d\u2019OvO\" \u00e9 uma pe\u00e7a que explora a comunica\u00e7\u00e3o telep\u00e1tica e rela\u00e7\u00f5es sociais, com uma nova dimens\u00e3o de di\u00e1logo atrav\u00e9s do corpo.","og_url":"https:\/\/www.ccb.pt\/en\/evento\/jonaslander-10-anos\/2023-09-22\/","og_site_name":"Centro Cultural de Bel\u00e9m Foundation","article_modified_time":"2023-07-13T10:13:20+00:00","og_image":[{"width":1920,"height":1080,"url":"https:\/\/www.ccb.pt\/wp-content\/uploads\/2023\/06\/FNAC_-Cascas-dOvO-4-\u00a9Mariana-Lopes.jpg","type":"image\/jpeg"}],"twitter_card":"summary_large_image","twitter_site":"@macccb_museu","twitter_misc":{"Est. reading time":"1 minute"},"schema":{"@context":"https:\/\/schema.org","@graph":[{"@type":"WebPage","@id":"https:\/\/www.ccb.pt\/en\/evento\/jonaslander-10-anos\/2023-09-22\/","url":"https:\/\/www.ccb.pt\/en\/evento\/jonaslander-10-anos\/2023-09-22\/","name":"Jonas&amp;Lander | 10 Years - Centro Cultural de Bel\u00e9m Foundation","isPartOf":{"@id":"https:\/\/www.ccb.pt\/#website"},"primaryImageOfPage":{"@id":"https:\/\/www.ccb.pt\/en\/evento\/jonaslander-10-anos\/2023-09-22\/#primaryimage"},"image":{"@id":"https:\/\/www.ccb.pt\/en\/evento\/jonaslander-10-anos\/2023-09-22\/#primaryimage"},"thumbnailUrl":"https:\/\/www.ccb.pt\/wp-content\/uploads\/2023\/06\/SITE_-Cascas-dOvO-4-\u00a9Mariana-Lopes-e1686148182531.jpg","datePublished":"2023-06-22T09:00:23+00:00","dateModified":"2023-07-13T10:13:20+00:00","description":"\"Cascas d\u2019OvO\" \u00e9 uma pe\u00e7a que explora a comunica\u00e7\u00e3o telep\u00e1tica e rela\u00e7\u00f5es sociais, com uma nova dimens\u00e3o de di\u00e1logo atrav\u00e9s do corpo.","breadcrumb":{"@id":"https:\/\/www.ccb.pt\/en\/evento\/jonaslander-10-anos\/2023-09-22\/#breadcrumb"},"inLanguage":"en-US","potentialAction":[{"@type":"ReadAction","target":["https:\/\/www.ccb.pt\/en\/evento\/jonaslander-10-anos\/2023-09-22\/"]}]},{"@type":"ImageObject","inLanguage":"en-US","@id":"https:\/\/www.ccb.pt\/en\/evento\/jonaslander-10-anos\/2023-09-22\/#primaryimage","url":"https:\/\/www.ccb.pt\/wp-content\/uploads\/2023\/06\/SITE_-Cascas-dOvO-4-\u00a9Mariana-Lopes-e1686148182531.jpg","contentUrl":"https:\/\/www.ccb.pt\/wp-content\/uploads\/2023\/06\/SITE_-Cascas-dOvO-4-\u00a9Mariana-Lopes-e1686148182531.jpg","width":1300,"height":618,"caption":"\u00a9Mariana Lopes"},{"@type":"BreadcrumbList","@id":"https:\/\/www.ccb.pt\/en\/evento\/jonaslander-10-anos\/2023-09-22\/#breadcrumb","itemListElement":[{"@type":"ListItem","position":1,"name":"Home","item":"https:\/\/www.ccb.pt\/en\/"},{"@type":"ListItem","position":2,"name":"Eventos","item":"https:\/\/www.ccb.pt\/eventos\/"},{"@type":"ListItem","position":3,"name":"Jonas&amp;Lander | 10 Years"}]},{"@type":"WebSite","@id":"https:\/\/www.ccb.pt\/#website","url":"https:\/\/www.ccb.pt\/","name":"Centro Cultural de Bel\u00e9m Foundation","description":"","publisher":{"@id":"https:\/\/www.ccb.pt\/#organization"},"potentialAction":[{"@type":"SearchAction","target":{"@type":"EntryPoint","urlTemplate":"https:\/\/www.ccb.pt\/?s={search_term_string}"},"query-input":"required name=search_term_string"}],"inLanguage":"en-US"},{"@type":"Organization","@id":"https:\/\/www.ccb.pt\/#organization","name":"Centro Cultural de Bel\u00e9m Foundation","url":"https:\/\/www.ccb.pt\/","logo":{"@type":"ImageObject","inLanguage":"en-US","@id":"https:\/\/www.ccb.pt\/#\/schema\/logo\/image\/","url":"https:\/\/www.ccb.pt\/wp-content\/uploads\/2022\/05\/1_ccb.png","contentUrl":"https:\/\/www.ccb.pt\/wp-content\/uploads\/2022\/05\/1_ccb.png","width":126,"height":100,"caption":"Centro Cultural de Bel\u00e9m Foundation"},"image":{"@id":"https:\/\/www.ccb.pt\/#\/schema\/logo\/image\/"},"sameAs":["https:\/\/twitter.com\/macccb_museu"]}]}},"_links":{"self":[{"href":"https:\/\/www.ccb.pt\/en\/wp-json\/wp\/v2\/tribe_events\/126823"}],"collection":[{"href":"https:\/\/www.ccb.pt\/en\/wp-json\/wp\/v2\/tribe_events"}],"about":[{"href":"https:\/\/www.ccb.pt\/en\/wp-json\/wp\/v2\/types\/tribe_events"}],"author":[{"embeddable":true,"href":"https:\/\/www.ccb.pt\/en\/wp-json\/wp\/v2\/users\/6"}],"replies":[{"embeddable":true,"href":"https:\/\/www.ccb.pt\/en\/wp-json\/wp\/v2\/comments?post=126823"}],"version-history":[{"count":2,"href":"https:\/\/www.ccb.pt\/en\/wp-json\/wp\/v2\/tribe_events\/126823\/revisions"}],"predecessor-version":[{"id":126825,"href":"https:\/\/www.ccb.pt\/en\/wp-json\/wp\/v2\/tribe_events\/126823\/revisions\/126825"}],"wp:featuredmedia":[{"embeddable":true,"href":"https:\/\/www.ccb.pt\/en\/wp-json\/wp\/v2\/media\/123021"}],"wp:attachment":[{"href":"https:\/\/www.ccb.pt\/en\/wp-json\/wp\/v2\/media?parent=126823"}],"wp:term":[{"taxonomy":"tribe_events_cat","embeddable":true,"href":"https:\/\/www.ccb.pt\/en\/wp-json\/wp\/v2\/tribe_events_cat?post=126823"},{"taxonomy":"tags_tema","embeddable":true,"href":"https:\/\/www.ccb.pt\/en\/wp-json\/wp\/v2\/tags_tema?post=126823"},{"taxonomy":"idades","embeddable":true,"href":"https:\/\/www.ccb.pt\/en\/wp-json\/wp\/v2\/idades?post=126823"},{"taxonomy":"tipos","embeddable":true,"href":"https:\/\/www.ccb.pt\/en\/wp-json\/wp\/v2\/tipos?post=126823"},{"taxonomy":"temas","embeddable":true,"href":"https:\/\/www.ccb.pt\/en\/wp-json\/wp\/v2\/temas?post=126823"},{"taxonomy":"categorias_hubspot","embeddable":true,"href":"https:\/\/www.ccb.pt\/en\/wp-json\/wp\/v2\/categorias_hubspot?post=126823"}],"curies":[{"name":"wp","href":"https:\/\/api.w.org\/{rel}","templated":true}]}}

<!-- This site is optimized with the Yoast SEO plugin v22.3 - https://yoast.com/wordpress/plugins/seo/ -->
<title>Jonas&amp;Lander | 10 Years - Centro Cultural de Belém Foundation</title>
<meta name="description" content="&quot;Cascas d’OvO&quot; é uma peça que explora a comunicação telepática e relações sociais, com uma nova dimensão de diálogo através do corpo." />
<meta name="robots" content="index, follow, max-snippet:-1, max-image-preview:large, max-video-preview:-1" />
<link rel="canonical" href="https://www.ccb.pt/en/evento/jonaslander-10-anos/2023-09-22/" />
<meta property="og:locale" content="en_US" />
<meta property="og:type" content="article" />
<meta property="og:title" content="Jonas&amp;Lander | 10 Years - Centro Cultural de Belém Foundation" />
<meta property="og:description" content="&quot;Cascas d’OvO&quot; é uma peça que explora a comunicação telepática e relações sociais, com uma nova dimensão de diálogo através do corpo." />
<meta property="og:url" content="https://www.ccb.pt/en/evento/jonaslander-10-anos/2023-09-22/" />
<meta property="og:site_name" content="Centro Cultural de Belém Foundation" />
<meta property="article:modified_time" content="2023-07-13T10:13:20+00:00" />
<meta property="og:image" content="https://www.ccb.pt/wp-content/uploads/2023/06/FNAC_-Cascas-dOvO-4-©Mariana-Lopes.jpg" />
	<meta property="og:image:width" content="1920" />
	<meta property="og:image:height" content="1080" />
	<meta property="og:image:type" content="image/jpeg" />
<meta name="twitter:card" content="summary_large_image" />
<meta name="twitter:site" content="@macccb_museu" />
<meta name="twitter:label1" content="Est. reading time" />
	<meta name="twitter:data1" content="1 minute" />
<script type="application/ld+json" class="yoast-schema-graph">{"@context":"https://schema.org","@graph":[{"@type":"WebPage","@id":"https://www.ccb.pt/en/evento/jonaslander-10-anos/2023-09-22/","url":"https://www.ccb.pt/en/evento/jonaslander-10-anos/2023-09-22/","name":"Jonas&amp;Lander | 10 Years - Centro Cultural de Belém Foundation","isPartOf":{"@id":"https://www.ccb.pt/#website"},"primaryImageOfPage":{"@id":"https://www.ccb.pt/en/evento/jonaslander-10-anos/2023-09-22/#primaryimage"},"image":{"@id":"https://www.ccb.pt/en/evento/jonaslander-10-anos/2023-09-22/#primaryimage"},"thumbnailUrl":"https://www.ccb.pt/wp-content/uploads/2023/06/SITE_-Cascas-dOvO-4-©Mariana-Lopes-e1686148182531.jpg","datePublished":"2023-06-22T09:00:23+00:00","dateModified":"2023-07-13T10:13:20+00:00","description":"\"Cascas d’OvO\" é uma peça que explora a comunicação telepática e relações sociais, com uma nova dimensão de diálogo através do corpo.","breadcrumb":{"@id":"https://www.ccb.pt/en/evento/jonaslander-10-anos/2023-09-22/#breadcrumb"},"inLanguage":"en-US","potentialAction":[{"@type":"ReadAction","target":["https://www.ccb.pt/en/evento/jonaslander-10-anos/2023-09-22/"]}]},{"@type":"ImageObject","inLanguage":"en-US","@id":"https://www.ccb.pt/en/evento/jonaslander-10-anos/2023-09-22/#primaryimage","url":"https://www.ccb.pt/wp-content/uploads/2023/06/SITE_-Cascas-dOvO-4-©Mariana-Lopes-e1686148182531.jpg","contentUrl":"https://www.ccb.pt/wp-content/uploads/2023/06/SITE_-Cascas-dOvO-4-©Mariana-Lopes-e1686148182531.jpg","width":1300,"height":618,"caption":"©Mariana Lopes"},{"@type":"BreadcrumbList","@id":"https://www.ccb.pt/en/evento/jonaslander-10-anos/2023-09-22/#breadcrumb","itemListElement":[{"@type":"ListItem","position":1,"name":"Home","item":"https://www.ccb.pt/en/"},{"@type":"ListItem","position":2,"name":"Eventos","item":"https://www.ccb.pt/eventos/"},{"@type":"ListItem","position":3,"name":"Jonas&amp;Lander | 10 Years"}]},{"@type":"WebSite","@id":"https://www.ccb.pt/#website","url":"https://www.ccb.pt/","name":"Centro Cultural de Belém Foundation","description":"","publisher":{"@id":"https://www.ccb.pt/#organization"},"potentialAction":[{"@type":"SearchAction","target":{"@type":"EntryPoint","urlTemplate":"https://www.ccb.pt/?s={search_term_string}"},"query-input":"required name=search_term_string"}],"inLanguage":"en-US"},{"@type":"Organization","@id":"https://www.ccb.pt/#organization","name":"Centro Cultural de Belém Foundation","url":"https://www.ccb.pt/","logo":{"@type":"ImageObject","inLanguage":"en-US","@id":"https://www.ccb.pt/#/schema/logo/image/","url":"https://www.ccb.pt/wp-content/uploads/2022/05/1_ccb.png","contentUrl":"https://www.ccb.pt/wp-content/uploads/2022/05/1_ccb.png","width":126,"height":100,"caption":"Centro Cultural de Belém Foundation"},"image":{"@id":"https://www.ccb.pt/#/schema/logo/image/"},"sameAs":["https://twitter.com/macccb_museu"]}]}</script>
<!-- / Yoast SEO plugin. -->

Jonas&amp;Lander | 10 Years - Centro Cultural de Belém Foundation

"Cascas d’OvO" é uma peça que explora a comunicação telepática e relações sociais, com uma nova dimensão de diálogo através do corpo.

Centro Cultural de Belém Foundation
