    {"id":126818,"date":"2023-06-22T10:00:15","date_gmt":"2023-06-22T09:00:15","guid":{"rendered":"https:\/\/www.ccb.pt\/evento\/jonaslander-10-anos-2\/"},"modified":"2023-07-13T10:32:37","modified_gmt":"2023-07-13T09:32:37","slug":"jonaslander-10-anos-2","status":"publish","type":"tribe_events","link":"https:\/\/www.ccb.pt\/en\/evento\/jonaslander-10-anos-2\/2023-09-22\/","title":{"rendered":"Jonas&amp;Lander | 10 Years"},"content":{"rendered":"<p><em>Coin Operated<\/em> appears in Jonas&amp;Lander&#8217;s artistic path following an invitation by BoCA \u2013 Biennial of Contemporary Arts. In this invitation, the duo was instigated to develop their practices in a museum context. The show is an installation-performance directed to non-conventional spaces, where the dialogue with the public is direct and the continuity of the performance depends on the dynamics of this same dialogue. The mutation between installation and performance occurs through the public being invited to introduce 1\u20ac coins into the slot of two horses where Jonas and Lander are sitting in a suffocating immobility. From that moment, when the connection between horse and coin takes place, the installation ends to give way to the performance. With this work, Jonas&amp;Lander intend a new approach with the spectator, in which the latter takes an active role in the consequence and dynamics of the action, celebrating an unexpected dialogue at each performance.<\/p>\n","protected":false},"excerpt":{"rendered":"<p>Coin Operated appears in Jonas&amp;Lander&#8217;s artistic path following an invitation by BoCA \u2013 Biennial of Contemporary Arts. In this invitation, the duo was instigated to develop their practices in a museum context. The show is an installation-performance directed to non-conventional spaces, where the dialogue with the public is direct and the continuity of the performance [&hellip;]<\/p>\n","protected":false},"author":6,"featured_media":122913,"comment_status":"closed","ping_status":"closed","template":"","meta":{"_relevanssi_hide_post":"","_relevanssi_pin_for_all":"","_relevanssi_pin_keywords":"","_relevanssi_unpin_keywords":"","_relevanssi_related_keywords":"","_relevanssi_related_include_ids":"","_relevanssi_related_exclude_ids":"","_relevanssi_related_no_append":"","_relevanssi_related_not_related":"","_relevanssi_related_posts":"","_relevanssi_noindex_reason":""},"tribe_events_cat":[596,23],"tags_tema":[],"idades":[],"tipos":[],"temas":[],"categorias_hubspot":[],"acf":[],"yoast_head":"<!-- This site is optimized with the Yoast SEO plugin v22.3 - https:\/\/yoast.com\/wordpress\/plugins\/seo\/ -->\n<title>Jonas&amp;Lander | 10 Years - Centro Cultural de Bel\u00e9m Foundation<\/title>\n<meta name=\"description\" content=\"Coin Operated \u00e9 instala\u00e7\u00e3o-performance direcionada para espa\u00e7os n\u00e3o convencionais e interativa com moedas que geram um di\u00e1logo surpreendente.\" \/>\n<meta name=\"robots\" content=\"index, follow, max-snippet:-1, max-image-preview:large, max-video-preview:-1\" \/>\n<link rel=\"canonical\" href=\"https:\/\/www.ccb.pt\/en\/evento\/jonaslander-10-anos-2\/2023-09-22\/\" \/>\n<meta property=\"og:locale\" content=\"en_US\" \/>\n<meta property=\"og:type\" content=\"article\" \/>\n<meta property=\"og:title\" content=\"Jonas&amp;Lander | 10 Years - Centro Cultural de Bel\u00e9m Foundation\" \/>\n<meta property=\"og:description\" content=\"Coin Operated \u00e9 instala\u00e7\u00e3o-performance direcionada para espa\u00e7os n\u00e3o convencionais e interativa com moedas que geram um di\u00e1logo surpreendente.\" \/>\n<meta property=\"og:url\" content=\"https:\/\/www.ccb.pt\/en\/evento\/jonaslander-10-anos-2\/2023-09-22\/\" \/>\n<meta property=\"og:site_name\" content=\"Centro Cultural de Bel\u00e9m Foundation\" \/>\n<meta property=\"article:modified_time\" content=\"2023-07-13T09:32:37+00:00\" \/>\n<meta property=\"og:image\" content=\"https:\/\/www.ccb.pt\/wp-content\/uploads\/2023\/06\/fnac_-Coin-Operated-2-\u00a9Dainius-Putinas.jpg\" \/>\n\t<meta property=\"og:image:width\" content=\"1920\" \/>\n\t<meta property=\"og:image:height\" content=\"1080\" \/>\n\t<meta property=\"og:image:type\" content=\"image\/jpeg\" \/>\n<meta name=\"twitter:card\" content=\"summary_large_image\" \/>\n<meta name=\"twitter:site\" content=\"@macccb_museu\" \/>\n<meta name=\"twitter:label1\" content=\"Est. reading time\" \/>\n\t<meta name=\"twitter:data1\" content=\"1 minute\" \/>\n<script type=\"application\/ld+json\" class=\"yoast-schema-graph\">{\"@context\":\"https:\/\/schema.org\",\"@graph\":[{\"@type\":\"WebPage\",\"@id\":\"https:\/\/www.ccb.pt\/en\/evento\/jonaslander-10-anos-2\/2023-09-22\/\",\"url\":\"https:\/\/www.ccb.pt\/en\/evento\/jonaslander-10-anos-2\/2023-09-22\/\",\"name\":\"Jonas&amp;Lander | 10 Years - Centro Cultural de Bel\u00e9m Foundation\",\"isPartOf\":{\"@id\":\"https:\/\/www.ccb.pt\/#website\"},\"primaryImageOfPage\":{\"@id\":\"https:\/\/www.ccb.pt\/en\/evento\/jonaslander-10-anos-2\/2023-09-22\/#primaryimage\"},\"image\":{\"@id\":\"https:\/\/www.ccb.pt\/en\/evento\/jonaslander-10-anos-2\/2023-09-22\/#primaryimage\"},\"thumbnailUrl\":\"https:\/\/www.ccb.pt\/wp-content\/uploads\/2023\/05\/SITE_-Coin-Operated-2-\u00a9Dainius-Putinas-e1686146668789.jpg\",\"datePublished\":\"2023-06-22T09:00:15+00:00\",\"dateModified\":\"2023-07-13T09:32:37+00:00\",\"description\":\"Coin Operated \u00e9 instala\u00e7\u00e3o-performance direcionada para espa\u00e7os n\u00e3o convencionais e interativa com moedas que geram um di\u00e1logo surpreendente.\",\"breadcrumb\":{\"@id\":\"https:\/\/www.ccb.pt\/en\/evento\/jonaslander-10-anos-2\/2023-09-22\/#breadcrumb\"},\"inLanguage\":\"en-US\",\"potentialAction\":[{\"@type\":\"ReadAction\",\"target\":[\"https:\/\/www.ccb.pt\/en\/evento\/jonaslander-10-anos-2\/2023-09-22\/\"]}]},{\"@type\":\"ImageObject\",\"inLanguage\":\"en-US\",\"@id\":\"https:\/\/www.ccb.pt\/en\/evento\/jonaslander-10-anos-2\/2023-09-22\/#primaryimage\",\"url\":\"https:\/\/www.ccb.pt\/wp-content\/uploads\/2023\/05\/SITE_-Coin-Operated-2-\u00a9Dainius-Putinas-e1686146668789.jpg\",\"contentUrl\":\"https:\/\/www.ccb.pt\/wp-content\/uploads\/2023\/05\/SITE_-Coin-Operated-2-\u00a9Dainius-Putinas-e1686146668789.jpg\",\"width\":1300,\"height\":618,\"caption\":\"\u00a9Dainius Putinas\"},{\"@type\":\"BreadcrumbList\",\"@id\":\"https:\/\/www.ccb.pt\/en\/evento\/jonaslander-10-anos-2\/2023-09-22\/#breadcrumb\",\"itemListElement\":[{\"@type\":\"ListItem\",\"position\":1,\"name\":\"Home\",\"item\":\"https:\/\/www.ccb.pt\/en\/\"},{\"@type\":\"ListItem\",\"position\":2,\"name\":\"Eventos\",\"item\":\"https:\/\/www.ccb.pt\/eventos\/\"},{\"@type\":\"ListItem\",\"position\":3,\"name\":\"Jonas&amp;Lander | 10 Years\"}]},{\"@type\":\"WebSite\",\"@id\":\"https:\/\/www.ccb.pt\/#website\",\"url\":\"https:\/\/www.ccb.pt\/\",\"name\":\"Centro Cultural de Bel\u00e9m Foundation\",\"description\":\"\",\"publisher\":{\"@id\":\"https:\/\/www.ccb.pt\/#organization\"},\"potentialAction\":[{\"@type\":\"SearchAction\",\"target\":{\"@type\":\"EntryPoint\",\"urlTemplate\":\"https:\/\/www.ccb.pt\/?s={search_term_string}\"},\"query-input\":\"required name=search_term_string\"}],\"inLanguage\":\"en-US\"},{\"@type\":\"Organization\",\"@id\":\"https:\/\/www.ccb.pt\/#organization\",\"name\":\"Centro Cultural de Bel\u00e9m Foundation\",\"url\":\"https:\/\/www.ccb.pt\/\",\"logo\":{\"@type\":\"ImageObject\",\"inLanguage\":\"en-US\",\"@id\":\"https:\/\/www.ccb.pt\/#\/schema\/logo\/image\/\",\"url\":\"https:\/\/www.ccb.pt\/wp-content\/uploads\/2022\/05\/1_ccb.png\",\"contentUrl\":\"https:\/\/www.ccb.pt\/wp-content\/uploads\/2022\/05\/1_ccb.png\",\"width\":126,\"height\":100,\"caption\":\"Centro Cultural de Bel\u00e9m Foundation\"},\"image\":{\"@id\":\"https:\/\/www.ccb.pt\/#\/schema\/logo\/image\/\"},\"sameAs\":[\"https:\/\/twitter.com\/macccb_museu\"]}]}<\/script>\n<!-- \/ Yoast SEO plugin. -->","yoast_head_json":{"title":"Jonas&amp;Lander | 10 Years - Centro Cultural de Bel\u00e9m Foundation","description":"Coin Operated \u00e9 instala\u00e7\u00e3o-performance direcionada para espa\u00e7os n\u00e3o convencionais e interativa com moedas que geram um di\u00e1logo surpreendente.","robots":{"index":"index","follow":"follow","max-snippet":"max-snippet:-1","max-image-preview":"max-image-preview:large","max-video-preview":"max-video-preview:-1"},"canonical":"https:\/\/www.ccb.pt\/en\/evento\/jonaslander-10-anos-2\/2023-09-22\/","og_locale":"en_US","og_type":"article","og_title":"Jonas&amp;Lander | 10 Years - Centro Cultural de Bel\u00e9m Foundation","og_description":"Coin Operated \u00e9 instala\u00e7\u00e3o-performance direcionada para espa\u00e7os n\u00e3o convencionais e interativa com moedas que geram um di\u00e1logo surpreendente.","og_url":"https:\/\/www.ccb.pt\/en\/evento\/jonaslander-10-anos-2\/2023-09-22\/","og_site_name":"Centro Cultural de Bel\u00e9m Foundation","article_modified_time":"2023-07-13T09:32:37+00:00","og_image":[{"width":1920,"height":1080,"url":"https:\/\/www.ccb.pt\/wp-content\/uploads\/2023\/06\/fnac_-Coin-Operated-2-\u00a9Dainius-Putinas.jpg","type":"image\/jpeg"}],"twitter_card":"summary_large_image","twitter_site":"@macccb_museu","twitter_misc":{"Est. reading time":"1 minute"},"schema":{"@context":"https:\/\/schema.org","@graph":[{"@type":"WebPage","@id":"https:\/\/www.ccb.pt\/en\/evento\/jonaslander-10-anos-2\/2023-09-22\/","url":"https:\/\/www.ccb.pt\/en\/evento\/jonaslander-10-anos-2\/2023-09-22\/","name":"Jonas&amp;Lander | 10 Years - Centro Cultural de Bel\u00e9m Foundation","isPartOf":{"@id":"https:\/\/www.ccb.pt\/#website"},"primaryImageOfPage":{"@id":"https:\/\/www.ccb.pt\/en\/evento\/jonaslander-10-anos-2\/2023-09-22\/#primaryimage"},"image":{"@id":"https:\/\/www.ccb.pt\/en\/evento\/jonaslander-10-anos-2\/2023-09-22\/#primaryimage"},"thumbnailUrl":"https:\/\/www.ccb.pt\/wp-content\/uploads\/2023\/05\/SITE_-Coin-Operated-2-\u00a9Dainius-Putinas-e1686146668789.jpg","datePublished":"2023-06-22T09:00:15+00:00","dateModified":"2023-07-13T09:32:37+00:00","description":"Coin Operated \u00e9 instala\u00e7\u00e3o-performance direcionada para espa\u00e7os n\u00e3o convencionais e interativa com moedas que geram um di\u00e1logo surpreendente.","breadcrumb":{"@id":"https:\/\/www.ccb.pt\/en\/evento\/jonaslander-10-anos-2\/2023-09-22\/#breadcrumb"},"inLanguage":"en-US","potentialAction":[{"@type":"ReadAction","target":["https:\/\/www.ccb.pt\/en\/evento\/jonaslander-10-anos-2\/2023-09-22\/"]}]},{"@type":"ImageObject","inLanguage":"en-US","@id":"https:\/\/www.ccb.pt\/en\/evento\/jonaslander-10-anos-2\/2023-09-22\/#primaryimage","url":"https:\/\/www.ccb.pt\/wp-content\/uploads\/2023\/05\/SITE_-Coin-Operated-2-\u00a9Dainius-Putinas-e1686146668789.jpg","contentUrl":"https:\/\/www.ccb.pt\/wp-content\/uploads\/2023\/05\/SITE_-Coin-Operated-2-\u00a9Dainius-Putinas-e1686146668789.jpg","width":1300,"height":618,"caption":"\u00a9Dainius Putinas"},{"@type":"BreadcrumbList","@id":"https:\/\/www.ccb.pt\/en\/evento\/jonaslander-10-anos-2\/2023-09-22\/#breadcrumb","itemListElement":[{"@type":"ListItem","position":1,"name":"Home","item":"https:\/\/www.ccb.pt\/en\/"},{"@type":"ListItem","position":2,"name":"Eventos","item":"https:\/\/www.ccb.pt\/eventos\/"},{"@type":"ListItem","position":3,"name":"Jonas&amp;Lander | 10 Years"}]},{"@type":"WebSite","@id":"https:\/\/www.ccb.pt\/#website","url":"https:\/\/www.ccb.pt\/","name":"Centro Cultural de Bel\u00e9m Foundation","description":"","publisher":{"@id":"https:\/\/www.ccb.pt\/#organization"},"potentialAction":[{"@type":"SearchAction","target":{"@type":"EntryPoint","urlTemplate":"https:\/\/www.ccb.pt\/?s={search_term_string}"},"query-input":"required name=search_term_string"}],"inLanguage":"en-US"},{"@type":"Organization","@id":"https:\/\/www.ccb.pt\/#organization","name":"Centro Cultural de Bel\u00e9m Foundation","url":"https:\/\/www.ccb.pt\/","logo":{"@type":"ImageObject","inLanguage":"en-US","@id":"https:\/\/www.ccb.pt\/#\/schema\/logo\/image\/","url":"https:\/\/www.ccb.pt\/wp-content\/uploads\/2022\/05\/1_ccb.png","contentUrl":"https:\/\/www.ccb.pt\/wp-content\/uploads\/2022\/05\/1_ccb.png","width":126,"height":100,"caption":"Centro Cultural de Bel\u00e9m Foundation"},"image":{"@id":"https:\/\/www.ccb.pt\/#\/schema\/logo\/image\/"},"sameAs":["https:\/\/twitter.com\/macccb_museu"]}]}},"_links":{"self":[{"href":"https:\/\/www.ccb.pt\/en\/wp-json\/wp\/v2\/tribe_events\/126818"}],"collection":[{"href":"https:\/\/www.ccb.pt\/en\/wp-json\/wp\/v2\/tribe_events"}],"about":[{"href":"https:\/\/www.ccb.pt\/en\/wp-json\/wp\/v2\/types\/tribe_events"}],"author":[{"embeddable":true,"href":"https:\/\/www.ccb.pt\/en\/wp-json\/wp\/v2\/users\/6"}],"replies":[{"embeddable":true,"href":"https:\/\/www.ccb.pt\/en\/wp-json\/wp\/v2\/comments?post=126818"}],"version-history":[{"count":2,"href":"https:\/\/www.ccb.pt\/en\/wp-json\/wp\/v2\/tribe_events\/126818\/revisions"}],"predecessor-version":[{"id":126820,"href":"https:\/\/www.ccb.pt\/en\/wp-json\/wp\/v2\/tribe_events\/126818\/revisions\/126820"}],"wp:featuredmedia":[{"embeddable":true,"href":"https:\/\/www.ccb.pt\/en\/wp-json\/wp\/v2\/media\/122913"}],"wp:attachment":[{"href":"https:\/\/www.ccb.pt\/en\/wp-json\/wp\/v2\/media?parent=126818"}],"wp:term":[{"taxonomy":"tribe_events_cat","embeddable":true,"href":"https:\/\/www.ccb.pt\/en\/wp-json\/wp\/v2\/tribe_events_cat?post=126818"},{"taxonomy":"tags_tema","embeddable":true,"href":"https:\/\/www.ccb.pt\/en\/wp-json\/wp\/v2\/tags_tema?post=126818"},{"taxonomy":"idades","embeddable":true,"href":"https:\/\/www.ccb.pt\/en\/wp-json\/wp\/v2\/idades?post=126818"},{"taxonomy":"tipos","embeddable":true,"href":"https:\/\/www.ccb.pt\/en\/wp-json\/wp\/v2\/tipos?post=126818"},{"taxonomy":"temas","embeddable":true,"href":"https:\/\/www.ccb.pt\/en\/wp-json\/wp\/v2\/temas?post=126818"},{"taxonomy":"categorias_hubspot","embeddable":true,"href":"https:\/\/www.ccb.pt\/en\/wp-json\/wp\/v2\/categorias_hubspot?post=126818"}],"curies":[{"name":"wp","href":"https:\/\/api.w.org\/{rel}","templated":true}]}}

<!-- This site is optimized with the Yoast SEO plugin v22.3 - https://yoast.com/wordpress/plugins/seo/ -->
<title>Jonas&amp;Lander | 10 Years - Centro Cultural de Belém Foundation</title>
<meta name="description" content="Coin Operated é instalação-performance direcionada para espaços não convencionais e interativa com moedas que geram um diálogo surpreendente." />
<meta name="robots" content="index, follow, max-snippet:-1, max-image-preview:large, max-video-preview:-1" />
<link rel="canonical" href="https://www.ccb.pt/en/evento/jonaslander-10-anos-2/2023-09-22/" />
<meta property="og:locale" content="en_US" />
<meta property="og:type" content="article" />
<meta property="og:title" content="Jonas&amp;Lander | 10 Years - Centro Cultural de Belém Foundation" />
<meta property="og:description" content="Coin Operated é instalação-performance direcionada para espaços não convencionais e interativa com moedas que geram um diálogo surpreendente." />
<meta property="og:url" content="https://www.ccb.pt/en/evento/jonaslander-10-anos-2/2023-09-22/" />
<meta property="og:site_name" content="Centro Cultural de Belém Foundation" />
<meta property="article:modified_time" content="2023-07-13T09:32:37+00:00" />
<meta property="og:image" content="https://www.ccb.pt/wp-content/uploads/2023/06/fnac_-Coin-Operated-2-©Dainius-Putinas.jpg" />
	<meta property="og:image:width" content="1920" />
	<meta property="og:image:height" content="1080" />
	<meta property="og:image:type" content="image/jpeg" />
<meta name="twitter:card" content="summary_large_image" />
<meta name="twitter:site" content="@macccb_museu" />
<meta name="twitter:label1" content="Est. reading time" />
	<meta name="twitter:data1" content="1 minute" />
<script type="application/ld+json" class="yoast-schema-graph">{"@context":"https://schema.org","@graph":[{"@type":"WebPage","@id":"https://www.ccb.pt/en/evento/jonaslander-10-anos-2/2023-09-22/","url":"https://www.ccb.pt/en/evento/jonaslander-10-anos-2/2023-09-22/","name":"Jonas&amp;Lander | 10 Years - Centro Cultural de Belém Foundation","isPartOf":{"@id":"https://www.ccb.pt/#website"},"primaryImageOfPage":{"@id":"https://www.ccb.pt/en/evento/jonaslander-10-anos-2/2023-09-22/#primaryimage"},"image":{"@id":"https://www.ccb.pt/en/evento/jonaslander-10-anos-2/2023-09-22/#primaryimage"},"thumbnailUrl":"https://www.ccb.pt/wp-content/uploads/2023/05/SITE_-Coin-Operated-2-©Dainius-Putinas-e1686146668789.jpg","datePublished":"2023-06-22T09:00:15+00:00","dateModified":"2023-07-13T09:32:37+00:00","description":"Coin Operated é instalação-performance direcionada para espaços não convencionais e interativa com moedas que geram um diálogo surpreendente.","breadcrumb":{"@id":"https://www.ccb.pt/en/evento/jonaslander-10-anos-2/2023-09-22/#breadcrumb"},"inLanguage":"en-US","potentialAction":[{"@type":"ReadAction","target":["https://www.ccb.pt/en/evento/jonaslander-10-anos-2/2023-09-22/"]}]},{"@type":"ImageObject","inLanguage":"en-US","@id":"https://www.ccb.pt/en/evento/jonaslander-10-anos-2/2023-09-22/#primaryimage","url":"https://www.ccb.pt/wp-content/uploads/2023/05/SITE_-Coin-Operated-2-©Dainius-Putinas-e1686146668789.jpg","contentUrl":"https://www.ccb.pt/wp-content/uploads/2023/05/SITE_-Coin-Operated-2-©Dainius-Putinas-e1686146668789.jpg","width":1300,"height":618,"caption":"©Dainius Putinas"},{"@type":"BreadcrumbList","@id":"https://www.ccb.pt/en/evento/jonaslander-10-anos-2/2023-09-22/#breadcrumb","itemListElement":[{"@type":"ListItem","position":1,"name":"Home","item":"https://www.ccb.pt/en/"},{"@type":"ListItem","position":2,"name":"Eventos","item":"https://www.ccb.pt/eventos/"},{"@type":"ListItem","position":3,"name":"Jonas&amp;Lander | 10 Years"}]},{"@type":"WebSite","@id":"https://www.ccb.pt/#website","url":"https://www.ccb.pt/","name":"Centro Cultural de Belém Foundation","description":"","publisher":{"@id":"https://www.ccb.pt/#organization"},"potentialAction":[{"@type":"SearchAction","target":{"@type":"EntryPoint","urlTemplate":"https://www.ccb.pt/?s={search_term_string}"},"query-input":"required name=search_term_string"}],"inLanguage":"en-US"},{"@type":"Organization","@id":"https://www.ccb.pt/#organization","name":"Centro Cultural de Belém Foundation","url":"https://www.ccb.pt/","logo":{"@type":"ImageObject","inLanguage":"en-US","@id":"https://www.ccb.pt/#/schema/logo/image/","url":"https://www.ccb.pt/wp-content/uploads/2022/05/1_ccb.png","contentUrl":"https://www.ccb.pt/wp-content/uploads/2022/05/1_ccb.png","width":126,"height":100,"caption":"Centro Cultural de Belém Foundation"},"image":{"@id":"https://www.ccb.pt/#/schema/logo/image/"},"sameAs":["https://twitter.com/macccb_museu"]}]}</script>
<!-- / Yoast SEO plugin. -->

Jonas&amp;Lander | 10 Years - Centro Cultural de Belém Foundation

Coin Operated é instalação-performance direcionada para espaços não convencionais e interativa com moedas que geram um diálogo surpreendente.

Centro Cultural de Belém Foundation
