    {"id":126808,"date":"2023-06-22T10:00:23","date_gmt":"2023-06-22T09:00:23","guid":{"rendered":"https:\/\/www.ccb.pt\/evento\/grandes-cantores-para-a-opera-de-hoje\/"},"modified":"2023-07-13T10:04:56","modified_gmt":"2023-07-13T09:04:56","slug":"grandes-cantores-para-a-opera-de-hoje","status":"publish","type":"tribe_events","link":"https:\/\/www.ccb.pt\/en\/evento\/grandes-cantores-para-a-opera-de-hoje\/","title":{"rendered":"<i>Great Singers for Opera Today<\/i>"},"content":{"rendered":"<p>Operafest Lisboa 2023 presents the show <em>Great Singers for Opera Today <\/em>within the scope of the contemporary opera competition Opera Marathon XXI, this year focusing on emerging singers and the interpretation of the opera of our time, in Portuguese, in co-production with the MPMP, Heritage Movement for Portuguese Music.<\/p>\n","protected":false},"excerpt":{"rendered":"<p>Operafest Lisboa 2023 presents the show Great Singers for Opera Today within the scope of the contemporary opera competition Opera Marathon XXI, this year focusing on emerging singers and the interpretation of the opera of our time, in Portuguese, in co-production with the MPMP, Heritage Movement for Portuguese Music.<\/p>\n","protected":false},"author":6,"featured_media":118966,"comment_status":"closed","ping_status":"closed","template":"","meta":{"_relevanssi_hide_post":"","_relevanssi_pin_for_all":"","_relevanssi_pin_keywords":"","_relevanssi_unpin_keywords":"","_relevanssi_related_keywords":"","_relevanssi_related_include_ids":"","_relevanssi_related_exclude_ids":"","_relevanssi_related_no_append":"","_relevanssi_related_not_related":"","_relevanssi_related_posts":"","_relevanssi_noindex_reason":""},"tribe_events_cat":[586,23],"tags_tema":[],"idades":[392],"tipos":[],"temas":[],"categorias_hubspot":[],"acf":[],"yoast_head":"<!-- This site is optimized with the Yoast SEO plugin v22.3 - https:\/\/yoast.com\/wordpress\/plugins\/seo\/ -->\n<title>Great Singers for Opera Today - Centro Cultural de Bel\u00e9m Foundation<\/title>\n<meta name=\"description\" content=\"\u00d3pera contempor\u00e2nea em portugu\u00eas brilha no Operafest Lisboa 2024, com o concurso Maratona \u00d3pera XXI. Saiba mais aqui!\" \/>\n<meta name=\"robots\" content=\"index, follow, max-snippet:-1, max-image-preview:large, max-video-preview:-1\" \/>\n<link rel=\"canonical\" href=\"https:\/\/www.ccb.pt\/en\/evento\/grandes-cantores-para-a-opera-de-hoje\/\" \/>\n<meta property=\"og:locale\" content=\"en_US\" \/>\n<meta property=\"og:type\" content=\"article\" \/>\n<meta property=\"og:title\" content=\"Great Singers for Opera Today - Centro Cultural de Bel\u00e9m Foundation\" \/>\n<meta property=\"og:description\" content=\"\u00d3pera contempor\u00e2nea em portugu\u00eas brilha no Operafest Lisboa 2024, com o concurso Maratona \u00d3pera XXI. Saiba mais aqui!\" \/>\n<meta property=\"og:url\" content=\"https:\/\/www.ccb.pt\/en\/evento\/grandes-cantores-para-a-opera-de-hoje\/\" \/>\n<meta property=\"og:site_name\" content=\"Centro Cultural de Bel\u00e9m Foundation\" \/>\n<meta property=\"article:modified_time\" content=\"2023-07-13T09:04:56+00:00\" \/>\n<meta property=\"og:image\" content=\"https:\/\/www.ccb.pt\/wp-content\/uploads\/2023\/04\/Foto-Maratona-Horizontal-scaled.jpg\" \/>\n\t<meta property=\"og:image:width\" content=\"2560\" \/>\n\t<meta property=\"og:image:height\" content=\"1217\" \/>\n\t<meta property=\"og:image:type\" content=\"image\/jpeg\" \/>\n<meta name=\"twitter:card\" content=\"summary_large_image\" \/>\n<meta name=\"twitter:site\" content=\"@macccb_museu\" \/>\n<meta name=\"twitter:label1\" content=\"Est. reading time\" \/>\n\t<meta name=\"twitter:data1\" content=\"1 minute\" \/>\n<script type=\"application\/ld+json\" class=\"yoast-schema-graph\">{\"@context\":\"https:\/\/schema.org\",\"@graph\":[{\"@type\":\"WebPage\",\"@id\":\"https:\/\/www.ccb.pt\/en\/evento\/grandes-cantores-para-a-opera-de-hoje\/\",\"url\":\"https:\/\/www.ccb.pt\/en\/evento\/grandes-cantores-para-a-opera-de-hoje\/\",\"name\":\"Great Singers for Opera Today - Centro Cultural de Bel\u00e9m Foundation\",\"isPartOf\":{\"@id\":\"https:\/\/www.ccb.pt\/#website\"},\"primaryImageOfPage\":{\"@id\":\"https:\/\/www.ccb.pt\/en\/evento\/grandes-cantores-para-a-opera-de-hoje\/#primaryimage\"},\"image\":{\"@id\":\"https:\/\/www.ccb.pt\/en\/evento\/grandes-cantores-para-a-opera-de-hoje\/#primaryimage\"},\"thumbnailUrl\":\"https:\/\/www.ccb.pt\/wp-content\/uploads\/2023\/04\/Foto-Maratona-Horizontal-scaled.jpg\",\"datePublished\":\"2023-06-22T09:00:23+00:00\",\"dateModified\":\"2023-07-13T09:04:56+00:00\",\"description\":\"\u00d3pera contempor\u00e2nea em portugu\u00eas brilha no Operafest Lisboa 2024, com o concurso Maratona \u00d3pera XXI. Saiba mais aqui!\",\"breadcrumb\":{\"@id\":\"https:\/\/www.ccb.pt\/en\/evento\/grandes-cantores-para-a-opera-de-hoje\/#breadcrumb\"},\"inLanguage\":\"en-US\",\"potentialAction\":[{\"@type\":\"ReadAction\",\"target\":[\"https:\/\/www.ccb.pt\/en\/evento\/grandes-cantores-para-a-opera-de-hoje\/\"]}]},{\"@type\":\"ImageObject\",\"inLanguage\":\"en-US\",\"@id\":\"https:\/\/www.ccb.pt\/en\/evento\/grandes-cantores-para-a-opera-de-hoje\/#primaryimage\",\"url\":\"https:\/\/www.ccb.pt\/wp-content\/uploads\/2023\/04\/Foto-Maratona-Horizontal-scaled.jpg\",\"contentUrl\":\"https:\/\/www.ccb.pt\/wp-content\/uploads\/2023\/04\/Foto-Maratona-Horizontal-scaled.jpg\",\"width\":2560,\"height\":1217,\"caption\":\"4.\u00aa Edi\u00e7\u00e3o Maratona \u00d3pera XXI no CCB\"},{\"@type\":\"BreadcrumbList\",\"@id\":\"https:\/\/www.ccb.pt\/en\/evento\/grandes-cantores-para-a-opera-de-hoje\/#breadcrumb\",\"itemListElement\":[{\"@type\":\"ListItem\",\"position\":1,\"name\":\"Home\",\"item\":\"https:\/\/www.ccb.pt\/en\/\"},{\"@type\":\"ListItem\",\"position\":2,\"name\":\"Eventos\",\"item\":\"https:\/\/www.ccb.pt\/eventos\/\"},{\"@type\":\"ListItem\",\"position\":3,\"name\":\"Great Singers for Opera Today\"}]},{\"@type\":\"WebSite\",\"@id\":\"https:\/\/www.ccb.pt\/#website\",\"url\":\"https:\/\/www.ccb.pt\/\",\"name\":\"Centro Cultural de Bel\u00e9m Foundation\",\"description\":\"\",\"publisher\":{\"@id\":\"https:\/\/www.ccb.pt\/#organization\"},\"potentialAction\":[{\"@type\":\"SearchAction\",\"target\":{\"@type\":\"EntryPoint\",\"urlTemplate\":\"https:\/\/www.ccb.pt\/?s={search_term_string}\"},\"query-input\":\"required name=search_term_string\"}],\"inLanguage\":\"en-US\"},{\"@type\":\"Organization\",\"@id\":\"https:\/\/www.ccb.pt\/#organization\",\"name\":\"Centro Cultural de Bel\u00e9m Foundation\",\"url\":\"https:\/\/www.ccb.pt\/\",\"logo\":{\"@type\":\"ImageObject\",\"inLanguage\":\"en-US\",\"@id\":\"https:\/\/www.ccb.pt\/#\/schema\/logo\/image\/\",\"url\":\"https:\/\/www.ccb.pt\/wp-content\/uploads\/2022\/05\/1_ccb.png\",\"contentUrl\":\"https:\/\/www.ccb.pt\/wp-content\/uploads\/2022\/05\/1_ccb.png\",\"width\":126,\"height\":100,\"caption\":\"Centro Cultural de Bel\u00e9m Foundation\"},\"image\":{\"@id\":\"https:\/\/www.ccb.pt\/#\/schema\/logo\/image\/\"},\"sameAs\":[\"https:\/\/twitter.com\/macccb_museu\"]}]}<\/script>\n<!-- \/ Yoast SEO plugin. -->","yoast_head_json":{"title":"Great Singers for Opera Today - Centro Cultural de Bel\u00e9m Foundation","description":"\u00d3pera contempor\u00e2nea em portugu\u00eas brilha no Operafest Lisboa 2024, com o concurso Maratona \u00d3pera XXI. Saiba mais aqui!","robots":{"index":"index","follow":"follow","max-snippet":"max-snippet:-1","max-image-preview":"max-image-preview:large","max-video-preview":"max-video-preview:-1"},"canonical":"https:\/\/www.ccb.pt\/en\/evento\/grandes-cantores-para-a-opera-de-hoje\/","og_locale":"en_US","og_type":"article","og_title":"Great Singers for Opera Today - Centro Cultural de Bel\u00e9m Foundation","og_description":"\u00d3pera contempor\u00e2nea em portugu\u00eas brilha no Operafest Lisboa 2024, com o concurso Maratona \u00d3pera XXI. Saiba mais aqui!","og_url":"https:\/\/www.ccb.pt\/en\/evento\/grandes-cantores-para-a-opera-de-hoje\/","og_site_name":"Centro Cultural de Bel\u00e9m Foundation","article_modified_time":"2023-07-13T09:04:56+00:00","og_image":[{"width":2560,"height":1217,"url":"https:\/\/www.ccb.pt\/wp-content\/uploads\/2023\/04\/Foto-Maratona-Horizontal-scaled.jpg","type":"image\/jpeg"}],"twitter_card":"summary_large_image","twitter_site":"@macccb_museu","twitter_misc":{"Est. reading time":"1 minute"},"schema":{"@context":"https:\/\/schema.org","@graph":[{"@type":"WebPage","@id":"https:\/\/www.ccb.pt\/en\/evento\/grandes-cantores-para-a-opera-de-hoje\/","url":"https:\/\/www.ccb.pt\/en\/evento\/grandes-cantores-para-a-opera-de-hoje\/","name":"Great Singers for Opera Today - Centro Cultural de Bel\u00e9m Foundation","isPartOf":{"@id":"https:\/\/www.ccb.pt\/#website"},"primaryImageOfPage":{"@id":"https:\/\/www.ccb.pt\/en\/evento\/grandes-cantores-para-a-opera-de-hoje\/#primaryimage"},"image":{"@id":"https:\/\/www.ccb.pt\/en\/evento\/grandes-cantores-para-a-opera-de-hoje\/#primaryimage"},"thumbnailUrl":"https:\/\/www.ccb.pt\/wp-content\/uploads\/2023\/04\/Foto-Maratona-Horizontal-scaled.jpg","datePublished":"2023-06-22T09:00:23+00:00","dateModified":"2023-07-13T09:04:56+00:00","description":"\u00d3pera contempor\u00e2nea em portugu\u00eas brilha no Operafest Lisboa 2024, com o concurso Maratona \u00d3pera XXI. Saiba mais aqui!","breadcrumb":{"@id":"https:\/\/www.ccb.pt\/en\/evento\/grandes-cantores-para-a-opera-de-hoje\/#breadcrumb"},"inLanguage":"en-US","potentialAction":[{"@type":"ReadAction","target":["https:\/\/www.ccb.pt\/en\/evento\/grandes-cantores-para-a-opera-de-hoje\/"]}]},{"@type":"ImageObject","inLanguage":"en-US","@id":"https:\/\/www.ccb.pt\/en\/evento\/grandes-cantores-para-a-opera-de-hoje\/#primaryimage","url":"https:\/\/www.ccb.pt\/wp-content\/uploads\/2023\/04\/Foto-Maratona-Horizontal-scaled.jpg","contentUrl":"https:\/\/www.ccb.pt\/wp-content\/uploads\/2023\/04\/Foto-Maratona-Horizontal-scaled.jpg","width":2560,"height":1217,"caption":"4.\u00aa Edi\u00e7\u00e3o Maratona \u00d3pera XXI no CCB"},{"@type":"BreadcrumbList","@id":"https:\/\/www.ccb.pt\/en\/evento\/grandes-cantores-para-a-opera-de-hoje\/#breadcrumb","itemListElement":[{"@type":"ListItem","position":1,"name":"Home","item":"https:\/\/www.ccb.pt\/en\/"},{"@type":"ListItem","position":2,"name":"Eventos","item":"https:\/\/www.ccb.pt\/eventos\/"},{"@type":"ListItem","position":3,"name":"Great Singers for Opera Today"}]},{"@type":"WebSite","@id":"https:\/\/www.ccb.pt\/#website","url":"https:\/\/www.ccb.pt\/","name":"Centro Cultural de Bel\u00e9m Foundation","description":"","publisher":{"@id":"https:\/\/www.ccb.pt\/#organization"},"potentialAction":[{"@type":"SearchAction","target":{"@type":"EntryPoint","urlTemplate":"https:\/\/www.ccb.pt\/?s={search_term_string}"},"query-input":"required name=search_term_string"}],"inLanguage":"en-US"},{"@type":"Organization","@id":"https:\/\/www.ccb.pt\/#organization","name":"Centro Cultural de Bel\u00e9m Foundation","url":"https:\/\/www.ccb.pt\/","logo":{"@type":"ImageObject","inLanguage":"en-US","@id":"https:\/\/www.ccb.pt\/#\/schema\/logo\/image\/","url":"https:\/\/www.ccb.pt\/wp-content\/uploads\/2022\/05\/1_ccb.png","contentUrl":"https:\/\/www.ccb.pt\/wp-content\/uploads\/2022\/05\/1_ccb.png","width":126,"height":100,"caption":"Centro Cultural de Bel\u00e9m Foundation"},"image":{"@id":"https:\/\/www.ccb.pt\/#\/schema\/logo\/image\/"},"sameAs":["https:\/\/twitter.com\/macccb_museu"]}]}},"_links":{"self":[{"href":"https:\/\/www.ccb.pt\/en\/wp-json\/wp\/v2\/tribe_events\/126808"}],"collection":[{"href":"https:\/\/www.ccb.pt\/en\/wp-json\/wp\/v2\/tribe_events"}],"about":[{"href":"https:\/\/www.ccb.pt\/en\/wp-json\/wp\/v2\/types\/tribe_events"}],"author":[{"embeddable":true,"href":"https:\/\/www.ccb.pt\/en\/wp-json\/wp\/v2\/users\/6"}],"replies":[{"embeddable":true,"href":"https:\/\/www.ccb.pt\/en\/wp-json\/wp\/v2\/comments?post=126808"}],"version-history":[{"count":3,"href":"https:\/\/www.ccb.pt\/en\/wp-json\/wp\/v2\/tribe_events\/126808\/revisions"}],"predecessor-version":[{"id":126816,"href":"https:\/\/www.ccb.pt\/en\/wp-json\/wp\/v2\/tribe_events\/126808\/revisions\/126816"}],"wp:featuredmedia":[{"embeddable":true,"href":"https:\/\/www.ccb.pt\/en\/wp-json\/wp\/v2\/media\/118966"}],"wp:attachment":[{"href":"https:\/\/www.ccb.pt\/en\/wp-json\/wp\/v2\/media?parent=126808"}],"wp:term":[{"taxonomy":"tribe_events_cat","embeddable":true,"href":"https:\/\/www.ccb.pt\/en\/wp-json\/wp\/v2\/tribe_events_cat?post=126808"},{"taxonomy":"tags_tema","embeddable":true,"href":"https:\/\/www.ccb.pt\/en\/wp-json\/wp\/v2\/tags_tema?post=126808"},{"taxonomy":"idades","embeddable":true,"href":"https:\/\/www.ccb.pt\/en\/wp-json\/wp\/v2\/idades?post=126808"},{"taxonomy":"tipos","embeddable":true,"href":"https:\/\/www.ccb.pt\/en\/wp-json\/wp\/v2\/tipos?post=126808"},{"taxonomy":"temas","embeddable":true,"href":"https:\/\/www.ccb.pt\/en\/wp-json\/wp\/v2\/temas?post=126808"},{"taxonomy":"categorias_hubspot","embeddable":true,"href":"https:\/\/www.ccb.pt\/en\/wp-json\/wp\/v2\/categorias_hubspot?post=126808"}],"curies":[{"name":"wp","href":"https:\/\/api.w.org\/{rel}","templated":true}]}}

<!-- This site is optimized with the Yoast SEO plugin v22.3 - https://yoast.com/wordpress/plugins/seo/ -->
<title>Great Singers for Opera Today - Centro Cultural de Belém Foundation</title>
<meta name="description" content="Ópera contemporânea em português brilha no Operafest Lisboa 2024, com o concurso Maratona Ópera XXI. Saiba mais aqui!" />
<meta name="robots" content="index, follow, max-snippet:-1, max-image-preview:large, max-video-preview:-1" />
<link rel="canonical" href="https://www.ccb.pt/en/evento/grandes-cantores-para-a-opera-de-hoje/" />
<meta property="og:locale" content="en_US" />
<meta property="og:type" content="article" />
<meta property="og:title" content="Great Singers for Opera Today - Centro Cultural de Belém Foundation" />
<meta property="og:description" content="Ópera contemporânea em português brilha no Operafest Lisboa 2024, com o concurso Maratona Ópera XXI. Saiba mais aqui!" />
<meta property="og:url" content="https://www.ccb.pt/en/evento/grandes-cantores-para-a-opera-de-hoje/" />
<meta property="og:site_name" content="Centro Cultural de Belém Foundation" />
<meta property="article:modified_time" content="2023-07-13T09:04:56+00:00" />
<meta property="og:image" content="https://www.ccb.pt/wp-content/uploads/2023/04/Foto-Maratona-Horizontal-scaled.jpg" />
	<meta property="og:image:width" content="2560" />
	<meta property="og:image:height" content="1217" />
	<meta property="og:image:type" content="image/jpeg" />
<meta name="twitter:card" content="summary_large_image" />
<meta name="twitter:site" content="@macccb_museu" />
<meta name="twitter:label1" content="Est. reading time" />
	<meta name="twitter:data1" content="1 minute" />
<script type="application/ld+json" class="yoast-schema-graph">{"@context":"https://schema.org","@graph":[{"@type":"WebPage","@id":"https://www.ccb.pt/en/evento/grandes-cantores-para-a-opera-de-hoje/","url":"https://www.ccb.pt/en/evento/grandes-cantores-para-a-opera-de-hoje/","name":"Great Singers for Opera Today - Centro Cultural de Belém Foundation","isPartOf":{"@id":"https://www.ccb.pt/#website"},"primaryImageOfPage":{"@id":"https://www.ccb.pt/en/evento/grandes-cantores-para-a-opera-de-hoje/#primaryimage"},"image":{"@id":"https://www.ccb.pt/en/evento/grandes-cantores-para-a-opera-de-hoje/#primaryimage"},"thumbnailUrl":"https://www.ccb.pt/wp-content/uploads/2023/04/Foto-Maratona-Horizontal-scaled.jpg","datePublished":"2023-06-22T09:00:23+00:00","dateModified":"2023-07-13T09:04:56+00:00","description":"Ópera contemporânea em português brilha no Operafest Lisboa 2024, com o concurso Maratona Ópera XXI. Saiba mais aqui!","breadcrumb":{"@id":"https://www.ccb.pt/en/evento/grandes-cantores-para-a-opera-de-hoje/#breadcrumb"},"inLanguage":"en-US","potentialAction":[{"@type":"ReadAction","target":["https://www.ccb.pt/en/evento/grandes-cantores-para-a-opera-de-hoje/"]}]},{"@type":"ImageObject","inLanguage":"en-US","@id":"https://www.ccb.pt/en/evento/grandes-cantores-para-a-opera-de-hoje/#primaryimage","url":"https://www.ccb.pt/wp-content/uploads/2023/04/Foto-Maratona-Horizontal-scaled.jpg","contentUrl":"https://www.ccb.pt/wp-content/uploads/2023/04/Foto-Maratona-Horizontal-scaled.jpg","width":2560,"height":1217,"caption":"4.ª Edição Maratona Ópera XXI no CCB"},{"@type":"BreadcrumbList","@id":"https://www.ccb.pt/en/evento/grandes-cantores-para-a-opera-de-hoje/#breadcrumb","itemListElement":[{"@type":"ListItem","position":1,"name":"Home","item":"https://www.ccb.pt/en/"},{"@type":"ListItem","position":2,"name":"Eventos","item":"https://www.ccb.pt/eventos/"},{"@type":"ListItem","position":3,"name":"Great Singers for Opera Today"}]},{"@type":"WebSite","@id":"https://www.ccb.pt/#website","url":"https://www.ccb.pt/","name":"Centro Cultural de Belém Foundation","description":"","publisher":{"@id":"https://www.ccb.pt/#organization"},"potentialAction":[{"@type":"SearchAction","target":{"@type":"EntryPoint","urlTemplate":"https://www.ccb.pt/?s={search_term_string}"},"query-input":"required name=search_term_string"}],"inLanguage":"en-US"},{"@type":"Organization","@id":"https://www.ccb.pt/#organization","name":"Centro Cultural de Belém Foundation","url":"https://www.ccb.pt/","logo":{"@type":"ImageObject","inLanguage":"en-US","@id":"https://www.ccb.pt/#/schema/logo/image/","url":"https://www.ccb.pt/wp-content/uploads/2022/05/1_ccb.png","contentUrl":"https://www.ccb.pt/wp-content/uploads/2022/05/1_ccb.png","width":126,"height":100,"caption":"Centro Cultural de Belém Foundation"},"image":{"@id":"https://www.ccb.pt/#/schema/logo/image/"},"sameAs":["https://twitter.com/macccb_museu"]}]}</script>
<!-- / Yoast SEO plugin. -->

Great Singers for Opera Today - Centro Cultural de Belém Foundation

Ópera contemporânea em português brilha no Operafest Lisboa 2024, com o concurso Maratona Ópera XXI. Saiba mais aqui!

Centro Cultural de Belém Foundation

4.ª Edição Maratona Ópera XXI no CCB
