    {"id":105182,"date":"2022-11-25T11:38:13","date_gmt":"2022-11-25T11:38:13","guid":{"rendered":"https:\/\/www.ccb.pt\/evento\/festa-do-jazz\/"},"modified":"2022-12-07T10:36:59","modified_gmt":"2022-12-07T10:36:59","slug":"festa-do-jazz","status":"publish","type":"tribe_events","link":"https:\/\/www.ccb.pt\/en\/evento\/festa-do-jazz\/","title":{"rendered":"Festa do Jazz"},"content":{"rendered":"<p><strong>Full line-up revealed for this year\u2019s Festa do Jazz 2022!<\/strong><\/p>\n<p>&nbsp;<\/p>\n<p>Discover the very best of Portuguese jazz with the usual mix of established and emerging artists, as well as round table discussions and the annual jazz school encounter. This year, the festival takes places at three iconic venues in the Lisbon Bel\u00e9m area, each unique in its own right: the architecturally stunning <strong>CCB \u2013 Centro Cultural de Bel\u00e9m<\/strong> where the main concert programme takes place, the historic <strong>venue<\/strong><strong> Picadeiro do Antigo Museu dos Coches<\/strong> which will host the National Encounter of Jazz Schools as well as two exclusive concerts, and the eclectic book shop and event space <strong>Ler Devagar <\/strong>at LX Factory with the jam sessions at night.<\/p>\n<p>Beyond the diverse musical offering, Festa do Jazz will once again host panel discussions on relevant social topics.<\/p>\n","protected":false},"excerpt":{"rendered":"<p>Full line-up revealed for this year\u2019s Festa do Jazz 2022! &nbsp; Discover the very best of Portuguese jazz with the usual mix of established and emerging artists, as well as round table discussions and the annual jazz school encounter. This year, the festival takes places at three iconic venues in the Lisbon Bel\u00e9m area, each [&hellip;]<\/p>\n","protected":false},"author":6,"featured_media":104771,"comment_status":"open","ping_status":"closed","template":"","meta":{"_relevanssi_hide_post":"","_relevanssi_pin_for_all":"","_relevanssi_pin_keywords":"","_relevanssi_unpin_keywords":"","_relevanssi_related_keywords":"","_relevanssi_related_include_ids":"","_relevanssi_related_exclude_ids":"","_relevanssi_related_no_append":"","_relevanssi_related_not_related":"","_relevanssi_related_posts":"","_relevanssi_noindex_reason":""},"tribe_events_cat":[23],"tags_tema":[],"idades":[392],"tipos":[],"temas":[],"categorias_hubspot":[],"acf":[],"yoast_head":"<!-- This site is optimized with the Yoast SEO plugin v22.3 - https:\/\/yoast.com\/wordpress\/plugins\/seo\/ -->\n<title>Festa do Jazz - Centro Cultural de Bel\u00e9m Foundation<\/title>\n<meta name=\"description\" content=\"Festival portugu\u00eas de jazz feito por portugueses, cumprem-se 20 anos de Festa do Jazz sem interrup\u00e7\u00f5es\" \/>\n<meta name=\"robots\" content=\"index, follow, max-snippet:-1, max-image-preview:large, max-video-preview:-1\" \/>\n<link rel=\"canonical\" href=\"https:\/\/www.ccb.pt\/en\/evento\/festa-do-jazz\/\" \/>\n<meta property=\"og:locale\" content=\"en_US\" \/>\n<meta property=\"og:type\" content=\"article\" \/>\n<meta property=\"og:title\" content=\"Festa do Jazz - Centro Cultural de Bel\u00e9m Foundation\" \/>\n<meta property=\"og:description\" content=\"Festival portugu\u00eas de jazz feito por portugueses, cumprem-se 20 anos de Festa do Jazz sem interrup\u00e7\u00f5es\" \/>\n<meta property=\"og:url\" content=\"https:\/\/www.ccb.pt\/en\/evento\/festa-do-jazz\/\" \/>\n<meta property=\"og:site_name\" content=\"Centro Cultural de Bel\u00e9m Foundation\" \/>\n<meta property=\"article:modified_time\" content=\"2022-12-07T10:36:59+00:00\" \/>\n<meta property=\"og:image\" content=\"https:\/\/www.ccb.pt\/wp-content\/uploads\/2022\/11\/SITE-festa-Jazz.jpg\" \/>\n\t<meta property=\"og:image:width\" content=\"1300\" \/>\n\t<meta property=\"og:image:height\" content=\"619\" \/>\n\t<meta property=\"og:image:type\" content=\"image\/jpeg\" \/>\n<meta name=\"twitter:card\" content=\"summary_large_image\" \/>\n<meta name=\"twitter:site\" content=\"@macccb_museu\" \/>\n<meta name=\"twitter:label1\" content=\"Est. reading time\" \/>\n\t<meta name=\"twitter:data1\" content=\"1 minute\" \/>\n<script type=\"application\/ld+json\" class=\"yoast-schema-graph\">{\"@context\":\"https:\/\/schema.org\",\"@graph\":[{\"@type\":\"WebPage\",\"@id\":\"https:\/\/www.ccb.pt\/en\/evento\/festa-do-jazz\/\",\"url\":\"https:\/\/www.ccb.pt\/en\/evento\/festa-do-jazz\/\",\"name\":\"Festa do Jazz - Centro Cultural de Bel\u00e9m Foundation\",\"isPartOf\":{\"@id\":\"https:\/\/www.ccb.pt\/#website\"},\"primaryImageOfPage\":{\"@id\":\"https:\/\/www.ccb.pt\/en\/evento\/festa-do-jazz\/#primaryimage\"},\"image\":{\"@id\":\"https:\/\/www.ccb.pt\/en\/evento\/festa-do-jazz\/#primaryimage\"},\"thumbnailUrl\":\"https:\/\/www.ccb.pt\/wp-content\/uploads\/2022\/11\/SITE-festa-Jazz.jpg\",\"datePublished\":\"2022-11-25T11:38:13+00:00\",\"dateModified\":\"2022-12-07T10:36:59+00:00\",\"description\":\"Festival portugu\u00eas de jazz feito por portugueses, cumprem-se 20 anos de Festa do Jazz sem interrup\u00e7\u00f5es\",\"breadcrumb\":{\"@id\":\"https:\/\/www.ccb.pt\/en\/evento\/festa-do-jazz\/#breadcrumb\"},\"inLanguage\":\"en-US\",\"potentialAction\":[{\"@type\":\"ReadAction\",\"target\":[\"https:\/\/www.ccb.pt\/en\/evento\/festa-do-jazz\/\"]}]},{\"@type\":\"ImageObject\",\"inLanguage\":\"en-US\",\"@id\":\"https:\/\/www.ccb.pt\/en\/evento\/festa-do-jazz\/#primaryimage\",\"url\":\"https:\/\/www.ccb.pt\/wp-content\/uploads\/2022\/11\/SITE-festa-Jazz.jpg\",\"contentUrl\":\"https:\/\/www.ccb.pt\/wp-content\/uploads\/2022\/11\/SITE-festa-Jazz.jpg\",\"width\":1300,\"height\":619,\"caption\":\"festa do jazz 20 anos em lettring\"},{\"@type\":\"BreadcrumbList\",\"@id\":\"https:\/\/www.ccb.pt\/en\/evento\/festa-do-jazz\/#breadcrumb\",\"itemListElement\":[{\"@type\":\"ListItem\",\"position\":1,\"name\":\"Home\",\"item\":\"https:\/\/www.ccb.pt\/en\/\"},{\"@type\":\"ListItem\",\"position\":2,\"name\":\"Eventos\",\"item\":\"https:\/\/www.ccb.pt\/eventos\/\"},{\"@type\":\"ListItem\",\"position\":3,\"name\":\"Festa do Jazz\"}]},{\"@type\":\"WebSite\",\"@id\":\"https:\/\/www.ccb.pt\/#website\",\"url\":\"https:\/\/www.ccb.pt\/\",\"name\":\"Centro Cultural de Bel\u00e9m Foundation\",\"description\":\"\",\"publisher\":{\"@id\":\"https:\/\/www.ccb.pt\/#organization\"},\"potentialAction\":[{\"@type\":\"SearchAction\",\"target\":{\"@type\":\"EntryPoint\",\"urlTemplate\":\"https:\/\/www.ccb.pt\/?s={search_term_string}\"},\"query-input\":\"required name=search_term_string\"}],\"inLanguage\":\"en-US\"},{\"@type\":\"Organization\",\"@id\":\"https:\/\/www.ccb.pt\/#organization\",\"name\":\"Centro Cultural de Bel\u00e9m Foundation\",\"url\":\"https:\/\/www.ccb.pt\/\",\"logo\":{\"@type\":\"ImageObject\",\"inLanguage\":\"en-US\",\"@id\":\"https:\/\/www.ccb.pt\/#\/schema\/logo\/image\/\",\"url\":\"https:\/\/www.ccb.pt\/wp-content\/uploads\/2022\/05\/1_ccb.png\",\"contentUrl\":\"https:\/\/www.ccb.pt\/wp-content\/uploads\/2022\/05\/1_ccb.png\",\"width\":126,\"height\":100,\"caption\":\"Centro Cultural de Bel\u00e9m Foundation\"},\"image\":{\"@id\":\"https:\/\/www.ccb.pt\/#\/schema\/logo\/image\/\"},\"sameAs\":[\"https:\/\/twitter.com\/macccb_museu\"]}]}<\/script>\n<!-- \/ Yoast SEO plugin. -->","yoast_head_json":{"title":"Festa do Jazz - Centro Cultural de Bel\u00e9m Foundation","description":"Festival portugu\u00eas de jazz feito por portugueses, cumprem-se 20 anos de Festa do Jazz sem interrup\u00e7\u00f5es","robots":{"index":"index","follow":"follow","max-snippet":"max-snippet:-1","max-image-preview":"max-image-preview:large","max-video-preview":"max-video-preview:-1"},"canonical":"https:\/\/www.ccb.pt\/en\/evento\/festa-do-jazz\/","og_locale":"en_US","og_type":"article","og_title":"Festa do Jazz - Centro Cultural de Bel\u00e9m Foundation","og_description":"Festival portugu\u00eas de jazz feito por portugueses, cumprem-se 20 anos de Festa do Jazz sem interrup\u00e7\u00f5es","og_url":"https:\/\/www.ccb.pt\/en\/evento\/festa-do-jazz\/","og_site_name":"Centro Cultural de Bel\u00e9m Foundation","article_modified_time":"2022-12-07T10:36:59+00:00","og_image":[{"width":1300,"height":619,"url":"https:\/\/www.ccb.pt\/wp-content\/uploads\/2022\/11\/SITE-festa-Jazz.jpg","type":"image\/jpeg"}],"twitter_card":"summary_large_image","twitter_site":"@macccb_museu","twitter_misc":{"Est. reading time":"1 minute"},"schema":{"@context":"https:\/\/schema.org","@graph":[{"@type":"WebPage","@id":"https:\/\/www.ccb.pt\/en\/evento\/festa-do-jazz\/","url":"https:\/\/www.ccb.pt\/en\/evento\/festa-do-jazz\/","name":"Festa do Jazz - Centro Cultural de Bel\u00e9m Foundation","isPartOf":{"@id":"https:\/\/www.ccb.pt\/#website"},"primaryImageOfPage":{"@id":"https:\/\/www.ccb.pt\/en\/evento\/festa-do-jazz\/#primaryimage"},"image":{"@id":"https:\/\/www.ccb.pt\/en\/evento\/festa-do-jazz\/#primaryimage"},"thumbnailUrl":"https:\/\/www.ccb.pt\/wp-content\/uploads\/2022\/11\/SITE-festa-Jazz.jpg","datePublished":"2022-11-25T11:38:13+00:00","dateModified":"2022-12-07T10:36:59+00:00","description":"Festival portugu\u00eas de jazz feito por portugueses, cumprem-se 20 anos de Festa do Jazz sem interrup\u00e7\u00f5es","breadcrumb":{"@id":"https:\/\/www.ccb.pt\/en\/evento\/festa-do-jazz\/#breadcrumb"},"inLanguage":"en-US","potentialAction":[{"@type":"ReadAction","target":["https:\/\/www.ccb.pt\/en\/evento\/festa-do-jazz\/"]}]},{"@type":"ImageObject","inLanguage":"en-US","@id":"https:\/\/www.ccb.pt\/en\/evento\/festa-do-jazz\/#primaryimage","url":"https:\/\/www.ccb.pt\/wp-content\/uploads\/2022\/11\/SITE-festa-Jazz.jpg","contentUrl":"https:\/\/www.ccb.pt\/wp-content\/uploads\/2022\/11\/SITE-festa-Jazz.jpg","width":1300,"height":619,"caption":"festa do jazz 20 anos em lettring"},{"@type":"BreadcrumbList","@id":"https:\/\/www.ccb.pt\/en\/evento\/festa-do-jazz\/#breadcrumb","itemListElement":[{"@type":"ListItem","position":1,"name":"Home","item":"https:\/\/www.ccb.pt\/en\/"},{"@type":"ListItem","position":2,"name":"Eventos","item":"https:\/\/www.ccb.pt\/eventos\/"},{"@type":"ListItem","position":3,"name":"Festa do Jazz"}]},{"@type":"WebSite","@id":"https:\/\/www.ccb.pt\/#website","url":"https:\/\/www.ccb.pt\/","name":"Centro Cultural de Bel\u00e9m Foundation","description":"","publisher":{"@id":"https:\/\/www.ccb.pt\/#organization"},"potentialAction":[{"@type":"SearchAction","target":{"@type":"EntryPoint","urlTemplate":"https:\/\/www.ccb.pt\/?s={search_term_string}"},"query-input":"required name=search_term_string"}],"inLanguage":"en-US"},{"@type":"Organization","@id":"https:\/\/www.ccb.pt\/#organization","name":"Centro Cultural de Bel\u00e9m Foundation","url":"https:\/\/www.ccb.pt\/","logo":{"@type":"ImageObject","inLanguage":"en-US","@id":"https:\/\/www.ccb.pt\/#\/schema\/logo\/image\/","url":"https:\/\/www.ccb.pt\/wp-content\/uploads\/2022\/05\/1_ccb.png","contentUrl":"https:\/\/www.ccb.pt\/wp-content\/uploads\/2022\/05\/1_ccb.png","width":126,"height":100,"caption":"Centro Cultural de Bel\u00e9m Foundation"},"image":{"@id":"https:\/\/www.ccb.pt\/#\/schema\/logo\/image\/"},"sameAs":["https:\/\/twitter.com\/macccb_museu"]}]}},"_links":{"self":[{"href":"https:\/\/www.ccb.pt\/en\/wp-json\/wp\/v2\/tribe_events\/105182"}],"collection":[{"href":"https:\/\/www.ccb.pt\/en\/wp-json\/wp\/v2\/tribe_events"}],"about":[{"href":"https:\/\/www.ccb.pt\/en\/wp-json\/wp\/v2\/types\/tribe_events"}],"author":[{"embeddable":true,"href":"https:\/\/www.ccb.pt\/en\/wp-json\/wp\/v2\/users\/6"}],"replies":[{"embeddable":true,"href":"https:\/\/www.ccb.pt\/en\/wp-json\/wp\/v2\/comments?post=105182"}],"version-history":[{"count":2,"href":"https:\/\/www.ccb.pt\/en\/wp-json\/wp\/v2\/tribe_events\/105182\/revisions"}],"predecessor-version":[{"id":105185,"href":"https:\/\/www.ccb.pt\/en\/wp-json\/wp\/v2\/tribe_events\/105182\/revisions\/105185"}],"wp:featuredmedia":[{"embeddable":true,"href":"https:\/\/www.ccb.pt\/en\/wp-json\/wp\/v2\/media\/104771"}],"wp:attachment":[{"href":"https:\/\/www.ccb.pt\/en\/wp-json\/wp\/v2\/media?parent=105182"}],"wp:term":[{"taxonomy":"tribe_events_cat","embeddable":true,"href":"https:\/\/www.ccb.pt\/en\/wp-json\/wp\/v2\/tribe_events_cat?post=105182"},{"taxonomy":"tags_tema","embeddable":true,"href":"https:\/\/www.ccb.pt\/en\/wp-json\/wp\/v2\/tags_tema?post=105182"},{"taxonomy":"idades","embeddable":true,"href":"https:\/\/www.ccb.pt\/en\/wp-json\/wp\/v2\/idades?post=105182"},{"taxonomy":"tipos","embeddable":true,"href":"https:\/\/www.ccb.pt\/en\/wp-json\/wp\/v2\/tipos?post=105182"},{"taxonomy":"temas","embeddable":true,"href":"https:\/\/www.ccb.pt\/en\/wp-json\/wp\/v2\/temas?post=105182"},{"taxonomy":"categorias_hubspot","embeddable":true,"href":"https:\/\/www.ccb.pt\/en\/wp-json\/wp\/v2\/categorias_hubspot?post=105182"}],"curies":[{"name":"wp","href":"https:\/\/api.w.org\/{rel}","templated":true}]}}

<p><strong>Full line-up revealed for this year’s Festa do Jazz 2022!</strong></p>
<p>&nbsp;</p>
<p>Discover the very best of Portuguese jazz with the usual mix of established and emerging artists, as well as round table discussions and the annual jazz school encounter. This year, the festival takes places at three iconic venues in the Lisbon Belém area, each unique in its own right: the architecturally stunning <strong>CCB – Centro Cultural de Belém</strong> where the main concert programme takes place, the historic <strong>venue</strong><strong> Picadeiro do Antigo Museu dos Coches</strong> which will host the National Encounter of Jazz Schools as well as two exclusive concerts, and the eclectic book shop and event space <strong>Ler Devagar </strong>at LX Factory with the jam sessions at night.</p>
<p>Beyond the diverse musical offering, Festa do Jazz will once again host panel discussions on relevant social topics.</p>

<p>Full line-up revealed for this year’s Festa do Jazz 2022! &nbsp; Discover the very best of Portuguese jazz with the usual mix of established and emerging artists, as well as round table discussions and the annual jazz school encounter. This year, the festival takes places at three iconic venues in the Lisbon Belém area, each [&hellip;]</p>

<!-- This site is optimized with the Yoast SEO plugin v22.3 - https://yoast.com/wordpress/plugins/seo/ -->
<title>Festa do Jazz - Centro Cultural de Belém Foundation</title>
<meta name="description" content="Festival português de jazz feito por portugueses, cumprem-se 20 anos de Festa do Jazz sem interrupções" />
<meta name="robots" content="index, follow, max-snippet:-1, max-image-preview:large, max-video-preview:-1" />
<link rel="canonical" href="https://www.ccb.pt/en/evento/festa-do-jazz/" />
<meta property="og:locale" content="en_US" />
<meta property="og:type" content="article" />
<meta property="og:title" content="Festa do Jazz - Centro Cultural de Belém Foundation" />
<meta property="og:description" content="Festival português de jazz feito por portugueses, cumprem-se 20 anos de Festa do Jazz sem interrupções" />
<meta property="og:url" content="https://www.ccb.pt/en/evento/festa-do-jazz/" />
<meta property="og:site_name" content="Centro Cultural de Belém Foundation" />
<meta property="article:modified_time" content="2022-12-07T10:36:59+00:00" />
<meta property="og:image" content="https://www.ccb.pt/wp-content/uploads/2022/11/SITE-festa-Jazz.jpg" />
	<meta property="og:image:width" content="1300" />
	<meta property="og:image:height" content="619" />
	<meta property="og:image:type" content="image/jpeg" />
<meta name="twitter:card" content="summary_large_image" />
<meta name="twitter:site" content="@macccb_museu" />
<meta name="twitter:label1" content="Est. reading time" />
	<meta name="twitter:data1" content="1 minute" />
<script type="application/ld+json" class="yoast-schema-graph">{"@context":"https://schema.org","@graph":[{"@type":"WebPage","@id":"https://www.ccb.pt/en/evento/festa-do-jazz/","url":"https://www.ccb.pt/en/evento/festa-do-jazz/","name":"Festa do Jazz - Centro Cultural de Belém Foundation","isPartOf":{"@id":"https://www.ccb.pt/#website"},"primaryImageOfPage":{"@id":"https://www.ccb.pt/en/evento/festa-do-jazz/#primaryimage"},"image":{"@id":"https://www.ccb.pt/en/evento/festa-do-jazz/#primaryimage"},"thumbnailUrl":"https://www.ccb.pt/wp-content/uploads/2022/11/SITE-festa-Jazz.jpg","datePublished":"2022-11-25T11:38:13+00:00","dateModified":"2022-12-07T10:36:59+00:00","description":"Festival português de jazz feito por portugueses, cumprem-se 20 anos de Festa do Jazz sem interrupções","breadcrumb":{"@id":"https://www.ccb.pt/en/evento/festa-do-jazz/#breadcrumb"},"inLanguage":"en-US","potentialAction":[{"@type":"ReadAction","target":["https://www.ccb.pt/en/evento/festa-do-jazz/"]}]},{"@type":"ImageObject","inLanguage":"en-US","@id":"https://www.ccb.pt/en/evento/festa-do-jazz/#primaryimage","url":"https://www.ccb.pt/wp-content/uploads/2022/11/SITE-festa-Jazz.jpg","contentUrl":"https://www.ccb.pt/wp-content/uploads/2022/11/SITE-festa-Jazz.jpg","width":1300,"height":619,"caption":"festa do jazz 20 anos em lettring"},{"@type":"BreadcrumbList","@id":"https://www.ccb.pt/en/evento/festa-do-jazz/#breadcrumb","itemListElement":[{"@type":"ListItem","position":1,"name":"Home","item":"https://www.ccb.pt/en/"},{"@type":"ListItem","position":2,"name":"Eventos","item":"https://www.ccb.pt/eventos/"},{"@type":"ListItem","position":3,"name":"Festa do Jazz"}]},{"@type":"WebSite","@id":"https://www.ccb.pt/#website","url":"https://www.ccb.pt/","name":"Centro Cultural de Belém Foundation","description":"","publisher":{"@id":"https://www.ccb.pt/#organization"},"potentialAction":[{"@type":"SearchAction","target":{"@type":"EntryPoint","urlTemplate":"https://www.ccb.pt/?s={search_term_string}"},"query-input":"required name=search_term_string"}],"inLanguage":"en-US"},{"@type":"Organization","@id":"https://www.ccb.pt/#organization","name":"Centro Cultural de Belém Foundation","url":"https://www.ccb.pt/","logo":{"@type":"ImageObject","inLanguage":"en-US","@id":"https://www.ccb.pt/#/schema/logo/image/","url":"https://www.ccb.pt/wp-content/uploads/2022/05/1_ccb.png","contentUrl":"https://www.ccb.pt/wp-content/uploads/2022/05/1_ccb.png","width":126,"height":100,"caption":"Centro Cultural de Belém Foundation"},"image":{"@id":"https://www.ccb.pt/#/schema/logo/image/"},"sameAs":["https://twitter.com/macccb_museu"]}]}</script>
<!-- / Yoast SEO plugin. -->

Festa do Jazz - Centro Cultural de Belém Foundation

Festival português de jazz feito por portugueses, cumprem-se 20 anos de Festa do Jazz sem interrupções

Centro Cultural de Belém Foundation
