    {"id":101038,"date":"2022-09-02T12:19:37","date_gmt":"2022-09-02T11:19:37","guid":{"rendered":"https:\/\/www.ccb.pt\/evento\/duo-mathis\/"},"modified":"2022-09-29T08:46:44","modified_gmt":"2022-09-29T07:46:44","slug":"duo-mathis","status":"publish","type":"tribe_events","link":"https:\/\/www.ccb.pt\/en\/evento\/duo-mathis\/2022-10-21\/","title":{"rendered":"Duo Mathis"},"content":{"rendered":"<p>A duo, two mechanical organs, boxes, holes, two musicians: father and son, two generations. Patrick and Jonathan Mathis unite their musical sensibilities in a playful and experimental duo.<\/p>\n<p>Both specialists explore the possibilities of two \u00abde barbarie\u00bb organs. Together they investigate musical fields with jazz and contemporary music sounds, in existing works and personal compositions.<\/p>\n<p>Music that is groovy, surprising, and unique.<\/p>\n<p>The domain of the Mathis crank is their musical freedom. They play with time, emancipate themselves from rhythm, and deconstruct mechanics by taking a new look at the musical composition of the mechanical organ. Each instrument has its sounds and each musician their musical journey.<\/p>\n","protected":false},"excerpt":{"rendered":"<p>A duo, two mechanical organs, boxes, holes, two musicians: father and son, two generations. Patrick and Jonathan Mathis unite their musical sensibilities in a playful and experimental duo. Both specialists explore the possibilities of two \u00abde barbarie\u00bb organs. Together they investigate musical fields with jazz and contemporary music sounds, in existing works and personal compositions. [&hellip;]<\/p>\n","protected":false},"author":6,"featured_media":97656,"comment_status":"open","ping_status":"closed","template":"","meta":{"_relevanssi_hide_post":"","_relevanssi_pin_for_all":"","_relevanssi_pin_keywords":"","_relevanssi_unpin_keywords":"","_relevanssi_related_keywords":"","_relevanssi_related_include_ids":"","_relevanssi_related_exclude_ids":"","_relevanssi_related_no_append":"","_relevanssi_related_not_related":"","_relevanssi_related_posts":"","_relevanssi_noindex_reason":""},"tribe_events_cat":[404,23,402],"tags_tema":[],"idades":[397],"tipos":[],"temas":[],"categorias_hubspot":[],"acf":[],"yoast_head":"<!-- This site is optimized with the Yoast SEO plugin v22.3 - https:\/\/yoast.com\/wordpress\/plugins\/seo\/ -->\n<title>Festival Big Bang - Duo Mathis - Centro Cultural de Bel\u00e9m Foundation<\/title>\n<meta name=\"description\" content=\"Um duo, dois \u00f3rg\u00e3os mec\u00e2nicos, caixas, buracos, dois m\u00fasicos: pai e filho, duas gera\u00e7\u00f5es. Patrick e Jonathan Mathis unem as suas sensibilidades musicais numa dupla l\u00fadica e experimental.\" \/>\n<meta name=\"robots\" content=\"index, follow, max-snippet:-1, max-image-preview:large, max-video-preview:-1\" \/>\n<link rel=\"canonical\" href=\"https:\/\/www.ccb.pt\/en\/evento\/duo-mathis\/2022-10-21\/\" \/>\n<meta property=\"og:locale\" content=\"en_US\" \/>\n<meta property=\"og:type\" content=\"article\" \/>\n<meta property=\"og:title\" content=\"Festival Big Bang - Duo Mathis - Centro Cultural de Bel\u00e9m Foundation\" \/>\n<meta property=\"og:description\" content=\"Um duo, dois \u00f3rg\u00e3os mec\u00e2nicos, caixas, buracos, dois m\u00fasicos: pai e filho, duas gera\u00e7\u00f5es. Patrick e Jonathan Mathis unem as suas sensibilidades musicais numa dupla l\u00fadica e experimental.\" \/>\n<meta property=\"og:url\" content=\"https:\/\/www.ccb.pt\/en\/evento\/duo-mathis\/2022-10-21\/\" \/>\n<meta property=\"og:site_name\" content=\"Centro Cultural de Bel\u00e9m Foundation\" \/>\n<meta property=\"article:modified_time\" content=\"2022-09-29T07:46:44+00:00\" \/>\n<meta property=\"og:image\" content=\"https:\/\/www.ccb.pt\/wp-content\/uploads\/2022\/08\/duo-mathis-final_c-duo-mathis_SITE-scaled.jpg\" \/>\n\t<meta property=\"og:image:width\" content=\"2560\" \/>\n\t<meta property=\"og:image:height\" content=\"1217\" \/>\n\t<meta property=\"og:image:type\" content=\"image\/jpeg\" \/>\n<meta name=\"twitter:card\" content=\"summary_large_image\" \/>\n<meta name=\"twitter:site\" content=\"@macccb_museu\" \/>\n<meta name=\"twitter:label1\" content=\"Est. reading time\" \/>\n\t<meta name=\"twitter:data1\" content=\"1 minute\" \/>\n<script type=\"application\/ld+json\" class=\"yoast-schema-graph\">{\"@context\":\"https:\/\/schema.org\",\"@graph\":[{\"@type\":\"WebPage\",\"@id\":\"https:\/\/www.ccb.pt\/en\/evento\/duo-mathis\/2022-10-21\/\",\"url\":\"https:\/\/www.ccb.pt\/en\/evento\/duo-mathis\/2022-10-21\/\",\"name\":\"Festival Big Bang - Duo Mathis - Centro Cultural de Bel\u00e9m Foundation\",\"isPartOf\":{\"@id\":\"https:\/\/www.ccb.pt\/#website\"},\"primaryImageOfPage\":{\"@id\":\"https:\/\/www.ccb.pt\/en\/evento\/duo-mathis\/2022-10-21\/#primaryimage\"},\"image\":{\"@id\":\"https:\/\/www.ccb.pt\/en\/evento\/duo-mathis\/2022-10-21\/#primaryimage\"},\"thumbnailUrl\":\"https:\/\/www.ccb.pt\/wp-content\/uploads\/2022\/08\/duo-mathis-final_c-duo-mathis_SITE-scaled.jpg\",\"datePublished\":\"2022-09-02T11:19:37+00:00\",\"dateModified\":\"2022-09-29T07:46:44+00:00\",\"description\":\"Um duo, dois \u00f3rg\u00e3os mec\u00e2nicos, caixas, buracos, dois m\u00fasicos: pai e filho, duas gera\u00e7\u00f5es. Patrick e Jonathan Mathis unem as suas sensibilidades musicais numa dupla l\u00fadica e experimental.\",\"breadcrumb\":{\"@id\":\"https:\/\/www.ccb.pt\/en\/evento\/duo-mathis\/2022-10-21\/#breadcrumb\"},\"inLanguage\":\"en-US\",\"potentialAction\":[{\"@type\":\"ReadAction\",\"target\":[\"https:\/\/www.ccb.pt\/en\/evento\/duo-mathis\/2022-10-21\/\"]}]},{\"@type\":\"ImageObject\",\"inLanguage\":\"en-US\",\"@id\":\"https:\/\/www.ccb.pt\/en\/evento\/duo-mathis\/2022-10-21\/#primaryimage\",\"url\":\"https:\/\/www.ccb.pt\/wp-content\/uploads\/2022\/08\/duo-mathis-final_c-duo-mathis_SITE-scaled.jpg\",\"contentUrl\":\"https:\/\/www.ccb.pt\/wp-content\/uploads\/2022\/08\/duo-mathis-final_c-duo-mathis_SITE-scaled.jpg\",\"width\":2560,\"height\":1217,\"caption\":\"(c) duo mathis\"},{\"@type\":\"BreadcrumbList\",\"@id\":\"https:\/\/www.ccb.pt\/en\/evento\/duo-mathis\/2022-10-21\/#breadcrumb\",\"itemListElement\":[{\"@type\":\"ListItem\",\"position\":1,\"name\":\"Home\",\"item\":\"https:\/\/www.ccb.pt\/en\/\"},{\"@type\":\"ListItem\",\"position\":2,\"name\":\"Eventos\",\"item\":\"https:\/\/www.ccb.pt\/eventos\/\"},{\"@type\":\"ListItem\",\"position\":3,\"name\":\"Duo Mathis\"}]},{\"@type\":\"WebSite\",\"@id\":\"https:\/\/www.ccb.pt\/#website\",\"url\":\"https:\/\/www.ccb.pt\/\",\"name\":\"Centro Cultural de Bel\u00e9m Foundation\",\"description\":\"\",\"publisher\":{\"@id\":\"https:\/\/www.ccb.pt\/#organization\"},\"potentialAction\":[{\"@type\":\"SearchAction\",\"target\":{\"@type\":\"EntryPoint\",\"urlTemplate\":\"https:\/\/www.ccb.pt\/?s={search_term_string}\"},\"query-input\":\"required name=search_term_string\"}],\"inLanguage\":\"en-US\"},{\"@type\":\"Organization\",\"@id\":\"https:\/\/www.ccb.pt\/#organization\",\"name\":\"Centro Cultural de Bel\u00e9m Foundation\",\"url\":\"https:\/\/www.ccb.pt\/\",\"logo\":{\"@type\":\"ImageObject\",\"inLanguage\":\"en-US\",\"@id\":\"https:\/\/www.ccb.pt\/#\/schema\/logo\/image\/\",\"url\":\"https:\/\/www.ccb.pt\/wp-content\/uploads\/2022\/05\/1_ccb.png\",\"contentUrl\":\"https:\/\/www.ccb.pt\/wp-content\/uploads\/2022\/05\/1_ccb.png\",\"width\":126,\"height\":100,\"caption\":\"Centro Cultural de Bel\u00e9m Foundation\"},\"image\":{\"@id\":\"https:\/\/www.ccb.pt\/#\/schema\/logo\/image\/\"},\"sameAs\":[\"https:\/\/twitter.com\/macccb_museu\"]}]}<\/script>\n<!-- \/ Yoast SEO plugin. -->","yoast_head_json":{"title":"Festival Big Bang - Duo Mathis - Centro Cultural de Bel\u00e9m Foundation","description":"Um duo, dois \u00f3rg\u00e3os mec\u00e2nicos, caixas, buracos, dois m\u00fasicos: pai e filho, duas gera\u00e7\u00f5es. Patrick e Jonathan Mathis unem as suas sensibilidades musicais numa dupla l\u00fadica e experimental.","robots":{"index":"index","follow":"follow","max-snippet":"max-snippet:-1","max-image-preview":"max-image-preview:large","max-video-preview":"max-video-preview:-1"},"canonical":"https:\/\/www.ccb.pt\/en\/evento\/duo-mathis\/2022-10-21\/","og_locale":"en_US","og_type":"article","og_title":"Festival Big Bang - Duo Mathis - Centro Cultural de Bel\u00e9m Foundation","og_description":"Um duo, dois \u00f3rg\u00e3os mec\u00e2nicos, caixas, buracos, dois m\u00fasicos: pai e filho, duas gera\u00e7\u00f5es. Patrick e Jonathan Mathis unem as suas sensibilidades musicais numa dupla l\u00fadica e experimental.","og_url":"https:\/\/www.ccb.pt\/en\/evento\/duo-mathis\/2022-10-21\/","og_site_name":"Centro Cultural de Bel\u00e9m Foundation","article_modified_time":"2022-09-29T07:46:44+00:00","og_image":[{"width":2560,"height":1217,"url":"https:\/\/www.ccb.pt\/wp-content\/uploads\/2022\/08\/duo-mathis-final_c-duo-mathis_SITE-scaled.jpg","type":"image\/jpeg"}],"twitter_card":"summary_large_image","twitter_site":"@macccb_museu","twitter_misc":{"Est. reading time":"1 minute"},"schema":{"@context":"https:\/\/schema.org","@graph":[{"@type":"WebPage","@id":"https:\/\/www.ccb.pt\/en\/evento\/duo-mathis\/2022-10-21\/","url":"https:\/\/www.ccb.pt\/en\/evento\/duo-mathis\/2022-10-21\/","name":"Festival Big Bang - Duo Mathis - Centro Cultural de Bel\u00e9m Foundation","isPartOf":{"@id":"https:\/\/www.ccb.pt\/#website"},"primaryImageOfPage":{"@id":"https:\/\/www.ccb.pt\/en\/evento\/duo-mathis\/2022-10-21\/#primaryimage"},"image":{"@id":"https:\/\/www.ccb.pt\/en\/evento\/duo-mathis\/2022-10-21\/#primaryimage"},"thumbnailUrl":"https:\/\/www.ccb.pt\/wp-content\/uploads\/2022\/08\/duo-mathis-final_c-duo-mathis_SITE-scaled.jpg","datePublished":"2022-09-02T11:19:37+00:00","dateModified":"2022-09-29T07:46:44+00:00","description":"Um duo, dois \u00f3rg\u00e3os mec\u00e2nicos, caixas, buracos, dois m\u00fasicos: pai e filho, duas gera\u00e7\u00f5es. Patrick e Jonathan Mathis unem as suas sensibilidades musicais numa dupla l\u00fadica e experimental.","breadcrumb":{"@id":"https:\/\/www.ccb.pt\/en\/evento\/duo-mathis\/2022-10-21\/#breadcrumb"},"inLanguage":"en-US","potentialAction":[{"@type":"ReadAction","target":["https:\/\/www.ccb.pt\/en\/evento\/duo-mathis\/2022-10-21\/"]}]},{"@type":"ImageObject","inLanguage":"en-US","@id":"https:\/\/www.ccb.pt\/en\/evento\/duo-mathis\/2022-10-21\/#primaryimage","url":"https:\/\/www.ccb.pt\/wp-content\/uploads\/2022\/08\/duo-mathis-final_c-duo-mathis_SITE-scaled.jpg","contentUrl":"https:\/\/www.ccb.pt\/wp-content\/uploads\/2022\/08\/duo-mathis-final_c-duo-mathis_SITE-scaled.jpg","width":2560,"height":1217,"caption":"(c) duo mathis"},{"@type":"BreadcrumbList","@id":"https:\/\/www.ccb.pt\/en\/evento\/duo-mathis\/2022-10-21\/#breadcrumb","itemListElement":[{"@type":"ListItem","position":1,"name":"Home","item":"https:\/\/www.ccb.pt\/en\/"},{"@type":"ListItem","position":2,"name":"Eventos","item":"https:\/\/www.ccb.pt\/eventos\/"},{"@type":"ListItem","position":3,"name":"Duo Mathis"}]},{"@type":"WebSite","@id":"https:\/\/www.ccb.pt\/#website","url":"https:\/\/www.ccb.pt\/","name":"Centro Cultural de Bel\u00e9m Foundation","description":"","publisher":{"@id":"https:\/\/www.ccb.pt\/#organization"},"potentialAction":[{"@type":"SearchAction","target":{"@type":"EntryPoint","urlTemplate":"https:\/\/www.ccb.pt\/?s={search_term_string}"},"query-input":"required name=search_term_string"}],"inLanguage":"en-US"},{"@type":"Organization","@id":"https:\/\/www.ccb.pt\/#organization","name":"Centro Cultural de Bel\u00e9m Foundation","url":"https:\/\/www.ccb.pt\/","logo":{"@type":"ImageObject","inLanguage":"en-US","@id":"https:\/\/www.ccb.pt\/#\/schema\/logo\/image\/","url":"https:\/\/www.ccb.pt\/wp-content\/uploads\/2022\/05\/1_ccb.png","contentUrl":"https:\/\/www.ccb.pt\/wp-content\/uploads\/2022\/05\/1_ccb.png","width":126,"height":100,"caption":"Centro Cultural de Bel\u00e9m Foundation"},"image":{"@id":"https:\/\/www.ccb.pt\/#\/schema\/logo\/image\/"},"sameAs":["https:\/\/twitter.com\/macccb_museu"]}]}},"_links":{"self":[{"href":"https:\/\/www.ccb.pt\/en\/wp-json\/wp\/v2\/tribe_events\/101038"}],"collection":[{"href":"https:\/\/www.ccb.pt\/en\/wp-json\/wp\/v2\/tribe_events"}],"about":[{"href":"https:\/\/www.ccb.pt\/en\/wp-json\/wp\/v2\/types\/tribe_events"}],"author":[{"embeddable":true,"href":"https:\/\/www.ccb.pt\/en\/wp-json\/wp\/v2\/users\/6"}],"replies":[{"embeddable":true,"href":"https:\/\/www.ccb.pt\/en\/wp-json\/wp\/v2\/comments?post=101038"}],"version-history":[{"count":2,"href":"https:\/\/www.ccb.pt\/en\/wp-json\/wp\/v2\/tribe_events\/101038\/revisions"}],"predecessor-version":[{"id":101040,"href":"https:\/\/www.ccb.pt\/en\/wp-json\/wp\/v2\/tribe_events\/101038\/revisions\/101040"}],"wp:featuredmedia":[{"embeddable":true,"href":"https:\/\/www.ccb.pt\/en\/wp-json\/wp\/v2\/media\/97656"}],"wp:attachment":[{"href":"https:\/\/www.ccb.pt\/en\/wp-json\/wp\/v2\/media?parent=101038"}],"wp:term":[{"taxonomy":"tribe_events_cat","embeddable":true,"href":"https:\/\/www.ccb.pt\/en\/wp-json\/wp\/v2\/tribe_events_cat?post=101038"},{"taxonomy":"tags_tema","embeddable":true,"href":"https:\/\/www.ccb.pt\/en\/wp-json\/wp\/v2\/tags_tema?post=101038"},{"taxonomy":"idades","embeddable":true,"href":"https:\/\/www.ccb.pt\/en\/wp-json\/wp\/v2\/idades?post=101038"},{"taxonomy":"tipos","embeddable":true,"href":"https:\/\/www.ccb.pt\/en\/wp-json\/wp\/v2\/tipos?post=101038"},{"taxonomy":"temas","embeddable":true,"href":"https:\/\/www.ccb.pt\/en\/wp-json\/wp\/v2\/temas?post=101038"},{"taxonomy":"categorias_hubspot","embeddable":true,"href":"https:\/\/www.ccb.pt\/en\/wp-json\/wp\/v2\/categorias_hubspot?post=101038"}],"curies":[{"name":"wp","href":"https:\/\/api.w.org\/{rel}","templated":true}]}}

<!-- This site is optimized with the Yoast SEO plugin v22.3 - https://yoast.com/wordpress/plugins/seo/ -->
<title>Festival Big Bang - Duo Mathis - Centro Cultural de Belém Foundation</title>
<meta name="description" content="Um duo, dois órgãos mecânicos, caixas, buracos, dois músicos: pai e filho, duas gerações. Patrick e Jonathan Mathis unem as suas sensibilidades musicais numa dupla lúdica e experimental." />
<meta name="robots" content="index, follow, max-snippet:-1, max-image-preview:large, max-video-preview:-1" />
<link rel="canonical" href="https://www.ccb.pt/en/evento/duo-mathis/2022-10-21/" />
<meta property="og:locale" content="en_US" />
<meta property="og:type" content="article" />
<meta property="og:title" content="Festival Big Bang - Duo Mathis - Centro Cultural de Belém Foundation" />
<meta property="og:description" content="Um duo, dois órgãos mecânicos, caixas, buracos, dois músicos: pai e filho, duas gerações. Patrick e Jonathan Mathis unem as suas sensibilidades musicais numa dupla lúdica e experimental." />
<meta property="og:url" content="https://www.ccb.pt/en/evento/duo-mathis/2022-10-21/" />
<meta property="og:site_name" content="Centro Cultural de Belém Foundation" />
<meta property="article:modified_time" content="2022-09-29T07:46:44+00:00" />
<meta property="og:image" content="https://www.ccb.pt/wp-content/uploads/2022/08/duo-mathis-final_c-duo-mathis_SITE-scaled.jpg" />
	<meta property="og:image:width" content="2560" />
	<meta property="og:image:height" content="1217" />
	<meta property="og:image:type" content="image/jpeg" />
<meta name="twitter:card" content="summary_large_image" />
<meta name="twitter:site" content="@macccb_museu" />
<meta name="twitter:label1" content="Est. reading time" />
	<meta name="twitter:data1" content="1 minute" />
<script type="application/ld+json" class="yoast-schema-graph">{"@context":"https://schema.org","@graph":[{"@type":"WebPage","@id":"https://www.ccb.pt/en/evento/duo-mathis/2022-10-21/","url":"https://www.ccb.pt/en/evento/duo-mathis/2022-10-21/","name":"Festival Big Bang - Duo Mathis - Centro Cultural de Belém Foundation","isPartOf":{"@id":"https://www.ccb.pt/#website"},"primaryImageOfPage":{"@id":"https://www.ccb.pt/en/evento/duo-mathis/2022-10-21/#primaryimage"},"image":{"@id":"https://www.ccb.pt/en/evento/duo-mathis/2022-10-21/#primaryimage"},"thumbnailUrl":"https://www.ccb.pt/wp-content/uploads/2022/08/duo-mathis-final_c-duo-mathis_SITE-scaled.jpg","datePublished":"2022-09-02T11:19:37+00:00","dateModified":"2022-09-29T07:46:44+00:00","description":"Um duo, dois órgãos mecânicos, caixas, buracos, dois músicos: pai e filho, duas gerações. Patrick e Jonathan Mathis unem as suas sensibilidades musicais numa dupla lúdica e experimental.","breadcrumb":{"@id":"https://www.ccb.pt/en/evento/duo-mathis/2022-10-21/#breadcrumb"},"inLanguage":"en-US","potentialAction":[{"@type":"ReadAction","target":["https://www.ccb.pt/en/evento/duo-mathis/2022-10-21/"]}]},{"@type":"ImageObject","inLanguage":"en-US","@id":"https://www.ccb.pt/en/evento/duo-mathis/2022-10-21/#primaryimage","url":"https://www.ccb.pt/wp-content/uploads/2022/08/duo-mathis-final_c-duo-mathis_SITE-scaled.jpg","contentUrl":"https://www.ccb.pt/wp-content/uploads/2022/08/duo-mathis-final_c-duo-mathis_SITE-scaled.jpg","width":2560,"height":1217,"caption":"(c) duo mathis"},{"@type":"BreadcrumbList","@id":"https://www.ccb.pt/en/evento/duo-mathis/2022-10-21/#breadcrumb","itemListElement":[{"@type":"ListItem","position":1,"name":"Home","item":"https://www.ccb.pt/en/"},{"@type":"ListItem","position":2,"name":"Eventos","item":"https://www.ccb.pt/eventos/"},{"@type":"ListItem","position":3,"name":"Duo Mathis"}]},{"@type":"WebSite","@id":"https://www.ccb.pt/#website","url":"https://www.ccb.pt/","name":"Centro Cultural de Belém Foundation","description":"","publisher":{"@id":"https://www.ccb.pt/#organization"},"potentialAction":[{"@type":"SearchAction","target":{"@type":"EntryPoint","urlTemplate":"https://www.ccb.pt/?s={search_term_string}"},"query-input":"required name=search_term_string"}],"inLanguage":"en-US"},{"@type":"Organization","@id":"https://www.ccb.pt/#organization","name":"Centro Cultural de Belém Foundation","url":"https://www.ccb.pt/","logo":{"@type":"ImageObject","inLanguage":"en-US","@id":"https://www.ccb.pt/#/schema/logo/image/","url":"https://www.ccb.pt/wp-content/uploads/2022/05/1_ccb.png","contentUrl":"https://www.ccb.pt/wp-content/uploads/2022/05/1_ccb.png","width":126,"height":100,"caption":"Centro Cultural de Belém Foundation"},"image":{"@id":"https://www.ccb.pt/#/schema/logo/image/"},"sameAs":["https://twitter.com/macccb_museu"]}]}</script>
<!-- / Yoast SEO plugin. -->

Festival Big Bang - Duo Mathis - Centro Cultural de Belém Foundation

Um duo, dois órgãos mecânicos, caixas, buracos, dois músicos: pai e filho, duas gerações. Patrick e Jonathan Mathis unem as suas sensibilidades musicais numa dupla lúdica e experimental.

Centro Cultural de Belém Foundation
