    {"id":101016,"date":"2022-09-02T12:14:10","date_gmt":"2022-09-02T11:14:10","guid":{"rendered":"https:\/\/www.ccb.pt\/evento\/quarto-dos-musicos\/"},"modified":"2022-09-28T18:18:34","modified_gmt":"2022-09-28T17:18:34","slug":"quarto-dos-musicos","status":"publish","type":"tribe_events","link":"https:\/\/www.ccb.pt\/en\/evento\/quarto-dos-musicos\/2022-10-21\/","title":{"rendered":"Musicians&#8217; Rooms"},"content":{"rendered":"<p>Eight young musicians occupy the rehearsal rooms to stay there on the paths of creation. During the Big Bang, we will be able to walk through the corridors that lead us to them.<\/p>\n","protected":false},"excerpt":{"rendered":"<p>Eight young musicians occupy the rehearsal rooms to stay there on the paths of creation. During the Big Bang, we will be able to walk through the corridors that lead us to them.<\/p>\n","protected":false},"author":6,"featured_media":97611,"comment_status":"open","ping_status":"closed","template":"","meta":{"_relevanssi_hide_post":"","_relevanssi_pin_for_all":"","_relevanssi_pin_keywords":"","_relevanssi_unpin_keywords":"","_relevanssi_related_keywords":"","_relevanssi_related_include_ids":"","_relevanssi_related_exclude_ids":"","_relevanssi_related_no_append":"","_relevanssi_related_not_related":"","_relevanssi_related_posts":"","_relevanssi_noindex_reason":""},"tribe_events_cat":[404,402],"tags_tema":[],"idades":[392],"tipos":[],"temas":[],"categorias_hubspot":[],"acf":[],"yoast_head":"<!-- This site is optimized with the Yoast SEO plugin v22.3 - https:\/\/yoast.com\/wordpress\/plugins\/seo\/ -->\n<title>Festival Big Bang - Musicians&#039; Rooms - Centro Cultural de Bel\u00e9m Foundation<\/title>\n<meta name=\"description\" content=\"Oito jovens m\u00fasicos ocuparam as salas de ensaio do Grande Audit\u00f3rio para a\u00ed permanecerem nos caminhos de cria\u00e7\u00e3o. Durante o Big Bang, vamos poder percorrer os corredores que nos levam a eles.\" \/>\n<meta name=\"robots\" content=\"index, follow, max-snippet:-1, max-image-preview:large, max-video-preview:-1\" \/>\n<link rel=\"canonical\" href=\"https:\/\/www.ccb.pt\/en\/evento\/quarto-dos-musicos\/2022-10-21\/\" \/>\n<meta property=\"og:locale\" content=\"en_US\" \/>\n<meta property=\"og:type\" content=\"article\" \/>\n<meta property=\"og:title\" content=\"Festival Big Bang - Musicians&#039; Rooms - Centro Cultural de Bel\u00e9m Foundation\" \/>\n<meta property=\"og:description\" content=\"Oito jovens m\u00fasicos ocuparam as salas de ensaio do Grande Audit\u00f3rio para a\u00ed permanecerem nos caminhos de cria\u00e7\u00e3o. Durante o Big Bang, vamos poder percorrer os corredores que nos levam a eles.\" \/>\n<meta property=\"og:url\" content=\"https:\/\/www.ccb.pt\/en\/evento\/quarto-dos-musicos\/2022-10-21\/\" \/>\n<meta property=\"og:site_name\" content=\"Centro Cultural de Bel\u00e9m Foundation\" \/>\n<meta property=\"article:modified_time\" content=\"2022-09-28T17:18:34+00:00\" \/>\n<meta property=\"og:image\" content=\"https:\/\/www.ccb.pt\/wp-content\/uploads\/2022\/08\/Camarins-dos-musicos_c-CCB_SITE-scaled.jpg\" \/>\n\t<meta property=\"og:image:width\" content=\"2560\" \/>\n\t<meta property=\"og:image:height\" content=\"1217\" \/>\n\t<meta property=\"og:image:type\" content=\"image\/jpeg\" \/>\n<meta name=\"twitter:card\" content=\"summary_large_image\" \/>\n<meta name=\"twitter:site\" content=\"@macccb_museu\" \/>\n<meta name=\"twitter:label1\" content=\"Est. reading time\" \/>\n\t<meta name=\"twitter:data1\" content=\"1 minute\" \/>\n<script type=\"application\/ld+json\" class=\"yoast-schema-graph\">{\"@context\":\"https:\/\/schema.org\",\"@graph\":[{\"@type\":\"WebPage\",\"@id\":\"https:\/\/www.ccb.pt\/en\/evento\/quarto-dos-musicos\/2022-10-21\/\",\"url\":\"https:\/\/www.ccb.pt\/en\/evento\/quarto-dos-musicos\/2022-10-21\/\",\"name\":\"Festival Big Bang - Musicians' Rooms - Centro Cultural de Bel\u00e9m Foundation\",\"isPartOf\":{\"@id\":\"https:\/\/www.ccb.pt\/#website\"},\"primaryImageOfPage\":{\"@id\":\"https:\/\/www.ccb.pt\/en\/evento\/quarto-dos-musicos\/2022-10-21\/#primaryimage\"},\"image\":{\"@id\":\"https:\/\/www.ccb.pt\/en\/evento\/quarto-dos-musicos\/2022-10-21\/#primaryimage\"},\"thumbnailUrl\":\"https:\/\/www.ccb.pt\/wp-content\/uploads\/2022\/08\/Camarins-dos-musicos_c-CCB_SITE-scaled.jpg\",\"datePublished\":\"2022-09-02T11:14:10+00:00\",\"dateModified\":\"2022-09-28T17:18:34+00:00\",\"description\":\"Oito jovens m\u00fasicos ocuparam as salas de ensaio do Grande Audit\u00f3rio para a\u00ed permanecerem nos caminhos de cria\u00e7\u00e3o. Durante o Big Bang, vamos poder percorrer os corredores que nos levam a eles.\",\"breadcrumb\":{\"@id\":\"https:\/\/www.ccb.pt\/en\/evento\/quarto-dos-musicos\/2022-10-21\/#breadcrumb\"},\"inLanguage\":\"en-US\",\"potentialAction\":[{\"@type\":\"ReadAction\",\"target\":[\"https:\/\/www.ccb.pt\/en\/evento\/quarto-dos-musicos\/2022-10-21\/\"]}]},{\"@type\":\"ImageObject\",\"inLanguage\":\"en-US\",\"@id\":\"https:\/\/www.ccb.pt\/en\/evento\/quarto-dos-musicos\/2022-10-21\/#primaryimage\",\"url\":\"https:\/\/www.ccb.pt\/wp-content\/uploads\/2022\/08\/Camarins-dos-musicos_c-CCB_SITE-scaled.jpg\",\"contentUrl\":\"https:\/\/www.ccb.pt\/wp-content\/uploads\/2022\/08\/Camarins-dos-musicos_c-CCB_SITE-scaled.jpg\",\"width\":2560,\"height\":1217,\"caption\":\"CCB\"},{\"@type\":\"BreadcrumbList\",\"@id\":\"https:\/\/www.ccb.pt\/en\/evento\/quarto-dos-musicos\/2022-10-21\/#breadcrumb\",\"itemListElement\":[{\"@type\":\"ListItem\",\"position\":1,\"name\":\"Home\",\"item\":\"https:\/\/www.ccb.pt\/en\/\"},{\"@type\":\"ListItem\",\"position\":2,\"name\":\"Eventos\",\"item\":\"https:\/\/www.ccb.pt\/eventos\/\"},{\"@type\":\"ListItem\",\"position\":3,\"name\":\"Musicians&#8217; Rooms\"}]},{\"@type\":\"WebSite\",\"@id\":\"https:\/\/www.ccb.pt\/#website\",\"url\":\"https:\/\/www.ccb.pt\/\",\"name\":\"Centro Cultural de Bel\u00e9m Foundation\",\"description\":\"\",\"publisher\":{\"@id\":\"https:\/\/www.ccb.pt\/#organization\"},\"potentialAction\":[{\"@type\":\"SearchAction\",\"target\":{\"@type\":\"EntryPoint\",\"urlTemplate\":\"https:\/\/www.ccb.pt\/?s={search_term_string}\"},\"query-input\":\"required name=search_term_string\"}],\"inLanguage\":\"en-US\"},{\"@type\":\"Organization\",\"@id\":\"https:\/\/www.ccb.pt\/#organization\",\"name\":\"Centro Cultural de Bel\u00e9m Foundation\",\"url\":\"https:\/\/www.ccb.pt\/\",\"logo\":{\"@type\":\"ImageObject\",\"inLanguage\":\"en-US\",\"@id\":\"https:\/\/www.ccb.pt\/#\/schema\/logo\/image\/\",\"url\":\"https:\/\/www.ccb.pt\/wp-content\/uploads\/2022\/05\/1_ccb.png\",\"contentUrl\":\"https:\/\/www.ccb.pt\/wp-content\/uploads\/2022\/05\/1_ccb.png\",\"width\":126,\"height\":100,\"caption\":\"Centro Cultural de Bel\u00e9m Foundation\"},\"image\":{\"@id\":\"https:\/\/www.ccb.pt\/#\/schema\/logo\/image\/\"},\"sameAs\":[\"https:\/\/twitter.com\/macccb_museu\"]}]}<\/script>\n<!-- \/ Yoast SEO plugin. -->","yoast_head_json":{"title":"Festival Big Bang - Musicians' Rooms - Centro Cultural de Bel\u00e9m Foundation","description":"Oito jovens m\u00fasicos ocuparam as salas de ensaio do Grande Audit\u00f3rio para a\u00ed permanecerem nos caminhos de cria\u00e7\u00e3o. Durante o Big Bang, vamos poder percorrer os corredores que nos levam a eles.","robots":{"index":"index","follow":"follow","max-snippet":"max-snippet:-1","max-image-preview":"max-image-preview:large","max-video-preview":"max-video-preview:-1"},"canonical":"https:\/\/www.ccb.pt\/en\/evento\/quarto-dos-musicos\/2022-10-21\/","og_locale":"en_US","og_type":"article","og_title":"Festival Big Bang - Musicians' Rooms - Centro Cultural de Bel\u00e9m Foundation","og_description":"Oito jovens m\u00fasicos ocuparam as salas de ensaio do Grande Audit\u00f3rio para a\u00ed permanecerem nos caminhos de cria\u00e7\u00e3o. Durante o Big Bang, vamos poder percorrer os corredores que nos levam a eles.","og_url":"https:\/\/www.ccb.pt\/en\/evento\/quarto-dos-musicos\/2022-10-21\/","og_site_name":"Centro Cultural de Bel\u00e9m Foundation","article_modified_time":"2022-09-28T17:18:34+00:00","og_image":[{"width":2560,"height":1217,"url":"https:\/\/www.ccb.pt\/wp-content\/uploads\/2022\/08\/Camarins-dos-musicos_c-CCB_SITE-scaled.jpg","type":"image\/jpeg"}],"twitter_card":"summary_large_image","twitter_site":"@macccb_museu","twitter_misc":{"Est. reading time":"1 minute"},"schema":{"@context":"https:\/\/schema.org","@graph":[{"@type":"WebPage","@id":"https:\/\/www.ccb.pt\/en\/evento\/quarto-dos-musicos\/2022-10-21\/","url":"https:\/\/www.ccb.pt\/en\/evento\/quarto-dos-musicos\/2022-10-21\/","name":"Festival Big Bang - Musicians' Rooms - Centro Cultural de Bel\u00e9m Foundation","isPartOf":{"@id":"https:\/\/www.ccb.pt\/#website"},"primaryImageOfPage":{"@id":"https:\/\/www.ccb.pt\/en\/evento\/quarto-dos-musicos\/2022-10-21\/#primaryimage"},"image":{"@id":"https:\/\/www.ccb.pt\/en\/evento\/quarto-dos-musicos\/2022-10-21\/#primaryimage"},"thumbnailUrl":"https:\/\/www.ccb.pt\/wp-content\/uploads\/2022\/08\/Camarins-dos-musicos_c-CCB_SITE-scaled.jpg","datePublished":"2022-09-02T11:14:10+00:00","dateModified":"2022-09-28T17:18:34+00:00","description":"Oito jovens m\u00fasicos ocuparam as salas de ensaio do Grande Audit\u00f3rio para a\u00ed permanecerem nos caminhos de cria\u00e7\u00e3o. Durante o Big Bang, vamos poder percorrer os corredores que nos levam a eles.","breadcrumb":{"@id":"https:\/\/www.ccb.pt\/en\/evento\/quarto-dos-musicos\/2022-10-21\/#breadcrumb"},"inLanguage":"en-US","potentialAction":[{"@type":"ReadAction","target":["https:\/\/www.ccb.pt\/en\/evento\/quarto-dos-musicos\/2022-10-21\/"]}]},{"@type":"ImageObject","inLanguage":"en-US","@id":"https:\/\/www.ccb.pt\/en\/evento\/quarto-dos-musicos\/2022-10-21\/#primaryimage","url":"https:\/\/www.ccb.pt\/wp-content\/uploads\/2022\/08\/Camarins-dos-musicos_c-CCB_SITE-scaled.jpg","contentUrl":"https:\/\/www.ccb.pt\/wp-content\/uploads\/2022\/08\/Camarins-dos-musicos_c-CCB_SITE-scaled.jpg","width":2560,"height":1217,"caption":"CCB"},{"@type":"BreadcrumbList","@id":"https:\/\/www.ccb.pt\/en\/evento\/quarto-dos-musicos\/2022-10-21\/#breadcrumb","itemListElement":[{"@type":"ListItem","position":1,"name":"Home","item":"https:\/\/www.ccb.pt\/en\/"},{"@type":"ListItem","position":2,"name":"Eventos","item":"https:\/\/www.ccb.pt\/eventos\/"},{"@type":"ListItem","position":3,"name":"Musicians&#8217; Rooms"}]},{"@type":"WebSite","@id":"https:\/\/www.ccb.pt\/#website","url":"https:\/\/www.ccb.pt\/","name":"Centro Cultural de Bel\u00e9m Foundation","description":"","publisher":{"@id":"https:\/\/www.ccb.pt\/#organization"},"potentialAction":[{"@type":"SearchAction","target":{"@type":"EntryPoint","urlTemplate":"https:\/\/www.ccb.pt\/?s={search_term_string}"},"query-input":"required name=search_term_string"}],"inLanguage":"en-US"},{"@type":"Organization","@id":"https:\/\/www.ccb.pt\/#organization","name":"Centro Cultural de Bel\u00e9m Foundation","url":"https:\/\/www.ccb.pt\/","logo":{"@type":"ImageObject","inLanguage":"en-US","@id":"https:\/\/www.ccb.pt\/#\/schema\/logo\/image\/","url":"https:\/\/www.ccb.pt\/wp-content\/uploads\/2022\/05\/1_ccb.png","contentUrl":"https:\/\/www.ccb.pt\/wp-content\/uploads\/2022\/05\/1_ccb.png","width":126,"height":100,"caption":"Centro Cultural de Bel\u00e9m Foundation"},"image":{"@id":"https:\/\/www.ccb.pt\/#\/schema\/logo\/image\/"},"sameAs":["https:\/\/twitter.com\/macccb_museu"]}]}},"_links":{"self":[{"href":"https:\/\/www.ccb.pt\/en\/wp-json\/wp\/v2\/tribe_events\/101016"}],"collection":[{"href":"https:\/\/www.ccb.pt\/en\/wp-json\/wp\/v2\/tribe_events"}],"about":[{"href":"https:\/\/www.ccb.pt\/en\/wp-json\/wp\/v2\/types\/tribe_events"}],"author":[{"embeddable":true,"href":"https:\/\/www.ccb.pt\/en\/wp-json\/wp\/v2\/users\/6"}],"replies":[{"embeddable":true,"href":"https:\/\/www.ccb.pt\/en\/wp-json\/wp\/v2\/comments?post=101016"}],"version-history":[{"count":2,"href":"https:\/\/www.ccb.pt\/en\/wp-json\/wp\/v2\/tribe_events\/101016\/revisions"}],"predecessor-version":[{"id":101018,"href":"https:\/\/www.ccb.pt\/en\/wp-json\/wp\/v2\/tribe_events\/101016\/revisions\/101018"}],"wp:featuredmedia":[{"embeddable":true,"href":"https:\/\/www.ccb.pt\/en\/wp-json\/wp\/v2\/media\/97611"}],"wp:attachment":[{"href":"https:\/\/www.ccb.pt\/en\/wp-json\/wp\/v2\/media?parent=101016"}],"wp:term":[{"taxonomy":"tribe_events_cat","embeddable":true,"href":"https:\/\/www.ccb.pt\/en\/wp-json\/wp\/v2\/tribe_events_cat?post=101016"},{"taxonomy":"tags_tema","embeddable":true,"href":"https:\/\/www.ccb.pt\/en\/wp-json\/wp\/v2\/tags_tema?post=101016"},{"taxonomy":"idades","embeddable":true,"href":"https:\/\/www.ccb.pt\/en\/wp-json\/wp\/v2\/idades?post=101016"},{"taxonomy":"tipos","embeddable":true,"href":"https:\/\/www.ccb.pt\/en\/wp-json\/wp\/v2\/tipos?post=101016"},{"taxonomy":"temas","embeddable":true,"href":"https:\/\/www.ccb.pt\/en\/wp-json\/wp\/v2\/temas?post=101016"},{"taxonomy":"categorias_hubspot","embeddable":true,"href":"https:\/\/www.ccb.pt\/en\/wp-json\/wp\/v2\/categorias_hubspot?post=101016"}],"curies":[{"name":"wp","href":"https:\/\/api.w.org\/{rel}","templated":true}]}}

<!-- This site is optimized with the Yoast SEO plugin v22.3 - https://yoast.com/wordpress/plugins/seo/ -->
<title>Festival Big Bang - Musicians&#039; Rooms - Centro Cultural de Belém Foundation</title>
<meta name="description" content="Oito jovens músicos ocuparam as salas de ensaio do Grande Auditório para aí permanecerem nos caminhos de criação. Durante o Big Bang, vamos poder percorrer os corredores que nos levam a eles." />
<meta name="robots" content="index, follow, max-snippet:-1, max-image-preview:large, max-video-preview:-1" />
<link rel="canonical" href="https://www.ccb.pt/en/evento/quarto-dos-musicos/2022-10-21/" />
<meta property="og:locale" content="en_US" />
<meta property="og:type" content="article" />
<meta property="og:title" content="Festival Big Bang - Musicians&#039; Rooms - Centro Cultural de Belém Foundation" />
<meta property="og:description" content="Oito jovens músicos ocuparam as salas de ensaio do Grande Auditório para aí permanecerem nos caminhos de criação. Durante o Big Bang, vamos poder percorrer os corredores que nos levam a eles." />
<meta property="og:url" content="https://www.ccb.pt/en/evento/quarto-dos-musicos/2022-10-21/" />
<meta property="og:site_name" content="Centro Cultural de Belém Foundation" />
<meta property="article:modified_time" content="2022-09-28T17:18:34+00:00" />
<meta property="og:image" content="https://www.ccb.pt/wp-content/uploads/2022/08/Camarins-dos-musicos_c-CCB_SITE-scaled.jpg" />
	<meta property="og:image:width" content="2560" />
	<meta property="og:image:height" content="1217" />
	<meta property="og:image:type" content="image/jpeg" />
<meta name="twitter:card" content="summary_large_image" />
<meta name="twitter:site" content="@macccb_museu" />
<meta name="twitter:label1" content="Est. reading time" />
	<meta name="twitter:data1" content="1 minute" />
<script type="application/ld+json" class="yoast-schema-graph">{"@context":"https://schema.org","@graph":[{"@type":"WebPage","@id":"https://www.ccb.pt/en/evento/quarto-dos-musicos/2022-10-21/","url":"https://www.ccb.pt/en/evento/quarto-dos-musicos/2022-10-21/","name":"Festival Big Bang - Musicians' Rooms - Centro Cultural de Belém Foundation","isPartOf":{"@id":"https://www.ccb.pt/#website"},"primaryImageOfPage":{"@id":"https://www.ccb.pt/en/evento/quarto-dos-musicos/2022-10-21/#primaryimage"},"image":{"@id":"https://www.ccb.pt/en/evento/quarto-dos-musicos/2022-10-21/#primaryimage"},"thumbnailUrl":"https://www.ccb.pt/wp-content/uploads/2022/08/Camarins-dos-musicos_c-CCB_SITE-scaled.jpg","datePublished":"2022-09-02T11:14:10+00:00","dateModified":"2022-09-28T17:18:34+00:00","description":"Oito jovens músicos ocuparam as salas de ensaio do Grande Auditório para aí permanecerem nos caminhos de criação. Durante o Big Bang, vamos poder percorrer os corredores que nos levam a eles.","breadcrumb":{"@id":"https://www.ccb.pt/en/evento/quarto-dos-musicos/2022-10-21/#breadcrumb"},"inLanguage":"en-US","potentialAction":[{"@type":"ReadAction","target":["https://www.ccb.pt/en/evento/quarto-dos-musicos/2022-10-21/"]}]},{"@type":"ImageObject","inLanguage":"en-US","@id":"https://www.ccb.pt/en/evento/quarto-dos-musicos/2022-10-21/#primaryimage","url":"https://www.ccb.pt/wp-content/uploads/2022/08/Camarins-dos-musicos_c-CCB_SITE-scaled.jpg","contentUrl":"https://www.ccb.pt/wp-content/uploads/2022/08/Camarins-dos-musicos_c-CCB_SITE-scaled.jpg","width":2560,"height":1217,"caption":"CCB"},{"@type":"BreadcrumbList","@id":"https://www.ccb.pt/en/evento/quarto-dos-musicos/2022-10-21/#breadcrumb","itemListElement":[{"@type":"ListItem","position":1,"name":"Home","item":"https://www.ccb.pt/en/"},{"@type":"ListItem","position":2,"name":"Eventos","item":"https://www.ccb.pt/eventos/"},{"@type":"ListItem","position":3,"name":"Musicians&#8217; Rooms"}]},{"@type":"WebSite","@id":"https://www.ccb.pt/#website","url":"https://www.ccb.pt/","name":"Centro Cultural de Belém Foundation","description":"","publisher":{"@id":"https://www.ccb.pt/#organization"},"potentialAction":[{"@type":"SearchAction","target":{"@type":"EntryPoint","urlTemplate":"https://www.ccb.pt/?s={search_term_string}"},"query-input":"required name=search_term_string"}],"inLanguage":"en-US"},{"@type":"Organization","@id":"https://www.ccb.pt/#organization","name":"Centro Cultural de Belém Foundation","url":"https://www.ccb.pt/","logo":{"@type":"ImageObject","inLanguage":"en-US","@id":"https://www.ccb.pt/#/schema/logo/image/","url":"https://www.ccb.pt/wp-content/uploads/2022/05/1_ccb.png","contentUrl":"https://www.ccb.pt/wp-content/uploads/2022/05/1_ccb.png","width":126,"height":100,"caption":"Centro Cultural de Belém Foundation"},"image":{"@id":"https://www.ccb.pt/#/schema/logo/image/"},"sameAs":["https://twitter.com/macccb_museu"]}]}</script>
<!-- / Yoast SEO plugin. -->

Festival Big Bang - Musicians' Rooms - Centro Cultural de Belém Foundation

Oito jovens músicos ocuparam as salas de ensaio do Grande Auditório para aí permanecerem nos caminhos de criação. Durante o Big Bang, vamos poder percorrer os corredores que nos levam a eles.

Centro Cultural de Belém Foundation
