    {"id":100882,"date":"2022-09-26T15:53:19","date_gmt":"2022-09-26T14:53:19","guid":{"rendered":"https:\/\/www.ccb.pt\/evento\/carta-branca-a-pedro-carneiro-2\/"},"modified":"2023-05-12T12:25:09","modified_gmt":"2023-05-12T11:25:09","slug":"carta-branca-a-pedro-carneiro-2","status":"publish","type":"tribe_events","link":"https:\/\/www.ccb.pt\/en\/evento\/carta-branca-a-pedro-carneiro-2\/","title":{"rendered":"Carta Branca a Pedro Carneiro"},"content":{"rendered":"<p>Pedro Carneiro is a renowned composer and musician. He&#8217;s also the artistic director of the Portuguese Chamber Orchestra and the Young Portuguese Orchestra. Now he joins forces with Moullinex, DJ and producer acclaimed for his electronic music productions. Together, Pedro Carneiro and Moullinex will present a unique concert for marimba and electronics, which takes the Tree as a symbol.<\/p>\n","protected":false},"excerpt":{"rendered":"<p>Pedro Carneiro is a renowned composer and musician. He&#8217;s also the artistic director of the Portuguese Chamber Orchestra and the Young Portuguese Orchestra. Now he joins forces with Moullinex, DJ and producer acclaimed for his electronic music productions. Together, Pedro Carneiro and Moullinex will present a unique concert for marimba and electronics, which takes the [&hellip;]<\/p>\n","protected":false},"author":6,"featured_media":116276,"comment_status":"open","ping_status":"closed","template":"","meta":{"_relevanssi_hide_post":"","_relevanssi_pin_for_all":"","_relevanssi_pin_keywords":"","_relevanssi_unpin_keywords":"","_relevanssi_related_keywords":"","_relevanssi_related_include_ids":"","_relevanssi_related_exclude_ids":"","_relevanssi_related_no_append":"","_relevanssi_related_not_related":"","_relevanssi_related_posts":"","_relevanssi_noindex_reason":""},"tribe_events_cat":[23],"tags_tema":[],"idades":[392],"tipos":[],"temas":[],"categorias_hubspot":[],"acf":[],"yoast_head":"<!-- This site is optimized with the Yoast SEO plugin v22.3 - https:\/\/yoast.com\/wordpress\/plugins\/seo\/ -->\n<title>Carta Branca a Pedro Carneiro - Centro Cultural de Bel\u00e9m Foundation<\/title>\n<meta name=\"description\" content=\"Pedro Carneiro e Moullinex v\u00e3o apresentar um concerto \u00fanico para marimba e eletr\u00f3nica, que toma a \u00c1rvore como s\u00edmbolo.\" \/>\n<meta name=\"robots\" content=\"index, follow, max-snippet:-1, max-image-preview:large, max-video-preview:-1\" \/>\n<link rel=\"canonical\" href=\"https:\/\/www.ccb.pt\/en\/evento\/carta-branca-a-pedro-carneiro-2\/\" \/>\n<meta property=\"og:locale\" content=\"en_US\" \/>\n<meta property=\"og:type\" content=\"article\" \/>\n<meta property=\"og:title\" content=\"Carta Branca a Pedro Carneiro - Centro Cultural de Bel\u00e9m Foundation\" \/>\n<meta property=\"og:description\" content=\"Pedro Carneiro e Moullinex v\u00e3o apresentar um concerto \u00fanico para marimba e eletr\u00f3nica, que toma a \u00c1rvore como s\u00edmbolo.\" \/>\n<meta property=\"og:url\" content=\"https:\/\/www.ccb.pt\/en\/evento\/carta-branca-a-pedro-carneiro-2\/\" \/>\n<meta property=\"og:site_name\" content=\"Centro Cultural de Bel\u00e9m Foundation\" \/>\n<meta property=\"article:modified_time\" content=\"2023-05-12T11:25:09+00:00\" \/>\n<meta property=\"og:image\" content=\"https:\/\/www.ccb.pt\/wp-content\/uploads\/2022\/09\/SITE_PEDRO-CARNEIRO-E-MOULLINEX.jpg\" \/>\n\t<meta property=\"og:image:width\" content=\"1300\" \/>\n\t<meta property=\"og:image:height\" content=\"618\" \/>\n\t<meta property=\"og:image:type\" content=\"image\/jpeg\" \/>\n<meta name=\"twitter:card\" content=\"summary_large_image\" \/>\n<meta name=\"twitter:site\" content=\"@macccb_museu\" \/>\n<meta name=\"twitter:label1\" content=\"Est. reading time\" \/>\n\t<meta name=\"twitter:data1\" content=\"1 minute\" \/>\n<script type=\"application\/ld+json\" class=\"yoast-schema-graph\">{\"@context\":\"https:\/\/schema.org\",\"@graph\":[{\"@type\":\"WebPage\",\"@id\":\"https:\/\/www.ccb.pt\/en\/evento\/carta-branca-a-pedro-carneiro-2\/\",\"url\":\"https:\/\/www.ccb.pt\/en\/evento\/carta-branca-a-pedro-carneiro-2\/\",\"name\":\"Carta Branca a Pedro Carneiro - Centro Cultural de Bel\u00e9m Foundation\",\"isPartOf\":{\"@id\":\"https:\/\/www.ccb.pt\/#website\"},\"primaryImageOfPage\":{\"@id\":\"https:\/\/www.ccb.pt\/en\/evento\/carta-branca-a-pedro-carneiro-2\/#primaryimage\"},\"image\":{\"@id\":\"https:\/\/www.ccb.pt\/en\/evento\/carta-branca-a-pedro-carneiro-2\/#primaryimage\"},\"thumbnailUrl\":\"https:\/\/www.ccb.pt\/wp-content\/uploads\/2022\/09\/SITE_PEDRO-CARNEIRO-E-MOULLINEX.jpg\",\"datePublished\":\"2022-09-26T14:53:19+00:00\",\"dateModified\":\"2023-05-12T11:25:09+00:00\",\"description\":\"Pedro Carneiro e Moullinex v\u00e3o apresentar um concerto \u00fanico para marimba e eletr\u00f3nica, que toma a \u00c1rvore como s\u00edmbolo.\",\"breadcrumb\":{\"@id\":\"https:\/\/www.ccb.pt\/en\/evento\/carta-branca-a-pedro-carneiro-2\/#breadcrumb\"},\"inLanguage\":\"en-US\",\"potentialAction\":[{\"@type\":\"ReadAction\",\"target\":[\"https:\/\/www.ccb.pt\/en\/evento\/carta-branca-a-pedro-carneiro-2\/\"]}]},{\"@type\":\"ImageObject\",\"inLanguage\":\"en-US\",\"@id\":\"https:\/\/www.ccb.pt\/en\/evento\/carta-branca-a-pedro-carneiro-2\/#primaryimage\",\"url\":\"https:\/\/www.ccb.pt\/wp-content\/uploads\/2022\/09\/SITE_PEDRO-CARNEIRO-E-MOULLINEX.jpg\",\"contentUrl\":\"https:\/\/www.ccb.pt\/wp-content\/uploads\/2022\/09\/SITE_PEDRO-CARNEIRO-E-MOULLINEX.jpg\",\"width\":1300,\"height\":618,\"caption\":\"Pedro Carneiro e Moullinex CCB\"},{\"@type\":\"BreadcrumbList\",\"@id\":\"https:\/\/www.ccb.pt\/en\/evento\/carta-branca-a-pedro-carneiro-2\/#breadcrumb\",\"itemListElement\":[{\"@type\":\"ListItem\",\"position\":1,\"name\":\"Home\",\"item\":\"https:\/\/www.ccb.pt\/en\/\"},{\"@type\":\"ListItem\",\"position\":2,\"name\":\"Eventos\",\"item\":\"https:\/\/www.ccb.pt\/eventos\/\"},{\"@type\":\"ListItem\",\"position\":3,\"name\":\"Carta Branca a Pedro Carneiro\"}]},{\"@type\":\"WebSite\",\"@id\":\"https:\/\/www.ccb.pt\/#website\",\"url\":\"https:\/\/www.ccb.pt\/\",\"name\":\"Centro Cultural de Bel\u00e9m Foundation\",\"description\":\"\",\"publisher\":{\"@id\":\"https:\/\/www.ccb.pt\/#organization\"},\"potentialAction\":[{\"@type\":\"SearchAction\",\"target\":{\"@type\":\"EntryPoint\",\"urlTemplate\":\"https:\/\/www.ccb.pt\/?s={search_term_string}\"},\"query-input\":\"required name=search_term_string\"}],\"inLanguage\":\"en-US\"},{\"@type\":\"Organization\",\"@id\":\"https:\/\/www.ccb.pt\/#organization\",\"name\":\"Centro Cultural de Bel\u00e9m Foundation\",\"url\":\"https:\/\/www.ccb.pt\/\",\"logo\":{\"@type\":\"ImageObject\",\"inLanguage\":\"en-US\",\"@id\":\"https:\/\/www.ccb.pt\/#\/schema\/logo\/image\/\",\"url\":\"https:\/\/www.ccb.pt\/wp-content\/uploads\/2022\/05\/1_ccb.png\",\"contentUrl\":\"https:\/\/www.ccb.pt\/wp-content\/uploads\/2022\/05\/1_ccb.png\",\"width\":126,\"height\":100,\"caption\":\"Centro Cultural de Bel\u00e9m Foundation\"},\"image\":{\"@id\":\"https:\/\/www.ccb.pt\/#\/schema\/logo\/image\/\"},\"sameAs\":[\"https:\/\/twitter.com\/macccb_museu\"]}]}<\/script>\n<!-- \/ Yoast SEO plugin. -->","yoast_head_json":{"title":"Carta Branca a Pedro Carneiro - Centro Cultural de Bel\u00e9m Foundation","description":"Pedro Carneiro e Moullinex v\u00e3o apresentar um concerto \u00fanico para marimba e eletr\u00f3nica, que toma a \u00c1rvore como s\u00edmbolo.","robots":{"index":"index","follow":"follow","max-snippet":"max-snippet:-1","max-image-preview":"max-image-preview:large","max-video-preview":"max-video-preview:-1"},"canonical":"https:\/\/www.ccb.pt\/en\/evento\/carta-branca-a-pedro-carneiro-2\/","og_locale":"en_US","og_type":"article","og_title":"Carta Branca a Pedro Carneiro - Centro Cultural de Bel\u00e9m Foundation","og_description":"Pedro Carneiro e Moullinex v\u00e3o apresentar um concerto \u00fanico para marimba e eletr\u00f3nica, que toma a \u00c1rvore como s\u00edmbolo.","og_url":"https:\/\/www.ccb.pt\/en\/evento\/carta-branca-a-pedro-carneiro-2\/","og_site_name":"Centro Cultural de Bel\u00e9m Foundation","article_modified_time":"2023-05-12T11:25:09+00:00","og_image":[{"width":1300,"height":618,"url":"https:\/\/www.ccb.pt\/wp-content\/uploads\/2022\/09\/SITE_PEDRO-CARNEIRO-E-MOULLINEX.jpg","type":"image\/jpeg"}],"twitter_card":"summary_large_image","twitter_site":"@macccb_museu","twitter_misc":{"Est. reading time":"1 minute"},"schema":{"@context":"https:\/\/schema.org","@graph":[{"@type":"WebPage","@id":"https:\/\/www.ccb.pt\/en\/evento\/carta-branca-a-pedro-carneiro-2\/","url":"https:\/\/www.ccb.pt\/en\/evento\/carta-branca-a-pedro-carneiro-2\/","name":"Carta Branca a Pedro Carneiro - Centro Cultural de Bel\u00e9m Foundation","isPartOf":{"@id":"https:\/\/www.ccb.pt\/#website"},"primaryImageOfPage":{"@id":"https:\/\/www.ccb.pt\/en\/evento\/carta-branca-a-pedro-carneiro-2\/#primaryimage"},"image":{"@id":"https:\/\/www.ccb.pt\/en\/evento\/carta-branca-a-pedro-carneiro-2\/#primaryimage"},"thumbnailUrl":"https:\/\/www.ccb.pt\/wp-content\/uploads\/2022\/09\/SITE_PEDRO-CARNEIRO-E-MOULLINEX.jpg","datePublished":"2022-09-26T14:53:19+00:00","dateModified":"2023-05-12T11:25:09+00:00","description":"Pedro Carneiro e Moullinex v\u00e3o apresentar um concerto \u00fanico para marimba e eletr\u00f3nica, que toma a \u00c1rvore como s\u00edmbolo.","breadcrumb":{"@id":"https:\/\/www.ccb.pt\/en\/evento\/carta-branca-a-pedro-carneiro-2\/#breadcrumb"},"inLanguage":"en-US","potentialAction":[{"@type":"ReadAction","target":["https:\/\/www.ccb.pt\/en\/evento\/carta-branca-a-pedro-carneiro-2\/"]}]},{"@type":"ImageObject","inLanguage":"en-US","@id":"https:\/\/www.ccb.pt\/en\/evento\/carta-branca-a-pedro-carneiro-2\/#primaryimage","url":"https:\/\/www.ccb.pt\/wp-content\/uploads\/2022\/09\/SITE_PEDRO-CARNEIRO-E-MOULLINEX.jpg","contentUrl":"https:\/\/www.ccb.pt\/wp-content\/uploads\/2022\/09\/SITE_PEDRO-CARNEIRO-E-MOULLINEX.jpg","width":1300,"height":618,"caption":"Pedro Carneiro e Moullinex CCB"},{"@type":"BreadcrumbList","@id":"https:\/\/www.ccb.pt\/en\/evento\/carta-branca-a-pedro-carneiro-2\/#breadcrumb","itemListElement":[{"@type":"ListItem","position":1,"name":"Home","item":"https:\/\/www.ccb.pt\/en\/"},{"@type":"ListItem","position":2,"name":"Eventos","item":"https:\/\/www.ccb.pt\/eventos\/"},{"@type":"ListItem","position":3,"name":"Carta Branca a Pedro Carneiro"}]},{"@type":"WebSite","@id":"https:\/\/www.ccb.pt\/#website","url":"https:\/\/www.ccb.pt\/","name":"Centro Cultural de Bel\u00e9m Foundation","description":"","publisher":{"@id":"https:\/\/www.ccb.pt\/#organization"},"potentialAction":[{"@type":"SearchAction","target":{"@type":"EntryPoint","urlTemplate":"https:\/\/www.ccb.pt\/?s={search_term_string}"},"query-input":"required name=search_term_string"}],"inLanguage":"en-US"},{"@type":"Organization","@id":"https:\/\/www.ccb.pt\/#organization","name":"Centro Cultural de Bel\u00e9m Foundation","url":"https:\/\/www.ccb.pt\/","logo":{"@type":"ImageObject","inLanguage":"en-US","@id":"https:\/\/www.ccb.pt\/#\/schema\/logo\/image\/","url":"https:\/\/www.ccb.pt\/wp-content\/uploads\/2022\/05\/1_ccb.png","contentUrl":"https:\/\/www.ccb.pt\/wp-content\/uploads\/2022\/05\/1_ccb.png","width":126,"height":100,"caption":"Centro Cultural de Bel\u00e9m Foundation"},"image":{"@id":"https:\/\/www.ccb.pt\/#\/schema\/logo\/image\/"},"sameAs":["https:\/\/twitter.com\/macccb_museu"]}]}},"_links":{"self":[{"href":"https:\/\/www.ccb.pt\/en\/wp-json\/wp\/v2\/tribe_events\/100882"}],"collection":[{"href":"https:\/\/www.ccb.pt\/en\/wp-json\/wp\/v2\/tribe_events"}],"about":[{"href":"https:\/\/www.ccb.pt\/en\/wp-json\/wp\/v2\/types\/tribe_events"}],"author":[{"embeddable":true,"href":"https:\/\/www.ccb.pt\/en\/wp-json\/wp\/v2\/users\/6"}],"replies":[{"embeddable":true,"href":"https:\/\/www.ccb.pt\/en\/wp-json\/wp\/v2\/comments?post=100882"}],"version-history":[{"count":9,"href":"https:\/\/www.ccb.pt\/en\/wp-json\/wp\/v2\/tribe_events\/100882\/revisions"}],"predecessor-version":[{"id":119983,"href":"https:\/\/www.ccb.pt\/en\/wp-json\/wp\/v2\/tribe_events\/100882\/revisions\/119983"}],"wp:featuredmedia":[{"embeddable":true,"href":"https:\/\/www.ccb.pt\/en\/wp-json\/wp\/v2\/media\/116276"}],"wp:attachment":[{"href":"https:\/\/www.ccb.pt\/en\/wp-json\/wp\/v2\/media?parent=100882"}],"wp:term":[{"taxonomy":"tribe_events_cat","embeddable":true,"href":"https:\/\/www.ccb.pt\/en\/wp-json\/wp\/v2\/tribe_events_cat?post=100882"},{"taxonomy":"tags_tema","embeddable":true,"href":"https:\/\/www.ccb.pt\/en\/wp-json\/wp\/v2\/tags_tema?post=100882"},{"taxonomy":"idades","embeddable":true,"href":"https:\/\/www.ccb.pt\/en\/wp-json\/wp\/v2\/idades?post=100882"},{"taxonomy":"tipos","embeddable":true,"href":"https:\/\/www.ccb.pt\/en\/wp-json\/wp\/v2\/tipos?post=100882"},{"taxonomy":"temas","embeddable":true,"href":"https:\/\/www.ccb.pt\/en\/wp-json\/wp\/v2\/temas?post=100882"},{"taxonomy":"categorias_hubspot","embeddable":true,"href":"https:\/\/www.ccb.pt\/en\/wp-json\/wp\/v2\/categorias_hubspot?post=100882"}],"curies":[{"name":"wp","href":"https:\/\/api.w.org\/{rel}","templated":true}]}}

<!-- This site is optimized with the Yoast SEO plugin v22.3 - https://yoast.com/wordpress/plugins/seo/ -->
<title>Carta Branca a Pedro Carneiro - Centro Cultural de Belém Foundation</title>
<meta name="description" content="Pedro Carneiro e Moullinex vão apresentar um concerto único para marimba e eletrónica, que toma a Árvore como símbolo." />
<meta name="robots" content="index, follow, max-snippet:-1, max-image-preview:large, max-video-preview:-1" />
<link rel="canonical" href="https://www.ccb.pt/en/evento/carta-branca-a-pedro-carneiro-2/" />
<meta property="og:locale" content="en_US" />
<meta property="og:type" content="article" />
<meta property="og:title" content="Carta Branca a Pedro Carneiro - Centro Cultural de Belém Foundation" />
<meta property="og:description" content="Pedro Carneiro e Moullinex vão apresentar um concerto único para marimba e eletrónica, que toma a Árvore como símbolo." />
<meta property="og:url" content="https://www.ccb.pt/en/evento/carta-branca-a-pedro-carneiro-2/" />
<meta property="og:site_name" content="Centro Cultural de Belém Foundation" />
<meta property="article:modified_time" content="2023-05-12T11:25:09+00:00" />
<meta property="og:image" content="https://www.ccb.pt/wp-content/uploads/2022/09/SITE_PEDRO-CARNEIRO-E-MOULLINEX.jpg" />
	<meta property="og:image:width" content="1300" />
	<meta property="og:image:height" content="618" />
	<meta property="og:image:type" content="image/jpeg" />
<meta name="twitter:card" content="summary_large_image" />
<meta name="twitter:site" content="@macccb_museu" />
<meta name="twitter:label1" content="Est. reading time" />
	<meta name="twitter:data1" content="1 minute" />
<script type="application/ld+json" class="yoast-schema-graph">{"@context":"https://schema.org","@graph":[{"@type":"WebPage","@id":"https://www.ccb.pt/en/evento/carta-branca-a-pedro-carneiro-2/","url":"https://www.ccb.pt/en/evento/carta-branca-a-pedro-carneiro-2/","name":"Carta Branca a Pedro Carneiro - Centro Cultural de Belém Foundation","isPartOf":{"@id":"https://www.ccb.pt/#website"},"primaryImageOfPage":{"@id":"https://www.ccb.pt/en/evento/carta-branca-a-pedro-carneiro-2/#primaryimage"},"image":{"@id":"https://www.ccb.pt/en/evento/carta-branca-a-pedro-carneiro-2/#primaryimage"},"thumbnailUrl":"https://www.ccb.pt/wp-content/uploads/2022/09/SITE_PEDRO-CARNEIRO-E-MOULLINEX.jpg","datePublished":"2022-09-26T14:53:19+00:00","dateModified":"2023-05-12T11:25:09+00:00","description":"Pedro Carneiro e Moullinex vão apresentar um concerto único para marimba e eletrónica, que toma a Árvore como símbolo.","breadcrumb":{"@id":"https://www.ccb.pt/en/evento/carta-branca-a-pedro-carneiro-2/#breadcrumb"},"inLanguage":"en-US","potentialAction":[{"@type":"ReadAction","target":["https://www.ccb.pt/en/evento/carta-branca-a-pedro-carneiro-2/"]}]},{"@type":"ImageObject","inLanguage":"en-US","@id":"https://www.ccb.pt/en/evento/carta-branca-a-pedro-carneiro-2/#primaryimage","url":"https://www.ccb.pt/wp-content/uploads/2022/09/SITE_PEDRO-CARNEIRO-E-MOULLINEX.jpg","contentUrl":"https://www.ccb.pt/wp-content/uploads/2022/09/SITE_PEDRO-CARNEIRO-E-MOULLINEX.jpg","width":1300,"height":618,"caption":"Pedro Carneiro e Moullinex CCB"},{"@type":"BreadcrumbList","@id":"https://www.ccb.pt/en/evento/carta-branca-a-pedro-carneiro-2/#breadcrumb","itemListElement":[{"@type":"ListItem","position":1,"name":"Home","item":"https://www.ccb.pt/en/"},{"@type":"ListItem","position":2,"name":"Eventos","item":"https://www.ccb.pt/eventos/"},{"@type":"ListItem","position":3,"name":"Carta Branca a Pedro Carneiro"}]},{"@type":"WebSite","@id":"https://www.ccb.pt/#website","url":"https://www.ccb.pt/","name":"Centro Cultural de Belém Foundation","description":"","publisher":{"@id":"https://www.ccb.pt/#organization"},"potentialAction":[{"@type":"SearchAction","target":{"@type":"EntryPoint","urlTemplate":"https://www.ccb.pt/?s={search_term_string}"},"query-input":"required name=search_term_string"}],"inLanguage":"en-US"},{"@type":"Organization","@id":"https://www.ccb.pt/#organization","name":"Centro Cultural de Belém Foundation","url":"https://www.ccb.pt/","logo":{"@type":"ImageObject","inLanguage":"en-US","@id":"https://www.ccb.pt/#/schema/logo/image/","url":"https://www.ccb.pt/wp-content/uploads/2022/05/1_ccb.png","contentUrl":"https://www.ccb.pt/wp-content/uploads/2022/05/1_ccb.png","width":126,"height":100,"caption":"Centro Cultural de Belém Foundation"},"image":{"@id":"https://www.ccb.pt/#/schema/logo/image/"},"sameAs":["https://twitter.com/macccb_museu"]}]}</script>
<!-- / Yoast SEO plugin. -->

Carta Branca a Pedro Carneiro - Centro Cultural de Belém Foundation

Pedro Carneiro e Moullinex vão apresentar um concerto único para marimba e eletrónica, que toma a Árvore como símbolo.

Centro Cultural de Belém Foundation
