    {"id":261009,"date":"2025-07-22T16:21:01","date_gmt":"2025-07-22T15:21:01","guid":{"rendered":"https:\/\/www.ccb.pt\/campanha-30-desconto-em-salas-e-foyers\/"},"modified":"2025-11-19T16:23:07","modified_gmt":"2025-11-19T16:23:07","slug":"30-discount-campaign-on-rooms-and-foyers","status":"publish","type":"page","link":"https:\/\/www.ccb.pt\/en\/30-discount-campaign-on-rooms-and-foyers\/","title":{"rendered":"30% discount campaign on rooms and foyers"},"content":{"rendered":"\r\n<p>Who says Mondays cannot be good days for gatherings and events? They often surprise us, bringing a quiet kind of energy that feels perfect for planning something memorable.<\/p>\r\n<p>Until the end of the year, you can book your event on a Monday and enjoy a 30% discount on rooms and foyers. If you decide to include a welcome coffee, the cookies will be offered at no additional charge. Besides that, to make the experience feel even warmer, we will offer museum entry tickets to every participant.<\/p>\r\n<p>This campaign is valid until 31 December for new bookings. It cannot be combined with other discounts.<\/p>\r\n<p>&nbsp;<\/p>\r\n<p>Do not miss this opportunity. Reach out to us by phone at <strong>(+351) 21 361 26 97<\/strong>, send an email to <a href=\"mailto:eventos@ccb.pt\">eventos@ccb.pt<\/a> or request your proposal.<\/p>\r\n\r\n\r\n\r\n<p>&nbsp;<\/p>\r\n\r\n\r\n\r\n<div class=\"wp-block-buttons is-layout-flex wp-block-buttons-is-layout-flex\">\r\n<div class=\"wp-block-button has-custom-width wp-block-button__width-50\"><a class=\"wp-block-button__link has-vivid-red-background-color has-background wp-element-button\" href=\"https:\/\/www.ccb.pt\/en\/request-for-proposal\/\" target=\"_blank\" rel=\"noreferrer noopener\">Ask your proposal here<\/a><\/div>\r\n<\/div>\r\n","protected":false},"excerpt":{"rendered":"<p>Who says Mondays cannot be good days for gatherings and events? They often surprise us, bringing a quiet kind of energy that feels perfect for planning something memorable. Until the end of the year, you can book your event on a Monday and enjoy a 30% discount on rooms and foyers. If you decide to [&hellip;]<\/p>\n","protected":false},"author":6,"featured_media":240560,"parent":0,"menu_order":0,"comment_status":"closed","ping_status":"closed","template":"template-institucional.php","meta":{"_relevanssi_hide_post":"","_relevanssi_pin_for_all":"","_relevanssi_pin_keywords":"","_relevanssi_unpin_keywords":"","_relevanssi_related_keywords":"","_relevanssi_related_include_ids":"","_relevanssi_related_exclude_ids":"","_relevanssi_related_no_append":"","_relevanssi_related_not_related":"","_relevanssi_related_posts":"","_relevanssi_noindex_reason":"Yoast SEO Relevanssi index exclude","footnotes":""},"categories":[706],"acf":[],"yoast_head":"<!-- This site is optimized with the Yoast SEO plugin v22.3 - https:\/\/yoast.com\/wordpress\/plugins\/seo\/ -->\n<title>30% discount campaign on rooms and foyers - Centro Cultural de Bel\u00e9m Foundation<\/title>\n<meta name=\"description\" content=\"At\u00e9 ao final do ano pode reservar o seu evento para uma segunda-feira com 30% de desconto no aluguer de salas e foyers do CCB.\" \/>\n<meta name=\"robots\" content=\"noindex, follow\" \/>\n<meta property=\"og:locale\" content=\"en_US\" \/>\n<meta property=\"og:type\" content=\"article\" \/>\n<meta property=\"og:title\" content=\"30% desconto em salas e foyers | CCB\" \/>\n<meta property=\"og:description\" content=\"At\u00e9 ao final do ano pode reservar o seu evento para uma segunda-feira com 30% de desconto no aluguer de salas e foyers do CCB.\" \/>\n<meta property=\"og:url\" content=\"https:\/\/www.ccb.pt\/en\/30-discount-campaign-on-rooms-and-foyers\/\" \/>\n<meta property=\"og:site_name\" content=\"Centro Cultural de Bel\u00e9m Foundation\" \/>\n<meta property=\"article:modified_time\" content=\"2025-11-19T16:23:07+00:00\" \/>\n<meta property=\"og:image\" content=\"https:\/\/www.ccb.pt\/wp-content\/uploads\/2025\/07\/campanhaveraoCCR2025.jpg\" \/>\n\t<meta property=\"og:image:width\" content=\"1120\" \/>\n\t<meta property=\"og:image:height\" content=\"630\" \/>\n\t<meta property=\"og:image:type\" content=\"image\/jpeg\" \/>\n<meta name=\"twitter:card\" content=\"summary_large_image\" \/>\n<meta name=\"twitter:site\" content=\"@macccb_museu\" \/>\n<meta name=\"twitter:label1\" content=\"Est. reading time\" \/>\n\t<meta name=\"twitter:data1\" content=\"1 minute\" \/>\n<script type=\"application\/ld+json\" class=\"yoast-schema-graph\">{\"@context\":\"https:\/\/schema.org\",\"@graph\":[{\"@type\":\"WebPage\",\"@id\":\"https:\/\/www.ccb.pt\/en\/30-discount-campaign-on-rooms-and-foyers\/\",\"url\":\"https:\/\/www.ccb.pt\/en\/30-discount-campaign-on-rooms-and-foyers\/\",\"name\":\"30% discount campaign on rooms and foyers - Centro Cultural de Bel\u00e9m Foundation\",\"isPartOf\":{\"@id\":\"https:\/\/www.ccb.pt\/#website\"},\"primaryImageOfPage\":{\"@id\":\"https:\/\/www.ccb.pt\/en\/30-discount-campaign-on-rooms-and-foyers\/#primaryimage\"},\"image\":{\"@id\":\"https:\/\/www.ccb.pt\/en\/30-discount-campaign-on-rooms-and-foyers\/#primaryimage\"},\"thumbnailUrl\":\"https:\/\/www.ccb.pt\/wp-content\/uploads\/2025\/07\/Companha-CCR2025-scaled-e1753197571306.jpg\",\"datePublished\":\"2025-07-22T15:21:01+00:00\",\"dateModified\":\"2025-11-19T16:23:07+00:00\",\"description\":\"At\u00e9 ao final do ano pode reservar o seu evento para uma segunda-feira com 30% de desconto no aluguer de salas e foyers do CCB.\",\"breadcrumb\":{\"@id\":\"https:\/\/www.ccb.pt\/en\/30-discount-campaign-on-rooms-and-foyers\/#breadcrumb\"},\"inLanguage\":\"en-US\",\"potentialAction\":[{\"@type\":\"ReadAction\",\"target\":[\"https:\/\/www.ccb.pt\/en\/30-discount-campaign-on-rooms-and-foyers\/\"]}]},{\"@type\":\"ImageObject\",\"inLanguage\":\"en-US\",\"@id\":\"https:\/\/www.ccb.pt\/en\/30-discount-campaign-on-rooms-and-foyers\/#primaryimage\",\"url\":\"https:\/\/www.ccb.pt\/wp-content\/uploads\/2025\/07\/Companha-CCR2025-scaled-e1753197571306.jpg\",\"contentUrl\":\"https:\/\/www.ccb.pt\/wp-content\/uploads\/2025\/07\/Companha-CCR2025-scaled-e1753197571306.jpg\",\"width\":2560,\"height\":1440,\"caption\":\"P\u00fablico assistindo a uma apresenta\u00e7\u00e3o ou confer\u00eancia numa das salas do CCB com pessoas de diferentes idades e estilos, focados no evento.\"},{\"@type\":\"BreadcrumbList\",\"@id\":\"https:\/\/www.ccb.pt\/en\/30-discount-campaign-on-rooms-and-foyers\/#breadcrumb\",\"itemListElement\":[{\"@type\":\"ListItem\",\"position\":1,\"name\":\"Home\",\"item\":\"https:\/\/www.ccb.pt\/en\/\"},{\"@type\":\"ListItem\",\"position\":2,\"name\":\"30% discount campaign on rooms and foyers\"}]},{\"@type\":\"WebSite\",\"@id\":\"https:\/\/www.ccb.pt\/#website\",\"url\":\"https:\/\/www.ccb.pt\/\",\"name\":\"Centro Cultural de Bel\u00e9m Foundation\",\"description\":\"\",\"publisher\":{\"@id\":\"https:\/\/www.ccb.pt\/#organization\"},\"potentialAction\":[{\"@type\":\"SearchAction\",\"target\":{\"@type\":\"EntryPoint\",\"urlTemplate\":\"https:\/\/www.ccb.pt\/?s={search_term_string}\"},\"query-input\":\"required name=search_term_string\"}],\"inLanguage\":\"en-US\"},{\"@type\":\"Organization\",\"@id\":\"https:\/\/www.ccb.pt\/#organization\",\"name\":\"Centro Cultural de Bel\u00e9m Foundation\",\"url\":\"https:\/\/www.ccb.pt\/\",\"logo\":{\"@type\":\"ImageObject\",\"inLanguage\":\"en-US\",\"@id\":\"https:\/\/www.ccb.pt\/#\/schema\/logo\/image\/\",\"url\":\"https:\/\/www.ccb.pt\/wp-content\/uploads\/2022\/05\/1_ccb.png\",\"contentUrl\":\"https:\/\/www.ccb.pt\/wp-content\/uploads\/2022\/05\/1_ccb.png\",\"width\":126,\"height\":100,\"caption\":\"Centro Cultural de Bel\u00e9m Foundation\"},\"image\":{\"@id\":\"https:\/\/www.ccb.pt\/#\/schema\/logo\/image\/\"},\"sameAs\":[\"https:\/\/twitter.com\/macccb_museu\"]}]}<\/script>\n<!-- \/ Yoast SEO plugin. -->","yoast_head_json":{"title":"30% discount campaign on rooms and foyers - Centro Cultural de Bel\u00e9m Foundation","description":"At\u00e9 ao final do ano pode reservar o seu evento para uma segunda-feira com 30% de desconto no aluguer de salas e foyers do CCB.","robots":{"index":"noindex","follow":"follow"},"og_locale":"en_US","og_type":"article","og_title":"30% desconto em salas e foyers | CCB","og_description":"At\u00e9 ao final do ano pode reservar o seu evento para uma segunda-feira com 30% de desconto no aluguer de salas e foyers do CCB.","og_url":"https:\/\/www.ccb.pt\/en\/30-discount-campaign-on-rooms-and-foyers\/","og_site_name":"Centro Cultural de Bel\u00e9m Foundation","article_modified_time":"2025-11-19T16:23:07+00:00","og_image":[{"width":1120,"height":630,"url":"https:\/\/www.ccb.pt\/wp-content\/uploads\/2025\/07\/campanhaveraoCCR2025.jpg","type":"image\/jpeg"}],"twitter_card":"summary_large_image","twitter_site":"@macccb_museu","twitter_misc":{"Est. reading time":"1 minute"},"schema":{"@context":"https:\/\/schema.org","@graph":[{"@type":"WebPage","@id":"https:\/\/www.ccb.pt\/en\/30-discount-campaign-on-rooms-and-foyers\/","url":"https:\/\/www.ccb.pt\/en\/30-discount-campaign-on-rooms-and-foyers\/","name":"30% discount campaign on rooms and foyers - Centro Cultural de Bel\u00e9m Foundation","isPartOf":{"@id":"https:\/\/www.ccb.pt\/#website"},"primaryImageOfPage":{"@id":"https:\/\/www.ccb.pt\/en\/30-discount-campaign-on-rooms-and-foyers\/#primaryimage"},"image":{"@id":"https:\/\/www.ccb.pt\/en\/30-discount-campaign-on-rooms-and-foyers\/#primaryimage"},"thumbnailUrl":"https:\/\/www.ccb.pt\/wp-content\/uploads\/2025\/07\/Companha-CCR2025-scaled-e1753197571306.jpg","datePublished":"2025-07-22T15:21:01+00:00","dateModified":"2025-11-19T16:23:07+00:00","description":"At\u00e9 ao final do ano pode reservar o seu evento para uma segunda-feira com 30% de desconto no aluguer de salas e foyers do CCB.","breadcrumb":{"@id":"https:\/\/www.ccb.pt\/en\/30-discount-campaign-on-rooms-and-foyers\/#breadcrumb"},"inLanguage":"en-US","potentialAction":[{"@type":"ReadAction","target":["https:\/\/www.ccb.pt\/en\/30-discount-campaign-on-rooms-and-foyers\/"]}]},{"@type":"ImageObject","inLanguage":"en-US","@id":"https:\/\/www.ccb.pt\/en\/30-discount-campaign-on-rooms-and-foyers\/#primaryimage","url":"https:\/\/www.ccb.pt\/wp-content\/uploads\/2025\/07\/Companha-CCR2025-scaled-e1753197571306.jpg","contentUrl":"https:\/\/www.ccb.pt\/wp-content\/uploads\/2025\/07\/Companha-CCR2025-scaled-e1753197571306.jpg","width":2560,"height":1440,"caption":"P\u00fablico assistindo a uma apresenta\u00e7\u00e3o ou confer\u00eancia numa das salas do CCB com pessoas de diferentes idades e estilos, focados no evento."},{"@type":"BreadcrumbList","@id":"https:\/\/www.ccb.pt\/en\/30-discount-campaign-on-rooms-and-foyers\/#breadcrumb","itemListElement":[{"@type":"ListItem","position":1,"name":"Home","item":"https:\/\/www.ccb.pt\/en\/"},{"@type":"ListItem","position":2,"name":"30% discount campaign on rooms and foyers"}]},{"@type":"WebSite","@id":"https:\/\/www.ccb.pt\/#website","url":"https:\/\/www.ccb.pt\/","name":"Centro Cultural de Bel\u00e9m Foundation","description":"","publisher":{"@id":"https:\/\/www.ccb.pt\/#organization"},"potentialAction":[{"@type":"SearchAction","target":{"@type":"EntryPoint","urlTemplate":"https:\/\/www.ccb.pt\/?s={search_term_string}"},"query-input":"required name=search_term_string"}],"inLanguage":"en-US"},{"@type":"Organization","@id":"https:\/\/www.ccb.pt\/#organization","name":"Centro Cultural de Bel\u00e9m Foundation","url":"https:\/\/www.ccb.pt\/","logo":{"@type":"ImageObject","inLanguage":"en-US","@id":"https:\/\/www.ccb.pt\/#\/schema\/logo\/image\/","url":"https:\/\/www.ccb.pt\/wp-content\/uploads\/2022\/05\/1_ccb.png","contentUrl":"https:\/\/www.ccb.pt\/wp-content\/uploads\/2022\/05\/1_ccb.png","width":126,"height":100,"caption":"Centro Cultural de Bel\u00e9m Foundation"},"image":{"@id":"https:\/\/www.ccb.pt\/#\/schema\/logo\/image\/"},"sameAs":["https:\/\/twitter.com\/macccb_museu"]}]}},"_links":{"self":[{"href":"https:\/\/www.ccb.pt\/en\/wp-json\/wp\/v2\/pages\/261009"}],"collection":[{"href":"https:\/\/www.ccb.pt\/en\/wp-json\/wp\/v2\/pages"}],"about":[{"href":"https:\/\/www.ccb.pt\/en\/wp-json\/wp\/v2\/types\/page"}],"author":[{"embeddable":true,"href":"https:\/\/www.ccb.pt\/en\/wp-json\/wp\/v2\/users\/6"}],"replies":[{"embeddable":true,"href":"https:\/\/www.ccb.pt\/en\/wp-json\/wp\/v2\/comments?post=261009"}],"version-history":[{"count":1,"href":"https:\/\/www.ccb.pt\/en\/wp-json\/wp\/v2\/pages\/261009\/revisions"}],"predecessor-version":[{"id":261010,"href":"https:\/\/www.ccb.pt\/en\/wp-json\/wp\/v2\/pages\/261009\/revisions\/261010"}],"wp:featuredmedia":[{"embeddable":true,"href":"https:\/\/www.ccb.pt\/en\/wp-json\/wp\/v2\/media\/240560"}],"wp:attachment":[{"href":"https:\/\/www.ccb.pt\/en\/wp-json\/wp\/v2\/media?parent=261009"}],"wp:term":[{"taxonomy":"category","embeddable":true,"href":"https:\/\/www.ccb.pt\/en\/wp-json\/wp\/v2\/categories?post=261009"}],"curies":[{"name":"wp","href":"https:\/\/api.w.org\/{rel}","templated":true}]}}

<!-- This site is optimized with the Yoast SEO plugin v22.3 - https://yoast.com/wordpress/plugins/seo/ -->
<title>30% discount campaign on rooms and foyers - Centro Cultural de Belém Foundation</title>
<meta name="description" content="Até ao final do ano pode reservar o seu evento para uma segunda-feira com 30% de desconto no aluguer de salas e foyers do CCB." />
<meta name="robots" content="noindex, follow" />
<meta property="og:locale" content="en_US" />
<meta property="og:type" content="article" />
<meta property="og:title" content="30% desconto em salas e foyers | CCB" />
<meta property="og:description" content="Até ao final do ano pode reservar o seu evento para uma segunda-feira com 30% de desconto no aluguer de salas e foyers do CCB." />
<meta property="og:url" content="https://www.ccb.pt/en/30-discount-campaign-on-rooms-and-foyers/" />
<meta property="og:site_name" content="Centro Cultural de Belém Foundation" />
<meta property="article:modified_time" content="2025-11-19T16:23:07+00:00" />
<meta property="og:image" content="https://www.ccb.pt/wp-content/uploads/2025/07/campanhaveraoCCR2025.jpg" />
	<meta property="og:image:width" content="1120" />
	<meta property="og:image:height" content="630" />
	<meta property="og:image:type" content="image/jpeg" />
<meta name="twitter:card" content="summary_large_image" />
<meta name="twitter:site" content="@macccb_museu" />
<meta name="twitter:label1" content="Est. reading time" />
	<meta name="twitter:data1" content="1 minute" />
<script type="application/ld+json" class="yoast-schema-graph">{"@context":"https://schema.org","@graph":[{"@type":"WebPage","@id":"https://www.ccb.pt/en/30-discount-campaign-on-rooms-and-foyers/","url":"https://www.ccb.pt/en/30-discount-campaign-on-rooms-and-foyers/","name":"30% discount campaign on rooms and foyers - Centro Cultural de Belém Foundation","isPartOf":{"@id":"https://www.ccb.pt/#website"},"primaryImageOfPage":{"@id":"https://www.ccb.pt/en/30-discount-campaign-on-rooms-and-foyers/#primaryimage"},"image":{"@id":"https://www.ccb.pt/en/30-discount-campaign-on-rooms-and-foyers/#primaryimage"},"thumbnailUrl":"https://www.ccb.pt/wp-content/uploads/2025/07/Companha-CCR2025-scaled-e1753197571306.jpg","datePublished":"2025-07-22T15:21:01+00:00","dateModified":"2025-11-19T16:23:07+00:00","description":"Até ao final do ano pode reservar o seu evento para uma segunda-feira com 30% de desconto no aluguer de salas e foyers do CCB.","breadcrumb":{"@id":"https://www.ccb.pt/en/30-discount-campaign-on-rooms-and-foyers/#breadcrumb"},"inLanguage":"en-US","potentialAction":[{"@type":"ReadAction","target":["https://www.ccb.pt/en/30-discount-campaign-on-rooms-and-foyers/"]}]},{"@type":"ImageObject","inLanguage":"en-US","@id":"https://www.ccb.pt/en/30-discount-campaign-on-rooms-and-foyers/#primaryimage","url":"https://www.ccb.pt/wp-content/uploads/2025/07/Companha-CCR2025-scaled-e1753197571306.jpg","contentUrl":"https://www.ccb.pt/wp-content/uploads/2025/07/Companha-CCR2025-scaled-e1753197571306.jpg","width":2560,"height":1440,"caption":"Público assistindo a uma apresentação ou conferência numa das salas do CCB com pessoas de diferentes idades e estilos, focados no evento."},{"@type":"BreadcrumbList","@id":"https://www.ccb.pt/en/30-discount-campaign-on-rooms-and-foyers/#breadcrumb","itemListElement":[{"@type":"ListItem","position":1,"name":"Home","item":"https://www.ccb.pt/en/"},{"@type":"ListItem","position":2,"name":"30% discount campaign on rooms and foyers"}]},{"@type":"WebSite","@id":"https://www.ccb.pt/#website","url":"https://www.ccb.pt/","name":"Centro Cultural de Belém Foundation","description":"","publisher":{"@id":"https://www.ccb.pt/#organization"},"potentialAction":[{"@type":"SearchAction","target":{"@type":"EntryPoint","urlTemplate":"https://www.ccb.pt/?s={search_term_string}"},"query-input":"required name=search_term_string"}],"inLanguage":"en-US"},{"@type":"Organization","@id":"https://www.ccb.pt/#organization","name":"Centro Cultural de Belém Foundation","url":"https://www.ccb.pt/","logo":{"@type":"ImageObject","inLanguage":"en-US","@id":"https://www.ccb.pt/#/schema/logo/image/","url":"https://www.ccb.pt/wp-content/uploads/2022/05/1_ccb.png","contentUrl":"https://www.ccb.pt/wp-content/uploads/2022/05/1_ccb.png","width":126,"height":100,"caption":"Centro Cultural de Belém Foundation"},"image":{"@id":"https://www.ccb.pt/#/schema/logo/image/"},"sameAs":["https://twitter.com/macccb_museu"]}]}</script>
<!-- / Yoast SEO plugin. -->

30% discount campaign on rooms and foyers - Centro Cultural de Belém Foundation

Até ao final do ano pode reservar o seu evento para uma segunda-feira com 30% de desconto no aluguer de salas e foyers do CCB.

Centro Cultural de Belém Foundation

Público assistindo a uma apresentação ou conferência numa das salas do CCB com pessoas de diferentes idades e estilos, focados no evento.
