    {"id":237470,"date":"2025-06-06T17:20:45","date_gmt":"2025-06-06T16:20:45","guid":{"rendered":"https:\/\/www.ccb.pt\/?page_id=237470"},"modified":"2025-08-04T11:38:42","modified_gmt":"2025-08-04T10:38:42","slug":"call-for-artistic-director-for-the-performing-arts","status":"publish","type":"page","link":"https:\/\/www.ccb.pt\/en\/call-for-artistic-director-for-the-performing-arts\/","title":{"rendered":"Call for Artistic Director for the Performing Arts at Centro Cultural de Bel\u00e9m (m\/f)"},"content":{"rendered":"\n<p><strong>(<em>full time<\/em>)<\/strong> <br><\/p>\n\n\n\n<pre class=\"wp-block-code\"><code><\/code><\/pre>\n\n\n\n<p><strong>Call for applications for Artistic Director for the Performing Arts at Centro Cultural de Bel\u00e9m<\/strong> (m\/f)<\/p>\n\n\n\n<p><\/p>\n\n\n\n<p><\/p>\n\n\n\n<pre class=\"wp-block-code\"><code><\/code><\/pre>\n\n\n\n<p><em><em>Updated on 28 July 2025<\/em><\/em><\/p>\n\n\n\n<pre class=\"wp-block-code\"><code>\n<\/code><\/pre>\n","protected":false},"excerpt":{"rendered":"<p>(full time) Call for applications for Artistic Director for the Performing Arts at Centro Cultural de Bel\u00e9m (m\/f) Updated on 28 July 2025<\/p>\n","protected":false},"author":6,"featured_media":237416,"parent":0,"menu_order":0,"comment_status":"closed","ping_status":"closed","template":"template-institucional.php","meta":{"_relevanssi_hide_post":"","_relevanssi_pin_for_all":"","_relevanssi_pin_keywords":"","_relevanssi_unpin_keywords":"","_relevanssi_related_keywords":"","_relevanssi_related_include_ids":"","_relevanssi_related_exclude_ids":"","_relevanssi_related_no_append":"","_relevanssi_related_not_related":"","_relevanssi_related_posts":"24838,6591","_relevanssi_noindex_reason":"","footnotes":""},"categories":[],"acf":[],"yoast_head":"<!-- This site is optimized with the Yoast SEO plugin v22.3 - https:\/\/yoast.com\/wordpress\/plugins\/seo\/ -->\n<title>Call for Artistic Director for the Performing Arts at Centro Cultural de Bel\u00e9m (m\/f) - Centro Cultural de Bel\u00e9m Foundation<\/title>\n<meta name=\"description\" content=\"Call for applications for Artistic Director for the Performing Arts at Centro Cultural de Bel\u00e9m.\" \/>\n<meta name=\"robots\" content=\"index, follow, max-snippet:-1, max-image-preview:large, max-video-preview:-1\" \/>\n<link rel=\"canonical\" href=\"https:\/\/www.ccb.pt\/en\/call-for-artistic-director-for-the-performing-arts\/\" \/>\n<meta property=\"og:locale\" content=\"en_US\" \/>\n<meta property=\"og:type\" content=\"article\" \/>\n<meta property=\"og:title\" content=\"Call for Artistic Director for the Performing Arts | CCB\" \/>\n<meta property=\"og:description\" content=\"Call for applications for Artistic Director for the Performing Arts at Centro Cultural de Bel\u00e9m.\" \/>\n<meta property=\"og:url\" content=\"https:\/\/www.ccb.pt\/en\/call-for-artistic-director-for-the-performing-arts\/\" \/>\n<meta property=\"og:site_name\" content=\"Centro Cultural de Bel\u00e9m Foundation\" \/>\n<meta property=\"article:modified_time\" content=\"2025-08-04T10:38:42+00:00\" \/>\n<meta property=\"og:image\" content=\"https:\/\/www.ccb.pt\/wp-content\/uploads\/2025\/06\/1200x630_Call_Artistic_Director_CCB_logos_EN.jpg\" \/>\n\t<meta property=\"og:image:width\" content=\"1200\" \/>\n\t<meta property=\"og:image:height\" content=\"630\" \/>\n\t<meta property=\"og:image:type\" content=\"image\/jpeg\" \/>\n<meta name=\"twitter:card\" content=\"summary_large_image\" \/>\n<meta name=\"twitter:site\" content=\"@macccb_museu\" \/>\n<meta name=\"twitter:label1\" content=\"Est. reading time\" \/>\n\t<meta name=\"twitter:data1\" content=\"1 minute\" \/>\n<script type=\"application\/ld+json\" class=\"yoast-schema-graph\">{\"@context\":\"https:\/\/schema.org\",\"@graph\":[{\"@type\":\"WebPage\",\"@id\":\"https:\/\/www.ccb.pt\/en\/call-for-artistic-director-for-the-performing-arts\/\",\"url\":\"https:\/\/www.ccb.pt\/en\/call-for-artistic-director-for-the-performing-arts\/\",\"name\":\"Call for Artistic Director for the Performing Arts at Centro Cultural de Bel\u00e9m (m\/f) - Centro Cultural de Bel\u00e9m Foundation\",\"isPartOf\":{\"@id\":\"https:\/\/www.ccb.pt\/#website\"},\"primaryImageOfPage\":{\"@id\":\"https:\/\/www.ccb.pt\/en\/call-for-artistic-director-for-the-performing-arts\/#primaryimage\"},\"image\":{\"@id\":\"https:\/\/www.ccb.pt\/en\/call-for-artistic-director-for-the-performing-arts\/#primaryimage\"},\"thumbnailUrl\":\"https:\/\/www.ccb.pt\/wp-content\/uploads\/2025\/06\/Plateia-do-grandeauditorio5930_ritacarmo-e1749215269951.jpg\",\"datePublished\":\"2025-06-06T16:20:45+00:00\",\"dateModified\":\"2025-08-04T10:38:42+00:00\",\"description\":\"Call for applications for Artistic Director for the Performing Arts at Centro Cultural de Bel\u00e9m.\",\"breadcrumb\":{\"@id\":\"https:\/\/www.ccb.pt\/en\/call-for-artistic-director-for-the-performing-arts\/#breadcrumb\"},\"inLanguage\":\"en-US\",\"potentialAction\":[{\"@type\":\"ReadAction\",\"target\":[\"https:\/\/www.ccb.pt\/en\/call-for-artistic-director-for-the-performing-arts\/\"]}]},{\"@type\":\"ImageObject\",\"inLanguage\":\"en-US\",\"@id\":\"https:\/\/www.ccb.pt\/en\/call-for-artistic-director-for-the-performing-arts\/#primaryimage\",\"url\":\"https:\/\/www.ccb.pt\/wp-content\/uploads\/2025\/06\/Plateia-do-grandeauditorio5930_ritacarmo-e1749215269951.jpg\",\"contentUrl\":\"https:\/\/www.ccb.pt\/wp-content\/uploads\/2025\/06\/Plateia-do-grandeauditorio5930_ritacarmo-e1749215269951.jpg\",\"width\":2000,\"height\":1333,\"caption\":\"P\u00fablico assistindo a um evento no Grande audit\u00f3rio do CCB, com ilumina\u00e7\u00e3o quente, com muitas pessoas sentadas nas poltronas e escadas, mostrando interesse na apresenta\u00e7\u00e3o.\"},{\"@type\":\"BreadcrumbList\",\"@id\":\"https:\/\/www.ccb.pt\/en\/call-for-artistic-director-for-the-performing-arts\/#breadcrumb\",\"itemListElement\":[{\"@type\":\"ListItem\",\"position\":1,\"name\":\"Home\",\"item\":\"https:\/\/www.ccb.pt\/en\/\"},{\"@type\":\"ListItem\",\"position\":2,\"name\":\"Call for Artistic Director for the Performing Arts at Centro Cultural de Bel\u00e9m (m\/f)\"}]},{\"@type\":\"WebSite\",\"@id\":\"https:\/\/www.ccb.pt\/#website\",\"url\":\"https:\/\/www.ccb.pt\/\",\"name\":\"Centro Cultural de Bel\u00e9m Foundation\",\"description\":\"\",\"publisher\":{\"@id\":\"https:\/\/www.ccb.pt\/#organization\"},\"potentialAction\":[{\"@type\":\"SearchAction\",\"target\":{\"@type\":\"EntryPoint\",\"urlTemplate\":\"https:\/\/www.ccb.pt\/?s={search_term_string}\"},\"query-input\":\"required name=search_term_string\"}],\"inLanguage\":\"en-US\"},{\"@type\":\"Organization\",\"@id\":\"https:\/\/www.ccb.pt\/#organization\",\"name\":\"Centro Cultural de Bel\u00e9m Foundation\",\"url\":\"https:\/\/www.ccb.pt\/\",\"logo\":{\"@type\":\"ImageObject\",\"inLanguage\":\"en-US\",\"@id\":\"https:\/\/www.ccb.pt\/#\/schema\/logo\/image\/\",\"url\":\"https:\/\/www.ccb.pt\/wp-content\/uploads\/2022\/05\/1_ccb.png\",\"contentUrl\":\"https:\/\/www.ccb.pt\/wp-content\/uploads\/2022\/05\/1_ccb.png\",\"width\":126,\"height\":100,\"caption\":\"Centro Cultural de Bel\u00e9m Foundation\"},\"image\":{\"@id\":\"https:\/\/www.ccb.pt\/#\/schema\/logo\/image\/\"},\"sameAs\":[\"https:\/\/twitter.com\/macccb_museu\"]}]}<\/script>\n<!-- \/ Yoast SEO plugin. -->","yoast_head_json":{"title":"Call for Artistic Director for the Performing Arts at Centro Cultural de Bel\u00e9m (m\/f) - Centro Cultural de Bel\u00e9m Foundation","description":"Call for applications for Artistic Director for the Performing Arts at Centro Cultural de Bel\u00e9m.","robots":{"index":"index","follow":"follow","max-snippet":"max-snippet:-1","max-image-preview":"max-image-preview:large","max-video-preview":"max-video-preview:-1"},"canonical":"https:\/\/www.ccb.pt\/en\/call-for-artistic-director-for-the-performing-arts\/","og_locale":"en_US","og_type":"article","og_title":"Call for Artistic Director for the Performing Arts | CCB","og_description":"Call for applications for Artistic Director for the Performing Arts at Centro Cultural de Bel\u00e9m.","og_url":"https:\/\/www.ccb.pt\/en\/call-for-artistic-director-for-the-performing-arts\/","og_site_name":"Centro Cultural de Bel\u00e9m Foundation","article_modified_time":"2025-08-04T10:38:42+00:00","og_image":[{"width":1200,"height":630,"url":"https:\/\/www.ccb.pt\/wp-content\/uploads\/2025\/06\/1200x630_Call_Artistic_Director_CCB_logos_EN.jpg","type":"image\/jpeg"}],"twitter_card":"summary_large_image","twitter_site":"@macccb_museu","twitter_misc":{"Est. reading time":"1 minute"},"schema":{"@context":"https:\/\/schema.org","@graph":[{"@type":"WebPage","@id":"https:\/\/www.ccb.pt\/en\/call-for-artistic-director-for-the-performing-arts\/","url":"https:\/\/www.ccb.pt\/en\/call-for-artistic-director-for-the-performing-arts\/","name":"Call for Artistic Director for the Performing Arts at Centro Cultural de Bel\u00e9m (m\/f) - Centro Cultural de Bel\u00e9m Foundation","isPartOf":{"@id":"https:\/\/www.ccb.pt\/#website"},"primaryImageOfPage":{"@id":"https:\/\/www.ccb.pt\/en\/call-for-artistic-director-for-the-performing-arts\/#primaryimage"},"image":{"@id":"https:\/\/www.ccb.pt\/en\/call-for-artistic-director-for-the-performing-arts\/#primaryimage"},"thumbnailUrl":"https:\/\/www.ccb.pt\/wp-content\/uploads\/2025\/06\/Plateia-do-grandeauditorio5930_ritacarmo-e1749215269951.jpg","datePublished":"2025-06-06T16:20:45+00:00","dateModified":"2025-08-04T10:38:42+00:00","description":"Call for applications for Artistic Director for the Performing Arts at Centro Cultural de Bel\u00e9m.","breadcrumb":{"@id":"https:\/\/www.ccb.pt\/en\/call-for-artistic-director-for-the-performing-arts\/#breadcrumb"},"inLanguage":"en-US","potentialAction":[{"@type":"ReadAction","target":["https:\/\/www.ccb.pt\/en\/call-for-artistic-director-for-the-performing-arts\/"]}]},{"@type":"ImageObject","inLanguage":"en-US","@id":"https:\/\/www.ccb.pt\/en\/call-for-artistic-director-for-the-performing-arts\/#primaryimage","url":"https:\/\/www.ccb.pt\/wp-content\/uploads\/2025\/06\/Plateia-do-grandeauditorio5930_ritacarmo-e1749215269951.jpg","contentUrl":"https:\/\/www.ccb.pt\/wp-content\/uploads\/2025\/06\/Plateia-do-grandeauditorio5930_ritacarmo-e1749215269951.jpg","width":2000,"height":1333,"caption":"P\u00fablico assistindo a um evento no Grande audit\u00f3rio do CCB, com ilumina\u00e7\u00e3o quente, com muitas pessoas sentadas nas poltronas e escadas, mostrando interesse na apresenta\u00e7\u00e3o."},{"@type":"BreadcrumbList","@id":"https:\/\/www.ccb.pt\/en\/call-for-artistic-director-for-the-performing-arts\/#breadcrumb","itemListElement":[{"@type":"ListItem","position":1,"name":"Home","item":"https:\/\/www.ccb.pt\/en\/"},{"@type":"ListItem","position":2,"name":"Call for Artistic Director for the Performing Arts at Centro Cultural de Bel\u00e9m (m\/f)"}]},{"@type":"WebSite","@id":"https:\/\/www.ccb.pt\/#website","url":"https:\/\/www.ccb.pt\/","name":"Centro Cultural de Bel\u00e9m Foundation","description":"","publisher":{"@id":"https:\/\/www.ccb.pt\/#organization"},"potentialAction":[{"@type":"SearchAction","target":{"@type":"EntryPoint","urlTemplate":"https:\/\/www.ccb.pt\/?s={search_term_string}"},"query-input":"required name=search_term_string"}],"inLanguage":"en-US"},{"@type":"Organization","@id":"https:\/\/www.ccb.pt\/#organization","name":"Centro Cultural de Bel\u00e9m Foundation","url":"https:\/\/www.ccb.pt\/","logo":{"@type":"ImageObject","inLanguage":"en-US","@id":"https:\/\/www.ccb.pt\/#\/schema\/logo\/image\/","url":"https:\/\/www.ccb.pt\/wp-content\/uploads\/2022\/05\/1_ccb.png","contentUrl":"https:\/\/www.ccb.pt\/wp-content\/uploads\/2022\/05\/1_ccb.png","width":126,"height":100,"caption":"Centro Cultural de Bel\u00e9m Foundation"},"image":{"@id":"https:\/\/www.ccb.pt\/#\/schema\/logo\/image\/"},"sameAs":["https:\/\/twitter.com\/macccb_museu"]}]}},"_links":{"self":[{"href":"https:\/\/www.ccb.pt\/en\/wp-json\/wp\/v2\/pages\/237470"}],"collection":[{"href":"https:\/\/www.ccb.pt\/en\/wp-json\/wp\/v2\/pages"}],"about":[{"href":"https:\/\/www.ccb.pt\/en\/wp-json\/wp\/v2\/types\/page"}],"author":[{"embeddable":true,"href":"https:\/\/www.ccb.pt\/en\/wp-json\/wp\/v2\/users\/6"}],"replies":[{"embeddable":true,"href":"https:\/\/www.ccb.pt\/en\/wp-json\/wp\/v2\/comments?post=237470"}],"version-history":[{"count":17,"href":"https:\/\/www.ccb.pt\/en\/wp-json\/wp\/v2\/pages\/237470\/revisions"}],"predecessor-version":[{"id":242889,"href":"https:\/\/www.ccb.pt\/en\/wp-json\/wp\/v2\/pages\/237470\/revisions\/242889"}],"wp:featuredmedia":[{"embeddable":true,"href":"https:\/\/www.ccb.pt\/en\/wp-json\/wp\/v2\/media\/237416"}],"wp:attachment":[{"href":"https:\/\/www.ccb.pt\/en\/wp-json\/wp\/v2\/media?parent=237470"}],"wp:term":[{"taxonomy":"category","embeddable":true,"href":"https:\/\/www.ccb.pt\/en\/wp-json\/wp\/v2\/categories?post=237470"}],"curies":[{"name":"wp","href":"https:\/\/api.w.org\/{rel}","templated":true}]}}

Call for Artistic Director for the Performing Arts at Centro Cultural de Belém (m/f)

<p><strong>(<em>full time</em>)</strong> <br></p>



<pre class="wp-block-code"><code></code></pre>



<p><strong>Call for applications for Artistic Director for the Performing Arts at Centro Cultural de Belém</strong> (m/f)</p>



<p></p>



<p></p>



<pre class="wp-block-code"><code></code></pre>



<p><em><em>Updated on 28 July 2025</em></em></p>



<pre class="wp-block-code"><code>
</code></pre>

<p>(full time) Call for applications for Artistic Director for the Performing Arts at Centro Cultural de Belém (m/f) Updated on 28 July 2025</p>

<!-- This site is optimized with the Yoast SEO plugin v22.3 - https://yoast.com/wordpress/plugins/seo/ -->
<title>Call for Artistic Director for the Performing Arts at Centro Cultural de Belém (m/f) - Centro Cultural de Belém Foundation</title>
<meta name="description" content="Call for applications for Artistic Director for the Performing Arts at Centro Cultural de Belém." />
<meta name="robots" content="index, follow, max-snippet:-1, max-image-preview:large, max-video-preview:-1" />
<link rel="canonical" href="https://www.ccb.pt/en/call-for-artistic-director-for-the-performing-arts/" />
<meta property="og:locale" content="en_US" />
<meta property="og:type" content="article" />
<meta property="og:title" content="Call for Artistic Director for the Performing Arts | CCB" />
<meta property="og:description" content="Call for applications for Artistic Director for the Performing Arts at Centro Cultural de Belém." />
<meta property="og:url" content="https://www.ccb.pt/en/call-for-artistic-director-for-the-performing-arts/" />
<meta property="og:site_name" content="Centro Cultural de Belém Foundation" />
<meta property="article:modified_time" content="2025-08-04T10:38:42+00:00" />
<meta property="og:image" content="https://www.ccb.pt/wp-content/uploads/2025/06/1200x630_Call_Artistic_Director_CCB_logos_EN.jpg" />
	<meta property="og:image:width" content="1200" />
	<meta property="og:image:height" content="630" />
	<meta property="og:image:type" content="image/jpeg" />
<meta name="twitter:card" content="summary_large_image" />
<meta name="twitter:site" content="@macccb_museu" />
<meta name="twitter:label1" content="Est. reading time" />
	<meta name="twitter:data1" content="1 minute" />
<script type="application/ld+json" class="yoast-schema-graph">{"@context":"https://schema.org","@graph":[{"@type":"WebPage","@id":"https://www.ccb.pt/en/call-for-artistic-director-for-the-performing-arts/","url":"https://www.ccb.pt/en/call-for-artistic-director-for-the-performing-arts/","name":"Call for Artistic Director for the Performing Arts at Centro Cultural de Belém (m/f) - Centro Cultural de Belém Foundation","isPartOf":{"@id":"https://www.ccb.pt/#website"},"primaryImageOfPage":{"@id":"https://www.ccb.pt/en/call-for-artistic-director-for-the-performing-arts/#primaryimage"},"image":{"@id":"https://www.ccb.pt/en/call-for-artistic-director-for-the-performing-arts/#primaryimage"},"thumbnailUrl":"https://www.ccb.pt/wp-content/uploads/2025/06/Plateia-do-grandeauditorio5930_ritacarmo-e1749215269951.jpg","datePublished":"2025-06-06T16:20:45+00:00","dateModified":"2025-08-04T10:38:42+00:00","description":"Call for applications for Artistic Director for the Performing Arts at Centro Cultural de Belém.","breadcrumb":{"@id":"https://www.ccb.pt/en/call-for-artistic-director-for-the-performing-arts/#breadcrumb"},"inLanguage":"en-US","potentialAction":[{"@type":"ReadAction","target":["https://www.ccb.pt/en/call-for-artistic-director-for-the-performing-arts/"]}]},{"@type":"ImageObject","inLanguage":"en-US","@id":"https://www.ccb.pt/en/call-for-artistic-director-for-the-performing-arts/#primaryimage","url":"https://www.ccb.pt/wp-content/uploads/2025/06/Plateia-do-grandeauditorio5930_ritacarmo-e1749215269951.jpg","contentUrl":"https://www.ccb.pt/wp-content/uploads/2025/06/Plateia-do-grandeauditorio5930_ritacarmo-e1749215269951.jpg","width":2000,"height":1333,"caption":"Público assistindo a um evento no Grande auditório do CCB, com iluminação quente, com muitas pessoas sentadas nas poltronas e escadas, mostrando interesse na apresentação."},{"@type":"BreadcrumbList","@id":"https://www.ccb.pt/en/call-for-artistic-director-for-the-performing-arts/#breadcrumb","itemListElement":[{"@type":"ListItem","position":1,"name":"Home","item":"https://www.ccb.pt/en/"},{"@type":"ListItem","position":2,"name":"Call for Artistic Director for the Performing Arts at Centro Cultural de Belém (m/f)"}]},{"@type":"WebSite","@id":"https://www.ccb.pt/#website","url":"https://www.ccb.pt/","name":"Centro Cultural de Belém Foundation","description":"","publisher":{"@id":"https://www.ccb.pt/#organization"},"potentialAction":[{"@type":"SearchAction","target":{"@type":"EntryPoint","urlTemplate":"https://www.ccb.pt/?s={search_term_string}"},"query-input":"required name=search_term_string"}],"inLanguage":"en-US"},{"@type":"Organization","@id":"https://www.ccb.pt/#organization","name":"Centro Cultural de Belém Foundation","url":"https://www.ccb.pt/","logo":{"@type":"ImageObject","inLanguage":"en-US","@id":"https://www.ccb.pt/#/schema/logo/image/","url":"https://www.ccb.pt/wp-content/uploads/2022/05/1_ccb.png","contentUrl":"https://www.ccb.pt/wp-content/uploads/2022/05/1_ccb.png","width":126,"height":100,"caption":"Centro Cultural de Belém Foundation"},"image":{"@id":"https://www.ccb.pt/#/schema/logo/image/"},"sameAs":["https://twitter.com/macccb_museu"]}]}</script>
<!-- / Yoast SEO plugin. -->

Call for Artistic Director for the Performing Arts at Centro Cultural de Belém (m/f) - Centro Cultural de Belém Foundation

Call for applications for Artistic Director for the Performing Arts at Centro Cultural de Belém.

Centro Cultural de Belém Foundation

Público assistindo a um evento no Grande auditório do CCB, com iluminação quente, com muitas pessoas sentadas nas poltronas e escadas, mostrando interesse na apresentação.
